{"id":412,"date":"2024-02-22T12:41:21","date_gmt":"2024-02-22T10:41:21","guid":{"rendered":"https:\/\/blogs.uef.fi\/venajaa\/?page_id=412"},"modified":"2024-02-22T12:41:22","modified_gmt":"2024-02-22T10:41:22","slug":"tietoa-blogista","status":"publish","type":"page","link":"https:\/\/blogs.uef.fi\/venajaa\/tietoa-blogista\/","title":{"rendered":"Tietoa blogista"},"content":{"rendered":"","protected":false},"excerpt":{"rendered":"","protected":false},"author":7,"featured_media":0,"parent":0,"menu_order":0,"comment_status":"closed","ping_status":"closed","template":"","meta":{"_acf_changed":false,"footnotes":""},"class_list":["post-412","page","type-page","status-publish","hentry"],"acf":[],"yoast_head":"<!-- This site is optimized with the Yoast SEO plugin v27.1.1 - https:\/\/yoast.com\/product\/yoast-seo-wordpress\/ -->\n<title>Tietoa blogista - Opi ven\u00e4j\u00e4\u00e4<\/title>\n<meta name=\"robots\" content=\"index, follow, max-snippet:-1, max-image-preview:large, max-video-preview:-1\" \/>\n<link rel=\"canonical\" href=\"https:\/\/blogs.uef.fi\/venajaa\/tietoa-blogista\/\" \/>\n<meta property=\"og:locale\" content=\"fi_FI\" \/>\n<meta property=\"og:type\" content=\"article\" \/>\n<meta property=\"og:title\" content=\"Tietoa blogista - Opi ven\u00e4j\u00e4\u00e4\" \/>\n<meta property=\"og:url\" content=\"https:\/\/blogs.uef.fi\/venajaa\/tietoa-blogista\/\" \/>\n<meta property=\"og:site_name\" content=\"Opi ven\u00e4j\u00e4\u00e4\" \/>\n<meta property=\"article:modified_time\" content=\"2024-02-22T10:41:22+00:00\" \/>\n<meta name=\"twitter:card\" content=\"summary_large_image\" \/>\n<script type=\"application\/ld+json\" class=\"yoast-schema-graph\">{\"@context\":\"https:\/\/schema.org\",\"@graph\":[{\"@type\":\"WebPage\",\"@id\":\"https:\/\/blogs.uef.fi\/venajaa\/tietoa-blogista\/\",\"url\":\"https:\/\/blogs.uef.fi\/venajaa\/tietoa-blogista\/\",\"name\":\"Tietoa blogista - Opi ven\u00e4j\u00e4\u00e4\",\"isPartOf\":{\"@id\":\"https:\/\/blogs.uef.fi\/venajaa\/#website\"},\"datePublished\":\"2024-02-22T10:41:21+00:00\",\"dateModified\":\"2024-02-22T10:41:22+00:00\",\"breadcrumb\":{\"@id\":\"https:\/\/blogs.uef.fi\/venajaa\/tietoa-blogista\/#breadcrumb\"},\"inLanguage\":\"fi\",\"potentialAction\":[{\"@type\":\"ReadAction\",\"target\":[\"https:\/\/blogs.uef.fi\/venajaa\/tietoa-blogista\/\"]}]},{\"@type\":\"BreadcrumbList\",\"@id\":\"https:\/\/blogs.uef.fi\/venajaa\/tietoa-blogista\/#breadcrumb\",\"itemListElement\":[{\"@type\":\"ListItem\",\"position\":1,\"name\":\"Home\",\"item\":\"https:\/\/blogs.uef.fi\/venajaa\/\"},{\"@type\":\"ListItem\",\"position\":2,\"name\":\"Tietoa blogista\"}]},{\"@type\":\"WebSite\",\"@id\":\"https:\/\/blogs.uef.fi\/venajaa\/#website\",\"url\":\"https:\/\/blogs.uef.fi\/venajaa\/\",\"name\":\"Opi ven\u00e4j\u00e4\u00e4\",\"description\":\"\",\"potentialAction\":[{\"@type\":\"SearchAction\",\"target\":{\"@type\":\"EntryPoint\",\"urlTemplate\":\"https:\/\/blogs.uef.fi\/venajaa\/?s={search_term_string}\"},\"query-input\":{\"@type\":\"PropertyValueSpecification\",\"valueRequired\":true,\"valueName\":\"search_term_string\"}}],\"inLanguage\":\"fi\"}]}<\/script>\n<!-- \/ Yoast SEO plugin. -->","yoast_head_json":{"title":"Tietoa blogista - Opi ven\u00e4j\u00e4\u00e4","robots":{"index":"index","follow":"follow","max-snippet":"max-snippet:-1","max-image-preview":"max-image-preview:large","max-video-preview":"max-video-preview:-1"},"canonical":"https:\/\/blogs.uef.fi\/venajaa\/tietoa-blogista\/","og_locale":"fi_FI","og_type":"article","og_title":"Tietoa blogista - Opi ven\u00e4j\u00e4\u00e4","og_url":"https:\/\/blogs.uef.fi\/venajaa\/tietoa-blogista\/","og_site_name":"Opi ven\u00e4j\u00e4\u00e4","article_modified_time":"2024-02-22T10:41:22+00:00","twitter_card":"summary_large_image","schema":{"@context":"https:\/\/schema.org","@graph":[{"@type":"WebPage","@id":"https:\/\/blogs.uef.fi\/venajaa\/tietoa-blogista\/","url":"https:\/\/blogs.uef.fi\/venajaa\/tietoa-blogista\/","name":"Tietoa blogista - Opi ven\u00e4j\u00e4\u00e4","isPartOf":{"@id":"https:\/\/blogs.uef.fi\/venajaa\/#website"},"datePublished":"2024-02-22T10:41:21+00:00","dateModified":"2024-02-22T10:41:22+00:00","breadcrumb":{"@id":"https:\/\/blogs.uef.fi\/venajaa\/tietoa-blogista\/#breadcrumb"},"inLanguage":"fi","potentialAction":[{"@type":"ReadAction","target":["https:\/\/blogs.uef.fi\/venajaa\/tietoa-blogista\/"]}]},{"@type":"BreadcrumbList","@id":"https:\/\/blogs.uef.fi\/venajaa\/tietoa-blogista\/#breadcrumb","itemListElement":[{"@type":"ListItem","position":1,"name":"Home","item":"https:\/\/blogs.uef.fi\/venajaa\/"},{"@type":"ListItem","position":2,"name":"Tietoa blogista"}]},{"@type":"WebSite","@id":"https:\/\/blogs.uef.fi\/venajaa\/#website","url":"https:\/\/blogs.uef.fi\/venajaa\/","name":"Opi ven\u00e4j\u00e4\u00e4","description":"","potentialAction":[{"@type":"SearchAction","target":{"@type":"EntryPoint","urlTemplate":"https:\/\/blogs.uef.fi\/venajaa\/?s={search_term_string}"},"query-input":{"@type":"PropertyValueSpecification","valueRequired":true,"valueName":"search_term_string"}}],"inLanguage":"fi"}]}},"_links":{"self":[{"href":"https:\/\/blogs.uef.fi\/venajaa\/wp-json\/wp\/v2\/pages\/412","targetHints":{"allow":["GET"]}}],"collection":[{"href":"https:\/\/blogs.uef.fi\/venajaa\/wp-json\/wp\/v2\/pages"}],"about":[{"href":"https:\/\/blogs.uef.fi\/venajaa\/wp-json\/wp\/v2\/types\/page"}],"author":[{"embeddable":true,"href":"https:\/\/blogs.uef.fi\/venajaa\/wp-json\/wp\/v2\/users\/7"}],"replies":[{"embeddable":true,"href":"https:\/\/blogs.uef.fi\/venajaa\/wp-json\/wp\/v2\/comments?post=412"}],"version-history":[{"count":1,"href":"https:\/\/blogs.uef.fi\/venajaa\/wp-json\/wp\/v2\/pages\/412\/revisions"}],"predecessor-version":[{"id":418,"href":"https:\/\/blogs.uef.fi\/venajaa\/wp-json\/wp\/v2\/pages\/412\/revisions\/418"}],"wp:attachment":[{"href":"https:\/\/blogs.uef.fi\/venajaa\/wp-json\/wp\/v2\/media?parent=412"}],"curies":[{"name":"wp","href":"https:\/\/api.w.org\/{rel}","templated":true}]}}