{"version":"1.0","provider_name":"Opi ven\u00e4j\u00e4\u00e4","provider_url":"https:\/\/blogs.uef.fi\/venajaa","title":"Ven\u00e4j\u00e4n kielen opettajien et\u00e4tapaaminen 9.2 - Opi ven\u00e4j\u00e4\u00e4","type":"rich","width":600,"height":338,"html":"<blockquote class=\"wp-embedded-content\" data-secret=\"VuqcKQ6PV0\"><a href=\"https:\/\/blogs.uef.fi\/venajaa\/2024\/02\/05\/venajan-kielen-opettajien-etatapaaminen-9-2\/\">Ven\u00e4j\u00e4n kielen opettajien et\u00e4tapaaminen 9.2<\/a><\/blockquote><iframe sandbox=\"allow-scripts\" security=\"restricted\" src=\"https:\/\/blogs.uef.fi\/venajaa\/2024\/02\/05\/venajan-kielen-opettajien-etatapaaminen-9-2\/embed\/#?secret=VuqcKQ6PV0\" width=\"600\" height=\"338\" title=\"&#8221;Ven\u00e4j\u00e4n kielen opettajien et\u00e4tapaaminen 9.2&#8221; &#8212; Opi ven\u00e4j\u00e4\u00e4\" data-secret=\"VuqcKQ6PV0\" frameborder=\"0\" marginwidth=\"0\" marginheight=\"0\" scrolling=\"no\" class=\"wp-embedded-content\"><\/iframe><script type=\"text\/javascript\">\n\/* <![CDATA[ *\/\n\/*! This file is auto-generated *\/\n!function(d,l){\"use strict\";l.querySelector&&d.addEventListener&&\"undefined\"!=typeof URL&&(d.wp=d.wp||{},d.wp.receiveEmbedMessage||(d.wp.receiveEmbedMessage=function(e){var t=e.data;if((t||t.secret||t.message||t.value)&&!\/[^a-zA-Z0-9]\/.test(t.secret)){for(var s,r,n,a=l.querySelectorAll('iframe[data-secret=\"'+t.secret+'\"]'),o=l.querySelectorAll('blockquote[data-secret=\"'+t.secret+'\"]'),c=new RegExp(\"^https?:$\",\"i\"),i=0;i<o.length;i++)o[i].style.display=\"none\";for(i=0;i<a.length;i++)s=a[i],e.source===s.contentWindow&&(s.removeAttribute(\"style\"),\"height\"===t.message?(1e3<(r=parseInt(t.value,10))?r=1e3:~~r<200&&(r=200),s.height=r):\"link\"===t.message&&(r=new URL(s.getAttribute(\"src\")),n=new URL(t.value),c.test(n.protocol))&&n.host===r.host&&l.activeElement===s&&(d.top.location.href=t.value))}},d.addEventListener(\"message\",d.wp.receiveEmbedMessage,!1),l.addEventListener(\"DOMContentLoaded\",function(){for(var e,t,s=l.querySelectorAll(\"iframe.wp-embedded-content\"),r=0;r<s.length;r++)(t=(e=s[r]).getAttribute(\"data-secret\"))||(t=Math.random().toString(36).substring(2,12),e.src+=\"#?secret=\"+t,e.setAttribute(\"data-secret\",t)),e.contentWindow.postMessage({message:\"ready\",secret:t},\"*\")},!1)))}(window,document);\n\/\/# sourceURL=https:\/\/blogs.uef.fi\/venajaa\/wp-includes\/js\/wp-embed.min.js\n\/* ]]> *\/\n<\/script>\n","description":"It\u00e4-Suomen yliopiston ven\u00e4j\u00e4n kielen oppiaine j\u00e4rjest\u00e4\u00e4 et\u00e4tapaamisen ven\u00e4j\u00e4n kielen opettajille 9.2 klo 14\u201317.30. T\u00e4m\u00e4n et\u00e4n\u00e4 j\u00e4rjestett\u00e4v\u00e4n tilaisuuden tarkoitus on\u00a0kertoa Cultura-S\u00e4\u00e4ti\u00f6n toiminnasta opettajien kannalta, yliopiston ven\u00e4j\u00e4n kielen tilanteesta\u00a0sek\u00e4 keskustella\u00a0tulevaisuuden n\u00e4kymist\u00e4. Esit\u00e4mme&nbsp;yhteenvedon&nbsp;alkukyselymme tuloksista&nbsp;ja haluamme&nbsp;kuulla teilt\u00e4 lis\u00e4\u00e4: Miten Ven\u00e4j\u00e4n aloittama hy\u00f6kk\u00e4yssota Ukrainassa on vaikuttanut ven\u00e4j\u00e4n opetukseenne? Millaisiksi n\u00e4ette&nbsp;kouluven\u00e4j\u00e4n&nbsp;mahdollisuudet ja n\u00e4kym\u00e4t? Mit\u00e4&nbsp;uutta haluaisitte n\u00e4hd\u00e4&nbsp;opetusohjelmassa, oppimateriaaleissa, kokeissa&nbsp;ja kirjoituksissa?&nbsp;Mit\u00e4&nbsp;yhteisty\u00f6t\u00e4 toivotte yliopiston [&hellip;]","thumbnail_url":"https:\/\/blogs.uef.fi\/venajaa\/wp-content\/uploads\/sites\/201\/2024\/02\/image.png"}

Opi venäjää

Venäjän kielen opettajien etätapaaminen 9.2 - Opi venäjää

<blockquote class="wp-embedded-content" data-secret="VuqcKQ6PV0"><a href="https://blogs.uef.fi/venajaa/2024/02/05/venajan-kielen-opettajien-etatapaaminen-9-2/">Venäjän kielen opettajien etätapaaminen 9.2</a></blockquote><iframe sandbox="allow-scripts" security="restricted" src="https://blogs.uef.fi/venajaa/2024/02/05/venajan-kielen-opettajien-etatapaaminen-9-2/embed/#?secret=VuqcKQ6PV0" width="600" height="338" title="&#8221;Venäjän kielen opettajien etätapaaminen 9.2&#8221; &#8212; Opi venäjää" data-secret="VuqcKQ6PV0" frameborder="0" marginwidth="0" marginheight="0" scrolling="no" class="wp-embedded-content"></iframe><script type="text/javascript">
/* <![CDATA[ */
/*! This file is auto-generated */
!function(d,l){"use strict";l.querySelector&&d.addEventListener&&"undefined"!=typeof URL&&(d.wp=d.wp||{},d.wp.receiveEmbedMessage||(d.wp.receiveEmbedMessage=function(e){var t=e.data;if((t||t.secret||t.message||t.value)&&!/[^a-zA-Z0-9]/.test(t.secret)){for(var s,r,n,a=l.querySelectorAll('iframe[data-secret="'+t.secret+'"]'),o=l.querySelectorAll('blockquote[data-secret="'+t.secret+'"]'),c=new RegExp("^https?:$","i"),i=0;i<o.length;i++)o[i].style.display="none";for(i=0;i<a.length;i++)s=a[i],e.source===s.contentWindow&&(s.removeAttribute("style"),"height"===t.message?(1e3<(r=parseInt(t.value,10))?r=1e3:~~r<200&&(r=200),s.height=r):"link"===t.message&&(r=new URL(s.getAttribute("src")),n=new URL(t.value),c.test(n.protocol))&&n.host===r.host&&l.activeElement===s&&(d.top.location.href=t.value))}},d.addEventListener("message",d.wp.receiveEmbedMessage,!1),l.addEventListener("DOMContentLoaded",function(){for(var e,t,s=l.querySelectorAll("iframe.wp-embedded-content"),r=0;r<s.length;r++)(t=(e=s[r]).getAttribute("data-secret"))||(t=Math.random().toString(36).substring(2,12),e.src+="#?secret="+t,e.setAttribute("data-secret",t)),e.contentWindow.postMessage({message:"ready",secret:t},"*")},!1)))}(window,document);
//# sourceURL=https://blogs.uef.fi/venajaa/wp-includes/js/wp-embed.min.js
/* ]]> */
</script>

Itä-Suomen yliopiston venäjän kielen oppiaine järjestää etätapaamisen venäjän kielen opettajille 9.2 klo 14–17.30. Tämän etänä järjestettävän tilaisuuden tarkoitus on kertoa Cultura-Säätiön toiminnasta opettajien kannalta, yliopiston venäjän kielen tilanteesta sekä keskustella tulevaisuuden näkymistä. Esitämme&nbsp;yhteenvedon&nbsp;alkukyselymme tuloksista&nbsp;ja haluamme&nbsp;kuulla teiltä lisää: Miten Venäjän aloittama hyökkäyssota Ukrainassa on vaikuttanut venäjän opetukseenne? Millaisiksi näette&nbsp;kouluvenäjän&nbsp;mahdollisuudet ja näkymät? Mitä&nbsp;uutta haluaisitte nähdä&nbsp;opetusohjelmassa, oppimateriaaleissa, kokeissa&nbsp;ja kirjoituksissa?&nbsp;Mitä&nbsp;yhteistyötä toivotte yliopiston [&hellip;]
