{"id":385,"date":"2017-05-26T10:02:56","date_gmt":"2017-05-26T07:02:56","guid":{"rendered":"https:\/\/blogs.uef.fi\/ueflibrarypostgrad\/?page_id=385"},"modified":"2023-03-15T11:55:51","modified_gmt":"2023-03-15T09:55:51","slug":"publish-or-perish","status":"publish","type":"page","link":"https:\/\/blogs.uef.fi\/ueflibrarypostgrad\/publish-or-perish\/","title":{"rendered":"Google Scholar \/ Publish or perish"},"content":{"rendered":"<h2><a href=\"https:\/\/primo.uef.fi\/permalink\/358FIN_UOEF\/6aj5s5\/alma9911701073705966\" rel=\"noopener\">Google Scholar<\/a> (GS) citations \/ author profile<\/h2>\n<p>Google Scholar\u00a0citations provide a simple way to keep track of citations to author&#8217;s publications. Researchers can create a Google Scholar profile (gmail account) and add there all their publications found through the Google Scholar search. My citations link\u00a0(&#8220;<em>omat lainaukset&#8221; in Finnish<\/em>)\u00a0shows the list of publications, the number of times the publications have been cited, h-index and i10-index (the number of publications with over 10 citations). <a href=\"http:\/\/scholar.google.fi\/citations?user=kyH7408AAAAJ&amp;hl=fi&amp;oi=ao\" rel=\"noopener\">Author profile example.<\/a><\/p>\n<p>The profile can be public or private. When searching GS by an author, the public profile will be at the top of the results.<\/p>\n<p>Compared to Web of Science and Scopus, Google Scholar covers more books, book chapters, theses, conference proceedings, technical reports and other publication types. It also has a wider range of journals and publications in other languages than English. Even so, the coverage of Google Scholar is uncontrolled, and there is no list of all publications included. The data\u00a0are obtained from academic publishers, professional societies, online repositories, universities and other websites. Google Scholar does not separate\u00a0non-scientific material (such as seminar presentations, working papers or master&#8217;s and bachelor&#8217;s theses) from scientific, scholarly literature. There is neither information available about the time span.<\/p>\n<p>Google Scholar\u00a0is also easy to manipulate. Read: <a href=\"https:\/\/arxiv.org\/ftp\/arxiv\/papers\/1309\/1309.2413.pdf\" rel=\"noopener\">The Google Scholar Experiment: how to index false papers and manipulate bibliometric indicators<\/a> \/ Emilio Delgado L\u00f3pez-C\u00f3zar, Nicol\u00e1s Robinson-Garc\u00eda. (<em>Also<\/em> <em>part of the assignment of the course module.<\/em>)<\/p>\n<p>Google Scholar generally provides a higher citation count than Web of Science or Scopus, especially in the fields of social sciences, arts and humanities. The natural and health sciences are better covered in those databases. Google Scholar as a source for citation information differs significantly from scientific citation databases. Google Scholar citations are not always from scholarly journals or books.<\/p>\n<p><a href=\"https:\/\/www.slideshare.net\/SarahG_SS\/how-to-set-up-your-google-scholar-profile-google-scholar-citations\" rel=\"noopener\">How to set up your Google Scholar profile<\/a> (Slideshare)<\/p>\n<h2>Publish or Perish (PoP)<\/h2>\n<p>Publish or Perish is a free software program which uses Google Scholar citation data to calculate the impact metrics including h-index and others. The main focus is on author&#8217;s impact, but it is also possible to examine the impact of a journal or analyse an individual article.<\/p>\n<p>The program is developed by Dr. Anne-Wil Harzing of the University of Melbourne. It must be downloaded from <a href=\"http:\/\/www.harzing.com\/pop.htm\" rel=\"noopener\">Harzing&#8217;s web pages<\/a> (no need for administrator rights).<\/p>\n<p>Because it uses Google Scholar data, the limitations are the same. It is good to keep in mind the undefined contents of Google Scholar and be critical about the quality and reliability of citation information retrieved. Many\u00a0citations come\u00a0from non-scholarly publications. Also self-citations are included. The output of Publish or Perish should not be compared with the output of Web of Science or Scopus. GS as a source for scientific citation information is inaccurate and undefined.\u00a0Instead GS citation data tells more about\u00a0the societal impact of publications.<\/p>\n<p><strong>How to find author&#8217;s citation data using Publish or Perish:<\/strong><\/p>\n<p>Publish or Perish mines all Google Scholar data and will present data on any authors \u2013 not only those with a public Google Scholar profile.<\/p>\n<p><img loading=\"lazy\" decoding=\"async\" class=\"alignnone wp-image-1907 size-full\" src=\"https:\/\/blogs.uef.fi\/ueflibrarypostgrad\/wp-content\/uploads\/sites\/33\/2017\/05\/PoP_pikaohje.jpg\" alt=\"Screen capture on Publish or Perish database. 1. Start by choosing 'New' GS query. 2. Enter the author name. 3. Restrict by the publication years if necessary. 4. Cleanup the list if needed.\" width=\"1280\" height=\"720\" srcset=\"https:\/\/blogs.uef.fi\/ueflibrarypostgrad\/wp-content\/uploads\/sites\/33\/2017\/05\/PoP_pikaohje.jpg 1280w, https:\/\/blogs.uef.fi\/ueflibrarypostgrad\/wp-content\/uploads\/sites\/33\/2017\/05\/PoP_pikaohje-768x432.jpg 768w\" sizes=\"auto, (max-width: 1280px) 100vw, 1280px\" \/><\/p>\n<p><strong>Cleaning up the results list<\/strong>:<\/p>\n<p>It is possible that there are publications by <strong>another author with the same name <\/strong>or <strong>non-scholarly publications<\/strong> which you may not wish to include. Uncheck the boxes next to those records which you don&#8217;t want to be calculated to the results.<\/p>\n<p>Often there are also <strong>duplicate entries<\/strong> to the same publication. Merge the duplicates by dragging one record on top of the other.\u00a0 Be careful to choose the most accurate one as the main reference.<\/p>\n<p>The results are displayed in order of the citation count. You can change the order by clicking\u00a0any of the column headings. If you have a long list of publications, it is useful to sort the results by title or year.<\/p>\n<p>Behind the copy button you can export your list to Excel etc.<\/p>\n<p>What if you have a very common author name? How to separate the works from those of &#8220;confuser&#8221; authors? Often it is good to have your publication list on hands. Sometimes the only way is to search for publications one by one and export those to excel (copy button on PoP main page). Maybe it would be good to create a profile of your own.<\/p>\n<h2><strong>Further\u00a0information:<\/strong><\/h2>\n<p>Finnish national guide to publication metrics: <a href=\"https:\/\/wiki.eduuni.fi\/display\/csckjmo\/Data+sources%3A+Google+Scholar\" target=\"_blank\" rel=\"noopener\">Data sources: Google Scholar<\/a>.<\/p>\n<p>Finnish national guide to publication metrics: <a href=\"https:\/\/wiki.eduuni.fi\/display\/csckjmo\/Analysis+tools%3A+Publish+or+Perish\" target=\"_blank\" rel=\"noopener\">Analysis tools: Publish or Perish<\/a>.<\/p>\n<p><a href=\"http:\/\/libguides.utu.fi\/c.php?g=358529&amp;p=2420691\" rel=\"noopener noreferrer\">How to calculate researcher\u2019s h-index with Publish of Perish (version 5)<\/a> \/ University of Turku<br \/>\n&#8211; Please, scroll down to see the instructions.<\/p>\n<p><a href=\"http:\/\/harzing.com\/resources\/publish-or-perish\/manual\" rel=\"noopener noreferrer\">Publish of Perish 6 manual<\/a> \/ Harzing.com<br \/>\n&#8211; Related topics also<\/p>\n<p><a href=\"http:\/\/blogs.lse.ac.uk\/impactofsocialsciences\/\" rel=\"noopener noreferrer\">Impact of\u00a0social sciences<\/a> blog \/ London School of Economics and Political Science \u00a0(LSE)<br \/>\n&#8211;\u00a0Good blog for following the discussion especially for the researcher in the fields of social sciences.<\/p>\n<p>(3\/2023 JN)<\/p>\n","protected":false},"excerpt":{"rendered":"<p>Google Scholar (GS) citations \/ author profile Google Scholar\u00a0citations provide a simple way to keep track of citations to author&#8217;s publications. Researchers can create a Google Scholar profile (gmail account) and add there all their publications found through the Google Scholar search. My citations link\u00a0(&#8220;omat lainaukset&#8221; in Finnish)\u00a0shows the list of publications, the number of [&hellip;]<\/p>\n","protected":false},"author":127,"featured_media":0,"parent":0,"menu_order":0,"comment_status":"closed","ping_status":"closed","template":"","meta":{"_acf_changed":false,"footnotes":""},"class_list":["post-385","page","type-page","status-publish","hentry"],"acf":[],"yoast_head":"<!-- This site is optimized with the Yoast SEO plugin v27.3 - https:\/\/yoast.com\/product\/yoast-seo-wordpress\/ -->\n<title>Google Scholar \/ Publish or perish - Research Information Retrieval and Management<\/title>\n<meta name=\"robots\" content=\"index, follow, max-snippet:-1, max-image-preview:large, max-video-preview:-1\" \/>\n<link rel=\"canonical\" href=\"https:\/\/blogs.uef.fi\/ueflibrarypostgrad\/publish-or-perish\/\" \/>\n<meta property=\"og:locale\" content=\"en_US\" \/>\n<meta property=\"og:type\" content=\"article\" \/>\n<meta property=\"og:title\" content=\"Google Scholar \/ Publish or perish - Research Information Retrieval and Management\" \/>\n<meta property=\"og:description\" content=\"Google Scholar (GS) citations \/ author profile Google Scholar\u00a0citations provide a simple way to keep track of citations to author&#8217;s publications. Researchers can create a Google Scholar profile (gmail account) and add there all their publications found through the Google Scholar search. My citations link\u00a0(&#8220;omat lainaukset&#8221; in Finnish)\u00a0shows the list of publications, the number of [&hellip;]\" \/>\n<meta property=\"og:url\" content=\"https:\/\/blogs.uef.fi\/ueflibrarypostgrad\/publish-or-perish\/\" \/>\n<meta property=\"og:site_name\" content=\"Research Information Retrieval and Management\" \/>\n<meta property=\"article:modified_time\" content=\"2023-03-15T09:55:51+00:00\" \/>\n<meta property=\"og:image\" content=\"https:\/\/blogs.uef.fi\/ueflibrarypostgrad\/wp-content\/uploads\/sites\/33\/2017\/05\/PoP_pikaohje.jpg\" \/>\n<meta name=\"twitter:card\" content=\"summary_large_image\" \/>\n<meta name=\"twitter:label1\" content=\"Est. reading time\" \/>\n\t<meta name=\"twitter:data1\" content=\"4 minutes\" \/>\n<script type=\"application\/ld+json\" class=\"yoast-schema-graph\">{\"@context\":\"https:\\\/\\\/schema.org\",\"@graph\":[{\"@type\":\"WebPage\",\"@id\":\"https:\\\/\\\/blogs.uef.fi\\\/ueflibrarypostgrad\\\/publish-or-perish\\\/\",\"url\":\"https:\\\/\\\/blogs.uef.fi\\\/ueflibrarypostgrad\\\/publish-or-perish\\\/\",\"name\":\"Google Scholar \\\/ Publish or perish - Research Information Retrieval and Management\",\"isPartOf\":{\"@id\":\"https:\\\/\\\/blogs.uef.fi\\\/ueflibrarypostgrad\\\/#website\"},\"primaryImageOfPage\":{\"@id\":\"https:\\\/\\\/blogs.uef.fi\\\/ueflibrarypostgrad\\\/publish-or-perish\\\/#primaryimage\"},\"image\":{\"@id\":\"https:\\\/\\\/blogs.uef.fi\\\/ueflibrarypostgrad\\\/publish-or-perish\\\/#primaryimage\"},\"thumbnailUrl\":\"https:\\\/\\\/blogs.uef.fi\\\/ueflibrarypostgrad\\\/wp-content\\\/uploads\\\/sites\\\/33\\\/2017\\\/05\\\/PoP_pikaohje.jpg\",\"datePublished\":\"2017-05-26T07:02:56+00:00\",\"dateModified\":\"2023-03-15T09:55:51+00:00\",\"breadcrumb\":{\"@id\":\"https:\\\/\\\/blogs.uef.fi\\\/ueflibrarypostgrad\\\/publish-or-perish\\\/#breadcrumb\"},\"inLanguage\":\"en-US\",\"potentialAction\":[{\"@type\":\"ReadAction\",\"target\":[\"https:\\\/\\\/blogs.uef.fi\\\/ueflibrarypostgrad\\\/publish-or-perish\\\/\"]}]},{\"@type\":\"ImageObject\",\"inLanguage\":\"en-US\",\"@id\":\"https:\\\/\\\/blogs.uef.fi\\\/ueflibrarypostgrad\\\/publish-or-perish\\\/#primaryimage\",\"url\":\"https:\\\/\\\/blogs.uef.fi\\\/ueflibrarypostgrad\\\/wp-content\\\/uploads\\\/sites\\\/33\\\/2017\\\/05\\\/PoP_pikaohje.jpg\",\"contentUrl\":\"https:\\\/\\\/blogs.uef.fi\\\/ueflibrarypostgrad\\\/wp-content\\\/uploads\\\/sites\\\/33\\\/2017\\\/05\\\/PoP_pikaohje.jpg\",\"width\":1280,\"height\":720},{\"@type\":\"BreadcrumbList\",\"@id\":\"https:\\\/\\\/blogs.uef.fi\\\/ueflibrarypostgrad\\\/publish-or-perish\\\/#breadcrumb\",\"itemListElement\":[{\"@type\":\"ListItem\",\"position\":1,\"name\":\"Home\",\"item\":\"https:\\\/\\\/blogs.uef.fi\\\/ueflibrarypostgrad\\\/\"},{\"@type\":\"ListItem\",\"position\":2,\"name\":\"Google Scholar \\\/ Publish or perish\"}]},{\"@type\":\"WebSite\",\"@id\":\"https:\\\/\\\/blogs.uef.fi\\\/ueflibrarypostgrad\\\/#website\",\"url\":\"https:\\\/\\\/blogs.uef.fi\\\/ueflibrarypostgrad\\\/\",\"name\":\"Research Information Retrieval and Management\",\"description\":\"\",\"potentialAction\":[{\"@type\":\"SearchAction\",\"target\":{\"@type\":\"EntryPoint\",\"urlTemplate\":\"https:\\\/\\\/blogs.uef.fi\\\/ueflibrarypostgrad\\\/?s={search_term_string}\"},\"query-input\":{\"@type\":\"PropertyValueSpecification\",\"valueRequired\":true,\"valueName\":\"search_term_string\"}}],\"inLanguage\":\"en-US\"}]}<\/script>\n<!-- \/ Yoast SEO plugin. -->","yoast_head_json":{"title":"Google Scholar \/ Publish or perish - Research Information Retrieval and Management","robots":{"index":"index","follow":"follow","max-snippet":"max-snippet:-1","max-image-preview":"max-image-preview:large","max-video-preview":"max-video-preview:-1"},"canonical":"https:\/\/blogs.uef.fi\/ueflibrarypostgrad\/publish-or-perish\/","og_locale":"en_US","og_type":"article","og_title":"Google Scholar \/ Publish or perish - Research Information Retrieval and Management","og_description":"Google Scholar (GS) citations \/ author profile Google Scholar\u00a0citations provide a simple way to keep track of citations to author&#8217;s publications. Researchers can create a Google Scholar profile (gmail account) and add there all their publications found through the Google Scholar search. My citations link\u00a0(&#8220;omat lainaukset&#8221; in Finnish)\u00a0shows the list of publications, the number of [&hellip;]","og_url":"https:\/\/blogs.uef.fi\/ueflibrarypostgrad\/publish-or-perish\/","og_site_name":"Research Information Retrieval and Management","article_modified_time":"2023-03-15T09:55:51+00:00","og_image":[{"url":"https:\/\/blogs.uef.fi\/ueflibrarypostgrad\/wp-content\/uploads\/sites\/33\/2017\/05\/PoP_pikaohje.jpg","type":"","width":"","height":""}],"twitter_card":"summary_large_image","twitter_misc":{"Est. reading time":"4 minutes"},"schema":{"@context":"https:\/\/schema.org","@graph":[{"@type":"WebPage","@id":"https:\/\/blogs.uef.fi\/ueflibrarypostgrad\/publish-or-perish\/","url":"https:\/\/blogs.uef.fi\/ueflibrarypostgrad\/publish-or-perish\/","name":"Google Scholar \/ Publish or perish - Research Information Retrieval and Management","isPartOf":{"@id":"https:\/\/blogs.uef.fi\/ueflibrarypostgrad\/#website"},"primaryImageOfPage":{"@id":"https:\/\/blogs.uef.fi\/ueflibrarypostgrad\/publish-or-perish\/#primaryimage"},"image":{"@id":"https:\/\/blogs.uef.fi\/ueflibrarypostgrad\/publish-or-perish\/#primaryimage"},"thumbnailUrl":"https:\/\/blogs.uef.fi\/ueflibrarypostgrad\/wp-content\/uploads\/sites\/33\/2017\/05\/PoP_pikaohje.jpg","datePublished":"2017-05-26T07:02:56+00:00","dateModified":"2023-03-15T09:55:51+00:00","breadcrumb":{"@id":"https:\/\/blogs.uef.fi\/ueflibrarypostgrad\/publish-or-perish\/#breadcrumb"},"inLanguage":"en-US","potentialAction":[{"@type":"ReadAction","target":["https:\/\/blogs.uef.fi\/ueflibrarypostgrad\/publish-or-perish\/"]}]},{"@type":"ImageObject","inLanguage":"en-US","@id":"https:\/\/blogs.uef.fi\/ueflibrarypostgrad\/publish-or-perish\/#primaryimage","url":"https:\/\/blogs.uef.fi\/ueflibrarypostgrad\/wp-content\/uploads\/sites\/33\/2017\/05\/PoP_pikaohje.jpg","contentUrl":"https:\/\/blogs.uef.fi\/ueflibrarypostgrad\/wp-content\/uploads\/sites\/33\/2017\/05\/PoP_pikaohje.jpg","width":1280,"height":720},{"@type":"BreadcrumbList","@id":"https:\/\/blogs.uef.fi\/ueflibrarypostgrad\/publish-or-perish\/#breadcrumb","itemListElement":[{"@type":"ListItem","position":1,"name":"Home","item":"https:\/\/blogs.uef.fi\/ueflibrarypostgrad\/"},{"@type":"ListItem","position":2,"name":"Google Scholar \/ Publish or perish"}]},{"@type":"WebSite","@id":"https:\/\/blogs.uef.fi\/ueflibrarypostgrad\/#website","url":"https:\/\/blogs.uef.fi\/ueflibrarypostgrad\/","name":"Research Information Retrieval and Management","description":"","potentialAction":[{"@type":"SearchAction","target":{"@type":"EntryPoint","urlTemplate":"https:\/\/blogs.uef.fi\/ueflibrarypostgrad\/?s={search_term_string}"},"query-input":{"@type":"PropertyValueSpecification","valueRequired":true,"valueName":"search_term_string"}}],"inLanguage":"en-US"}]}},"_links":{"self":[{"href":"https:\/\/blogs.uef.fi\/ueflibrarypostgrad\/wp-json\/wp\/v2\/pages\/385","targetHints":{"allow":["GET"]}}],"collection":[{"href":"https:\/\/blogs.uef.fi\/ueflibrarypostgrad\/wp-json\/wp\/v2\/pages"}],"about":[{"href":"https:\/\/blogs.uef.fi\/ueflibrarypostgrad\/wp-json\/wp\/v2\/types\/page"}],"author":[{"embeddable":true,"href":"https:\/\/blogs.uef.fi\/ueflibrarypostgrad\/wp-json\/wp\/v2\/users\/127"}],"replies":[{"embeddable":true,"href":"https:\/\/blogs.uef.fi\/ueflibrarypostgrad\/wp-json\/wp\/v2\/comments?post=385"}],"version-history":[{"count":2,"href":"https:\/\/blogs.uef.fi\/ueflibrarypostgrad\/wp-json\/wp\/v2\/pages\/385\/revisions"}],"predecessor-version":[{"id":11070,"href":"https:\/\/blogs.uef.fi\/ueflibrarypostgrad\/wp-json\/wp\/v2\/pages\/385\/revisions\/11070"}],"wp:attachment":[{"href":"https:\/\/blogs.uef.fi\/ueflibrarypostgrad\/wp-json\/wp\/v2\/media?parent=385"}],"curies":[{"name":"wp","href":"https:\/\/api.w.org\/{rel}","templated":true}]}}