{"version":"1.0","provider_name":"UEF Library","provider_url":"https:\/\/blogs.uef.fi\/ueflibrary","title":"Eurooppa-foorumi 2025 | Europe Forum 2025 | UEF Library","type":"rich","width":600,"height":338,"html":"<blockquote class=\"wp-embedded-content\" data-secret=\"AbRGOlTgxT\"><a href=\"https:\/\/blogs.uef.fi\/ueflibrary\/eurooppa-foorumi-2025-europe-forum-2025\/\">Eurooppa-foorumi 2025 | Europe Forum 2025<\/a><\/blockquote><iframe sandbox=\"allow-scripts\" security=\"restricted\" src=\"https:\/\/blogs.uef.fi\/ueflibrary\/eurooppa-foorumi-2025-europe-forum-2025\/embed\/#?secret=AbRGOlTgxT\" width=\"600\" height=\"338\" title=\"&#8221;Eurooppa-foorumi 2025 | Europe Forum 2025&#8221; &#8212; UEF Library\" data-secret=\"AbRGOlTgxT\" frameborder=\"0\" marginwidth=\"0\" marginheight=\"0\" scrolling=\"no\" class=\"wp-embedded-content\"><\/iframe><script type=\"text\/javascript\">\n\/* <![CDATA[ *\/\n\/*! This file is auto-generated *\/\n!function(d,l){\"use strict\";l.querySelector&&d.addEventListener&&\"undefined\"!=typeof URL&&(d.wp=d.wp||{},d.wp.receiveEmbedMessage||(d.wp.receiveEmbedMessage=function(e){var t=e.data;if((t||t.secret||t.message||t.value)&&!\/[^a-zA-Z0-9]\/.test(t.secret)){for(var s,r,n,a=l.querySelectorAll('iframe[data-secret=\"'+t.secret+'\"]'),o=l.querySelectorAll('blockquote[data-secret=\"'+t.secret+'\"]'),c=new RegExp(\"^https?:$\",\"i\"),i=0;i<o.length;i++)o[i].style.display=\"none\";for(i=0;i<a.length;i++)s=a[i],e.source===s.contentWindow&&(s.removeAttribute(\"style\"),\"height\"===t.message?(1e3<(r=parseInt(t.value,10))?r=1e3:~~r<200&&(r=200),s.height=r):\"link\"===t.message&&(r=new URL(s.getAttribute(\"src\")),n=new URL(t.value),c.test(n.protocol))&&n.host===r.host&&l.activeElement===s&&(d.top.location.href=t.value))}},d.addEventListener(\"message\",d.wp.receiveEmbedMessage,!1),l.addEventListener(\"DOMContentLoaded\",function(){for(var e,t,s=l.querySelectorAll(\"iframe.wp-embedded-content\"),r=0;r<s.length;r++)(t=(e=s[r]).getAttribute(\"data-secret\"))||(t=Math.random().toString(36).substring(2,12),e.src+=\"#?secret=\"+t,e.setAttribute(\"data-secret\",t)),e.contentWindow.postMessage({message:\"ready\",secret:t},\"*\")},!1)))}(window,document);\n\/\/# sourceURL=https:\/\/blogs.uef.fi\/ueflibrary\/wp-includes\/js\/wp-embed.min.js\n\/* ]]> *\/\n<\/script>\n","description":"(Please, scroll down to read a brief summary in English.) Jo kahdeksas Eurooppa-foorumi j\u00e4rjestettiin Turussa 27.-29.8.2025. T\u00e4m\u00e4n vuoden ohjelman mielenkiitoisena teemana oli \u201dMaailma muuttuu \u2013 miten Eurooppa vastaa\u201d. Ohjelma jakautui nelj\u00e4\u00e4n teemaan \u201dSuomi ja EU \u2013 30 vuotta yhdess\u00e4\u201d, \u201dSuunta kohti tulevaa\u201d, \u201dKest\u00e4v\u00e4 Eurooppa \u2013 sosiaalisesti ja ekologisesti\u201d ja \u201dTurvallisuus murroksessa \u2013 haasteet ja ratkaisut\u201d. [&hellip;]","thumbnail_url":"https:\/\/blogs.uef.fi\/ueflibrary\/wp-content\/uploads\/sites\/18\/2025\/09\/Aura_joki_vaakataso-1-scaled.jpg","thumbnail_width":2560,"thumbnail_height":1688}

(Please, scroll down to read a brief summary in English.) Jo kahdeksas Eurooppa-foorumi järjestettiin Turussa 27.-29.8.2025. Tämän vuoden ohjelman mielenkiitoisena teemana oli ”Maailma muuttuu – miten Eurooppa vastaa”. Ohjelma jakautui neljään teemaan ”Suomi ja EU – 30 vuotta yhdessä”, ”Suunta kohti tulevaa”, ”Kestävä Eurooppa – sosiaalisesti ja ekologisesti” ja ”Turvallisuus murroksessa – haasteet ja ratkaisut”. [&hellip;]
