{"version":"1.0","provider_name":"UEF Library","provider_url":"https:\/\/blogs.uef.fi\/ueflibrary","title":"Eurooppa-foorumi 2022 | Europe Forum 2022 | UEF Library","type":"rich","width":600,"height":338,"html":"<blockquote class=\"wp-embedded-content\" data-secret=\"uJwPwn0Sm6\"><a href=\"https:\/\/blogs.uef.fi\/ueflibrary\/eurooppa-foorumi-2022-europe-forum-2022\/\">Eurooppa-foorumi 2022 | Europe Forum 2022<\/a><\/blockquote><iframe sandbox=\"allow-scripts\" security=\"restricted\" src=\"https:\/\/blogs.uef.fi\/ueflibrary\/eurooppa-foorumi-2022-europe-forum-2022\/embed\/#?secret=uJwPwn0Sm6\" width=\"600\" height=\"338\" title=\"&#8221;Eurooppa-foorumi 2022 | Europe Forum 2022&#8221; &#8212; UEF Library\" data-secret=\"uJwPwn0Sm6\" frameborder=\"0\" marginwidth=\"0\" marginheight=\"0\" scrolling=\"no\" class=\"wp-embedded-content\"><\/iframe><script type=\"text\/javascript\">\n\/* <![CDATA[ *\/\n\/*! This file is auto-generated *\/\n!function(d,l){\"use strict\";l.querySelector&&d.addEventListener&&\"undefined\"!=typeof URL&&(d.wp=d.wp||{},d.wp.receiveEmbedMessage||(d.wp.receiveEmbedMessage=function(e){var t=e.data;if((t||t.secret||t.message||t.value)&&!\/[^a-zA-Z0-9]\/.test(t.secret)){for(var s,r,n,a=l.querySelectorAll('iframe[data-secret=\"'+t.secret+'\"]'),o=l.querySelectorAll('blockquote[data-secret=\"'+t.secret+'\"]'),c=new RegExp(\"^https?:$\",\"i\"),i=0;i<o.length;i++)o[i].style.display=\"none\";for(i=0;i<a.length;i++)s=a[i],e.source===s.contentWindow&&(s.removeAttribute(\"style\"),\"height\"===t.message?(1e3<(r=parseInt(t.value,10))?r=1e3:~~r<200&&(r=200),s.height=r):\"link\"===t.message&&(r=new URL(s.getAttribute(\"src\")),n=new URL(t.value),c.test(n.protocol))&&n.host===r.host&&l.activeElement===s&&(d.top.location.href=t.value))}},d.addEventListener(\"message\",d.wp.receiveEmbedMessage,!1),l.addEventListener(\"DOMContentLoaded\",function(){for(var e,t,s=l.querySelectorAll(\"iframe.wp-embedded-content\"),r=0;r<s.length;r++)(t=(e=s[r]).getAttribute(\"data-secret\"))||(t=Math.random().toString(36).substring(2,12),e.src+=\"#?secret=\"+t,e.setAttribute(\"data-secret\",t)),e.contentWindow.postMessage({message:\"ready\",secret:t},\"*\")},!1)))}(window,document);\n\/\/# sourceURL=https:\/\/blogs.uef.fi\/ueflibrary\/wp-includes\/js\/wp-embed.min.js\n\/* ]]> *\/\n<\/script>\n","description":"(Please, scroll down to read a brief summary in English.) Eurooppa-foorumi j\u00e4rjestettiin Turussa 24.-26.8. nyt jo viidett\u00e4 kertaa, ja se on vakiinnuttanut asemansa Suomen poliittisen keskustelun syksyn avaajana. Esiintyjien joukossa ovat s\u00e4\u00e4nn\u00f6llisesti johtavat poliitikot ja virkamiehet sek\u00e4 televisioistakin tutut asiantuntijat. Koronapandemiasta tuli ainakin se hy\u00f6ty, ett\u00e4 yh\u00e4 useammat tapahtumat ja konferenssit ovat kokonaan seurattavissa verkon [&hellip;]","thumbnail_url":"https:\/\/blogs.uef.fi\/ueflibrary\/wp-content\/uploads\/sites\/18\/2022\/08\/yleiskuvaa-eurooppa-foorumi-turku-2022.jpg","thumbnail_width":2362,"thumbnail_height":1575}

(Please, scroll down to read a brief summary in English.) Eurooppa-foorumi järjestettiin Turussa 24.-26.8. nyt jo viidettä kertaa, ja se on vakiinnuttanut asemansa Suomen poliittisen keskustelun syksyn avaajana. Esiintyjien joukossa ovat säännöllisesti johtavat poliitikot ja virkamiehet sekä televisioistakin tutut asiantuntijat. Koronapandemiasta tuli ainakin se hyöty, että yhä useammat tapahtumat ja konferenssit ovat kokonaan seurattavissa verkon [&hellip;]
