{"version":"1.0","provider_name":"UEF Library","provider_url":"https:\/\/blogs.uef.fi\/ueflibrary","title":"Erasmus-matka Saksaan, osa III. Frankfurtin kirjamessut | UEF Library","type":"rich","width":600,"height":338,"html":"<blockquote class=\"wp-embedded-content\" data-secret=\"tR9LW668BY\"><a href=\"https:\/\/blogs.uef.fi\/ueflibrary\/erasmus-matka-saksaan-osa-iii-frankfurtin-kirjamessut-2\/\">Erasmus-matka Saksaan, osa III. Frankfurtin kirjamessut<\/a><\/blockquote><iframe sandbox=\"allow-scripts\" security=\"restricted\" src=\"https:\/\/blogs.uef.fi\/ueflibrary\/erasmus-matka-saksaan-osa-iii-frankfurtin-kirjamessut-2\/embed\/#?secret=tR9LW668BY\" width=\"600\" height=\"338\" title=\"&#8221;Erasmus-matka Saksaan, osa III. Frankfurtin kirjamessut&#8221; &#8212; UEF Library\" data-secret=\"tR9LW668BY\" frameborder=\"0\" marginwidth=\"0\" marginheight=\"0\" scrolling=\"no\" class=\"wp-embedded-content\"><\/iframe><script type=\"text\/javascript\">\n\/* <![CDATA[ *\/\n\/*! This file is auto-generated *\/\n!function(d,l){\"use strict\";l.querySelector&&d.addEventListener&&\"undefined\"!=typeof URL&&(d.wp=d.wp||{},d.wp.receiveEmbedMessage||(d.wp.receiveEmbedMessage=function(e){var t=e.data;if((t||t.secret||t.message||t.value)&&!\/[^a-zA-Z0-9]\/.test(t.secret)){for(var s,r,n,a=l.querySelectorAll('iframe[data-secret=\"'+t.secret+'\"]'),o=l.querySelectorAll('blockquote[data-secret=\"'+t.secret+'\"]'),c=new RegExp(\"^https?:$\",\"i\"),i=0;i<o.length;i++)o[i].style.display=\"none\";for(i=0;i<a.length;i++)s=a[i],e.source===s.contentWindow&&(s.removeAttribute(\"style\"),\"height\"===t.message?(1e3<(r=parseInt(t.value,10))?r=1e3:~~r<200&&(r=200),s.height=r):\"link\"===t.message&&(r=new URL(s.getAttribute(\"src\")),n=new URL(t.value),c.test(n.protocol))&&n.host===r.host&&l.activeElement===s&&(d.top.location.href=t.value))}},d.addEventListener(\"message\",d.wp.receiveEmbedMessage,!1),l.addEventListener(\"DOMContentLoaded\",function(){for(var e,t,s=l.querySelectorAll(\"iframe.wp-embedded-content\"),r=0;r<s.length;r++)(t=(e=s[r]).getAttribute(\"data-secret\"))||(t=Math.random().toString(36).substring(2,12),e.src+=\"#?secret=\"+t,e.setAttribute(\"data-secret\",t)),e.contentWindow.postMessage({message:\"ready\",secret:t},\"*\")},!1)))}(window,document);\n\/\/# sourceURL=https:\/\/blogs.uef.fi\/ueflibrary\/wp-includes\/js\/wp-embed.min.js\n\/* ]]> *\/\n<\/script>\n","description":"Frankfurtin kirjamessut j\u00e4rjestettiin 21. kerran 2013. Kyseess\u00e4 on maailman suurimmat yleiset kirjamessut. Paikallinen messukeskus on arviolta ainakin 10 kertaa suurempi kuin Helsingiss\u00e4. Huhut painettujen kirjojen kuolemasta ovat ennenaikaisia. Silti elektroninen julkaiseminen kasvaa noin 4% ja painettu v\u00e4henee noin 19% vuodessa. Painettuja kirjoja julkaistaan silti ylivoimaisesti e-kirjoja enemm\u00e4n viel\u00e4 pitk\u00e4\u00e4n. Yksin Saksassa kustannetaan 74.000 uutta kirjaa [&hellip;]","thumbnail_url":"https:\/\/blogs.uef.fi\/ueflibrary\/wp-content\/uploads\/sites\/18\/2013\/10\/wp_20131012-8.jpg?w=450&amp;h=338"}

Frankfurtin kirjamessut järjestettiin 21. kerran 2013. Kyseessä on maailman suurimmat yleiset kirjamessut. Paikallinen messukeskus on arviolta ainakin 10 kertaa suurempi kuin Helsingissä. Huhut painettujen kirjojen kuolemasta ovat ennenaikaisia. Silti elektroninen julkaiseminen kasvaa noin 4% ja painettu vähenee noin 19% vuodessa. Painettuja kirjoja julkaistaan silti ylivoimaisesti e-kirjoja enemmän vielä pitkään. Yksin Saksassa kustannetaan 74.000 uutta kirjaa [&hellip;]
