{"id":105,"date":"2019-10-04T11:46:04","date_gmt":"2019-10-04T08:46:04","guid":{"rendered":"https:\/\/blogs.uef.fi\/tuvet-materiaalipankki\/?page_id=105"},"modified":"2024-02-22T14:30:24","modified_gmt":"2024-02-22T12:30:24","slug":"vaativaerityinentuki","status":"publish","type":"page","link":"https:\/\/blogs.uef.fi\/tuvet-materiaalipankki\/vaativaerityinentuki\/","title":{"rendered":"Vaativa erityinen tuki"},"content":{"rendered":"\n<p>Muut materiaalit sis\u00e4lt\u00e4v\u00e4t esimerkiksi toiminta-alueittain toteutettavaa opetusta. <a href=\"https:\/\/blogs.uef.fi\/tuvet-materiaalipankki\/ehdota-sisaltoa\/\">Ehdota<\/a> sivustolle materiaalia.<\/p>\n\n\n\n<p><strong>Tutustu my\u00f6s kansallisen vaativan erityisen tuen VIP-verkoston&nbsp;<a href=\"https:\/\/vip-verkosto.fi\/vip-tietoiskut\/\">tietoiskuihin<\/a>,&nbsp;<a href=\"https:\/\/vip-verkosto.fi\/tapahtumat\/\">koulutuksiin<\/a>&nbsp;ja&nbsp;<a href=\"https:\/\/vip-verkosto.fi\/teemaryhmat\/\">materiaaleihin<\/a>&nbsp;vaativasta erityisest\u00e4 tuesta.<\/strong><\/p>\n\n\n\n<h2 class=\"wp-block-heading\"><strong>Materiaalit:<\/strong><\/h2>\n\n\n\n<ul class=\"wp-block-list\">\n<li><strong><a href=\"https:\/\/www.valteri.fi\/wp-content\/uploads\/2017\/09\/TOI-opetuksen-tukimateriaali-PALAPELIKUVIOLLA.pdf\">Palapelimalli<\/a><\/strong> on Valteri-koulun opetussuunnitelman tukimateriaali toiminta-alueittain opiskeluun. Siihen on koottu toiminta-alueiden sis\u00e4lt\u00f6j\u00e4 ja tavoitteita muistilistaksi ja avuksi oppilaan henkil\u00f6kohtaisten tavoitteiden m\u00e4\u00e4rittelyyn. Valteri 2017. <em>(Lis\u00e4tty 10\/2019)<\/em><\/li>\n\n\n\n<li><strong><a href=\"https:\/\/thinkingtogether.educ.cam.ac.uk\/\">Thinking together \u2013menetelm\u00e4<\/a>.<\/strong> Dialogisuuteen perustuva menetelm\u00e4, joka tukee lasten ajattelun ja oppimisen kehityst\u00e4.<em>&nbsp;(Lis\u00e4tty 10\/2019)<\/em><\/li>\n\n\n\n<li><strong><a href=\"https:\/\/www.hogrefe.fi\/testit\/askeleittain\/AskelettainEtusivu.html\">Askeleittain-opetusohjelma.&nbsp;<\/a><\/strong>Askeleittain-opetusohjelman avulla p\u00e4iv\u00e4kodissa, esikoulussa ja 1.-5. luokalla voidaan opettaa lapsille empatiataitoja, itsehillint\u00e4- ja ongelmanratkaisutaitoja sek\u00e4 tunteiden s\u00e4\u00e4tely\u00e4.&nbsp;\u00a9&nbsp;2002 Committee for Children,&nbsp;Suomalainen laitos copyright 2015 Hogrefe Psykologien Kustannus Oy. <em>(Lis\u00e4tty 10\/2019)<\/em><\/li>\n\n\n\n<li><strong><a href=\"https:\/\/eur03.safelinks.protection.outlook.com\/?url=https%3A%2F%2Fwww.oph.fi%2Fsites%2Fdefault%2Ffiles%2Fdocuments%2Fviittomakieliset_oppilaat_perusopetuksessa.pdf&amp;data=02%7C01%7C%7C2115169dd41c4696baad08d783a75dc5%7C87879f2e73044bf2baf263e7f83f3c34%7C0%7C1%7C637122627164768665&amp;sdata=j7jIHFfYlfB4IAUOGCnkgi1ybBvaBLFxOnsFB2uKHUs%3D&amp;reserved=0\">Viittomakieliset oppilaat perusopetuksessa -opas<\/a><\/strong> sis\u00e4lt\u00e4\u00e4 perustietoa ja vinkkej\u00e4 oppilaiden, jotka k\u00e4ytt\u00e4v\u00e4t viittomakielt\u00e4, opetuksen j\u00e4rjest\u00e4misen tueksi. Opetushallitus, 2016.&nbsp;<em>(Lis\u00e4tty 1\/2020)<\/em><\/li>\n\n\n\n<li><a href=\"https:\/\/www.valteri.fi\/ohjauskaynnista-tukea-oppimiseen-ja-koulunkayntiin\/\"><strong>Ohjausk\u00e4ynnist\u00e4 tukea oppimiseen ja koulunk\u00e4yntiin<\/strong>.<\/a> Pieni huoltokirja oppimisen ja koulunk\u00e4ynnin tueksi. Oppaaseen olemme koonneet asioita, jotka tulevat usein esille ohjausk\u00e4yntien yhteydess\u00e4. Valteri. <em>(Lis\u00e4tty 9\/2020)<\/em><\/li>\n\n\n\n<li><strong>HAASTE-toimintamalli.<\/strong> Systemaattinen ja j\u00e4sennetty tuen tarpeen tunnistamisen manuaali. Autismiliitto. <em>(Lis\u00e4tty 11\/2020)<\/em><\/li>\n<\/ul>\n\n\n\n<h2 class=\"wp-block-heading\"><strong>Kirjallisuus:&nbsp;<\/strong><\/h2>\n\n\n\n<ul class=\"wp-block-list\">\n<li>Iisakka, R. (2019).<strong> <a href=\"https:\/\/journals.helsinki.fi\/e-erika\/article\/view\/102\/57\">Hahmotusvaikeudet &#8211; v\u00e4h\u00e4n tunnettu oppimisen ongelma<\/a><\/strong>. eEriKa : Erityispedagogista tutkimusta ja koulutuksen arviointia, 1, pp. 4-8.&nbsp;<em>(Lis\u00e4tty 10\/2019)<\/em><\/li>\n\n\n\n<li>Peltom\u00e4ki, S. (2019). <strong><a href=\"https:\/\/journals.helsinki.fi\/e-erika\/article\/view\/100\/55\">Toiminta-alueittain opiskelevien oppilaiden tavoitteiden saavutettavuus, selkeys ja mitattavuus<\/a><\/strong>. eEriKa : Erityispedagogista tutkimusta ja koulutuksen arviointia, 1, pp. 16-21.&nbsp;<em>(Lis\u00e4tty 10\/2019)<\/em><\/li>\n\n\n\n<li>Selin-Gr\u00f6nlund, P. (2019). <strong><a href=\"https:\/\/journals.helsinki.fi\/e-erika\/article\/view\/103\/58\">Viittomakieli &#8211; moniulotteinen \u00e4idinkieli<\/a>.<\/strong> eEriKa : Erityispedagogista tutkimusta ja koulutuksen arviointia, 1, pp. 9-14.&nbsp;<em>(Lis\u00e4tty 10\/2019)<\/em><\/li>\n\n\n\n<li>Launonen, K. &amp; Korpijaakko-Huuhka, A. (2015).&nbsp;<strong>Kommunikoinnin h\u00e4iri\u00f6t: Syit\u00e4, ilmenemismuotoja ja kuntoutuksen perusteita.<\/strong> Helsinki: Gaudeamus Helsinki University Press.&nbsp;<em>(Lis\u00e4tty 10\/2019)<\/em><\/li>\n\n\n\n<li>Aro, M. &amp; Jahnukainen, M. (2015).<strong>&nbsp;Lasten erityishuolto ja -opetus Suomessa<\/strong>&nbsp;(1. painos.). Tampere: Osuuskunta Vastapaino.&nbsp;<em>(Lis\u00e4tty 10\/2019)<\/em><\/li>\n\n\n\n<li>Sirola, P. &amp; T\u00f6yt\u00e4ri, O. (2014).<a href=\"http:\/\/www.julkari.fi\/handle\/10024\/125487\">&nbsp;<strong>Avustajakoiraj\u00e4rjestelm\u00e4: Selvitys j\u00e4rjestelm\u00e4n nykytilasta ja kehitt\u00e4misehdotuksia<\/strong><\/a>. Helsinki: Terveyden ja hyvinvoinnin laitos.&nbsp;<em>(Lis\u00e4tty 10\/2019)<\/em><\/li>\n\n\n\n<li>Pursiainen, J. (2018).<a href=\"http:\/\/epublications.uef.fi\/pub\/urn_isbn_978-952-61-2777-4\/urn_isbn_978-952-61-2777-4.pdf\">&nbsp;<strong>&#8221;Kumpi oli positiivine? Hyv\u00e4 vai huono?&#8221;: Vahvuusl\u00e4ht\u00f6isen ja oppilaan sosioemotionaalista kompetenssia tukevan mallin luominen kouluyhteis\u00f6\u00f6n.<\/strong><\/a> Joensuu: University of Eastern Finland.&nbsp;<em>(Lis\u00e4tty 10\/2019)<\/em><\/li>\n\n\n\n<li>Puustj\u00e4rvi, A. &amp; Luoma, I. (2019)<strong><a href=\"https:\/\/www.potilaanlaakarilehti.fi\/site\/assets\/files\/0\/53\/18\/755\/sll32019-114.pdf\"> \u201dMutta onko t\u00e4m\u00e4 lapsi koulukuntoinen?\u201d<\/a><\/strong><br><strong>Koulunk\u00e4yntikyvyn arviointi ja tukeminen.<\/strong>&nbsp;L\u00e4\u00e4k\u00e4rilehti 3\/2019(74), pp. 114-120.&nbsp;<em>(Lis\u00e4tty 11\/2019)<\/em><\/li>\n\n\n\n<li>Kokko, T., Pesonen, H., Polet, J., Kontu, E., Ojala, T., &amp; Pirttimaa, R. (2013). <strong><a href=\"https:\/\/www.helsinki.fi\/sites\/default\/files\/atoms\/files\/veturiraportti04022014.pdf\">Erityinen tuki perusopetuksen oppilaille, joilla tuen tarpeen taustalla on vakavia psyykkisi\u00e4 ongelmia, kehitysvamma-tai autismin kirjon diagnoosi.<\/a>&nbsp;<\/strong><i>VETURI-hankkeen kartoitus<\/i>.&nbsp;<em>(Lis\u00e4tty 11\/2019)<\/em><\/li>\n\n\n\n<li>Ojala, T., R\u00e4ty, L., Kokko, T., Pesonen, H., Polet, J., Kontu, E., &amp; Pirttimaa, R. (2015).<strong><a href=\"https:\/\/jyx.jyu.fi\/bitstream\/handle\/123456789\/47490\/1\/veturiraportti04022014.pdf\"> Erityinen tuki: erityisen tuen toteutuminen sairaalaopetusyksik\u00f6iden, valtion koulukotien sek\u00e4 kuntayhtymien ja yksityisten omistamien laitos-ja erityiskoulujen opetusryhmiss\u00e4.<\/a><\/strong> VETURI-hankkeen kartoitus 2.&nbsp;<em>(Lis\u00e4tty 11\/2019)<\/em><\/li>\n\n\n\n<li>Selkokeskuksen <strong><a href=\"https:\/\/selkokeskus.fi\/selkokieli\/selkokieliset-julkaisut\/ilmaiset-verkkokirjat\/\">verkkokirjat<\/a><\/strong>&nbsp;ja <strong><a href=\"https:\/\/selkokeskus.fi\/selkokirjallisuus\/selkokirjat\/selkokirjatietokanta\/\">selkokirjatietokanta<\/a>.<\/strong>&nbsp;<em>(Lis\u00e4tty 1\/2020)<\/em><\/li>\n\n\n\n<li>R\u00e4m\u00e4, I., Rouste, M., Tiainen, R., Jokitalo-Trebs, M., Airaksinen, L., Kontu, E. &amp; Pirttimaa, R. (2017). <strong>Ruskeasuon koulun kehitt\u00e4mishanke II: ICF-pohjaiset toimintakykykuvaukset, HOJKS-tavoitteet ja oppilaiden itsearvioinnit toiminta-alueittaisessa opetuksessa<\/strong>. <em>NMI Bulletin<\/em>, <em>27<\/em>(1), 28\u201344.<\/li>\n\n\n\n<li>R\u00e4m\u00e4, I., Teinil\u00e4, S., Airaksinen, L. &amp; Tiainen, R. (2013). <strong>Ruskeasuon koulun kehitt\u00e4mishanke: HOJKS-tavoitteet ICF-viitekehyksess\u00e4<\/strong>. <em>NMI Bulletin, 3<\/em>, 32\u201347.<\/li>\n\n\n\n<li><a href=\"https:\/\/eur03.safelinks.protection.outlook.com\/?url=https%3A%2F%2Fhelda.helsinki.fi%2Fhandle%2F10138%2F314105&amp;data=02%7C01%7C%7C16d60f71f67642e3bca308d7e7641f80%7C87879f2e73044bf2baf263e7f83f3c34%7C0%7C0%7C637232289520016945&amp;sdata=xb%2FKeREdCOrLWxar%2FD%2B9Sl%2FxwplZssUPG4FPio27Wtg%3D&amp;reserved=0\"><strong>Perus- ja ihmisoikeudet opetus- ja kasvatusalalla. <\/strong><\/a>&nbsp;(2020). Oikeudellinen ja pedagoginen opas alan opiskelijoille ja asiantuntijoille. Kasa, Tuija; Kouros, Kristiina; Skottman-Kivel\u00e4, Piatta, Helsingin yliopisto. <em>(Lis\u00e4tty 5\/2020)<\/em><\/li>\n\n\n\n<li><a href=\"https:\/\/epublications.uef.fi\/pub\/urn_isbn_978-952-61-3132-0\/urn_isbn_978-952-61-3132-0.pdf\"><strong>OPPIMISEN TUEN JA OPPIMISYMP\u00c4RIST\u00d6JEN<br>KEHITT\u00c4J\u00c4N TARKISTUSLISTA (Liite 3). <\/strong>Teoksessa Oppilaan tukea edist\u00e4v\u00e4t ja vaikeuttavat tekij\u00e4t fyysisess\u00e4, sosiaalis-pedagogisessa ja teknologisessa oppimisymp\u00e4rist\u00f6iss\u00e4.<\/a> (2019). Majoinen, Juha. It\u00e4-Suomen yliopisto. <em>(Lis\u00e4tty 8\/2020)<\/em><\/li>\n\n\n\n<li><strong>Tutkimusperustaiset opetusmenetelm\u00e4t vaativassa erityisess\u00e4 tuessa \u2013 kirjallisuuskatsaus. <a href=\"https:\/\/blogs.uef.fi\/tuvet-materiaalipankki\/wp-content\/uploads\/sites\/107\/2020\/11\/tuvetraportti_osa1_web.pdf\">Osa 1: Opettajajohtoiset menetelm\u00e4t.<\/a><\/strong> Talja, Elina &amp; Iisakka, Riikka. 2020. <em>(Lis\u00e4tty 11\/2020)<\/em><\/li>\n\n\n\n<li><strong>Tutkimusperustaiset opetusmenetelm\u00e4t vaativassa erityisess\u00e4 tuessa \u2013 kirjallisuuskatsaus. <a href=\"https:\/\/blogs.uef.fi\/tuvet-materiaalipankki\/wp-content\/uploads\/sites\/107\/2020\/11\/tuvetraportti_osa2_web.pdf\">Osa 2: Ik\u00e4toverien tukeen perustuvat menetelm\u00e4t.<\/a><\/strong> Talja, Elina &amp; Iisakka, Riikka. 2020. <em>(Lis\u00e4tty 11\/2020)<\/em><\/li>\n<\/ul>\n\n\n\n<h2 class=\"wp-block-heading\"><strong>Videot:<\/strong><\/h2>\n\n\n\n<ul class=\"wp-block-list\">\n<li><strong><a href=\"https:\/\/www.youtube.com\/watch?v=Zx4GrWcG2Fc\">Erityisi\u00e4 koulupolkuja &#8211; Vaativa erityinen tuki toisella asteella.<\/a>&nbsp;<\/strong>Tuula J\u00e4gerroos ja Valtteri Hakala, yhteisty\u00f6ss\u00e4 TUVET-hanke. Videon diat:&nbsp;<a href=\"https:\/\/blogs.uef.fi\/tuvet-materiaalipankki\/wp-content\/uploads\/sites\/107\/2019\/11\/T.-J\u00e4gerroos-ja-V.-Hakala_Vaativa-erityinen-tuki-toisella-asteella.pdf\">Vaativa erityinen tuki toisella asteella.<\/a>&nbsp;<em>(Lis\u00e4tty 11\/2019)<\/em><\/li>\n\n\n\n<li><strong><a href=\"https:\/\/www.youtube.com\/watch?v=MwnVj-dK774\">Musical and Social Haptices: Background.<\/a>&nbsp;<\/strong>Riitta Lahtinen ja Russ Palmer, yhteisty\u00f6ss\u00e4 TUVET-hanke.&nbsp;<em>(Lis\u00e4tty 11\/2019)<\/em><\/li>\n\n\n\n<li><strong><a href=\"https:\/\/www.youtube.com\/watch?v=q8nk5zPIxEs\">Haptices in Action<\/a>.<\/strong>&nbsp;Riitta Lahtinen ja Russ Palmer, yhteisty\u00f6ss\u00e4 TUVET-hanke.&nbsp;<em>(Lis\u00e4tty 11\/2019)<\/em><\/li>\n\n\n\n<li><a href=\"https:\/\/www.youtube.com\/channel\/UCE6xao0JZm8di_KECFYjXaQ\"><strong>Atjonen Puhuu Arvioinnista<\/strong><\/a><strong>.<\/strong> Arviointia k\u00e4sittelevi\u00e4 videoita kasvatustieteen professori P\u00e4ivi Atjoselta. <em>(Lis\u00e4tty 2\/2020)<\/em><\/li>\n<\/ul>\n\n\n\n<h2 class=\"wp-block-heading\"><strong>Verkkosivut:<\/strong><\/h2>\n\n\n\n<ul class=\"wp-block-list\">\n<li>TUVET-hankkeen <strong><a href=\"https:\/\/www.youtube.com\/channel\/UC6cQQ6sp2goFR29QibYUOIQ\">Youtube-kanava<\/a>&nbsp;<\/strong><em>(Lis\u00e4tty 10\/2019)<\/em><\/li>\n\n\n\n<li>Vaativan erityisen tuen<strong> <a href=\"https:\/\/vip-verkosto.fi\">VIP-verkosto<\/a><\/strong>&nbsp;<em>(Lis\u00e4tty 10\/2019)<\/em><\/li>\n\n\n\n<li><a href=\"https:\/\/www.facebook.com\/vaativaerityinentuki\/\"><strong>Vaativa erityinen tuki<\/strong><\/a> -sivu Facebookissa&nbsp;<em>(Lis\u00e4tty 10\/2019)<\/em><\/li>\n\n\n\n<li>Erityisluokanopettaja Kukka V\u00e4nsk\u00e4n <strong><a href=\"https:\/\/toimintablog.com\/tag\/kukka-vanska\/\">blogi<\/a> toiminta-alueittain j\u00e4rjestett\u00e4v\u00e4st\u00e4 opetuksesta.&nbsp;<\/strong><em>(Lis\u00e4tty 10\/2019)<\/em><\/li>\n\n\n\n<li>Helsingin yliopiston <strong><a href=\"https:\/\/www.helsinki.fi\/fi\/tutkimusryhmat\/erityispedagogiikan-tutkimusryhma\">erityispedagogiikan tutkimusryhm\u00e4<\/a><\/strong>&nbsp;<em>(Lis\u00e4tty 10\/2019)<\/em><\/li>\n\n\n\n<li>Kuulovammaisten lasten vanhemmille sek\u00e4 perheiden kanssa ty\u00f6skenteleville ammattilaisille suunnattu<strong> <a href=\"https:\/\/eur03.safelinks.protection.outlook.com\/?url=https%3A%2F%2Fwww.kuuloavain.fi%2F&amp;data=02%7C01%7C%7C2115169dd41c4696baad08d783a75dc5%7C87879f2e73044bf2baf263e7f83f3c34%7C0%7C1%7C637122627164768665&amp;sdata=LIQYq8m571WDASfOBUrZ2VMiaIbO8rwtZL2ylcBh34w%3D&amp;reserved=0\">verkkosivusto kuuloavain.fi<\/a><\/strong>&nbsp;<em>(L<\/em><em>is\u00e4tty 1\/2020)<\/em><\/li>\n\n\n\n<li><a href=\"https:\/\/eur03.safelinks.protection.outlook.com\/?url=https%3A%2F%2Fwww.klvl.fi%2F&amp;data=02%7C01%7C%7C2115169dd41c4696baad08d783a75dc5%7C87879f2e73044bf2baf263e7f83f3c34%7C0%7C1%7C637122627164768665&amp;sdata=GkPD%2BwDLfRyCaN55wwyQLnX46Xd0xKyfh6fjt0mraCE%3D&amp;reserved=0\"><strong>Kuulovammaisten Lasten Vanhempien Liitto ry<\/strong><\/a> on tarkoitettu kaikille perheille, joissa on kuulovammainen lapsi tai nuori. Liitto tarjoaa vertaisstukea, tapahtumia, tietoa ja edunvalvontaa.&nbsp;<em>(L<\/em><em>is\u00e4tty 1\/2020)<\/em><\/li>\n\n\n\n<li><strong><a href=\"https:\/\/eur03.safelinks.protection.outlook.com\/?url=https%3A%2F%2Fwww.kuurojenliitto.fi%2Ffi%2Fviestinta%2Fsahkoiset-julkaisut&amp;data=02%7C01%7C%7C2115169dd41c4696baad08d783a75dc5%7C87879f2e73044bf2baf263e7f83f3c34%7C0%7C1%7C637122627164778660&amp;sdata=HmKXJUV5gvz2arX5VRHE54J8Ux23X%2Be9FtaJtRrNVsQ%3D&amp;reserved=0\">Kuurojenliitto<\/a> <\/strong>on koonnut vapaasti omaan k\u00e4ytt\u00f6\u00f6n k\u00e4ytett\u00e4v\u00e4t s\u00e4hk\u00f6iset oppaat, esitteet, opinn\u00e4ytety\u00f6t, raportit, k\u00e4sikirjat ja selvitykset.&nbsp;<em>(L<\/em><em>is\u00e4tty 1\/2020)<\/em><\/li>\n\n\n\n<li><strong><a href=\"https:\/\/eur03.safelinks.protection.outlook.com\/?url=https%3A%2F%2Fwww.viittomakielinenkirjasto.fi%2Ffi&amp;data=02%7C01%7C%7C2115169dd41c4696baad08d783a75dc5%7C87879f2e73044bf2baf263e7f83f3c34%7C0%7C1%7C637122627164778660&amp;sdata=4aTgPSuQouywY%2F1PzcNGUxzs7vjS3Y0sN4BLDVqzIIY%3D&amp;reserved=0\">Viittomakielinen kirjasto<\/a>&nbsp;<\/strong>on Kuurojen liiton yll\u00e4pit\u00e4m\u00e4 verkkosivusto, josta l\u00f6ytyy sis\u00e4lt\u00f6j\u00e4 kaikenik\u00e4isille.&nbsp;<em>(L<\/em><em>is\u00e4tty 1\/2020)<\/em><\/li>\n\n\n\n<li><strong><a href=\"https:\/\/eur03.safelinks.protection.outlook.com\/?url=https%3A%2F%2Fwww.kehitysvammaliitto.fi%2Ftikoteekki%2Ftuotteet%2Fmuu-materiaali%2F&amp;data=02%7C01%7C%7C2115169dd41c4696baad08d783a75dc5%7C87879f2e73044bf2baf263e7f83f3c34%7C0%7C1%7C637122627164788653&amp;sdata=ZGNgO06fjiaZAzz5KbXz3YmqT8AWSKhT4n6e%2Be0ixbQ%3D&amp;reserved=0\">Tietotekniikka- ja kommunikaatiokeskus Tikoteekin<\/a> <\/strong>verkosta ladattava maksuton materiaali sek\u00e4 myynniss\u00e4 oleva materiaali.&nbsp;<em>(L<\/em><em>is\u00e4tty 1\/2020)<\/em><\/li>\n<\/ul>\n\n\n\n<p>Sivustoa yll\u00e4pit\u00e4\u00e4&nbsp;<a href=\"http:\/\/tuvet.fi\/\">TUVET-hanke<\/a><\/p>\n\n\n\n<p>Sivustolle ker\u00e4tyt materiaalit ovat eri tekij\u00f6iden tuottamia. TUVET-hanke ei omista materiaaleja ellei niin ole erikseen merkitty.<\/p>\n","protected":false},"excerpt":{"rendered":"<p>Muut materiaalit sis\u00e4lt\u00e4v\u00e4t esimerkiksi toiminta-alueittain toteutettavaa opetusta. Ehdota sivustolle materiaalia. Tutustu my\u00f6s kansallisen vaativan erityisen tuen VIP-verkoston&nbsp;tietoiskuihin,&nbsp;koulutuksiin&nbsp;ja&nbsp;materiaaleihin&nbsp;vaativasta erityisest\u00e4 tuesta. Materiaalit: Kirjallisuus:&nbsp; Videot: Verkkosivut: Sivustoa yll\u00e4pit\u00e4\u00e4&nbsp;TUVET-hanke Sivustolle ker\u00e4tyt materiaalit ovat eri tekij\u00f6iden tuottamia. TUVET-hanke ei omista materiaaleja ellei niin ole erikseen merkitty.<\/p>\n","protected":false},"author":263,"featured_media":93,"parent":0,"menu_order":0,"comment_status":"closed","ping_status":"closed","template":"","meta":{"_acf_changed":false,"footnotes":""},"class_list":["post-105","page","type-page","status-publish","has-post-thumbnail","hentry"],"acf":[],"yoast_head":"<!-- This site is optimized with the Yoast SEO plugin v27.3 - https:\/\/yoast.com\/product\/yoast-seo-wordpress\/ -->\n<title>Vaativa erityinen tuki - TUVET-MATERIAALIPANKKI<\/title>\n<meta name=\"robots\" content=\"index, follow, max-snippet:-1, max-image-preview:large, max-video-preview:-1\" \/>\n<link rel=\"canonical\" href=\"https:\/\/blogs.uef.fi\/tuvet-materiaalipankki\/vaativaerityinentuki\/\" \/>\n<meta property=\"og:locale\" content=\"fi_FI\" \/>\n<meta property=\"og:type\" content=\"article\" \/>\n<meta property=\"og:title\" content=\"Vaativa erityinen tuki - TUVET-MATERIAALIPANKKI\" \/>\n<meta property=\"og:description\" content=\"Muut materiaalit sis\u00e4lt\u00e4v\u00e4t esimerkiksi toiminta-alueittain toteutettavaa opetusta. Ehdota sivustolle materiaalia. Tutustu my\u00f6s kansallisen vaativan erityisen tuen VIP-verkoston&nbsp;tietoiskuihin,&nbsp;koulutuksiin&nbsp;ja&nbsp;materiaaleihin&nbsp;vaativasta erityisest\u00e4 tuesta. Materiaalit: Kirjallisuus:&nbsp; Videot: Verkkosivut: Sivustoa yll\u00e4pit\u00e4\u00e4&nbsp;TUVET-hanke Sivustolle ker\u00e4tyt materiaalit ovat eri tekij\u00f6iden tuottamia. TUVET-hanke ei omista materiaaleja ellei niin ole erikseen merkitty.\" \/>\n<meta property=\"og:url\" content=\"https:\/\/blogs.uef.fi\/tuvet-materiaalipankki\/vaativaerityinentuki\/\" \/>\n<meta property=\"og:site_name\" content=\"TUVET-MATERIAALIPANKKI\" \/>\n<meta property=\"article:modified_time\" content=\"2024-02-22T12:30:24+00:00\" \/>\n<meta property=\"og:image\" content=\"https:\/\/blogs.uef.fi\/tuvet-materiaalipankki\/wp-content\/uploads\/sites\/107\/2019\/10\/Nettisivukuva4.png\" \/>\n\t<meta property=\"og:image:width\" content=\"820\" \/>\n\t<meta property=\"og:image:height\" content=\"280\" \/>\n\t<meta property=\"og:image:type\" content=\"image\/png\" \/>\n<meta name=\"twitter:card\" content=\"summary_large_image\" \/>\n<meta name=\"twitter:label1\" content=\"Arvioitu lukuaika\" \/>\n\t<meta name=\"twitter:data1\" content=\"4 minuuttia\" \/>\n<script type=\"application\/ld+json\" class=\"yoast-schema-graph\">{\"@context\":\"https:\\\/\\\/schema.org\",\"@graph\":[{\"@type\":\"WebPage\",\"@id\":\"https:\\\/\\\/blogs.uef.fi\\\/tuvet-materiaalipankki\\\/vaativaerityinentuki\\\/\",\"url\":\"https:\\\/\\\/blogs.uef.fi\\\/tuvet-materiaalipankki\\\/vaativaerityinentuki\\\/\",\"name\":\"Vaativa erityinen tuki - TUVET-MATERIAALIPANKKI\",\"isPartOf\":{\"@id\":\"https:\\\/\\\/blogs.uef.fi\\\/tuvet-materiaalipankki\\\/#website\"},\"primaryImageOfPage\":{\"@id\":\"https:\\\/\\\/blogs.uef.fi\\\/tuvet-materiaalipankki\\\/vaativaerityinentuki\\\/#primaryimage\"},\"image\":{\"@id\":\"https:\\\/\\\/blogs.uef.fi\\\/tuvet-materiaalipankki\\\/vaativaerityinentuki\\\/#primaryimage\"},\"thumbnailUrl\":\"https:\\\/\\\/blogs.uef.fi\\\/tuvet-materiaalipankki\\\/wp-content\\\/uploads\\\/sites\\\/107\\\/2019\\\/10\\\/Nettisivukuva4.png\",\"datePublished\":\"2019-10-04T08:46:04+00:00\",\"dateModified\":\"2024-02-22T12:30:24+00:00\",\"breadcrumb\":{\"@id\":\"https:\\\/\\\/blogs.uef.fi\\\/tuvet-materiaalipankki\\\/vaativaerityinentuki\\\/#breadcrumb\"},\"inLanguage\":\"fi\",\"potentialAction\":[{\"@type\":\"ReadAction\",\"target\":[\"https:\\\/\\\/blogs.uef.fi\\\/tuvet-materiaalipankki\\\/vaativaerityinentuki\\\/\"]}]},{\"@type\":\"ImageObject\",\"inLanguage\":\"fi\",\"@id\":\"https:\\\/\\\/blogs.uef.fi\\\/tuvet-materiaalipankki\\\/vaativaerityinentuki\\\/#primaryimage\",\"url\":\"https:\\\/\\\/blogs.uef.fi\\\/tuvet-materiaalipankki\\\/wp-content\\\/uploads\\\/sites\\\/107\\\/2019\\\/10\\\/Nettisivukuva4.png\",\"contentUrl\":\"https:\\\/\\\/blogs.uef.fi\\\/tuvet-materiaalipankki\\\/wp-content\\\/uploads\\\/sites\\\/107\\\/2019\\\/10\\\/Nettisivukuva4.png\",\"width\":820,\"height\":280,\"caption\":\"Kuvassa oppilaita ty\u00f6skentelem\u00e4ss\u00e4 kouluteht\u00e4vien p\u00e4riss\u00e4, tilassa v\u00e4rikk\u00e4it\u00e4 istuimia ja vihre\u00e4t sein\u00e4t\"},{\"@type\":\"BreadcrumbList\",\"@id\":\"https:\\\/\\\/blogs.uef.fi\\\/tuvet-materiaalipankki\\\/vaativaerityinentuki\\\/#breadcrumb\",\"itemListElement\":[{\"@type\":\"ListItem\",\"position\":1,\"name\":\"Home\",\"item\":\"https:\\\/\\\/blogs.uef.fi\\\/tuvet-materiaalipankki\\\/\"},{\"@type\":\"ListItem\",\"position\":2,\"name\":\"Vaativa erityinen tuki\"}]},{\"@type\":\"WebSite\",\"@id\":\"https:\\\/\\\/blogs.uef.fi\\\/tuvet-materiaalipankki\\\/#website\",\"url\":\"https:\\\/\\\/blogs.uef.fi\\\/tuvet-materiaalipankki\\\/\",\"name\":\"TUVET-MATERIAALIPANKKI\",\"description\":\"\",\"potentialAction\":[{\"@type\":\"SearchAction\",\"target\":{\"@type\":\"EntryPoint\",\"urlTemplate\":\"https:\\\/\\\/blogs.uef.fi\\\/tuvet-materiaalipankki\\\/?s={search_term_string}\"},\"query-input\":{\"@type\":\"PropertyValueSpecification\",\"valueRequired\":true,\"valueName\":\"search_term_string\"}}],\"inLanguage\":\"fi\"}]}<\/script>\n<!-- \/ Yoast SEO plugin. -->","yoast_head_json":{"title":"Vaativa erityinen tuki - TUVET-MATERIAALIPANKKI","robots":{"index":"index","follow":"follow","max-snippet":"max-snippet:-1","max-image-preview":"max-image-preview:large","max-video-preview":"max-video-preview:-1"},"canonical":"https:\/\/blogs.uef.fi\/tuvet-materiaalipankki\/vaativaerityinentuki\/","og_locale":"fi_FI","og_type":"article","og_title":"Vaativa erityinen tuki - TUVET-MATERIAALIPANKKI","og_description":"Muut materiaalit sis\u00e4lt\u00e4v\u00e4t esimerkiksi toiminta-alueittain toteutettavaa opetusta. Ehdota sivustolle materiaalia. Tutustu my\u00f6s kansallisen vaativan erityisen tuen VIP-verkoston&nbsp;tietoiskuihin,&nbsp;koulutuksiin&nbsp;ja&nbsp;materiaaleihin&nbsp;vaativasta erityisest\u00e4 tuesta. Materiaalit: Kirjallisuus:&nbsp; Videot: Verkkosivut: Sivustoa yll\u00e4pit\u00e4\u00e4&nbsp;TUVET-hanke Sivustolle ker\u00e4tyt materiaalit ovat eri tekij\u00f6iden tuottamia. TUVET-hanke ei omista materiaaleja ellei niin ole erikseen merkitty.","og_url":"https:\/\/blogs.uef.fi\/tuvet-materiaalipankki\/vaativaerityinentuki\/","og_site_name":"TUVET-MATERIAALIPANKKI","article_modified_time":"2024-02-22T12:30:24+00:00","og_image":[{"width":820,"height":280,"url":"https:\/\/blogs.uef.fi\/tuvet-materiaalipankki\/wp-content\/uploads\/sites\/107\/2019\/10\/Nettisivukuva4.png","type":"image\/png"}],"twitter_card":"summary_large_image","twitter_misc":{"Arvioitu lukuaika":"4 minuuttia"},"schema":{"@context":"https:\/\/schema.org","@graph":[{"@type":"WebPage","@id":"https:\/\/blogs.uef.fi\/tuvet-materiaalipankki\/vaativaerityinentuki\/","url":"https:\/\/blogs.uef.fi\/tuvet-materiaalipankki\/vaativaerityinentuki\/","name":"Vaativa erityinen tuki - TUVET-MATERIAALIPANKKI","isPartOf":{"@id":"https:\/\/blogs.uef.fi\/tuvet-materiaalipankki\/#website"},"primaryImageOfPage":{"@id":"https:\/\/blogs.uef.fi\/tuvet-materiaalipankki\/vaativaerityinentuki\/#primaryimage"},"image":{"@id":"https:\/\/blogs.uef.fi\/tuvet-materiaalipankki\/vaativaerityinentuki\/#primaryimage"},"thumbnailUrl":"https:\/\/blogs.uef.fi\/tuvet-materiaalipankki\/wp-content\/uploads\/sites\/107\/2019\/10\/Nettisivukuva4.png","datePublished":"2019-10-04T08:46:04+00:00","dateModified":"2024-02-22T12:30:24+00:00","breadcrumb":{"@id":"https:\/\/blogs.uef.fi\/tuvet-materiaalipankki\/vaativaerityinentuki\/#breadcrumb"},"inLanguage":"fi","potentialAction":[{"@type":"ReadAction","target":["https:\/\/blogs.uef.fi\/tuvet-materiaalipankki\/vaativaerityinentuki\/"]}]},{"@type":"ImageObject","inLanguage":"fi","@id":"https:\/\/blogs.uef.fi\/tuvet-materiaalipankki\/vaativaerityinentuki\/#primaryimage","url":"https:\/\/blogs.uef.fi\/tuvet-materiaalipankki\/wp-content\/uploads\/sites\/107\/2019\/10\/Nettisivukuva4.png","contentUrl":"https:\/\/blogs.uef.fi\/tuvet-materiaalipankki\/wp-content\/uploads\/sites\/107\/2019\/10\/Nettisivukuva4.png","width":820,"height":280,"caption":"Kuvassa oppilaita ty\u00f6skentelem\u00e4ss\u00e4 kouluteht\u00e4vien p\u00e4riss\u00e4, tilassa v\u00e4rikk\u00e4it\u00e4 istuimia ja vihre\u00e4t sein\u00e4t"},{"@type":"BreadcrumbList","@id":"https:\/\/blogs.uef.fi\/tuvet-materiaalipankki\/vaativaerityinentuki\/#breadcrumb","itemListElement":[{"@type":"ListItem","position":1,"name":"Home","item":"https:\/\/blogs.uef.fi\/tuvet-materiaalipankki\/"},{"@type":"ListItem","position":2,"name":"Vaativa erityinen tuki"}]},{"@type":"WebSite","@id":"https:\/\/blogs.uef.fi\/tuvet-materiaalipankki\/#website","url":"https:\/\/blogs.uef.fi\/tuvet-materiaalipankki\/","name":"TUVET-MATERIAALIPANKKI","description":"","potentialAction":[{"@type":"SearchAction","target":{"@type":"EntryPoint","urlTemplate":"https:\/\/blogs.uef.fi\/tuvet-materiaalipankki\/?s={search_term_string}"},"query-input":{"@type":"PropertyValueSpecification","valueRequired":true,"valueName":"search_term_string"}}],"inLanguage":"fi"}]}},"_links":{"self":[{"href":"https:\/\/blogs.uef.fi\/tuvet-materiaalipankki\/wp-json\/wp\/v2\/pages\/105","targetHints":{"allow":["GET"]}}],"collection":[{"href":"https:\/\/blogs.uef.fi\/tuvet-materiaalipankki\/wp-json\/wp\/v2\/pages"}],"about":[{"href":"https:\/\/blogs.uef.fi\/tuvet-materiaalipankki\/wp-json\/wp\/v2\/types\/page"}],"author":[{"embeddable":true,"href":"https:\/\/blogs.uef.fi\/tuvet-materiaalipankki\/wp-json\/wp\/v2\/users\/263"}],"replies":[{"embeddable":true,"href":"https:\/\/blogs.uef.fi\/tuvet-materiaalipankki\/wp-json\/wp\/v2\/comments?post=105"}],"version-history":[{"count":2,"href":"https:\/\/blogs.uef.fi\/tuvet-materiaalipankki\/wp-json\/wp\/v2\/pages\/105\/revisions"}],"predecessor-version":[{"id":1117,"href":"https:\/\/blogs.uef.fi\/tuvet-materiaalipankki\/wp-json\/wp\/v2\/pages\/105\/revisions\/1117"}],"wp:featuredmedia":[{"embeddable":true,"href":"https:\/\/blogs.uef.fi\/tuvet-materiaalipankki\/wp-json\/wp\/v2\/media\/93"}],"wp:attachment":[{"href":"https:\/\/blogs.uef.fi\/tuvet-materiaalipankki\/wp-json\/wp\/v2\/media?parent=105"}],"curies":[{"name":"wp","href":"https:\/\/api.w.org\/{rel}","templated":true}]}}