{"id":408,"date":"2015-11-26T12:52:43","date_gmt":"2015-11-26T12:52:43","guid":{"rendered":"https:\/\/ueflibrarysoc.wordpress.com\/?page_id=408"},"modified":"2024-01-19T13:17:42","modified_gmt":"2024-01-19T11:17:42","slug":"uef-primo","status":"publish","type":"page","link":"https:\/\/blogs.uef.fi\/tiedonhaku-yhteiskuntatiede\/uef-primo\/","title":{"rendered":"Aloita UEF-Primosta"},"content":{"rendered":"\n<h2 class=\"wp-block-heading\"><\/h2>\n\n\n\n<p><strong><a href=\"https:\/\/primo.uef.fi\" target=\"_blank\" rel=\"noopener noreferrer\">UEF-Primo <\/a>on hakupalvelu,<\/strong> josta l\u00f6ytyy yhdest\u00e4 osoitteesta linkit kaikkiin kirjaston hankkimiin aineistoihin julkaisumuodosta ja -tavasta riippumatta.<\/p>\n\n\n\n<p><strong>Aineistojen k\u00e4ytt\u00f6 yliopiston verkon ulkopuolelta<\/strong> onnistuu kirjautumalla UEF-Primoon omilla UEF-tunnuksilla. Siksi aloita aina UEF-Primosta, vaikka k\u00e4ytt\u00e4isitkin jotain yksitt\u00e4ist\u00e4 tietokantaa etk\u00e4 Primon omia hakupalveluita.<\/p>\n\n\n\n<p>UEF-Primosta haetaan sek\u00e4 <strong>kirjaston kokoelmiin kuuluvia kirjoja ja lehti\u00e4.<\/strong><br>UEF-Primosta haetaan <strong>tieteellisi\u00e4 artikkeleita.<\/strong><br>UEF-Primon kautta voidaan my\u00f6s <strong>uusia omia lainoja ja varata kirjoja.<\/strong><br>UEF-Primon kautta on <strong>p\u00e4\u00e4sy tietokantojen omiin k\u00e4ytt\u00f6liittymiin sek\u00e4 e-lehtiin.<\/strong><\/p>\n\n\n\n<figure class=\"wp-block-image aligncenter size-full wp-image-1053\"><img loading=\"lazy\" decoding=\"async\" width=\"1132\" height=\"782\" src=\"https:\/\/blogs.uef.fi\/tiedonhaku-yhteiskuntatiede\/wp-content\/uploads\/sites\/57\/2020\/01\/UPtietokantahaku.png\" alt=\"\" class=\"wp-image-1053\" srcset=\"https:\/\/blogs.uef.fi\/tiedonhaku-yhteiskuntatiede\/wp-content\/uploads\/sites\/57\/2020\/01\/UPtietokantahaku.png 1132w, https:\/\/blogs.uef.fi\/tiedonhaku-yhteiskuntatiede\/wp-content\/uploads\/sites\/57\/2020\/01\/UPtietokantahaku-300x207.png 300w, https:\/\/blogs.uef.fi\/tiedonhaku-yhteiskuntatiede\/wp-content\/uploads\/sites\/57\/2020\/01\/UPtietokantahaku-768x531.png 768w, https:\/\/blogs.uef.fi\/tiedonhaku-yhteiskuntatiede\/wp-content\/uploads\/sites\/57\/2020\/01\/UPtietokantahaku-1024x707.png 1024w, https:\/\/blogs.uef.fi\/tiedonhaku-yhteiskuntatiede\/wp-content\/uploads\/sites\/57\/2020\/01\/UPtietokantahaku-550x380.png 550w\" sizes=\"auto, (max-width: 1132px) 100vw, 1132px\" \/><figcaption class=\"wp-element-caption\">Tietokannan aukaiseminen UEF-Primosta<\/figcaption><\/figure>\n\n\n\n<h3 class=\"wp-block-heading\">UEF-Primossa voi tehd\u00e4 hakua:<\/h3>\n\n\n\n<p>\u2019<strong>Kirjaston kokoelmista\u2019<\/strong>: UEF kirjaston hankkimat kirjat ja lehdet (painetut ja verkkossa olevat) sek\u00e4 tietokannat, hakuteokset ym. T\u00e4m\u00e4 on <strong>oletushakuna.<\/strong><\/p>\n\n\n\n<p>\u2019<strong>Kansainv\u00e4lisist\u00e4 artikkeleista<\/strong>\u2019: kertoo tietoja artikkeleista, mutta haku sis\u00e4lt\u00e4\u00e4 artikkelien lis\u00e4ksi hyvin monenlaisia muitakin aineistoja. Artikkelit ovat kuitenkin haun p\u00e4\u00e4asiallisin tulosjoukko.<\/p>\n\n\n\n<p><strong>\u2019Elektronisista aineistoista\u2019,&nbsp;<\/strong>&nbsp;joka on l\u00e4hes sama kuin Kansainv\u00e4liset artikkelit, mutta lis\u00e4ksi haun piiriss\u00e4 ovat hakuteokset, tietokannat ym. kirjaston omat e-aineistot.<\/p>\n\n\n\n<p><strong>\u2019Kaikesta\u2019,<\/strong>&nbsp;mik\u00e4 sis\u00e4lt\u00e4\u00e4 kaiken edell\u00e4 mainitun.<\/p>\n\n\n\n<p>Primo-haut <strong>eiv\u00e4t pysty kokonaan korvaamaan varsinaisia kirjallisuustietokantoja,<\/strong> kun halutaan tehd\u00e4 syv\u00e4llisemp\u00e4\u00e4 tiedonhakua.<\/p>\n\n\n\n<h2 class=\"wp-block-heading\">UEF-Primon hakuohjeet:<\/h2>\n\n\n\n<ul class=\"wp-block-list\">\n<li><strong>operaattoreita<\/strong> AND, OR ja NOT voi k\u00e4ytt\u00e4\u00e4, mutta NE PIT\u00c4\u00c4 <strong>KIRJOITTAA ISOLLA<\/strong><\/li>\n\n\n\n<li>oletusarvona <strong>sanojen v\u00e4lill\u00e4 on AND<\/strong>, jos mit\u00e4\u00e4n ei kirjoiteta<\/li>\n\n\n\n<li><strong>fraasin<\/strong> merkkin\u00e4 ovat <strong>lainausmerkit<\/strong>; fraasin sis\u00e4ll\u00e4 sanoja ei voi katkaista<\/li>\n\n\n\n<li><strong>katkaisumerkki<\/strong> on *, sanan voi katkaista alusta, lopusta ja keskelt\u00e4\n<ul class=\"wp-block-list\">\n<li>sanankatkaisua tarvitaan aina, kun halutaan taivutusmuotoja tai johdannaisia, Primossa ei ole mink\u00e4\u00e4nlaista sana-automatiikkaa<\/li>\n<\/ul>\n<\/li>\n\n\n\n<li><strong>kirjoitusvirheit\u00e4<\/strong> Primo ei osaa korjata<\/li>\n\n\n\n<li>eri <strong>kirjoitusmuotoja<\/strong> Primo ei tunnista <em>(organisation\/organization)<\/em><\/li>\n\n\n\n<li>hakutuloksia voi <strong>rajata<\/strong> j\u00e4lkik\u00e4teen mm. aiheen, vuoden, jne. perusteella<\/li>\n\n\n\n<li>tulosta voi <strong>lajitella<\/strong> mm. julkaisuvuoden ja tekij\u00e4n mukaan<\/li>\n<\/ul>\n\n\n\n<h3 class=\"wp-block-heading\"><strong><span style=\"color: #993366\">VINKKI:<\/span><\/strong><\/h3>\n\n\n\n<p>UEF-Primon painetut aineistot sis\u00e4ltyv\u00e4t<a href=\"https:\/\/finna.fi\/\" target=\"_blank\" rel=\"noopener noreferrer\"> kansalliseen Finnaan<\/a> , samoin kuin muidenkin kotimaisten kirjastojen aineistot. T\u00e4m\u00e4n lis\u00e4ksi Finnassa on tiedot kaikista Suomessa julkaistuista kirjoista ja kartoista sek\u00e4 tiedot kotimaisista artikkeleista.<\/p>\n","protected":false},"excerpt":{"rendered":"<p>UEF-Primo on hakupalvelu, josta l\u00f6ytyy yhdest\u00e4 osoitteesta linkit kaikkiin kirjaston hankkimiin aineistoihin julkaisumuodosta ja -tavasta riippumatta. Aineistojen k\u00e4ytt\u00f6 yliopiston verkon ulkopuolelta onnistuu kirjautumalla UEF-Primoon omilla UEF-tunnuksilla. Siksi aloita aina UEF-Primosta, vaikka k\u00e4ytt\u00e4isitkin jotain yksitt\u00e4ist\u00e4 tietokantaa etk\u00e4 Primon omia hakupalveluita. UEF-Primosta haetaan sek\u00e4 kirjaston kokoelmiin kuuluvia kirjoja ja lehti\u00e4.UEF-Primosta haetaan tieteellisi\u00e4 artikkeleita.UEF-Primon kautta voidaan my\u00f6s uusia [&hellip;]<\/p>\n","protected":false},"author":127,"featured_media":0,"parent":0,"menu_order":0,"comment_status":"closed","ping_status":"closed","template":"","meta":{"_acf_changed":false,"footnotes":""},"class_list":["post-408","page","type-page","status-publish","hentry"],"acf":[],"yoast_head":"<!-- This site is optimized with the Yoast SEO plugin v27.1.1 - https:\/\/yoast.com\/product\/yoast-seo-wordpress\/ -->\n<title>Aloita UEF-Primosta - Yhteiskuntatieteen tiedonhaku \/ UEF kirjasto<\/title>\n<meta name=\"robots\" content=\"index, follow, max-snippet:-1, max-image-preview:large, max-video-preview:-1\" \/>\n<link rel=\"canonical\" href=\"https:\/\/blogs.uef.fi\/tiedonhaku-yhteiskuntatiede\/uef-primo\/\" \/>\n<meta property=\"og:locale\" content=\"fi_FI\" \/>\n<meta property=\"og:type\" content=\"article\" \/>\n<meta property=\"og:title\" content=\"Aloita UEF-Primosta - Yhteiskuntatieteen tiedonhaku \/ UEF kirjasto\" \/>\n<meta property=\"og:description\" content=\"UEF-Primo on hakupalvelu, josta l\u00f6ytyy yhdest\u00e4 osoitteesta linkit kaikkiin kirjaston hankkimiin aineistoihin julkaisumuodosta ja -tavasta riippumatta. Aineistojen k\u00e4ytt\u00f6 yliopiston verkon ulkopuolelta onnistuu kirjautumalla UEF-Primoon omilla UEF-tunnuksilla. Siksi aloita aina UEF-Primosta, vaikka k\u00e4ytt\u00e4isitkin jotain yksitt\u00e4ist\u00e4 tietokantaa etk\u00e4 Primon omia hakupalveluita. UEF-Primosta haetaan sek\u00e4 kirjaston kokoelmiin kuuluvia kirjoja ja lehti\u00e4.UEF-Primosta haetaan tieteellisi\u00e4 artikkeleita.UEF-Primon kautta voidaan my\u00f6s uusia [&hellip;]\" \/>\n<meta property=\"og:url\" content=\"https:\/\/blogs.uef.fi\/tiedonhaku-yhteiskuntatiede\/uef-primo\/\" \/>\n<meta property=\"og:site_name\" content=\"Yhteiskuntatieteen tiedonhaku \/ UEF kirjasto\" \/>\n<meta property=\"article:modified_time\" content=\"2024-01-19T11:17:42+00:00\" \/>\n<meta property=\"og:image\" content=\"https:\/\/blogs.uef.fi\/tiedonhaku-yhteiskuntatiede\/wp-content\/uploads\/sites\/57\/2020\/01\/UPtietokantahaku.png\" \/>\n<meta name=\"twitter:card\" content=\"summary_large_image\" \/>\n<meta name=\"twitter:label1\" content=\"Arvioitu lukuaika\" \/>\n\t<meta name=\"twitter:data1\" content=\"2 minuuttia\" \/>\n<script type=\"application\/ld+json\" class=\"yoast-schema-graph\">{\"@context\":\"https:\/\/schema.org\",\"@graph\":[{\"@type\":\"WebPage\",\"@id\":\"https:\/\/blogs.uef.fi\/tiedonhaku-yhteiskuntatiede\/uef-primo\/\",\"url\":\"https:\/\/blogs.uef.fi\/tiedonhaku-yhteiskuntatiede\/uef-primo\/\",\"name\":\"Aloita UEF-Primosta - Yhteiskuntatieteen tiedonhaku \/ UEF kirjasto\",\"isPartOf\":{\"@id\":\"https:\/\/blogs.uef.fi\/tiedonhaku-yhteiskuntatiede\/#website\"},\"primaryImageOfPage\":{\"@id\":\"https:\/\/blogs.uef.fi\/tiedonhaku-yhteiskuntatiede\/uef-primo\/#primaryimage\"},\"image\":{\"@id\":\"https:\/\/blogs.uef.fi\/tiedonhaku-yhteiskuntatiede\/uef-primo\/#primaryimage\"},\"thumbnailUrl\":\"https:\/\/blogs.uef.fi\/tiedonhaku-yhteiskuntatiede\/wp-content\/uploads\/sites\/57\/2020\/01\/UPtietokantahaku.png\",\"datePublished\":\"2015-11-26T12:52:43+00:00\",\"dateModified\":\"2024-01-19T11:17:42+00:00\",\"breadcrumb\":{\"@id\":\"https:\/\/blogs.uef.fi\/tiedonhaku-yhteiskuntatiede\/uef-primo\/#breadcrumb\"},\"inLanguage\":\"fi\",\"potentialAction\":[{\"@type\":\"ReadAction\",\"target\":[\"https:\/\/blogs.uef.fi\/tiedonhaku-yhteiskuntatiede\/uef-primo\/\"]}]},{\"@type\":\"ImageObject\",\"inLanguage\":\"fi\",\"@id\":\"https:\/\/blogs.uef.fi\/tiedonhaku-yhteiskuntatiede\/uef-primo\/#primaryimage\",\"url\":\"https:\/\/blogs.uef.fi\/tiedonhaku-yhteiskuntatiede\/wp-content\/uploads\/sites\/57\/2020\/01\/UPtietokantahaku.png\",\"contentUrl\":\"https:\/\/blogs.uef.fi\/tiedonhaku-yhteiskuntatiede\/wp-content\/uploads\/sites\/57\/2020\/01\/UPtietokantahaku.png\",\"width\":1132,\"height\":782,\"caption\":\"Tietokannan aukaiseminen UEF-Primosta\"},{\"@type\":\"BreadcrumbList\",\"@id\":\"https:\/\/blogs.uef.fi\/tiedonhaku-yhteiskuntatiede\/uef-primo\/#breadcrumb\",\"itemListElement\":[{\"@type\":\"ListItem\",\"position\":1,\"name\":\"Home\",\"item\":\"https:\/\/blogs.uef.fi\/tiedonhaku-yhteiskuntatiede\/\"},{\"@type\":\"ListItem\",\"position\":2,\"name\":\"Aloita UEF-Primosta\"}]},{\"@type\":\"WebSite\",\"@id\":\"https:\/\/blogs.uef.fi\/tiedonhaku-yhteiskuntatiede\/#website\",\"url\":\"https:\/\/blogs.uef.fi\/tiedonhaku-yhteiskuntatiede\/\",\"name\":\"Yhteiskuntatieteen tiedonhaku \/ UEF kirjasto\",\"description\":\"\",\"potentialAction\":[{\"@type\":\"SearchAction\",\"target\":{\"@type\":\"EntryPoint\",\"urlTemplate\":\"https:\/\/blogs.uef.fi\/tiedonhaku-yhteiskuntatiede\/?s={search_term_string}\"},\"query-input\":{\"@type\":\"PropertyValueSpecification\",\"valueRequired\":true,\"valueName\":\"search_term_string\"}}],\"inLanguage\":\"fi\"}]}<\/script>\n<!-- \/ Yoast SEO plugin. -->","yoast_head_json":{"title":"Aloita UEF-Primosta - Yhteiskuntatieteen tiedonhaku \/ UEF kirjasto","robots":{"index":"index","follow":"follow","max-snippet":"max-snippet:-1","max-image-preview":"max-image-preview:large","max-video-preview":"max-video-preview:-1"},"canonical":"https:\/\/blogs.uef.fi\/tiedonhaku-yhteiskuntatiede\/uef-primo\/","og_locale":"fi_FI","og_type":"article","og_title":"Aloita UEF-Primosta - Yhteiskuntatieteen tiedonhaku \/ UEF kirjasto","og_description":"UEF-Primo on hakupalvelu, josta l\u00f6ytyy yhdest\u00e4 osoitteesta linkit kaikkiin kirjaston hankkimiin aineistoihin julkaisumuodosta ja -tavasta riippumatta. Aineistojen k\u00e4ytt\u00f6 yliopiston verkon ulkopuolelta onnistuu kirjautumalla UEF-Primoon omilla UEF-tunnuksilla. Siksi aloita aina UEF-Primosta, vaikka k\u00e4ytt\u00e4isitkin jotain yksitt\u00e4ist\u00e4 tietokantaa etk\u00e4 Primon omia hakupalveluita. UEF-Primosta haetaan sek\u00e4 kirjaston kokoelmiin kuuluvia kirjoja ja lehti\u00e4.UEF-Primosta haetaan tieteellisi\u00e4 artikkeleita.UEF-Primon kautta voidaan my\u00f6s uusia [&hellip;]","og_url":"https:\/\/blogs.uef.fi\/tiedonhaku-yhteiskuntatiede\/uef-primo\/","og_site_name":"Yhteiskuntatieteen tiedonhaku \/ UEF kirjasto","article_modified_time":"2024-01-19T11:17:42+00:00","og_image":[{"url":"https:\/\/blogs.uef.fi\/tiedonhaku-yhteiskuntatiede\/wp-content\/uploads\/sites\/57\/2020\/01\/UPtietokantahaku.png","type":"","width":"","height":""}],"twitter_card":"summary_large_image","twitter_misc":{"Arvioitu lukuaika":"2 minuuttia"},"schema":{"@context":"https:\/\/schema.org","@graph":[{"@type":"WebPage","@id":"https:\/\/blogs.uef.fi\/tiedonhaku-yhteiskuntatiede\/uef-primo\/","url":"https:\/\/blogs.uef.fi\/tiedonhaku-yhteiskuntatiede\/uef-primo\/","name":"Aloita UEF-Primosta - Yhteiskuntatieteen tiedonhaku \/ UEF kirjasto","isPartOf":{"@id":"https:\/\/blogs.uef.fi\/tiedonhaku-yhteiskuntatiede\/#website"},"primaryImageOfPage":{"@id":"https:\/\/blogs.uef.fi\/tiedonhaku-yhteiskuntatiede\/uef-primo\/#primaryimage"},"image":{"@id":"https:\/\/blogs.uef.fi\/tiedonhaku-yhteiskuntatiede\/uef-primo\/#primaryimage"},"thumbnailUrl":"https:\/\/blogs.uef.fi\/tiedonhaku-yhteiskuntatiede\/wp-content\/uploads\/sites\/57\/2020\/01\/UPtietokantahaku.png","datePublished":"2015-11-26T12:52:43+00:00","dateModified":"2024-01-19T11:17:42+00:00","breadcrumb":{"@id":"https:\/\/blogs.uef.fi\/tiedonhaku-yhteiskuntatiede\/uef-primo\/#breadcrumb"},"inLanguage":"fi","potentialAction":[{"@type":"ReadAction","target":["https:\/\/blogs.uef.fi\/tiedonhaku-yhteiskuntatiede\/uef-primo\/"]}]},{"@type":"ImageObject","inLanguage":"fi","@id":"https:\/\/blogs.uef.fi\/tiedonhaku-yhteiskuntatiede\/uef-primo\/#primaryimage","url":"https:\/\/blogs.uef.fi\/tiedonhaku-yhteiskuntatiede\/wp-content\/uploads\/sites\/57\/2020\/01\/UPtietokantahaku.png","contentUrl":"https:\/\/blogs.uef.fi\/tiedonhaku-yhteiskuntatiede\/wp-content\/uploads\/sites\/57\/2020\/01\/UPtietokantahaku.png","width":1132,"height":782,"caption":"Tietokannan aukaiseminen UEF-Primosta"},{"@type":"BreadcrumbList","@id":"https:\/\/blogs.uef.fi\/tiedonhaku-yhteiskuntatiede\/uef-primo\/#breadcrumb","itemListElement":[{"@type":"ListItem","position":1,"name":"Home","item":"https:\/\/blogs.uef.fi\/tiedonhaku-yhteiskuntatiede\/"},{"@type":"ListItem","position":2,"name":"Aloita UEF-Primosta"}]},{"@type":"WebSite","@id":"https:\/\/blogs.uef.fi\/tiedonhaku-yhteiskuntatiede\/#website","url":"https:\/\/blogs.uef.fi\/tiedonhaku-yhteiskuntatiede\/","name":"Yhteiskuntatieteen tiedonhaku \/ UEF kirjasto","description":"","potentialAction":[{"@type":"SearchAction","target":{"@type":"EntryPoint","urlTemplate":"https:\/\/blogs.uef.fi\/tiedonhaku-yhteiskuntatiede\/?s={search_term_string}"},"query-input":{"@type":"PropertyValueSpecification","valueRequired":true,"valueName":"search_term_string"}}],"inLanguage":"fi"}]}},"_links":{"self":[{"href":"https:\/\/blogs.uef.fi\/tiedonhaku-yhteiskuntatiede\/wp-json\/wp\/v2\/pages\/408","targetHints":{"allow":["GET"]}}],"collection":[{"href":"https:\/\/blogs.uef.fi\/tiedonhaku-yhteiskuntatiede\/wp-json\/wp\/v2\/pages"}],"about":[{"href":"https:\/\/blogs.uef.fi\/tiedonhaku-yhteiskuntatiede\/wp-json\/wp\/v2\/types\/page"}],"author":[{"embeddable":true,"href":"https:\/\/blogs.uef.fi\/tiedonhaku-yhteiskuntatiede\/wp-json\/wp\/v2\/users\/127"}],"replies":[{"embeddable":true,"href":"https:\/\/blogs.uef.fi\/tiedonhaku-yhteiskuntatiede\/wp-json\/wp\/v2\/comments?post=408"}],"version-history":[{"count":1,"href":"https:\/\/blogs.uef.fi\/tiedonhaku-yhteiskuntatiede\/wp-json\/wp\/v2\/pages\/408\/revisions"}],"predecessor-version":[{"id":2030,"href":"https:\/\/blogs.uef.fi\/tiedonhaku-yhteiskuntatiede\/wp-json\/wp\/v2\/pages\/408\/revisions\/2030"}],"wp:attachment":[{"href":"https:\/\/blogs.uef.fi\/tiedonhaku-yhteiskuntatiede\/wp-json\/wp\/v2\/media?parent=408"}],"curies":[{"name":"wp","href":"https:\/\/api.w.org\/{rel}","templated":true}]}}