{"id":330,"date":"2015-11-26T12:19:48","date_gmt":"2015-11-26T12:19:48","guid":{"rendered":"https:\/\/ueflibrarysoc.wordpress.com\/?page_id=330"},"modified":"2024-01-19T12:03:33","modified_gmt":"2024-01-19T10:03:33","slug":"enemman-tuloksia","status":"publish","type":"page","link":"https:\/\/blogs.uef.fi\/tiedonhaku-yhteiskuntatiede\/enemman-tuloksia\/","title":{"rendered":"Enemm\u00e4n tuloksia"},"content":{"rendered":"\n<p><span style=\"color: #993300\"><strong>KUN SAAT LIIAN V\u00c4H\u00c4N TAI AIHEELTAAN V\u00c4\u00c4RI\u00c4 TULOKSIA<\/strong><\/span><\/p>\n\n\n\n<ul class=\"wp-block-list\">\n<li>tarkista, onko k\u00e4ytt\u00e4m\u00e4si <strong>tietokanta<\/strong> aiheesi kannalta oikea<\/li>\n\n\n\n<li>mieti k\u00e4ytt\u00e4mi\u00e4si hakusanoja, oletko hakenut liian suppealla sanalla<\/li>\n\n\n\n<li>mieti mihin <strong>laajempaan<\/strong> aihealueeseen ongelmasi kuuluu ja k\u00e4yt\u00e4 laajempaa hakutermi\u00e4<\/li>\n<\/ul>\n\n\n\n<p><em>freeganismi -&gt; vaihtoehtoliikkeet<br><\/em><\/p>\n\n\n\n<ul class=\"wp-block-list\">\n<li>etsi hakusanoillesi <strong>synonyymeja ja rinnakkaistermej\u00e4<\/strong> (lis\u00e4t\u00e4\u00e4n OR:lla)<\/li>\n<\/ul>\n\n\n\n<p><em><span id=\"yui_3_17_2_3_1447246326014_161\"><span id=\"yui_3_17_2_3_1447246326014_160\">syrj\u00e4seudut <\/span><\/span>-&gt; <span id=\"yui_3_17_2_3_1447246326014_161\"><span id=\"yui_3_17_2_3_1447246326014_160\">syrj\u00e4seudut or periferiat or rajaseudut<\/span><\/span><\/em><\/p>\n\n\n\n<ul class=\"wp-block-list\">\n<li><strong>v\u00e4henn\u00e4<\/strong> hakulausekkeesta AND-operaattorilla yhdistettyj\u00e4, rajaavia hakusanoja<\/li>\n<\/ul>\n\n\n\n<p><em>joukkoliikenne AND maaseutu AND rahoitus<br>-&gt;joukkoliikenne AND maaseutu<\/em><\/p>\n\n\n\n<ul class=\"wp-block-list\">\n<li><strong>pura fraasit <\/strong>tai yhdyssanat, jos sanojen esiintyminen yhdess\u00e4 ei ole aivan v\u00e4ltt\u00e4m\u00e4t\u00f6nt\u00e4 tai sanojen v\u00e4liss\u00e4 voisi olla jotain muutakin<\/li>\n<\/ul>\n\n\n\n<p><em>&#8221;cultural differences&#8221; -&gt; culture AND differences<\/em><\/p>\n\n\n\n<ul class=\"wp-block-list\">\n<li><strong>katkaise<\/strong> hakusana saadaksesi esim. johdannaiset mukaan<\/li>\n<\/ul>\n\n\n\n<p><em>occupations -&gt; occupation*<\/em><\/p>\n\n\n\n<ul class=\"wp-block-list\">\n<li>mieti, onko sanalle <strong>rinnakkaista kirjoitus-\/ilmaisumuotoa<\/strong><\/li>\n<\/ul>\n\n\n\n<p><em><br>yhteiskuntakritiikki -&gt; yhteiskunta and kritiikki<\/em><br><em>kuntien ty\u00f6ntekij\u00e4t -&gt; kuntaty\u00f6ntekij\u00e4t<\/em><br><em>naisliike -&gt; naisasialiike<\/em><\/p>\n\n\n\n<ul class=\"wp-block-list\">\n<li>k\u00e4yt\u00e4 <strong>vapaasanahakua<\/strong>, jos olet k\u00e4ytt\u00e4nyt asiasanahakua tai muuta kentt\u00e4rajausta<\/li>\n\n\n\n<li><strong>poista<\/strong> vuosi- ym. rajoitukset<\/li>\n\n\n\n<li>tarkista <strong>kirjoitusvirheet<\/strong> ja sanan kirjoitusmuodot (yhteen vai erikseen, lyhenteet yms.)<\/li>\n<\/ul>\n\n\n\n<p><strong>Vinkki: J<\/strong>oskus jokin <strong>yksitt\u00e4inen sana<\/strong> voi olla tietokannassa niin harvinainen, ett\u00e4 sen rinnalle ei kannata ottaa mit\u00e4\u00e4n muuta hakusanaa. Voit testata sanan yleisyytt\u00e4 tekem\u00e4ll\u00e4 yksinkertaisen sanahaun.<\/p>\n","protected":false},"excerpt":{"rendered":"<p>KUN SAAT LIIAN V\u00c4H\u00c4N TAI AIHEELTAAN V\u00c4\u00c4RI\u00c4 TULOKSIA freeganismi -&gt; vaihtoehtoliikkeet syrj\u00e4seudut -&gt; syrj\u00e4seudut or periferiat or rajaseudut joukkoliikenne AND maaseutu AND rahoitus-&gt;joukkoliikenne AND maaseutu &#8221;cultural differences&#8221; -&gt; culture AND differences occupations -&gt; occupation* yhteiskuntakritiikki -&gt; yhteiskunta and kritiikkikuntien ty\u00f6ntekij\u00e4t -&gt; kuntaty\u00f6ntekij\u00e4tnaisliike -&gt; naisasialiike Vinkki: Joskus jokin yksitt\u00e4inen sana voi olla tietokannassa niin harvinainen, ett\u00e4 [&hellip;]<\/p>\n","protected":false},"author":293,"featured_media":0,"parent":0,"menu_order":0,"comment_status":"closed","ping_status":"closed","template":"","meta":{"_acf_changed":false,"footnotes":""},"class_list":["post-330","page","type-page","status-publish","hentry"],"acf":[],"yoast_head":"<!-- This site is optimized with the Yoast SEO plugin v27.1.1 - https:\/\/yoast.com\/product\/yoast-seo-wordpress\/ -->\n<title>Enemm\u00e4n tuloksia - Yhteiskuntatieteen tiedonhaku \/ UEF kirjasto<\/title>\n<meta name=\"robots\" content=\"index, follow, max-snippet:-1, max-image-preview:large, max-video-preview:-1\" \/>\n<link rel=\"canonical\" href=\"https:\/\/blogs.uef.fi\/tiedonhaku-yhteiskuntatiede\/enemman-tuloksia\/\" \/>\n<meta property=\"og:locale\" content=\"fi_FI\" \/>\n<meta property=\"og:type\" content=\"article\" \/>\n<meta property=\"og:title\" content=\"Enemm\u00e4n tuloksia - Yhteiskuntatieteen tiedonhaku \/ UEF kirjasto\" \/>\n<meta property=\"og:description\" content=\"KUN SAAT LIIAN V\u00c4H\u00c4N TAI AIHEELTAAN V\u00c4\u00c4RI\u00c4 TULOKSIA freeganismi -&gt; vaihtoehtoliikkeet syrj\u00e4seudut -&gt; syrj\u00e4seudut or periferiat or rajaseudut joukkoliikenne AND maaseutu AND rahoitus-&gt;joukkoliikenne AND maaseutu &#8221;cultural differences&#8221; -&gt; culture AND differences occupations -&gt; occupation* yhteiskuntakritiikki -&gt; yhteiskunta and kritiikkikuntien ty\u00f6ntekij\u00e4t -&gt; kuntaty\u00f6ntekij\u00e4tnaisliike -&gt; naisasialiike Vinkki: Joskus jokin yksitt\u00e4inen sana voi olla tietokannassa niin harvinainen, ett\u00e4 [&hellip;]\" \/>\n<meta property=\"og:url\" content=\"https:\/\/blogs.uef.fi\/tiedonhaku-yhteiskuntatiede\/enemman-tuloksia\/\" \/>\n<meta property=\"og:site_name\" content=\"Yhteiskuntatieteen tiedonhaku \/ UEF kirjasto\" \/>\n<meta property=\"article:modified_time\" content=\"2024-01-19T10:03:33+00:00\" \/>\n<meta name=\"twitter:card\" content=\"summary_large_image\" \/>\n<meta name=\"twitter:label1\" content=\"Arvioitu lukuaika\" \/>\n\t<meta name=\"twitter:data1\" content=\"1 minuutti\" \/>\n<script type=\"application\/ld+json\" class=\"yoast-schema-graph\">{\"@context\":\"https:\/\/schema.org\",\"@graph\":[{\"@type\":\"WebPage\",\"@id\":\"https:\/\/blogs.uef.fi\/tiedonhaku-yhteiskuntatiede\/enemman-tuloksia\/\",\"url\":\"https:\/\/blogs.uef.fi\/tiedonhaku-yhteiskuntatiede\/enemman-tuloksia\/\",\"name\":\"Enemm\u00e4n tuloksia - Yhteiskuntatieteen tiedonhaku \/ UEF kirjasto\",\"isPartOf\":{\"@id\":\"https:\/\/blogs.uef.fi\/tiedonhaku-yhteiskuntatiede\/#website\"},\"datePublished\":\"2015-11-26T12:19:48+00:00\",\"dateModified\":\"2024-01-19T10:03:33+00:00\",\"breadcrumb\":{\"@id\":\"https:\/\/blogs.uef.fi\/tiedonhaku-yhteiskuntatiede\/enemman-tuloksia\/#breadcrumb\"},\"inLanguage\":\"fi\",\"potentialAction\":[{\"@type\":\"ReadAction\",\"target\":[\"https:\/\/blogs.uef.fi\/tiedonhaku-yhteiskuntatiede\/enemman-tuloksia\/\"]}]},{\"@type\":\"BreadcrumbList\",\"@id\":\"https:\/\/blogs.uef.fi\/tiedonhaku-yhteiskuntatiede\/enemman-tuloksia\/#breadcrumb\",\"itemListElement\":[{\"@type\":\"ListItem\",\"position\":1,\"name\":\"Home\",\"item\":\"https:\/\/blogs.uef.fi\/tiedonhaku-yhteiskuntatiede\/\"},{\"@type\":\"ListItem\",\"position\":2,\"name\":\"Enemm\u00e4n tuloksia\"}]},{\"@type\":\"WebSite\",\"@id\":\"https:\/\/blogs.uef.fi\/tiedonhaku-yhteiskuntatiede\/#website\",\"url\":\"https:\/\/blogs.uef.fi\/tiedonhaku-yhteiskuntatiede\/\",\"name\":\"Yhteiskuntatieteen tiedonhaku \/ UEF kirjasto\",\"description\":\"\",\"potentialAction\":[{\"@type\":\"SearchAction\",\"target\":{\"@type\":\"EntryPoint\",\"urlTemplate\":\"https:\/\/blogs.uef.fi\/tiedonhaku-yhteiskuntatiede\/?s={search_term_string}\"},\"query-input\":{\"@type\":\"PropertyValueSpecification\",\"valueRequired\":true,\"valueName\":\"search_term_string\"}}],\"inLanguage\":\"fi\"}]}<\/script>\n<!-- \/ Yoast SEO plugin. -->","yoast_head_json":{"title":"Enemm\u00e4n tuloksia - Yhteiskuntatieteen tiedonhaku \/ UEF kirjasto","robots":{"index":"index","follow":"follow","max-snippet":"max-snippet:-1","max-image-preview":"max-image-preview:large","max-video-preview":"max-video-preview:-1"},"canonical":"https:\/\/blogs.uef.fi\/tiedonhaku-yhteiskuntatiede\/enemman-tuloksia\/","og_locale":"fi_FI","og_type":"article","og_title":"Enemm\u00e4n tuloksia - Yhteiskuntatieteen tiedonhaku \/ UEF kirjasto","og_description":"KUN SAAT LIIAN V\u00c4H\u00c4N TAI AIHEELTAAN V\u00c4\u00c4RI\u00c4 TULOKSIA freeganismi -&gt; vaihtoehtoliikkeet syrj\u00e4seudut -&gt; syrj\u00e4seudut or periferiat or rajaseudut joukkoliikenne AND maaseutu AND rahoitus-&gt;joukkoliikenne AND maaseutu &#8221;cultural differences&#8221; -&gt; culture AND differences occupations -&gt; occupation* yhteiskuntakritiikki -&gt; yhteiskunta and kritiikkikuntien ty\u00f6ntekij\u00e4t -&gt; kuntaty\u00f6ntekij\u00e4tnaisliike -&gt; naisasialiike Vinkki: Joskus jokin yksitt\u00e4inen sana voi olla tietokannassa niin harvinainen, ett\u00e4 [&hellip;]","og_url":"https:\/\/blogs.uef.fi\/tiedonhaku-yhteiskuntatiede\/enemman-tuloksia\/","og_site_name":"Yhteiskuntatieteen tiedonhaku \/ UEF kirjasto","article_modified_time":"2024-01-19T10:03:33+00:00","twitter_card":"summary_large_image","twitter_misc":{"Arvioitu lukuaika":"1 minuutti"},"schema":{"@context":"https:\/\/schema.org","@graph":[{"@type":"WebPage","@id":"https:\/\/blogs.uef.fi\/tiedonhaku-yhteiskuntatiede\/enemman-tuloksia\/","url":"https:\/\/blogs.uef.fi\/tiedonhaku-yhteiskuntatiede\/enemman-tuloksia\/","name":"Enemm\u00e4n tuloksia - Yhteiskuntatieteen tiedonhaku \/ UEF kirjasto","isPartOf":{"@id":"https:\/\/blogs.uef.fi\/tiedonhaku-yhteiskuntatiede\/#website"},"datePublished":"2015-11-26T12:19:48+00:00","dateModified":"2024-01-19T10:03:33+00:00","breadcrumb":{"@id":"https:\/\/blogs.uef.fi\/tiedonhaku-yhteiskuntatiede\/enemman-tuloksia\/#breadcrumb"},"inLanguage":"fi","potentialAction":[{"@type":"ReadAction","target":["https:\/\/blogs.uef.fi\/tiedonhaku-yhteiskuntatiede\/enemman-tuloksia\/"]}]},{"@type":"BreadcrumbList","@id":"https:\/\/blogs.uef.fi\/tiedonhaku-yhteiskuntatiede\/enemman-tuloksia\/#breadcrumb","itemListElement":[{"@type":"ListItem","position":1,"name":"Home","item":"https:\/\/blogs.uef.fi\/tiedonhaku-yhteiskuntatiede\/"},{"@type":"ListItem","position":2,"name":"Enemm\u00e4n tuloksia"}]},{"@type":"WebSite","@id":"https:\/\/blogs.uef.fi\/tiedonhaku-yhteiskuntatiede\/#website","url":"https:\/\/blogs.uef.fi\/tiedonhaku-yhteiskuntatiede\/","name":"Yhteiskuntatieteen tiedonhaku \/ UEF kirjasto","description":"","potentialAction":[{"@type":"SearchAction","target":{"@type":"EntryPoint","urlTemplate":"https:\/\/blogs.uef.fi\/tiedonhaku-yhteiskuntatiede\/?s={search_term_string}"},"query-input":{"@type":"PropertyValueSpecification","valueRequired":true,"valueName":"search_term_string"}}],"inLanguage":"fi"}]}},"_links":{"self":[{"href":"https:\/\/blogs.uef.fi\/tiedonhaku-yhteiskuntatiede\/wp-json\/wp\/v2\/pages\/330","targetHints":{"allow":["GET"]}}],"collection":[{"href":"https:\/\/blogs.uef.fi\/tiedonhaku-yhteiskuntatiede\/wp-json\/wp\/v2\/pages"}],"about":[{"href":"https:\/\/blogs.uef.fi\/tiedonhaku-yhteiskuntatiede\/wp-json\/wp\/v2\/types\/page"}],"author":[{"embeddable":true,"href":"https:\/\/blogs.uef.fi\/tiedonhaku-yhteiskuntatiede\/wp-json\/wp\/v2\/users\/293"}],"replies":[{"embeddable":true,"href":"https:\/\/blogs.uef.fi\/tiedonhaku-yhteiskuntatiede\/wp-json\/wp\/v2\/comments?post=330"}],"version-history":[{"count":1,"href":"https:\/\/blogs.uef.fi\/tiedonhaku-yhteiskuntatiede\/wp-json\/wp\/v2\/pages\/330\/revisions"}],"predecessor-version":[{"id":2023,"href":"https:\/\/blogs.uef.fi\/tiedonhaku-yhteiskuntatiede\/wp-json\/wp\/v2\/pages\/330\/revisions\/2023"}],"wp:attachment":[{"href":"https:\/\/blogs.uef.fi\/tiedonhaku-yhteiskuntatiede\/wp-json\/wp\/v2\/media?parent=330"}],"curies":[{"name":"wp","href":"https:\/\/api.w.org\/{rel}","templated":true}]}}