{"id":312,"date":"2015-11-26T12:04:37","date_gmt":"2015-11-26T12:04:37","guid":{"rendered":"https:\/\/ueflibrarysoc.wordpress.com\/?page_id=312"},"modified":"2024-01-19T12:01:05","modified_gmt":"2024-01-19T10:01:05","slug":"milloin-hakutulos-on-riittava","status":"publish","type":"page","link":"https:\/\/blogs.uef.fi\/tiedonhaku-yhteiskuntatiede\/milloin-hakutulos-on-riittava\/","title":{"rendered":"Milloin hakutulos on riitt\u00e4v\u00e4?"},"content":{"rendered":"\n<figure class=\"wp-block-image alignleft\"><img loading=\"lazy\" decoding=\"async\" width=\"109\" height=\"116\" src=\"https:\/\/blogs.uef.fi\/tiedonhaku-yhteiskuntatiede\/wp-content\/uploads\/sites\/57\/2015\/11\/dogpieni.gif\" alt=\"Dogpieni\" class=\"wp-image-371\" \/><\/figure>\n\n\n\n<p>Kun k\u00e4ytett\u00e4viss\u00e4 on <strong>useita eri l\u00e4hteit\u00e4<\/strong>, kokonaiskuva aiheesta hahmottuu tarkemmin ja luotettavammin.<br>Voidaan verrata kesken\u00e4\u00e4n ristiriitaisia tietoja, etsi\u00e4 erilaisia ratkaisumalleja ja havaita ongelmakohtia, joihin on aikaisemmin t\u00f6rm\u00e4tty.<br>Yhdist\u00e4m\u00e4ll\u00e4 eri l\u00e4hteist\u00e4 tulevaa tietoa voidaan kehitell\u00e4 kokonaan uusia ajatuksia.<\/p>\n\n\n\n<p><strong>Siksi ei kannata tyyty\u00e4 ensimm\u00e4iseen hakutulokseen, vaan hakulausetta muunnellaan, jotta saadaan esille kaikki tarvittavat keskeiset julkaisut.<\/strong><\/p>\n\n\n\n<h2 class=\"wp-block-heading\">HAKUA VOIDAAN MUOKATA:<\/h2>\n\n\n\n<ul class=\"wp-block-list\">\n<li>s\u00e4\u00e4telem\u00e4ll\u00e4 <strong>k\u00e4sitteiden<\/strong> m\u00e4\u00e4r\u00e4\u00e4 hakulauseessa<\/li>\n\n\n\n<li>valitsemalla erilaisia <strong>hakusanoja<\/strong> k\u00e4sitteit\u00e4 kuvaamaan<\/li>\n\n\n\n<li>kohdistamalla hakua tietueen eri <strong>kenttiin<\/strong><\/li>\n\n\n\n<li>valitsemalla k\u00e4ytt\u00e4\u00e4k\u00f6 <strong>sanakatkaisua<\/strong> vai ei<\/li>\n\n\n\n<li><strong>rajauksilla<\/strong><\/li>\n<\/ul>\n\n\n\n<p>Jo saadun hakutuloksen perusteella voidaan p\u00e4\u00e4tell\u00e4, mill\u00e4 tavoin hakulausetta voisi muuttaa.<\/p>\n\n\n\n<h2 class=\"wp-block-heading\">SYSTEMAATTINEN TIEDONHAKU<\/h2>\n\n\n\n<p>Kattava, systemaattinen kirjallisuuskatsaus tarvitsee kattavan ja systemaattisen tiedonhaun, jolla selvitet\u00e4\u00e4n, mit\u00e4 aiheesta on julkaistu ja saatavilla.<\/p>\n\n\n\n<p>Mit\u00e4 tarkemmin pystyt rajaamaan aiheesi, sit\u00e4 helpompaa on kattava haku. Laajat, j\u00e4sentym\u00e4tt\u00f6m\u00e4t aiheet ovat hankalia haettavia.<\/p>\n\n\n\n<p>Systemaattisessa tiedonhaussa haetaan mieluummin \u201cliian suuri\u201d hakutulos, jotta varmasti kaikki aiheeseen liittyv\u00e4 saadaan mukaan. Hakutulosta seulotaan ensin otsikon, sitten tiivistelm\u00e4n mukaan. Lopulta j\u00e4ljelle j\u00e4\u00e4v\u00e4t ne, jotka luetaan kokonaisuudessaan.<\/p>\n\n\n\n<p>Systemaattinen tiedonhaku kattaa:<\/p>\n\n\n\n<ul class=\"wp-block-list\">\n<li><strong>Kotimaiset ja ulkomaiset<\/strong> tiedonl\u00e4hteet<\/li>\n\n\n\n<li>Eri<strong> tyyppiset<\/strong> tiedonl\u00e4hteet (kirjat, v\u00e4it\u00f6skirjat, konferenssiraportit, tieteelliset artikkelit ja vastaavat)<\/li>\n\n\n\n<li>Kattavasti aihetta kuvaavat<strong> hakusanat<\/strong> ja niiden yhdistelm\u00e4t<\/li>\n<\/ul>\n\n\n\n<p>Hae siis esim. seuraavista l\u00e4hteist\u00e4:<\/p>\n\n\n\n<ul class=\"wp-block-list\">\n<li>UEF-Primo<\/li>\n\n\n\n<li>Finna.fi (sis\u00e4lt\u00e4\u00e4 Arto-tietokannan)<\/li>\n\n\n\n<li>Web of Science \/ Scopus \/ ProQuest \/ SocIndex + Ebsco<\/li>\n\n\n\n<li>Google ja Google Scholar \/ Google Books<\/li>\n<\/ul>\n","protected":false},"excerpt":{"rendered":"<p>Kun k\u00e4ytett\u00e4viss\u00e4 on useita eri l\u00e4hteit\u00e4, kokonaiskuva aiheesta hahmottuu tarkemmin ja luotettavammin.Voidaan verrata kesken\u00e4\u00e4n ristiriitaisia tietoja, etsi\u00e4 erilaisia ratkaisumalleja ja havaita ongelmakohtia, joihin on aikaisemmin t\u00f6rm\u00e4tty.Yhdist\u00e4m\u00e4ll\u00e4 eri l\u00e4hteist\u00e4 tulevaa tietoa voidaan kehitell\u00e4 kokonaan uusia ajatuksia. Siksi ei kannata tyyty\u00e4 ensimm\u00e4iseen hakutulokseen, vaan hakulausetta muunnellaan, jotta saadaan esille kaikki tarvittavat keskeiset julkaisut. HAKUA VOIDAAN MUOKATA: Jo [&hellip;]<\/p>\n","protected":false},"author":127,"featured_media":0,"parent":0,"menu_order":0,"comment_status":"closed","ping_status":"closed","template":"","meta":{"_acf_changed":false,"footnotes":""},"class_list":["post-312","page","type-page","status-publish","hentry"],"acf":[],"yoast_head":"<!-- This site is optimized with the Yoast SEO plugin v27.1.1 - https:\/\/yoast.com\/product\/yoast-seo-wordpress\/ -->\n<title>Milloin hakutulos on riitt\u00e4v\u00e4? - Yhteiskuntatieteen tiedonhaku \/ UEF kirjasto<\/title>\n<meta name=\"robots\" content=\"index, follow, max-snippet:-1, max-image-preview:large, max-video-preview:-1\" \/>\n<link rel=\"canonical\" href=\"https:\/\/blogs.uef.fi\/tiedonhaku-yhteiskuntatiede\/milloin-hakutulos-on-riittava\/\" \/>\n<meta property=\"og:locale\" content=\"fi_FI\" \/>\n<meta property=\"og:type\" content=\"article\" \/>\n<meta property=\"og:title\" content=\"Milloin hakutulos on riitt\u00e4v\u00e4? - Yhteiskuntatieteen tiedonhaku \/ UEF kirjasto\" \/>\n<meta property=\"og:description\" content=\"Kun k\u00e4ytett\u00e4viss\u00e4 on useita eri l\u00e4hteit\u00e4, kokonaiskuva aiheesta hahmottuu tarkemmin ja luotettavammin.Voidaan verrata kesken\u00e4\u00e4n ristiriitaisia tietoja, etsi\u00e4 erilaisia ratkaisumalleja ja havaita ongelmakohtia, joihin on aikaisemmin t\u00f6rm\u00e4tty.Yhdist\u00e4m\u00e4ll\u00e4 eri l\u00e4hteist\u00e4 tulevaa tietoa voidaan kehitell\u00e4 kokonaan uusia ajatuksia. Siksi ei kannata tyyty\u00e4 ensimm\u00e4iseen hakutulokseen, vaan hakulausetta muunnellaan, jotta saadaan esille kaikki tarvittavat keskeiset julkaisut. HAKUA VOIDAAN MUOKATA: Jo [&hellip;]\" \/>\n<meta property=\"og:url\" content=\"https:\/\/blogs.uef.fi\/tiedonhaku-yhteiskuntatiede\/milloin-hakutulos-on-riittava\/\" \/>\n<meta property=\"og:site_name\" content=\"Yhteiskuntatieteen tiedonhaku \/ UEF kirjasto\" \/>\n<meta property=\"article:modified_time\" content=\"2024-01-19T10:01:05+00:00\" \/>\n<meta property=\"og:image\" content=\"https:\/\/blogs.uef.fi\/tiedonhaku-yhteiskuntatiede\/wp-content\/uploads\/sites\/57\/2015\/11\/dogpieni.gif\" \/>\n<meta name=\"twitter:card\" content=\"summary_large_image\" \/>\n<meta name=\"twitter:label1\" content=\"Arvioitu lukuaika\" \/>\n\t<meta name=\"twitter:data1\" content=\"2 minuuttia\" \/>\n<script type=\"application\/ld+json\" class=\"yoast-schema-graph\">{\"@context\":\"https:\/\/schema.org\",\"@graph\":[{\"@type\":\"WebPage\",\"@id\":\"https:\/\/blogs.uef.fi\/tiedonhaku-yhteiskuntatiede\/milloin-hakutulos-on-riittava\/\",\"url\":\"https:\/\/blogs.uef.fi\/tiedonhaku-yhteiskuntatiede\/milloin-hakutulos-on-riittava\/\",\"name\":\"Milloin hakutulos on riitt\u00e4v\u00e4? - Yhteiskuntatieteen tiedonhaku \/ UEF kirjasto\",\"isPartOf\":{\"@id\":\"https:\/\/blogs.uef.fi\/tiedonhaku-yhteiskuntatiede\/#website\"},\"primaryImageOfPage\":{\"@id\":\"https:\/\/blogs.uef.fi\/tiedonhaku-yhteiskuntatiede\/milloin-hakutulos-on-riittava\/#primaryimage\"},\"image\":{\"@id\":\"https:\/\/blogs.uef.fi\/tiedonhaku-yhteiskuntatiede\/milloin-hakutulos-on-riittava\/#primaryimage\"},\"thumbnailUrl\":\"https:\/\/blogs.uef.fi\/tiedonhaku-yhteiskuntatiede\/wp-content\/uploads\/sites\/57\/2015\/11\/dogpieni.gif\",\"datePublished\":\"2015-11-26T12:04:37+00:00\",\"dateModified\":\"2024-01-19T10:01:05+00:00\",\"breadcrumb\":{\"@id\":\"https:\/\/blogs.uef.fi\/tiedonhaku-yhteiskuntatiede\/milloin-hakutulos-on-riittava\/#breadcrumb\"},\"inLanguage\":\"fi\",\"potentialAction\":[{\"@type\":\"ReadAction\",\"target\":[\"https:\/\/blogs.uef.fi\/tiedonhaku-yhteiskuntatiede\/milloin-hakutulos-on-riittava\/\"]}]},{\"@type\":\"ImageObject\",\"inLanguage\":\"fi\",\"@id\":\"https:\/\/blogs.uef.fi\/tiedonhaku-yhteiskuntatiede\/milloin-hakutulos-on-riittava\/#primaryimage\",\"url\":\"https:\/\/blogs.uef.fi\/tiedonhaku-yhteiskuntatiede\/wp-content\/uploads\/sites\/57\/2015\/11\/dogpieni.gif\",\"contentUrl\":\"https:\/\/blogs.uef.fi\/tiedonhaku-yhteiskuntatiede\/wp-content\/uploads\/sites\/57\/2015\/11\/dogpieni.gif\",\"width\":109,\"height\":116},{\"@type\":\"BreadcrumbList\",\"@id\":\"https:\/\/blogs.uef.fi\/tiedonhaku-yhteiskuntatiede\/milloin-hakutulos-on-riittava\/#breadcrumb\",\"itemListElement\":[{\"@type\":\"ListItem\",\"position\":1,\"name\":\"Home\",\"item\":\"https:\/\/blogs.uef.fi\/tiedonhaku-yhteiskuntatiede\/\"},{\"@type\":\"ListItem\",\"position\":2,\"name\":\"Milloin hakutulos on riitt\u00e4v\u00e4?\"}]},{\"@type\":\"WebSite\",\"@id\":\"https:\/\/blogs.uef.fi\/tiedonhaku-yhteiskuntatiede\/#website\",\"url\":\"https:\/\/blogs.uef.fi\/tiedonhaku-yhteiskuntatiede\/\",\"name\":\"Yhteiskuntatieteen tiedonhaku \/ UEF kirjasto\",\"description\":\"\",\"potentialAction\":[{\"@type\":\"SearchAction\",\"target\":{\"@type\":\"EntryPoint\",\"urlTemplate\":\"https:\/\/blogs.uef.fi\/tiedonhaku-yhteiskuntatiede\/?s={search_term_string}\"},\"query-input\":{\"@type\":\"PropertyValueSpecification\",\"valueRequired\":true,\"valueName\":\"search_term_string\"}}],\"inLanguage\":\"fi\"}]}<\/script>\n<!-- \/ Yoast SEO plugin. -->","yoast_head_json":{"title":"Milloin hakutulos on riitt\u00e4v\u00e4? - Yhteiskuntatieteen tiedonhaku \/ UEF kirjasto","robots":{"index":"index","follow":"follow","max-snippet":"max-snippet:-1","max-image-preview":"max-image-preview:large","max-video-preview":"max-video-preview:-1"},"canonical":"https:\/\/blogs.uef.fi\/tiedonhaku-yhteiskuntatiede\/milloin-hakutulos-on-riittava\/","og_locale":"fi_FI","og_type":"article","og_title":"Milloin hakutulos on riitt\u00e4v\u00e4? - Yhteiskuntatieteen tiedonhaku \/ UEF kirjasto","og_description":"Kun k\u00e4ytett\u00e4viss\u00e4 on useita eri l\u00e4hteit\u00e4, kokonaiskuva aiheesta hahmottuu tarkemmin ja luotettavammin.Voidaan verrata kesken\u00e4\u00e4n ristiriitaisia tietoja, etsi\u00e4 erilaisia ratkaisumalleja ja havaita ongelmakohtia, joihin on aikaisemmin t\u00f6rm\u00e4tty.Yhdist\u00e4m\u00e4ll\u00e4 eri l\u00e4hteist\u00e4 tulevaa tietoa voidaan kehitell\u00e4 kokonaan uusia ajatuksia. Siksi ei kannata tyyty\u00e4 ensimm\u00e4iseen hakutulokseen, vaan hakulausetta muunnellaan, jotta saadaan esille kaikki tarvittavat keskeiset julkaisut. HAKUA VOIDAAN MUOKATA: Jo [&hellip;]","og_url":"https:\/\/blogs.uef.fi\/tiedonhaku-yhteiskuntatiede\/milloin-hakutulos-on-riittava\/","og_site_name":"Yhteiskuntatieteen tiedonhaku \/ UEF kirjasto","article_modified_time":"2024-01-19T10:01:05+00:00","og_image":[{"url":"https:\/\/blogs.uef.fi\/tiedonhaku-yhteiskuntatiede\/wp-content\/uploads\/sites\/57\/2015\/11\/dogpieni.gif","type":"","width":"","height":""}],"twitter_card":"summary_large_image","twitter_misc":{"Arvioitu lukuaika":"2 minuuttia"},"schema":{"@context":"https:\/\/schema.org","@graph":[{"@type":"WebPage","@id":"https:\/\/blogs.uef.fi\/tiedonhaku-yhteiskuntatiede\/milloin-hakutulos-on-riittava\/","url":"https:\/\/blogs.uef.fi\/tiedonhaku-yhteiskuntatiede\/milloin-hakutulos-on-riittava\/","name":"Milloin hakutulos on riitt\u00e4v\u00e4? - Yhteiskuntatieteen tiedonhaku \/ UEF kirjasto","isPartOf":{"@id":"https:\/\/blogs.uef.fi\/tiedonhaku-yhteiskuntatiede\/#website"},"primaryImageOfPage":{"@id":"https:\/\/blogs.uef.fi\/tiedonhaku-yhteiskuntatiede\/milloin-hakutulos-on-riittava\/#primaryimage"},"image":{"@id":"https:\/\/blogs.uef.fi\/tiedonhaku-yhteiskuntatiede\/milloin-hakutulos-on-riittava\/#primaryimage"},"thumbnailUrl":"https:\/\/blogs.uef.fi\/tiedonhaku-yhteiskuntatiede\/wp-content\/uploads\/sites\/57\/2015\/11\/dogpieni.gif","datePublished":"2015-11-26T12:04:37+00:00","dateModified":"2024-01-19T10:01:05+00:00","breadcrumb":{"@id":"https:\/\/blogs.uef.fi\/tiedonhaku-yhteiskuntatiede\/milloin-hakutulos-on-riittava\/#breadcrumb"},"inLanguage":"fi","potentialAction":[{"@type":"ReadAction","target":["https:\/\/blogs.uef.fi\/tiedonhaku-yhteiskuntatiede\/milloin-hakutulos-on-riittava\/"]}]},{"@type":"ImageObject","inLanguage":"fi","@id":"https:\/\/blogs.uef.fi\/tiedonhaku-yhteiskuntatiede\/milloin-hakutulos-on-riittava\/#primaryimage","url":"https:\/\/blogs.uef.fi\/tiedonhaku-yhteiskuntatiede\/wp-content\/uploads\/sites\/57\/2015\/11\/dogpieni.gif","contentUrl":"https:\/\/blogs.uef.fi\/tiedonhaku-yhteiskuntatiede\/wp-content\/uploads\/sites\/57\/2015\/11\/dogpieni.gif","width":109,"height":116},{"@type":"BreadcrumbList","@id":"https:\/\/blogs.uef.fi\/tiedonhaku-yhteiskuntatiede\/milloin-hakutulos-on-riittava\/#breadcrumb","itemListElement":[{"@type":"ListItem","position":1,"name":"Home","item":"https:\/\/blogs.uef.fi\/tiedonhaku-yhteiskuntatiede\/"},{"@type":"ListItem","position":2,"name":"Milloin hakutulos on riitt\u00e4v\u00e4?"}]},{"@type":"WebSite","@id":"https:\/\/blogs.uef.fi\/tiedonhaku-yhteiskuntatiede\/#website","url":"https:\/\/blogs.uef.fi\/tiedonhaku-yhteiskuntatiede\/","name":"Yhteiskuntatieteen tiedonhaku \/ UEF kirjasto","description":"","potentialAction":[{"@type":"SearchAction","target":{"@type":"EntryPoint","urlTemplate":"https:\/\/blogs.uef.fi\/tiedonhaku-yhteiskuntatiede\/?s={search_term_string}"},"query-input":{"@type":"PropertyValueSpecification","valueRequired":true,"valueName":"search_term_string"}}],"inLanguage":"fi"}]}},"_links":{"self":[{"href":"https:\/\/blogs.uef.fi\/tiedonhaku-yhteiskuntatiede\/wp-json\/wp\/v2\/pages\/312","targetHints":{"allow":["GET"]}}],"collection":[{"href":"https:\/\/blogs.uef.fi\/tiedonhaku-yhteiskuntatiede\/wp-json\/wp\/v2\/pages"}],"about":[{"href":"https:\/\/blogs.uef.fi\/tiedonhaku-yhteiskuntatiede\/wp-json\/wp\/v2\/types\/page"}],"author":[{"embeddable":true,"href":"https:\/\/blogs.uef.fi\/tiedonhaku-yhteiskuntatiede\/wp-json\/wp\/v2\/users\/127"}],"replies":[{"embeddable":true,"href":"https:\/\/blogs.uef.fi\/tiedonhaku-yhteiskuntatiede\/wp-json\/wp\/v2\/comments?post=312"}],"version-history":[{"count":2,"href":"https:\/\/blogs.uef.fi\/tiedonhaku-yhteiskuntatiede\/wp-json\/wp\/v2\/pages\/312\/revisions"}],"predecessor-version":[{"id":2017,"href":"https:\/\/blogs.uef.fi\/tiedonhaku-yhteiskuntatiede\/wp-json\/wp\/v2\/pages\/312\/revisions\/2017"}],"wp:attachment":[{"href":"https:\/\/blogs.uef.fi\/tiedonhaku-yhteiskuntatiede\/wp-json\/wp\/v2\/media?parent=312"}],"curies":[{"name":"wp","href":"https:\/\/api.w.org\/{rel}","templated":true}]}}