{"id":202,"date":"2015-11-26T08:25:43","date_gmt":"2015-11-26T08:25:43","guid":{"rendered":"https:\/\/ueflibrarysoc.wordpress.com\/?page_id=202"},"modified":"2024-01-09T15:16:34","modified_gmt":"2024-01-09T13:16:34","slug":"hakulauseet","status":"publish","type":"page","link":"https:\/\/blogs.uef.fi\/tiedonhaku-yhteiskuntatiede\/hakulauseet\/","title":{"rendered":"Hakusanojen yhdist\u00e4minen"},"content":{"rendered":"\n<p><strong>Hakusanat ja niit\u00e4 yhdist\u00e4v\u00e4t operaattorit<\/strong> muodostavat hakulauseen. Operaattoreita eli Boolen logiikkaa k\u00e4ytet\u00e4\u00e4n kaikissa tietokannoissa, joten sen osaaminen on yksi tiedonhaun perustaidoista.<\/p>\n\n\n\n<p>Esimerkkej\u00e4 hakaulauseista:<\/p>\n\n\n\n<p><em>poliitikot AND julkisuus<\/em><br><em>nuoret AND (ideologiat OR aatteet)<\/em><br><em>(kaivo* OR mine* OR mining) AND (sosiaali* OR yhteiskunnalli* OR social) AND (vaikutu* OR effect* OR aspect*)<\/em><br><em>meemit<\/em><br><em>syrj\u00e4ytyminen AND &#8221;taloudelliset vaikutukset&#8221;<\/em><br><em>poliitikot AND julkisuus<br>(aged OR elder* OR &#8221;old people&#8221;) AND home* AND (&#8221;well being&#8221; OR &#8221;quality of life&#8221;) AND (experienc* OR perception* OR opinion*) NOT &#8221;home nursing&#8221;<br>(aged OR elder* OR &#8221;old people&#8221;) AND (&#8221;home environment&#8221; OR &#8221;living at home&#8221; OR &#8221;community living&#8221;) AND (&#8221;well being&#8221; OR &#8221;quality of life&#8221;) AND (experienc* OR perception* OR opinion*) NOT &#8221;home nursing&#8221;<\/em><\/p>\n\n\n\n<p><strong>AND-operaattori<\/strong> edellytt\u00e4\u00e4, ett\u00e4 hakusanojen tulee esiinty\u00e4 tietueessa yht\u00e4 aikaa. (Tietue = yhden kirjan\/artikkelin jne. tiedot tietokannassa.)<\/p>\n\n\n\n<p>Mit\u00e4 enemm\u00e4n eri rajaavia k\u00e4sitteitt\u00e4 haussa k\u00e4ytet\u00e4\u00e4n, sen tarkempaa hakua ollaan tekem\u00e4ss\u00e4 ja sit\u00e4 pienempi (ainakin teoriassa) on tulosjoukon koko.<\/p>\n\n\n\n<figure class=\"wp-block-image is-resized\"><img loading=\"lazy\" decoding=\"async\" width=\"126\" height=\"82\" src=\"https:\/\/blogs.uef.fi\/tiedonhaku-yhteiskuntatiede\/wp-content\/uploads\/sites\/57\/2015\/11\/bo1.jpg\" alt=\"bo1\" class=\"wp-image-206\" style=\"width:134px;height:auto\" \/><figcaption class=\"wp-element-caption\">poliitikot AND julkisuus<\/figcaption><\/figure>\n\n\n\n<p><strong>OR-operaattori<\/strong> hyv\u00e4ksyy lopputulokseen ne tietueet, joissa on v\u00e4hint\u00e4\u00e4n jompi kumpi hakusanoista.<br>Mutta my\u00f6s ne tietueet, joissa molemmat sanat esiintyv\u00e4t yht\u00e4 aikaa, ovat k\u00e4yp\u00e4isi\u00e4.<br>OR-operaattorilla yhdistet\u00e4\u00e4n samaa (yl\u00e4)k\u00e4sitett\u00e4 kuvaavat vaihtoehtoiset hakusanat. Mit\u00e4 useampia vaihtoehtoisia ilmaisumuotoja otetaan mukaan, sen laajempi on haun tulos.<\/p>\n\n\n\n<figure class=\"wp-block-image\"><img loading=\"lazy\" decoding=\"async\" width=\"130\" height=\"78\" src=\"https:\/\/blogs.uef.fi\/tiedonhaku-yhteiskuntatiede\/wp-content\/uploads\/sites\/57\/2015\/11\/bo3.jpg\" alt=\"bo3\" class=\"wp-image-208\" \/><figcaption class=\"wp-element-caption\">ideologiat OR aatteet<\/figcaption><\/figure>\n\n\n\n<figure class=\"wp-block-image\"><img loading=\"lazy\" decoding=\"async\" width=\"130\" height=\"81\" src=\"https:\/\/blogs.uef.fi\/tiedonhaku-yhteiskuntatiede\/wp-content\/uploads\/sites\/57\/2015\/11\/bo4.jpg\" alt=\"bo4\" class=\"wp-image-211\" \/><figcaption class=\"wp-element-caption\">toisinajattelijat NOT politiikka<\/figcaption><\/figure>\n\n\n\n<p><strong>NOT-operaatiossa<\/strong> edellytet\u00e4\u00e4n, ett\u00e4 tietty sana ei saa esiinty\u00e4 tietueessa lainkaan.<\/p>\n\n\n\n<p>NOT-operaatiota tarvitaan harvemmin ja sit\u00e4 kannattaakin k\u00e4ytt\u00e4\u00e4 harkiten, koska se voi sulkea hakutuloksesta pois my\u00f6s hy\u00f6dyllisi\u00e4 tietueita.<\/p>\n\n\n\n<figure class=\"wp-block-image size-full\"><img loading=\"lazy\" decoding=\"async\" width=\"103\" height=\"98\" src=\"https:\/\/blogs.uef.fi\/tiedonhaku-yhteiskuntatiede\/wp-content\/uploads\/sites\/57\/2024\/01\/image-1.png\" alt=\"\" class=\"wp-image-1958\" \/><figcaption class=\"wp-element-caption\">(ideologiat OR aatteet) AND nuoret<\/figcaption><\/figure>\n\n\n\n<p>Samaan hakulauseeseen voi yhdist\u00e4\u00e4 <strong>useita operaatioita. <\/strong>Jos hakulauseessa on yht\u00e4 aikaa AND- ja OR-operaattori, haun loogisuus pit\u00e4\u00e4 viel\u00e4 varmistaa. Yleens\u00e4 t\u00e4ll\u00f6in tavoitellaan kuvan kaltaista tilannetta (kuva yl\u00e4puolella).<\/p>\n\n\n\n<p>Useimmiten AND-operaatio suoritetaan hakukoneissa ennen OR-operaatiota kirjoitusj\u00e4rjestyksest\u00e4 riippumatta. Haussa, jossa on sek\u00e4 AND- ett\u00e4 OR-operaatio, on hakutuloksen loogisuuden kannalta kuitenkin t\u00e4rke\u00e4\u00e4, ett\u00e4 <strong>OR-operaatio toteutuu ensin.<\/strong> T\u00e4m\u00e4n saa aikaiseksi sulkumerkeill\u00e4 tai sanojen oikealla ryhmittelyll\u00e4 (Advanced-haku).<\/p>\n\n\n\n<p><strong>Hakulauseen kirjoitustapa riippuu aina tietokannasta.<\/strong><\/p>\n\n\n\n<p>Kun kirjoitat hakuun useampia sanoja, tied\u00e4tk\u00f6, mit\u00e4 itse asiassa olet k\u00e4sket ohjelman hakea?<\/p>\n\n\n\n<ul class=\"wp-block-list\">\n<li>Onko kyseess\u00e4<strong> fraasi vai and-operaatio<\/strong>?<\/li>\n\n\n\n<li><strong>Miss\u00e4 j\u00e4rjestyksess\u00e4<\/strong> operaatiot toteutuvat, toimiiko haun logiikka?<\/li>\n\n\n\n<li>Tulevatko sanan taivutusmuodot mukaan automaattisesti, mik\u00e4 on <strong>katkaisumerkki<\/strong>?<\/li>\n\n\n\n<li><strong>Mist\u00e4 kentist\u00e4<\/strong> hakusanoja haetaan?<\/li>\n<\/ul>\n\n\n\n<p>Perusasiat voivat selvit\u00e4 hakun\u00e4yt\u00f6n ohjeita seuraamalla. Kunkin tietokannan Help-osiosta l\u00f6ytyy lis\u00e4\u00e4 vinkkej\u00e4<\/p>\n\n\n","protected":false},"excerpt":{"rendered":"<p>Hakusanat ja niit\u00e4 yhdist\u00e4v\u00e4t operaattorit muodostavat hakulauseen. Operaattoreita eli Boolen logiikkaa k\u00e4ytet\u00e4\u00e4n kaikissa tietokannoissa, joten sen osaaminen on yksi tiedonhaun perustaidoista. Esimerkkej\u00e4 hakaulauseista: poliitikot AND julkisuusnuoret AND (ideologiat OR aatteet)(kaivo* OR mine* OR mining) AND (sosiaali* OR yhteiskunnalli* OR social) AND (vaikutu* OR effect* OR aspect*)meemitsyrj\u00e4ytyminen AND &#8221;taloudelliset vaikutukset&#8221;poliitikot AND julkisuus(aged OR elder* OR &#8221;old [&hellip;]<\/p>\n","protected":false},"author":127,"featured_media":0,"parent":0,"menu_order":0,"comment_status":"closed","ping_status":"closed","template":"","meta":{"_acf_changed":false,"footnotes":""},"class_list":["post-202","page","type-page","status-publish","hentry"],"acf":[],"yoast_head":"<!-- This site is optimized with the Yoast SEO plugin v27.1.1 - https:\/\/yoast.com\/product\/yoast-seo-wordpress\/ -->\n<title>Hakusanojen yhdist\u00e4minen - Yhteiskuntatieteen tiedonhaku \/ UEF kirjasto<\/title>\n<meta name=\"robots\" content=\"index, follow, max-snippet:-1, max-image-preview:large, max-video-preview:-1\" \/>\n<link rel=\"canonical\" href=\"https:\/\/blogs.uef.fi\/tiedonhaku-yhteiskuntatiede\/hakulauseet\/\" \/>\n<meta property=\"og:locale\" content=\"fi_FI\" \/>\n<meta property=\"og:type\" content=\"article\" \/>\n<meta property=\"og:title\" content=\"Hakusanojen yhdist\u00e4minen - Yhteiskuntatieteen tiedonhaku \/ UEF kirjasto\" \/>\n<meta property=\"og:description\" content=\"Hakusanat ja niit\u00e4 yhdist\u00e4v\u00e4t operaattorit muodostavat hakulauseen. Operaattoreita eli Boolen logiikkaa k\u00e4ytet\u00e4\u00e4n kaikissa tietokannoissa, joten sen osaaminen on yksi tiedonhaun perustaidoista. Esimerkkej\u00e4 hakaulauseista: poliitikot AND julkisuusnuoret AND (ideologiat OR aatteet)(kaivo* OR mine* OR mining) AND (sosiaali* OR yhteiskunnalli* OR social) AND (vaikutu* OR effect* OR aspect*)meemitsyrj\u00e4ytyminen AND &#8221;taloudelliset vaikutukset&#8221;poliitikot AND julkisuus(aged OR elder* OR &#8221;old [&hellip;]\" \/>\n<meta property=\"og:url\" content=\"https:\/\/blogs.uef.fi\/tiedonhaku-yhteiskuntatiede\/hakulauseet\/\" \/>\n<meta property=\"og:site_name\" content=\"Yhteiskuntatieteen tiedonhaku \/ UEF kirjasto\" \/>\n<meta property=\"article:modified_time\" content=\"2024-01-09T13:16:34+00:00\" \/>\n<meta property=\"og:image\" content=\"https:\/\/blogs.uef.fi\/tiedonhaku-yhteiskuntatiede\/wp-content\/uploads\/sites\/57\/2015\/11\/bo1.jpg\" \/>\n<meta name=\"twitter:card\" content=\"summary_large_image\" \/>\n<meta name=\"twitter:label1\" content=\"Arvioitu lukuaika\" \/>\n\t<meta name=\"twitter:data1\" content=\"3 minuuttia\" \/>\n<script type=\"application\/ld+json\" class=\"yoast-schema-graph\">{\"@context\":\"https:\/\/schema.org\",\"@graph\":[{\"@type\":\"WebPage\",\"@id\":\"https:\/\/blogs.uef.fi\/tiedonhaku-yhteiskuntatiede\/hakulauseet\/\",\"url\":\"https:\/\/blogs.uef.fi\/tiedonhaku-yhteiskuntatiede\/hakulauseet\/\",\"name\":\"Hakusanojen yhdist\u00e4minen - Yhteiskuntatieteen tiedonhaku \/ UEF kirjasto\",\"isPartOf\":{\"@id\":\"https:\/\/blogs.uef.fi\/tiedonhaku-yhteiskuntatiede\/#website\"},\"primaryImageOfPage\":{\"@id\":\"https:\/\/blogs.uef.fi\/tiedonhaku-yhteiskuntatiede\/hakulauseet\/#primaryimage\"},\"image\":{\"@id\":\"https:\/\/blogs.uef.fi\/tiedonhaku-yhteiskuntatiede\/hakulauseet\/#primaryimage\"},\"thumbnailUrl\":\"https:\/\/blogs.uef.fi\/tiedonhaku-yhteiskuntatiede\/wp-content\/uploads\/sites\/57\/2015\/11\/bo1.jpg\",\"datePublished\":\"2015-11-26T08:25:43+00:00\",\"dateModified\":\"2024-01-09T13:16:34+00:00\",\"breadcrumb\":{\"@id\":\"https:\/\/blogs.uef.fi\/tiedonhaku-yhteiskuntatiede\/hakulauseet\/#breadcrumb\"},\"inLanguage\":\"fi\",\"potentialAction\":[{\"@type\":\"ReadAction\",\"target\":[\"https:\/\/blogs.uef.fi\/tiedonhaku-yhteiskuntatiede\/hakulauseet\/\"]}]},{\"@type\":\"ImageObject\",\"inLanguage\":\"fi\",\"@id\":\"https:\/\/blogs.uef.fi\/tiedonhaku-yhteiskuntatiede\/hakulauseet\/#primaryimage\",\"url\":\"https:\/\/blogs.uef.fi\/tiedonhaku-yhteiskuntatiede\/wp-content\/uploads\/sites\/57\/2015\/11\/bo1.jpg\",\"contentUrl\":\"https:\/\/blogs.uef.fi\/tiedonhaku-yhteiskuntatiede\/wp-content\/uploads\/sites\/57\/2015\/11\/bo1.jpg\",\"width\":126,\"height\":82,\"caption\":\"poliitikot AND julkisuus\"},{\"@type\":\"BreadcrumbList\",\"@id\":\"https:\/\/blogs.uef.fi\/tiedonhaku-yhteiskuntatiede\/hakulauseet\/#breadcrumb\",\"itemListElement\":[{\"@type\":\"ListItem\",\"position\":1,\"name\":\"Home\",\"item\":\"https:\/\/blogs.uef.fi\/tiedonhaku-yhteiskuntatiede\/\"},{\"@type\":\"ListItem\",\"position\":2,\"name\":\"Hakusanojen yhdist\u00e4minen\"}]},{\"@type\":\"WebSite\",\"@id\":\"https:\/\/blogs.uef.fi\/tiedonhaku-yhteiskuntatiede\/#website\",\"url\":\"https:\/\/blogs.uef.fi\/tiedonhaku-yhteiskuntatiede\/\",\"name\":\"Yhteiskuntatieteen tiedonhaku \/ UEF kirjasto\",\"description\":\"\",\"potentialAction\":[{\"@type\":\"SearchAction\",\"target\":{\"@type\":\"EntryPoint\",\"urlTemplate\":\"https:\/\/blogs.uef.fi\/tiedonhaku-yhteiskuntatiede\/?s={search_term_string}\"},\"query-input\":{\"@type\":\"PropertyValueSpecification\",\"valueRequired\":true,\"valueName\":\"search_term_string\"}}],\"inLanguage\":\"fi\"}]}<\/script>\n<!-- \/ Yoast SEO plugin. -->","yoast_head_json":{"title":"Hakusanojen yhdist\u00e4minen - Yhteiskuntatieteen tiedonhaku \/ UEF kirjasto","robots":{"index":"index","follow":"follow","max-snippet":"max-snippet:-1","max-image-preview":"max-image-preview:large","max-video-preview":"max-video-preview:-1"},"canonical":"https:\/\/blogs.uef.fi\/tiedonhaku-yhteiskuntatiede\/hakulauseet\/","og_locale":"fi_FI","og_type":"article","og_title":"Hakusanojen yhdist\u00e4minen - Yhteiskuntatieteen tiedonhaku \/ UEF kirjasto","og_description":"Hakusanat ja niit\u00e4 yhdist\u00e4v\u00e4t operaattorit muodostavat hakulauseen. Operaattoreita eli Boolen logiikkaa k\u00e4ytet\u00e4\u00e4n kaikissa tietokannoissa, joten sen osaaminen on yksi tiedonhaun perustaidoista. Esimerkkej\u00e4 hakaulauseista: poliitikot AND julkisuusnuoret AND (ideologiat OR aatteet)(kaivo* OR mine* OR mining) AND (sosiaali* OR yhteiskunnalli* OR social) AND (vaikutu* OR effect* OR aspect*)meemitsyrj\u00e4ytyminen AND &#8221;taloudelliset vaikutukset&#8221;poliitikot AND julkisuus(aged OR elder* OR &#8221;old [&hellip;]","og_url":"https:\/\/blogs.uef.fi\/tiedonhaku-yhteiskuntatiede\/hakulauseet\/","og_site_name":"Yhteiskuntatieteen tiedonhaku \/ UEF kirjasto","article_modified_time":"2024-01-09T13:16:34+00:00","og_image":[{"url":"https:\/\/blogs.uef.fi\/tiedonhaku-yhteiskuntatiede\/wp-content\/uploads\/sites\/57\/2015\/11\/bo1.jpg","type":"","width":"","height":""}],"twitter_card":"summary_large_image","twitter_misc":{"Arvioitu lukuaika":"3 minuuttia"},"schema":{"@context":"https:\/\/schema.org","@graph":[{"@type":"WebPage","@id":"https:\/\/blogs.uef.fi\/tiedonhaku-yhteiskuntatiede\/hakulauseet\/","url":"https:\/\/blogs.uef.fi\/tiedonhaku-yhteiskuntatiede\/hakulauseet\/","name":"Hakusanojen yhdist\u00e4minen - Yhteiskuntatieteen tiedonhaku \/ UEF kirjasto","isPartOf":{"@id":"https:\/\/blogs.uef.fi\/tiedonhaku-yhteiskuntatiede\/#website"},"primaryImageOfPage":{"@id":"https:\/\/blogs.uef.fi\/tiedonhaku-yhteiskuntatiede\/hakulauseet\/#primaryimage"},"image":{"@id":"https:\/\/blogs.uef.fi\/tiedonhaku-yhteiskuntatiede\/hakulauseet\/#primaryimage"},"thumbnailUrl":"https:\/\/blogs.uef.fi\/tiedonhaku-yhteiskuntatiede\/wp-content\/uploads\/sites\/57\/2015\/11\/bo1.jpg","datePublished":"2015-11-26T08:25:43+00:00","dateModified":"2024-01-09T13:16:34+00:00","breadcrumb":{"@id":"https:\/\/blogs.uef.fi\/tiedonhaku-yhteiskuntatiede\/hakulauseet\/#breadcrumb"},"inLanguage":"fi","potentialAction":[{"@type":"ReadAction","target":["https:\/\/blogs.uef.fi\/tiedonhaku-yhteiskuntatiede\/hakulauseet\/"]}]},{"@type":"ImageObject","inLanguage":"fi","@id":"https:\/\/blogs.uef.fi\/tiedonhaku-yhteiskuntatiede\/hakulauseet\/#primaryimage","url":"https:\/\/blogs.uef.fi\/tiedonhaku-yhteiskuntatiede\/wp-content\/uploads\/sites\/57\/2015\/11\/bo1.jpg","contentUrl":"https:\/\/blogs.uef.fi\/tiedonhaku-yhteiskuntatiede\/wp-content\/uploads\/sites\/57\/2015\/11\/bo1.jpg","width":126,"height":82,"caption":"poliitikot AND julkisuus"},{"@type":"BreadcrumbList","@id":"https:\/\/blogs.uef.fi\/tiedonhaku-yhteiskuntatiede\/hakulauseet\/#breadcrumb","itemListElement":[{"@type":"ListItem","position":1,"name":"Home","item":"https:\/\/blogs.uef.fi\/tiedonhaku-yhteiskuntatiede\/"},{"@type":"ListItem","position":2,"name":"Hakusanojen yhdist\u00e4minen"}]},{"@type":"WebSite","@id":"https:\/\/blogs.uef.fi\/tiedonhaku-yhteiskuntatiede\/#website","url":"https:\/\/blogs.uef.fi\/tiedonhaku-yhteiskuntatiede\/","name":"Yhteiskuntatieteen tiedonhaku \/ UEF kirjasto","description":"","potentialAction":[{"@type":"SearchAction","target":{"@type":"EntryPoint","urlTemplate":"https:\/\/blogs.uef.fi\/tiedonhaku-yhteiskuntatiede\/?s={search_term_string}"},"query-input":{"@type":"PropertyValueSpecification","valueRequired":true,"valueName":"search_term_string"}}],"inLanguage":"fi"}]}},"_links":{"self":[{"href":"https:\/\/blogs.uef.fi\/tiedonhaku-yhteiskuntatiede\/wp-json\/wp\/v2\/pages\/202","targetHints":{"allow":["GET"]}}],"collection":[{"href":"https:\/\/blogs.uef.fi\/tiedonhaku-yhteiskuntatiede\/wp-json\/wp\/v2\/pages"}],"about":[{"href":"https:\/\/blogs.uef.fi\/tiedonhaku-yhteiskuntatiede\/wp-json\/wp\/v2\/types\/page"}],"author":[{"embeddable":true,"href":"https:\/\/blogs.uef.fi\/tiedonhaku-yhteiskuntatiede\/wp-json\/wp\/v2\/users\/127"}],"replies":[{"embeddable":true,"href":"https:\/\/blogs.uef.fi\/tiedonhaku-yhteiskuntatiede\/wp-json\/wp\/v2\/comments?post=202"}],"version-history":[{"count":2,"href":"https:\/\/blogs.uef.fi\/tiedonhaku-yhteiskuntatiede\/wp-json\/wp\/v2\/pages\/202\/revisions"}],"predecessor-version":[{"id":1964,"href":"https:\/\/blogs.uef.fi\/tiedonhaku-yhteiskuntatiede\/wp-json\/wp\/v2\/pages\/202\/revisions\/1964"}],"wp:attachment":[{"href":"https:\/\/blogs.uef.fi\/tiedonhaku-yhteiskuntatiede\/wp-json\/wp\/v2\/media?parent=202"}],"curies":[{"name":"wp","href":"https:\/\/api.w.org\/{rel}","templated":true}]}}