{"id":196,"date":"2015-11-26T08:18:27","date_gmt":"2015-11-26T08:18:27","guid":{"rendered":"https:\/\/ueflibrarysoc.wordpress.com\/?page_id=196"},"modified":"2024-01-19T11:04:39","modified_gmt":"2024-01-19T09:04:39","slug":"hakutapoja","status":"publish","type":"page","link":"https:\/\/blogs.uef.fi\/tiedonhaku-yhteiskuntatiede\/hakutapoja\/","title":{"rendered":"Hakutapoja"},"content":{"rendered":"\n<p>Tiedonhakuja voi l\u00e4hesty\u00e4 eri tavoin:<\/p>\n\n\n\n<h2 class=\"wp-block-heading\">\u201cQuick and simple\u201d<\/h2>\n\n\n\n<p><\/p>\n\n\n\n<figure class=\"wp-block-image size-large is-resized\"><img loading=\"lazy\" decoding=\"async\" width=\"1024\" height=\"289\" src=\"https:\/\/blogs.uef.fi\/tiedonhaku-yhteiskuntatiede\/wp-content\/uploads\/sites\/57\/2024\/01\/image-6-1024x289.png\" alt=\"\" class=\"wp-image-1994\" style=\"width:810px;height:auto\" srcset=\"https:\/\/blogs.uef.fi\/tiedonhaku-yhteiskuntatiede\/wp-content\/uploads\/sites\/57\/2024\/01\/image-6-1024x289.png 1024w, https:\/\/blogs.uef.fi\/tiedonhaku-yhteiskuntatiede\/wp-content\/uploads\/sites\/57\/2024\/01\/image-6-300x85.png 300w, https:\/\/blogs.uef.fi\/tiedonhaku-yhteiskuntatiede\/wp-content\/uploads\/sites\/57\/2024\/01\/image-6-768x217.png 768w, https:\/\/blogs.uef.fi\/tiedonhaku-yhteiskuntatiede\/wp-content\/uploads\/sites\/57\/2024\/01\/image-6.png 1426w\" sizes=\"auto, (max-width: 1024px) 100vw, 1024px\" \/><\/figure>\n\n\n\n<p>Haetaan <strong>yksitt\u00e4isell\u00e4 hakusanalla tai fraasilla<\/strong>, jotta saadaan k\u00e4sitys, kuinka yleinen\/harvinainen aihealue on. Tuloksista voi l\u00f6yty\u00e4 <strong>muutamia hyvi\u00e4<\/strong> osumia omaan aiheeseen.<\/p>\n\n\n\n<h2 class=\"wp-block-heading\">Laajemmasta suppeampaan<\/h2>\n\n\n\n<figure class=\"wp-block-image size-full\"><img loading=\"lazy\" decoding=\"async\" width=\"858\" height=\"742\" src=\"https:\/\/blogs.uef.fi\/tiedonhaku-yhteiskuntatiede\/wp-content\/uploads\/sites\/57\/2024\/01\/image-7.png\" alt=\"\" class=\"wp-image-1997\" srcset=\"https:\/\/blogs.uef.fi\/tiedonhaku-yhteiskuntatiede\/wp-content\/uploads\/sites\/57\/2024\/01\/image-7.png 858w, https:\/\/blogs.uef.fi\/tiedonhaku-yhteiskuntatiede\/wp-content\/uploads\/sites\/57\/2024\/01\/image-7-300x259.png 300w, https:\/\/blogs.uef.fi\/tiedonhaku-yhteiskuntatiede\/wp-content\/uploads\/sites\/57\/2024\/01\/image-7-768x664.png 768w\" sizes=\"auto, (max-width: 858px) 100vw, 858px\" \/><\/figure>\n\n\n\n<p>Aluksi valitaan tarpeeksi <strong>suuri aihealue, ja aletaan rajata<\/strong> sit\u00e4 tarkentavilla ja rajaavilla k\u00e4sitteill\u00e4 (tai esim. kielell\u00e4, julkaisuvuodella yms.)<\/p>\n\n\n\n<h2 class=\"wp-block-heading\">Suppeammasta laajempaan<\/h2>\n\n\n\n<figure class=\"wp-block-image size-full is-resized\"><img loading=\"lazy\" decoding=\"async\" width=\"735\" height=\"560\" src=\"https:\/\/blogs.uef.fi\/tiedonhaku-yhteiskuntatiede\/wp-content\/uploads\/sites\/57\/2024\/01\/image-8.png\" alt=\"\" class=\"wp-image-2000\" style=\"width:810px;height:auto\" srcset=\"https:\/\/blogs.uef.fi\/tiedonhaku-yhteiskuntatiede\/wp-content\/uploads\/sites\/57\/2024\/01\/image-8.png 735w, https:\/\/blogs.uef.fi\/tiedonhaku-yhteiskuntatiede\/wp-content\/uploads\/sites\/57\/2024\/01\/image-8-300x229.png 300w\" sizes=\"auto, (max-width: 735px) 100vw, 735px\" \/><\/figure>\n\n\n\n<p>Ellei tarkasti m\u00e4\u00e4ritelty haku anna tarpeeksi tuloksia, mietit\u00e4\u00e4n, miten hakua voisi muuttaa <strong>laajemmaksi.<\/strong><\/p>\n\n\n\n<h2 class=\"wp-block-heading\">\u201cHelmenkasvatus\u201d\/j\u00e4ljityshaku<\/h2>\n\n\n\n<figure class=\"wp-block-image size-full\"><img loading=\"lazy\" decoding=\"async\" width=\"826\" height=\"752\" src=\"https:\/\/blogs.uef.fi\/tiedonhaku-yhteiskuntatiede\/wp-content\/uploads\/sites\/57\/2024\/01\/image-9.png\" alt=\"\" class=\"wp-image-2003\" srcset=\"https:\/\/blogs.uef.fi\/tiedonhaku-yhteiskuntatiede\/wp-content\/uploads\/sites\/57\/2024\/01\/image-9.png 826w, https:\/\/blogs.uef.fi\/tiedonhaku-yhteiskuntatiede\/wp-content\/uploads\/sites\/57\/2024\/01\/image-9-300x273.png 300w, https:\/\/blogs.uef.fi\/tiedonhaku-yhteiskuntatiede\/wp-content\/uploads\/sites\/57\/2024\/01\/image-9-768x699.png 768w\" sizes=\"auto, (max-width: 826px) 100vw, 826px\" \/><\/figure>\n\n\n\n<p>L\u00e4hdet\u00e4\u00e4n liikkeelle niukoista tiedoista ja t\u00e4ydennet\u00e4\u00e4n hakua ja hakutermej\u00e4 haun aikana saatujen tulosten perusteella. Seurataan aineiston tarjoamia <strong>johtolankoja uusiin relevantteihin l\u00e4hteisiin<\/strong>. Tuloksesta saadaan vihjeit\u00e4 uusiksi <strong>hakusanoiksi, tiedonl\u00e4hteiksi, tekij\u00f6iksi, julkaisusarjan tai organisaation<\/strong> l\u00f6yt\u00e4miseksi tai omien ideoiden t\u00e4sment\u00e4miseksi.<\/p>\n\n\n\n<figure class=\"wp-block-image size-large is-resized\"><img loading=\"lazy\" decoding=\"async\" width=\"1024\" height=\"681\" src=\"https:\/\/blogs.uef.fi\/tiedonhaku-yhteiskuntatiede\/wp-content\/uploads\/sites\/57\/2024\/01\/image-10-1024x681.png\" alt=\"\" class=\"wp-image-2006\" style=\"width:810px;height:auto\" srcset=\"https:\/\/blogs.uef.fi\/tiedonhaku-yhteiskuntatiede\/wp-content\/uploads\/sites\/57\/2024\/01\/image-10-1024x681.png 1024w, https:\/\/blogs.uef.fi\/tiedonhaku-yhteiskuntatiede\/wp-content\/uploads\/sites\/57\/2024\/01\/image-10-300x199.png 300w, https:\/\/blogs.uef.fi\/tiedonhaku-yhteiskuntatiede\/wp-content\/uploads\/sites\/57\/2024\/01\/image-10-768x511.png 768w, https:\/\/blogs.uef.fi\/tiedonhaku-yhteiskuntatiede\/wp-content\/uploads\/sites\/57\/2024\/01\/image-10.png 1188w\" sizes=\"auto, (max-width: 1024px) 100vw, 1024px\" \/><\/figure>\n\n\n\n<p>\u2013 Hyv\u00e4n kirjan tai artikkelin l\u00f6ydytty\u00e4 haetaan sen <strong>kirjoittajan<\/strong> muita julkaisuja, tai katsotaan l\u00e4hteen sis\u00e4lt\u00f6\u00e4 kuvaavia <strong>asiasanoja,<\/strong> ja haetaan niill\u00e4 lis\u00e4\u00e4 aineistoa.<\/p>\n\n\n\n<p>\u2013 Mielenkiintoisen julkaisun <strong>l\u00e4hdeluettelo<\/strong> johtaa uusiin julkaisuihin ja uusiin hakusanoihin.<\/p>\n\n\n\n<h2 class=\"wp-block-heading\">Selailu<\/h2>\n\n\n\n<p>Tietokannoissa voit my\u00f6s selailla (browse), esim. tietyn <strong>lehden artikkeleita tai aihealueita.<\/strong><\/p>\n\n\n\n<figure class=\"wp-block-image size-full\"><img loading=\"lazy\" decoding=\"async\" width=\"831\" height=\"759\" src=\"https:\/\/blogs.uef.fi\/tiedonhaku-yhteiskuntatiede\/wp-content\/uploads\/sites\/57\/2024\/01\/image-11.png\" alt=\"\" class=\"wp-image-2009\" srcset=\"https:\/\/blogs.uef.fi\/tiedonhaku-yhteiskuntatiede\/wp-content\/uploads\/sites\/57\/2024\/01\/image-11.png 831w, https:\/\/blogs.uef.fi\/tiedonhaku-yhteiskuntatiede\/wp-content\/uploads\/sites\/57\/2024\/01\/image-11-300x274.png 300w, https:\/\/blogs.uef.fi\/tiedonhaku-yhteiskuntatiede\/wp-content\/uploads\/sites\/57\/2024\/01\/image-11-768x701.png 768w\" sizes=\"auto, (max-width: 831px) 100vw, 831px\" \/><\/figure>\n\n\n\n<p>Tietokantahakuja ja niiden tuloksia kannattaa k\u00e4ytt\u00e4\u00e4 hyv\u00e4ksi jo tutkimusty\u00f6n suunnittelu-, valmistelu- ja ideointivaiheessa. Se auttaa aiheen k\u00e4sitteiden ja hakusanojen hahmottelussa ja ker\u00e4\u00e4misess\u00e4.<\/p>\n","protected":false},"excerpt":{"rendered":"<p>Tiedonhakuja voi l\u00e4hesty\u00e4 eri tavoin: \u201cQuick and simple\u201d Haetaan yksitt\u00e4isell\u00e4 hakusanalla tai fraasilla, jotta saadaan k\u00e4sitys, kuinka yleinen\/harvinainen aihealue on. Tuloksista voi l\u00f6yty\u00e4 muutamia hyvi\u00e4 osumia omaan aiheeseen. Laajemmasta suppeampaan Aluksi valitaan tarpeeksi suuri aihealue, ja aletaan rajata sit\u00e4 tarkentavilla ja rajaavilla k\u00e4sitteill\u00e4 (tai esim. kielell\u00e4, julkaisuvuodella yms.) Suppeammasta laajempaan Ellei tarkasti m\u00e4\u00e4ritelty haku anna [&hellip;]<\/p>\n","protected":false},"author":127,"featured_media":0,"parent":0,"menu_order":0,"comment_status":"closed","ping_status":"closed","template":"","meta":{"_acf_changed":false,"footnotes":""},"class_list":["post-196","page","type-page","status-publish","hentry"],"acf":[],"yoast_head":"<!-- This site is optimized with the Yoast SEO plugin v27.3 - https:\/\/yoast.com\/product\/yoast-seo-wordpress\/ -->\n<title>Hakutapoja - Yhteiskuntatieteen tiedonhaku \/ UEF kirjasto<\/title>\n<meta name=\"robots\" content=\"index, follow, max-snippet:-1, max-image-preview:large, max-video-preview:-1\" \/>\n<link rel=\"canonical\" href=\"https:\/\/blogs.uef.fi\/tiedonhaku-yhteiskuntatiede\/hakutapoja\/\" \/>\n<meta property=\"og:locale\" content=\"fi_FI\" \/>\n<meta property=\"og:type\" content=\"article\" \/>\n<meta property=\"og:title\" content=\"Hakutapoja - Yhteiskuntatieteen tiedonhaku \/ UEF kirjasto\" \/>\n<meta property=\"og:description\" content=\"Tiedonhakuja voi l\u00e4hesty\u00e4 eri tavoin: \u201cQuick and simple\u201d Haetaan yksitt\u00e4isell\u00e4 hakusanalla tai fraasilla, jotta saadaan k\u00e4sitys, kuinka yleinen\/harvinainen aihealue on. Tuloksista voi l\u00f6yty\u00e4 muutamia hyvi\u00e4 osumia omaan aiheeseen. Laajemmasta suppeampaan Aluksi valitaan tarpeeksi suuri aihealue, ja aletaan rajata sit\u00e4 tarkentavilla ja rajaavilla k\u00e4sitteill\u00e4 (tai esim. kielell\u00e4, julkaisuvuodella yms.) Suppeammasta laajempaan Ellei tarkasti m\u00e4\u00e4ritelty haku anna [&hellip;]\" \/>\n<meta property=\"og:url\" content=\"https:\/\/blogs.uef.fi\/tiedonhaku-yhteiskuntatiede\/hakutapoja\/\" \/>\n<meta property=\"og:site_name\" content=\"Yhteiskuntatieteen tiedonhaku \/ UEF kirjasto\" \/>\n<meta property=\"article:modified_time\" content=\"2024-01-19T09:04:39+00:00\" \/>\n<meta property=\"og:image\" content=\"https:\/\/blogs.uef.fi\/tiedonhaku-yhteiskuntatiede\/wp-content\/uploads\/sites\/57\/2024\/01\/image-6-1024x289.png\" \/>\n<meta name=\"twitter:card\" content=\"summary_large_image\" \/>\n<meta name=\"twitter:label1\" content=\"Arvioitu lukuaika\" \/>\n\t<meta name=\"twitter:data1\" content=\"3 minuuttia\" \/>\n<script type=\"application\/ld+json\" class=\"yoast-schema-graph\">{\"@context\":\"https:\\\/\\\/schema.org\",\"@graph\":[{\"@type\":\"WebPage\",\"@id\":\"https:\\\/\\\/blogs.uef.fi\\\/tiedonhaku-yhteiskuntatiede\\\/hakutapoja\\\/\",\"url\":\"https:\\\/\\\/blogs.uef.fi\\\/tiedonhaku-yhteiskuntatiede\\\/hakutapoja\\\/\",\"name\":\"Hakutapoja - Yhteiskuntatieteen tiedonhaku \\\/ UEF kirjasto\",\"isPartOf\":{\"@id\":\"https:\\\/\\\/blogs.uef.fi\\\/tiedonhaku-yhteiskuntatiede\\\/#website\"},\"primaryImageOfPage\":{\"@id\":\"https:\\\/\\\/blogs.uef.fi\\\/tiedonhaku-yhteiskuntatiede\\\/hakutapoja\\\/#primaryimage\"},\"image\":{\"@id\":\"https:\\\/\\\/blogs.uef.fi\\\/tiedonhaku-yhteiskuntatiede\\\/hakutapoja\\\/#primaryimage\"},\"thumbnailUrl\":\"https:\\\/\\\/blogs.uef.fi\\\/tiedonhaku-yhteiskuntatiede\\\/wp-content\\\/uploads\\\/sites\\\/57\\\/2024\\\/01\\\/image-6-1024x289.png\",\"datePublished\":\"2015-11-26T08:18:27+00:00\",\"dateModified\":\"2024-01-19T09:04:39+00:00\",\"breadcrumb\":{\"@id\":\"https:\\\/\\\/blogs.uef.fi\\\/tiedonhaku-yhteiskuntatiede\\\/hakutapoja\\\/#breadcrumb\"},\"inLanguage\":\"fi\",\"potentialAction\":[{\"@type\":\"ReadAction\",\"target\":[\"https:\\\/\\\/blogs.uef.fi\\\/tiedonhaku-yhteiskuntatiede\\\/hakutapoja\\\/\"]}]},{\"@type\":\"ImageObject\",\"inLanguage\":\"fi\",\"@id\":\"https:\\\/\\\/blogs.uef.fi\\\/tiedonhaku-yhteiskuntatiede\\\/hakutapoja\\\/#primaryimage\",\"url\":\"https:\\\/\\\/blogs.uef.fi\\\/tiedonhaku-yhteiskuntatiede\\\/wp-content\\\/uploads\\\/sites\\\/57\\\/2024\\\/01\\\/image-6.png\",\"contentUrl\":\"https:\\\/\\\/blogs.uef.fi\\\/tiedonhaku-yhteiskuntatiede\\\/wp-content\\\/uploads\\\/sites\\\/57\\\/2024\\\/01\\\/image-6.png\",\"width\":1426,\"height\":403},{\"@type\":\"BreadcrumbList\",\"@id\":\"https:\\\/\\\/blogs.uef.fi\\\/tiedonhaku-yhteiskuntatiede\\\/hakutapoja\\\/#breadcrumb\",\"itemListElement\":[{\"@type\":\"ListItem\",\"position\":1,\"name\":\"Home\",\"item\":\"https:\\\/\\\/blogs.uef.fi\\\/tiedonhaku-yhteiskuntatiede\\\/\"},{\"@type\":\"ListItem\",\"position\":2,\"name\":\"Hakutapoja\"}]},{\"@type\":\"WebSite\",\"@id\":\"https:\\\/\\\/blogs.uef.fi\\\/tiedonhaku-yhteiskuntatiede\\\/#website\",\"url\":\"https:\\\/\\\/blogs.uef.fi\\\/tiedonhaku-yhteiskuntatiede\\\/\",\"name\":\"Yhteiskuntatieteen tiedonhaku \\\/ UEF kirjasto\",\"description\":\"\",\"potentialAction\":[{\"@type\":\"SearchAction\",\"target\":{\"@type\":\"EntryPoint\",\"urlTemplate\":\"https:\\\/\\\/blogs.uef.fi\\\/tiedonhaku-yhteiskuntatiede\\\/?s={search_term_string}\"},\"query-input\":{\"@type\":\"PropertyValueSpecification\",\"valueRequired\":true,\"valueName\":\"search_term_string\"}}],\"inLanguage\":\"fi\"}]}<\/script>\n<!-- \/ Yoast SEO plugin. -->","yoast_head_json":{"title":"Hakutapoja - Yhteiskuntatieteen tiedonhaku \/ UEF kirjasto","robots":{"index":"index","follow":"follow","max-snippet":"max-snippet:-1","max-image-preview":"max-image-preview:large","max-video-preview":"max-video-preview:-1"},"canonical":"https:\/\/blogs.uef.fi\/tiedonhaku-yhteiskuntatiede\/hakutapoja\/","og_locale":"fi_FI","og_type":"article","og_title":"Hakutapoja - Yhteiskuntatieteen tiedonhaku \/ UEF kirjasto","og_description":"Tiedonhakuja voi l\u00e4hesty\u00e4 eri tavoin: \u201cQuick and simple\u201d Haetaan yksitt\u00e4isell\u00e4 hakusanalla tai fraasilla, jotta saadaan k\u00e4sitys, kuinka yleinen\/harvinainen aihealue on. Tuloksista voi l\u00f6yty\u00e4 muutamia hyvi\u00e4 osumia omaan aiheeseen. Laajemmasta suppeampaan Aluksi valitaan tarpeeksi suuri aihealue, ja aletaan rajata sit\u00e4 tarkentavilla ja rajaavilla k\u00e4sitteill\u00e4 (tai esim. kielell\u00e4, julkaisuvuodella yms.) Suppeammasta laajempaan Ellei tarkasti m\u00e4\u00e4ritelty haku anna [&hellip;]","og_url":"https:\/\/blogs.uef.fi\/tiedonhaku-yhteiskuntatiede\/hakutapoja\/","og_site_name":"Yhteiskuntatieteen tiedonhaku \/ UEF kirjasto","article_modified_time":"2024-01-19T09:04:39+00:00","og_image":[{"url":"https:\/\/blogs.uef.fi\/tiedonhaku-yhteiskuntatiede\/wp-content\/uploads\/sites\/57\/2024\/01\/image-6-1024x289.png","type":"","width":"","height":""}],"twitter_card":"summary_large_image","twitter_misc":{"Arvioitu lukuaika":"3 minuuttia"},"schema":{"@context":"https:\/\/schema.org","@graph":[{"@type":"WebPage","@id":"https:\/\/blogs.uef.fi\/tiedonhaku-yhteiskuntatiede\/hakutapoja\/","url":"https:\/\/blogs.uef.fi\/tiedonhaku-yhteiskuntatiede\/hakutapoja\/","name":"Hakutapoja - Yhteiskuntatieteen tiedonhaku \/ UEF kirjasto","isPartOf":{"@id":"https:\/\/blogs.uef.fi\/tiedonhaku-yhteiskuntatiede\/#website"},"primaryImageOfPage":{"@id":"https:\/\/blogs.uef.fi\/tiedonhaku-yhteiskuntatiede\/hakutapoja\/#primaryimage"},"image":{"@id":"https:\/\/blogs.uef.fi\/tiedonhaku-yhteiskuntatiede\/hakutapoja\/#primaryimage"},"thumbnailUrl":"https:\/\/blogs.uef.fi\/tiedonhaku-yhteiskuntatiede\/wp-content\/uploads\/sites\/57\/2024\/01\/image-6-1024x289.png","datePublished":"2015-11-26T08:18:27+00:00","dateModified":"2024-01-19T09:04:39+00:00","breadcrumb":{"@id":"https:\/\/blogs.uef.fi\/tiedonhaku-yhteiskuntatiede\/hakutapoja\/#breadcrumb"},"inLanguage":"fi","potentialAction":[{"@type":"ReadAction","target":["https:\/\/blogs.uef.fi\/tiedonhaku-yhteiskuntatiede\/hakutapoja\/"]}]},{"@type":"ImageObject","inLanguage":"fi","@id":"https:\/\/blogs.uef.fi\/tiedonhaku-yhteiskuntatiede\/hakutapoja\/#primaryimage","url":"https:\/\/blogs.uef.fi\/tiedonhaku-yhteiskuntatiede\/wp-content\/uploads\/sites\/57\/2024\/01\/image-6.png","contentUrl":"https:\/\/blogs.uef.fi\/tiedonhaku-yhteiskuntatiede\/wp-content\/uploads\/sites\/57\/2024\/01\/image-6.png","width":1426,"height":403},{"@type":"BreadcrumbList","@id":"https:\/\/blogs.uef.fi\/tiedonhaku-yhteiskuntatiede\/hakutapoja\/#breadcrumb","itemListElement":[{"@type":"ListItem","position":1,"name":"Home","item":"https:\/\/blogs.uef.fi\/tiedonhaku-yhteiskuntatiede\/"},{"@type":"ListItem","position":2,"name":"Hakutapoja"}]},{"@type":"WebSite","@id":"https:\/\/blogs.uef.fi\/tiedonhaku-yhteiskuntatiede\/#website","url":"https:\/\/blogs.uef.fi\/tiedonhaku-yhteiskuntatiede\/","name":"Yhteiskuntatieteen tiedonhaku \/ UEF kirjasto","description":"","potentialAction":[{"@type":"SearchAction","target":{"@type":"EntryPoint","urlTemplate":"https:\/\/blogs.uef.fi\/tiedonhaku-yhteiskuntatiede\/?s={search_term_string}"},"query-input":{"@type":"PropertyValueSpecification","valueRequired":true,"valueName":"search_term_string"}}],"inLanguage":"fi"}]}},"_links":{"self":[{"href":"https:\/\/blogs.uef.fi\/tiedonhaku-yhteiskuntatiede\/wp-json\/wp\/v2\/pages\/196","targetHints":{"allow":["GET"]}}],"collection":[{"href":"https:\/\/blogs.uef.fi\/tiedonhaku-yhteiskuntatiede\/wp-json\/wp\/v2\/pages"}],"about":[{"href":"https:\/\/blogs.uef.fi\/tiedonhaku-yhteiskuntatiede\/wp-json\/wp\/v2\/types\/page"}],"author":[{"embeddable":true,"href":"https:\/\/blogs.uef.fi\/tiedonhaku-yhteiskuntatiede\/wp-json\/wp\/v2\/users\/127"}],"replies":[{"embeddable":true,"href":"https:\/\/blogs.uef.fi\/tiedonhaku-yhteiskuntatiede\/wp-json\/wp\/v2\/comments?post=196"}],"version-history":[{"count":2,"href":"https:\/\/blogs.uef.fi\/tiedonhaku-yhteiskuntatiede\/wp-json\/wp\/v2\/pages\/196\/revisions"}],"predecessor-version":[{"id":2015,"href":"https:\/\/blogs.uef.fi\/tiedonhaku-yhteiskuntatiede\/wp-json\/wp\/v2\/pages\/196\/revisions\/2015"}],"wp:attachment":[{"href":"https:\/\/blogs.uef.fi\/tiedonhaku-yhteiskuntatiede\/wp-json\/wp\/v2\/media?parent=196"}],"curies":[{"name":"wp","href":"https:\/\/api.w.org\/{rel}","templated":true}]}}