{"id":392,"date":"2015-08-04T08:00:16","date_gmt":"2015-08-04T08:00:16","guid":{"rendered":"https:\/\/ueflibrarylang.wordpress.com\/?page_id=392"},"modified":"2022-07-28T09:46:33","modified_gmt":"2022-07-28T06:46:33","slug":"tietokantoja-kaannostieteen-opiskelijalle","status":"publish","type":"page","link":"https:\/\/blogs.uef.fi\/tiedonhaku-vieraatkielet\/tiedonlahteet\/tietokantoja-kaannostieteen-opiskelijalle\/","title":{"rendered":"Tietokantoja k\u00e4\u00e4nn\u00f6stieteen opiskelijalle"},"content":{"rendered":"<p>Edellisest\u00e4 kappaleesta <a href=\"https:\/\/blogs.uef.fi\/tiedonhaku-vieraatkielet\/tiedonlahteet\/kieli-ja-kirjallisuustieteellisia-tietokantoja\/\" target=\"_blank\" rel=\"noopener noreferrer\">&#8221;Kieli- ja kirjallisuustieteellisi\u00e4 tietokantoja kaikille kielten opiskelijoille&#8221; (avautuu uuteen ikkunaan) <\/a>l\u00f6yd\u00e4t listan niist\u00e4 tietokannoista, joista kielenopiskelijan kannattaa tehd\u00e4 hakuja. K\u00e4\u00e4nn\u00f6stieteilij\u00e4lle on n\u00e4iden lis\u00e4ksi tarjolla my\u00f6s pelk\u00e4st\u00e4\u00e4n kielen k\u00e4\u00e4nt\u00e4miseen keskittyvi\u00e4 aineistoja. Alla olevat esimerkit l\u00f6yd\u00e4t <a href=\"https:\/\/primo.uef.fi\/discovery\/search?vid=358FIN_UOEF:VU1&amp;lang=fi\" target=\"_blank\" rel=\"noopener noreferrer\">UEF-Primosta<\/a> (avautuu uuteen ikkunaan) kirjoittamalla tietokannan nimen joko UEF-Primon perushaun hakuikkunaan, tai valitsemalla v\u00e4lilehden &#8221;tietokantahaku&#8221;.<\/p>\n<p><span style=\"color: #000000\"><strong>Translation Studies Bibliography:<\/strong><\/span><\/p>\n<p>K\u00e4\u00e4nn\u00f6stieteen ja tulkkauksen alojen viitetietokanta. Sis\u00e4lt\u00e4\u00e4 viitteit\u00e4 lehtiartikkeleihin, monografioihin ja kokoomateoksiin. K\u00e4\u00e4nn\u00f6stieteeseen liittyvi\u00e4 viitteit\u00e4 on my\u00f6s mm. semiotiikan, viestinn\u00e4n, kielitieteen, sosiologian ja psykologian aloilta. Viitteit\u00e4 paljon my\u00f6s muulla kuin englannin kielell\u00e4. T\u00e4m\u00e4n tietokannan hakulomake poikkeaa monesta muusta tietokannasta. <a href=\"https:\/\/blogs.uef.fi\/tiedonhaku-englanti\/kaannostiede-translation-studies-bibliography\/\" target=\"_blank\" rel=\"noopener noreferrer\">Lue lis\u00e4ohjeita t\u00e4m\u00e4n tietokannan k\u00e4ytt\u00f6\u00f6n<\/a> Englannin kielen tiedonhaun kurssilta (avautuu uuteen ikkunaan).<\/p>\n<p><img loading=\"lazy\" decoding=\"async\" class=\"alignleft size-full wp-image-2128\" src=\"https:\/\/blogs.uef.fi\/tiedonhaku-vieraatkielet\/wp-content\/uploads\/sites\/63\/2022\/07\/TSB_hakuohje.png\" alt=\"Translation studies bibligraphyn hakuominaisuuksia.\" width=\"1912\" height=\"1078\" srcset=\"https:\/\/blogs.uef.fi\/tiedonhaku-vieraatkielet\/wp-content\/uploads\/sites\/63\/2022\/07\/TSB_hakuohje.png 1912w, https:\/\/blogs.uef.fi\/tiedonhaku-vieraatkielet\/wp-content\/uploads\/sites\/63\/2022\/07\/TSB_hakuohje-300x169.png 300w, https:\/\/blogs.uef.fi\/tiedonhaku-vieraatkielet\/wp-content\/uploads\/sites\/63\/2022\/07\/TSB_hakuohje-1024x577.png 1024w, https:\/\/blogs.uef.fi\/tiedonhaku-vieraatkielet\/wp-content\/uploads\/sites\/63\/2022\/07\/TSB_hakuohje-768x433.png 768w, https:\/\/blogs.uef.fi\/tiedonhaku-vieraatkielet\/wp-content\/uploads\/sites\/63\/2022\/07\/TSB_hakuohje-1536x866.png 1536w\" sizes=\"auto, (max-width: 1912px) 100vw, 1912px\" \/><\/p>\n<p>&nbsp;<\/p>\n<p><span style=\"color: #000000\"><strong>Handbook of Translation Studies:<\/strong><\/span> Hakuteos, joka esittelee ja avaa k\u00e4\u00e4nt\u00e4miseen liittyvi\u00e4 kysymyksi\u00e4, traditioita ja metodeja.<\/p>\n<p><img loading=\"lazy\" decoding=\"async\" class=\"alignnone wp-image-400 size-full\" src=\"https:\/\/blogs.uef.fi\/tiedonhaku-vieraatkielet\/wp-content\/uploads\/sites\/63\/2015\/08\/handbook.jpg\" alt=\"Handbook of Translation Studies-hakuteoksen aloitusikkuna.\" width=\"999\" height=\"458\" srcset=\"https:\/\/blogs.uef.fi\/tiedonhaku-vieraatkielet\/wp-content\/uploads\/sites\/63\/2015\/08\/handbook.jpg 999w, https:\/\/blogs.uef.fi\/tiedonhaku-vieraatkielet\/wp-content\/uploads\/sites\/63\/2015\/08\/handbook-300x138.jpg 300w, https:\/\/blogs.uef.fi\/tiedonhaku-vieraatkielet\/wp-content\/uploads\/sites\/63\/2015\/08\/handbook-768x352.jpg 768w\" sizes=\"auto, (max-width: 999px) 100vw, 999px\" \/><\/p>\n<p>Joensuun kampuskirjastosta l\u00f6ytyy my\u00f6s k\u00e4\u00e4nn\u00f6stieteen painettu kirjakokoelma signumista P 81 (sali 3A, hylly 8).<\/p>\n<p>(P\u00e4ivitetty 8\/2022)<\/p>\n","protected":false},"excerpt":{"rendered":"<p>Edellisest\u00e4 kappaleesta &#8221;Kieli- ja kirjallisuustieteellisi\u00e4 tietokantoja kaikille kielten opiskelijoille&#8221; (avautuu uuteen ikkunaan) l\u00f6yd\u00e4t listan niist\u00e4 tietokannoista, joista kielenopiskelijan kannattaa tehd\u00e4 hakuja. K\u00e4\u00e4nn\u00f6stieteilij\u00e4lle on n\u00e4iden lis\u00e4ksi tarjolla my\u00f6s pelk\u00e4st\u00e4\u00e4n kielen k\u00e4\u00e4nt\u00e4miseen keskittyvi\u00e4 aineistoja. Alla olevat esimerkit l\u00f6yd\u00e4t UEF-Primosta (avautuu uuteen ikkunaan) kirjoittamalla tietokannan nimen joko UEF-Primon perushaun hakuikkunaan, tai valitsemalla v\u00e4lilehden &#8221;tietokantahaku&#8221;. Translation Studies Bibliography: K\u00e4\u00e4nn\u00f6stieteen [&hellip;]<\/p>\n","protected":false},"author":129,"featured_media":0,"parent":74,"menu_order":0,"comment_status":"closed","ping_status":"open","template":"","meta":{"_acf_changed":false,"footnotes":""},"class_list":["post-392","page","type-page","status-publish","hentry"],"acf":[],"yoast_head":"<!-- This site is optimized with the Yoast SEO plugin v27.3 - https:\/\/yoast.com\/product\/yoast-seo-wordpress\/ -->\n<title>Tietokantoja k\u00e4\u00e4nn\u00f6stieteen opiskelijalle - Vieraiden kielten tiedonhaku<\/title>\n<meta name=\"robots\" content=\"index, follow, max-snippet:-1, max-image-preview:large, max-video-preview:-1\" \/>\n<link rel=\"canonical\" href=\"https:\/\/blogs.uef.fi\/tiedonhaku-vieraatkielet\/tiedonlahteet\/tietokantoja-kaannostieteen-opiskelijalle\/\" \/>\n<meta property=\"og:locale\" content=\"fi_FI\" \/>\n<meta property=\"og:type\" content=\"article\" \/>\n<meta property=\"og:title\" content=\"Tietokantoja k\u00e4\u00e4nn\u00f6stieteen opiskelijalle - Vieraiden kielten tiedonhaku\" \/>\n<meta property=\"og:description\" content=\"Edellisest\u00e4 kappaleesta &#8221;Kieli- ja kirjallisuustieteellisi\u00e4 tietokantoja kaikille kielten opiskelijoille&#8221; (avautuu uuteen ikkunaan) l\u00f6yd\u00e4t listan niist\u00e4 tietokannoista, joista kielenopiskelijan kannattaa tehd\u00e4 hakuja. K\u00e4\u00e4nn\u00f6stieteilij\u00e4lle on n\u00e4iden lis\u00e4ksi tarjolla my\u00f6s pelk\u00e4st\u00e4\u00e4n kielen k\u00e4\u00e4nt\u00e4miseen keskittyvi\u00e4 aineistoja. Alla olevat esimerkit l\u00f6yd\u00e4t UEF-Primosta (avautuu uuteen ikkunaan) kirjoittamalla tietokannan nimen joko UEF-Primon perushaun hakuikkunaan, tai valitsemalla v\u00e4lilehden &#8221;tietokantahaku&#8221;. Translation Studies Bibliography: K\u00e4\u00e4nn\u00f6stieteen [&hellip;]\" \/>\n<meta property=\"og:url\" content=\"https:\/\/blogs.uef.fi\/tiedonhaku-vieraatkielet\/tiedonlahteet\/tietokantoja-kaannostieteen-opiskelijalle\/\" \/>\n<meta property=\"og:site_name\" content=\"Vieraiden kielten tiedonhaku\" \/>\n<meta property=\"article:modified_time\" content=\"2022-07-28T06:46:33+00:00\" \/>\n<meta property=\"og:image\" content=\"https:\/\/blogs.uef.fi\/tiedonhaku-vieraatkielet\/wp-content\/uploads\/sites\/63\/2022\/07\/TSB_hakuohje.png\" \/>\n<meta name=\"twitter:card\" content=\"summary_large_image\" \/>\n<meta name=\"twitter:label1\" content=\"Arvioitu lukuaika\" \/>\n\t<meta name=\"twitter:data1\" content=\"1 minuutti\" \/>\n<script type=\"application\/ld+json\" class=\"yoast-schema-graph\">{\"@context\":\"https:\\\/\\\/schema.org\",\"@graph\":[{\"@type\":\"WebPage\",\"@id\":\"https:\\\/\\\/blogs.uef.fi\\\/tiedonhaku-vieraatkielet\\\/tiedonlahteet\\\/tietokantoja-kaannostieteen-opiskelijalle\\\/\",\"url\":\"https:\\\/\\\/blogs.uef.fi\\\/tiedonhaku-vieraatkielet\\\/tiedonlahteet\\\/tietokantoja-kaannostieteen-opiskelijalle\\\/\",\"name\":\"Tietokantoja k\u00e4\u00e4nn\u00f6stieteen opiskelijalle - Vieraiden kielten tiedonhaku\",\"isPartOf\":{\"@id\":\"https:\\\/\\\/blogs.uef.fi\\\/tiedonhaku-vieraatkielet\\\/#website\"},\"primaryImageOfPage\":{\"@id\":\"https:\\\/\\\/blogs.uef.fi\\\/tiedonhaku-vieraatkielet\\\/tiedonlahteet\\\/tietokantoja-kaannostieteen-opiskelijalle\\\/#primaryimage\"},\"image\":{\"@id\":\"https:\\\/\\\/blogs.uef.fi\\\/tiedonhaku-vieraatkielet\\\/tiedonlahteet\\\/tietokantoja-kaannostieteen-opiskelijalle\\\/#primaryimage\"},\"thumbnailUrl\":\"https:\\\/\\\/blogs.uef.fi\\\/tiedonhaku-vieraatkielet\\\/wp-content\\\/uploads\\\/sites\\\/63\\\/2022\\\/07\\\/TSB_hakuohje.png\",\"datePublished\":\"2015-08-04T08:00:16+00:00\",\"dateModified\":\"2022-07-28T06:46:33+00:00\",\"breadcrumb\":{\"@id\":\"https:\\\/\\\/blogs.uef.fi\\\/tiedonhaku-vieraatkielet\\\/tiedonlahteet\\\/tietokantoja-kaannostieteen-opiskelijalle\\\/#breadcrumb\"},\"inLanguage\":\"fi\",\"potentialAction\":[{\"@type\":\"ReadAction\",\"target\":[\"https:\\\/\\\/blogs.uef.fi\\\/tiedonhaku-vieraatkielet\\\/tiedonlahteet\\\/tietokantoja-kaannostieteen-opiskelijalle\\\/\"]}]},{\"@type\":\"ImageObject\",\"inLanguage\":\"fi\",\"@id\":\"https:\\\/\\\/blogs.uef.fi\\\/tiedonhaku-vieraatkielet\\\/tiedonlahteet\\\/tietokantoja-kaannostieteen-opiskelijalle\\\/#primaryimage\",\"url\":\"https:\\\/\\\/blogs.uef.fi\\\/tiedonhaku-vieraatkielet\\\/wp-content\\\/uploads\\\/sites\\\/63\\\/2022\\\/07\\\/TSB_hakuohje.png\",\"contentUrl\":\"https:\\\/\\\/blogs.uef.fi\\\/tiedonhaku-vieraatkielet\\\/wp-content\\\/uploads\\\/sites\\\/63\\\/2022\\\/07\\\/TSB_hakuohje.png\",\"width\":1912,\"height\":1078,\"caption\":\"Translation studies bibligraphyn hakuominaisuuksia.\"},{\"@type\":\"BreadcrumbList\",\"@id\":\"https:\\\/\\\/blogs.uef.fi\\\/tiedonhaku-vieraatkielet\\\/tiedonlahteet\\\/tietokantoja-kaannostieteen-opiskelijalle\\\/#breadcrumb\",\"itemListElement\":[{\"@type\":\"ListItem\",\"position\":1,\"name\":\"Home\",\"item\":\"https:\\\/\\\/blogs.uef.fi\\\/tiedonhaku-vieraatkielet\\\/\"},{\"@type\":\"ListItem\",\"position\":2,\"name\":\"Hakukoneet\",\"item\":\"https:\\\/\\\/blogs.uef.fi\\\/tiedonhaku-vieraatkielet\\\/tiedonlahteet\\\/\"},{\"@type\":\"ListItem\",\"position\":3,\"name\":\"Tietokantoja k\u00e4\u00e4nn\u00f6stieteen opiskelijalle\"}]},{\"@type\":\"WebSite\",\"@id\":\"https:\\\/\\\/blogs.uef.fi\\\/tiedonhaku-vieraatkielet\\\/#website\",\"url\":\"https:\\\/\\\/blogs.uef.fi\\\/tiedonhaku-vieraatkielet\\\/\",\"name\":\"Vieraiden kielten tiedonhaku\",\"description\":\"\",\"potentialAction\":[{\"@type\":\"SearchAction\",\"target\":{\"@type\":\"EntryPoint\",\"urlTemplate\":\"https:\\\/\\\/blogs.uef.fi\\\/tiedonhaku-vieraatkielet\\\/?s={search_term_string}\"},\"query-input\":{\"@type\":\"PropertyValueSpecification\",\"valueRequired\":true,\"valueName\":\"search_term_string\"}}],\"inLanguage\":\"fi\"}]}<\/script>\n<!-- \/ Yoast SEO plugin. -->","yoast_head_json":{"title":"Tietokantoja k\u00e4\u00e4nn\u00f6stieteen opiskelijalle - Vieraiden kielten tiedonhaku","robots":{"index":"index","follow":"follow","max-snippet":"max-snippet:-1","max-image-preview":"max-image-preview:large","max-video-preview":"max-video-preview:-1"},"canonical":"https:\/\/blogs.uef.fi\/tiedonhaku-vieraatkielet\/tiedonlahteet\/tietokantoja-kaannostieteen-opiskelijalle\/","og_locale":"fi_FI","og_type":"article","og_title":"Tietokantoja k\u00e4\u00e4nn\u00f6stieteen opiskelijalle - Vieraiden kielten tiedonhaku","og_description":"Edellisest\u00e4 kappaleesta &#8221;Kieli- ja kirjallisuustieteellisi\u00e4 tietokantoja kaikille kielten opiskelijoille&#8221; (avautuu uuteen ikkunaan) l\u00f6yd\u00e4t listan niist\u00e4 tietokannoista, joista kielenopiskelijan kannattaa tehd\u00e4 hakuja. K\u00e4\u00e4nn\u00f6stieteilij\u00e4lle on n\u00e4iden lis\u00e4ksi tarjolla my\u00f6s pelk\u00e4st\u00e4\u00e4n kielen k\u00e4\u00e4nt\u00e4miseen keskittyvi\u00e4 aineistoja. Alla olevat esimerkit l\u00f6yd\u00e4t UEF-Primosta (avautuu uuteen ikkunaan) kirjoittamalla tietokannan nimen joko UEF-Primon perushaun hakuikkunaan, tai valitsemalla v\u00e4lilehden &#8221;tietokantahaku&#8221;. Translation Studies Bibliography: K\u00e4\u00e4nn\u00f6stieteen [&hellip;]","og_url":"https:\/\/blogs.uef.fi\/tiedonhaku-vieraatkielet\/tiedonlahteet\/tietokantoja-kaannostieteen-opiskelijalle\/","og_site_name":"Vieraiden kielten tiedonhaku","article_modified_time":"2022-07-28T06:46:33+00:00","og_image":[{"url":"https:\/\/blogs.uef.fi\/tiedonhaku-vieraatkielet\/wp-content\/uploads\/sites\/63\/2022\/07\/TSB_hakuohje.png","type":"","width":"","height":""}],"twitter_card":"summary_large_image","twitter_misc":{"Arvioitu lukuaika":"1 minuutti"},"schema":{"@context":"https:\/\/schema.org","@graph":[{"@type":"WebPage","@id":"https:\/\/blogs.uef.fi\/tiedonhaku-vieraatkielet\/tiedonlahteet\/tietokantoja-kaannostieteen-opiskelijalle\/","url":"https:\/\/blogs.uef.fi\/tiedonhaku-vieraatkielet\/tiedonlahteet\/tietokantoja-kaannostieteen-opiskelijalle\/","name":"Tietokantoja k\u00e4\u00e4nn\u00f6stieteen opiskelijalle - Vieraiden kielten tiedonhaku","isPartOf":{"@id":"https:\/\/blogs.uef.fi\/tiedonhaku-vieraatkielet\/#website"},"primaryImageOfPage":{"@id":"https:\/\/blogs.uef.fi\/tiedonhaku-vieraatkielet\/tiedonlahteet\/tietokantoja-kaannostieteen-opiskelijalle\/#primaryimage"},"image":{"@id":"https:\/\/blogs.uef.fi\/tiedonhaku-vieraatkielet\/tiedonlahteet\/tietokantoja-kaannostieteen-opiskelijalle\/#primaryimage"},"thumbnailUrl":"https:\/\/blogs.uef.fi\/tiedonhaku-vieraatkielet\/wp-content\/uploads\/sites\/63\/2022\/07\/TSB_hakuohje.png","datePublished":"2015-08-04T08:00:16+00:00","dateModified":"2022-07-28T06:46:33+00:00","breadcrumb":{"@id":"https:\/\/blogs.uef.fi\/tiedonhaku-vieraatkielet\/tiedonlahteet\/tietokantoja-kaannostieteen-opiskelijalle\/#breadcrumb"},"inLanguage":"fi","potentialAction":[{"@type":"ReadAction","target":["https:\/\/blogs.uef.fi\/tiedonhaku-vieraatkielet\/tiedonlahteet\/tietokantoja-kaannostieteen-opiskelijalle\/"]}]},{"@type":"ImageObject","inLanguage":"fi","@id":"https:\/\/blogs.uef.fi\/tiedonhaku-vieraatkielet\/tiedonlahteet\/tietokantoja-kaannostieteen-opiskelijalle\/#primaryimage","url":"https:\/\/blogs.uef.fi\/tiedonhaku-vieraatkielet\/wp-content\/uploads\/sites\/63\/2022\/07\/TSB_hakuohje.png","contentUrl":"https:\/\/blogs.uef.fi\/tiedonhaku-vieraatkielet\/wp-content\/uploads\/sites\/63\/2022\/07\/TSB_hakuohje.png","width":1912,"height":1078,"caption":"Translation studies bibligraphyn hakuominaisuuksia."},{"@type":"BreadcrumbList","@id":"https:\/\/blogs.uef.fi\/tiedonhaku-vieraatkielet\/tiedonlahteet\/tietokantoja-kaannostieteen-opiskelijalle\/#breadcrumb","itemListElement":[{"@type":"ListItem","position":1,"name":"Home","item":"https:\/\/blogs.uef.fi\/tiedonhaku-vieraatkielet\/"},{"@type":"ListItem","position":2,"name":"Hakukoneet","item":"https:\/\/blogs.uef.fi\/tiedonhaku-vieraatkielet\/tiedonlahteet\/"},{"@type":"ListItem","position":3,"name":"Tietokantoja k\u00e4\u00e4nn\u00f6stieteen opiskelijalle"}]},{"@type":"WebSite","@id":"https:\/\/blogs.uef.fi\/tiedonhaku-vieraatkielet\/#website","url":"https:\/\/blogs.uef.fi\/tiedonhaku-vieraatkielet\/","name":"Vieraiden kielten tiedonhaku","description":"","potentialAction":[{"@type":"SearchAction","target":{"@type":"EntryPoint","urlTemplate":"https:\/\/blogs.uef.fi\/tiedonhaku-vieraatkielet\/?s={search_term_string}"},"query-input":{"@type":"PropertyValueSpecification","valueRequired":true,"valueName":"search_term_string"}}],"inLanguage":"fi"}]}},"_links":{"self":[{"href":"https:\/\/blogs.uef.fi\/tiedonhaku-vieraatkielet\/wp-json\/wp\/v2\/pages\/392","targetHints":{"allow":["GET"]}}],"collection":[{"href":"https:\/\/blogs.uef.fi\/tiedonhaku-vieraatkielet\/wp-json\/wp\/v2\/pages"}],"about":[{"href":"https:\/\/blogs.uef.fi\/tiedonhaku-vieraatkielet\/wp-json\/wp\/v2\/types\/page"}],"author":[{"embeddable":true,"href":"https:\/\/blogs.uef.fi\/tiedonhaku-vieraatkielet\/wp-json\/wp\/v2\/users\/129"}],"replies":[{"embeddable":true,"href":"https:\/\/blogs.uef.fi\/tiedonhaku-vieraatkielet\/wp-json\/wp\/v2\/comments?post=392"}],"version-history":[{"count":2,"href":"https:\/\/blogs.uef.fi\/tiedonhaku-vieraatkielet\/wp-json\/wp\/v2\/pages\/392\/revisions"}],"predecessor-version":[{"id":2131,"href":"https:\/\/blogs.uef.fi\/tiedonhaku-vieraatkielet\/wp-json\/wp\/v2\/pages\/392\/revisions\/2131"}],"up":[{"embeddable":true,"href":"https:\/\/blogs.uef.fi\/tiedonhaku-vieraatkielet\/wp-json\/wp\/v2\/pages\/74"}],"wp:attachment":[{"href":"https:\/\/blogs.uef.fi\/tiedonhaku-vieraatkielet\/wp-json\/wp\/v2\/media?parent=392"}],"curies":[{"name":"wp","href":"https:\/\/api.w.org\/{rel}","templated":true}]}}