{"id":310,"date":"2015-06-16T09:15:10","date_gmt":"2015-06-16T09:15:10","guid":{"rendered":"https:\/\/ueflibrarylang.wordpress.com\/?page_id=310"},"modified":"2022-10-12T11:46:23","modified_gmt":"2022-10-12T08:46:23","slug":"tietokantoja-ruotsin-kielen-opiskelijalle","status":"publish","type":"page","link":"https:\/\/blogs.uef.fi\/tiedonhaku-vieraatkielet\/tiedonlahteet\/tietokantoja-ruotsin-kielen-opiskelijalle\/","title":{"rendered":"Tietokantoja ruotsin kielen opiskelijalle"},"content":{"rendered":"<p><a href=\"https:\/\/primo.uef.fi\/discovery\/search?vid=358FIN_UOEF:VU1&amp;lang=fi\" target=\"_blank\" rel=\"noopener noreferrer\">UEF-Primosta<\/a> (avautuu uuteen ikkunaan) l\u00f6ytyy useita kieli- ja kirjallisuustieteellisi\u00e4 tietokantoja. Osa tietokannoista keskittyy\u00a0 kielitieteeseen, osa kirjallisuuteen, ja osa tietokannoista on monitieteisi\u00e4 \u2013 niist\u00e4 l\u00f6ytyy kieli- ja kirjallisuustieteiden lis\u00e4ksi myos muita humanistisia tieteit\u00e4 (kts. kappale <a href=\"https:\/\/blogs.uef.fi\/tiedonhaku-vieraatkielet\/tiedonlahteet\/kieli-ja-kirjallisuustieteellisia-tietokantoja\/\" target=\"_blank\" rel=\"noopener noreferrer\">&#8221;Kieli- ja kirjallisuustieteellisi\u00e4 tietokantoja kaikille kielten opiskelijoille&#8221;<\/a>, linkki avautuu uuteen ikkunaan). Suurin osa kansainv\u00e4lisist\u00e4 tietokannoista on englanninkielisi\u00e4, mutta muista: <span style=\"color: #000000\">vaikka tietokannan k\u00e4ytt\u00f6liittym\u00e4 olisi englanninkielinen, sis\u00e4lt\u00e4\u00e4 tietokanta tutkimuksia useista eri maista ja useilla eri kielill\u00e4.<\/span> Kielen opiskelijalle l\u00f6ytyy my\u00f6s saksan-, ven\u00e4j\u00e4n- ja ruotsinkielisi\u00e4 tietokantoja, jotka sis\u00e4lt\u00e4v\u00e4t aineistoa vain kyseisill\u00e4 kielill\u00e4. Omaan tutkimusaiheeseen sopivat tietokannat l\u00f6ytyv\u00e4t vain kokeilemalla. Alla on esitelty muutama ruotsinkielinen tietokanta. L\u00e4hes kaikki niist\u00e4 l\u00f6ytyv\u00e4t avoimesta verkosta vaikkapa Googlella, tai alla olevista linkeist\u00e4.<\/p>\n<h3>Ruotsinkielisi\u00e4 tietokantoja<\/h3>\n<p><img loading=\"lazy\" decoding=\"async\" class=\"alignnone wp-image-556 size-full\" src=\"https:\/\/blogs.uef.fi\/tiedonhaku-vieraatkielet\/wp-content\/uploads\/sites\/63\/2015\/09\/swepub.png\" alt=\"Swepub-tietokannan etusivu.\" width=\"1047\" height=\"333\" srcset=\"https:\/\/blogs.uef.fi\/tiedonhaku-vieraatkielet\/wp-content\/uploads\/sites\/63\/2015\/09\/swepub.png 1047w, https:\/\/blogs.uef.fi\/tiedonhaku-vieraatkielet\/wp-content\/uploads\/sites\/63\/2015\/09\/swepub-300x95.png 300w, https:\/\/blogs.uef.fi\/tiedonhaku-vieraatkielet\/wp-content\/uploads\/sites\/63\/2015\/09\/swepub-768x244.png 768w, https:\/\/blogs.uef.fi\/tiedonhaku-vieraatkielet\/wp-content\/uploads\/sites\/63\/2015\/09\/swepub-1024x326.png 1024w\" sizes=\"auto, (max-width: 1047px) 100vw, 1047px\" \/><\/p>\n<p>Ruotsin Kansalliskirjaston yll\u00e4pit\u00e4m\u00e4 <span style=\"color: #000000\">SwePub-tietokanta<\/span> l\u00f6ytyy avoimesta verkosta osoitteesta <a href=\"http:\/\/swepub.kb.se\/\" target=\"_blank\" rel=\"noopener noreferrer\">http:\/\/swepub.kb.se\/\u00a0 (avautuu uuteen ikkunaan).<\/a><\/p>\n<blockquote><p>&#8221;SwePub ger dig m\u00f6jlighet att s\u00f6ka bland artiklar, konferensbidrag, avhandlingar m.m. som publicerats vid svenska l\u00e4ros\u00e4ten och myndigheter. Anv\u00e4nd SwePub f\u00f6r att f\u00e5 en \u00f6versikt av vad som skrivits inom ditt forskningsomr\u00e5de, f\u00e5 tag p\u00e5 fulltext, abstract och citeringar.&#8221; (http:\/\/swepub.kb.se\/help.jsp)<\/p><\/blockquote>\n<p><img loading=\"lazy\" decoding=\"async\" class=\"alignnone wp-image-559 size-full\" src=\"https:\/\/blogs.uef.fi\/tiedonhaku-vieraatkielet\/wp-content\/uploads\/sites\/63\/2015\/09\/diva.png\" alt=\"Diva-hakupalvelun etusivu.\" width=\"936\" height=\"500\" srcset=\"https:\/\/blogs.uef.fi\/tiedonhaku-vieraatkielet\/wp-content\/uploads\/sites\/63\/2015\/09\/diva.png 936w, https:\/\/blogs.uef.fi\/tiedonhaku-vieraatkielet\/wp-content\/uploads\/sites\/63\/2015\/09\/diva-300x160.png 300w, https:\/\/blogs.uef.fi\/tiedonhaku-vieraatkielet\/wp-content\/uploads\/sites\/63\/2015\/09\/diva-768x410.png 768w\" sizes=\"auto, (max-width: 936px) 100vw, 936px\" \/><\/p>\n<p><span style=\"color: #000000\">Digitala Veteskapliga Arkivet (DiVA)<\/span> l\u00f6ytyy avoimesta verkosta osoitteesta <a href=\"http:\/\/www.diva-portal.org\/smash\/search.jsf?dswid=4785\" target=\"_blank\" rel=\"noopener noreferrer\">http:\/\/www.diva-portal.org\/smash\/search.jsf?dswid=4785 (avautuu uuteen ikkunaan).<\/a><\/p>\n<blockquote><p>&#8221;DiVA, Digitala vetenskapliga arkivet, \u00e4r ett publiceringssystem f\u00f6r forskningspublikationer och studentuppsatser och ett digitalt arkiv f\u00f6r l\u00e5ngsiktig bevaring av publikationer. DiVA b\u00f6rjade utvecklas \u00e5r 2000 av EPC vid Uppsala universitetsbibliotek. Idag sker den tekniska utvecklingen av EPC i samr\u00e5d med \u00f6vriga medlemmar. DiVA-samarbetet \u00e4r \u00f6ppet f\u00f6r alla universitet\/offentligt finansierade forskningsinstitutioner och myndigheter b\u00e5de i Sverige och utomlands.&#8221; (http:\/\/www.diva-portal.org\/smash\/aboutdiva.jsf?dswid=4785&amp;faces-redirect=true&amp;language=sv)<\/p><\/blockquote>\n<p><img loading=\"lazy\" decoding=\"async\" class=\"alignnone wp-image-563 size-full\" src=\"https:\/\/blogs.uef.fi\/tiedonhaku-vieraatkielet\/wp-content\/uploads\/sites\/63\/2015\/09\/libris.png\" alt=\"Libris-tietokannan etusivu.\" width=\"998\" height=\"555\" srcset=\"https:\/\/blogs.uef.fi\/tiedonhaku-vieraatkielet\/wp-content\/uploads\/sites\/63\/2015\/09\/libris.png 998w, https:\/\/blogs.uef.fi\/tiedonhaku-vieraatkielet\/wp-content\/uploads\/sites\/63\/2015\/09\/libris-300x167.png 300w, https:\/\/blogs.uef.fi\/tiedonhaku-vieraatkielet\/wp-content\/uploads\/sites\/63\/2015\/09\/libris-768x427.png 768w\" sizes=\"auto, (max-width: 998px) 100vw, 998px\" \/><\/p>\n<p>Ruotsin Kansalliskirjaston tietokanta<span style=\"color: #000000\"> LIBRIS<\/span> sis\u00e4lt\u00e4\u00e4 viitteit\u00e4 niin tieteellisten kuin kunnallistenkin kirjastojen materiaalista (vrt. suomalainen Finna.fi). Libriksest\u00e4 l\u00f6ytyneit\u00e4 teoksia joutuu mets\u00e4st\u00e4m\u00e4\u00e4n joskus esim. oman kirjaston kaukopalvelun kautta. Libris l\u00f6ytyy avoimesta verkosta osoitteesta <a href=\"http:\/\/libris.kb.se\/\" target=\"_blank\" rel=\"noopener noreferrer\">http:\/\/libris.kb.se\/ (avautuu uuteen ikkunaan)<\/a><\/p>\n<p>UEF-Primon kautta l\u00f6ytyy<span style=\"color: #000000\"> Nationalencyklopedin<\/span>, Ruotsin suurimman tietosanakirjan verkkoversio. Se sis\u00e4lt\u00e4\u00e4 20-osaisen hakuteoksen lis\u00e4osineen sek\u00e4 sanakirjan. Nationalencyklopedin-palvelussa on yli 385 000 artikkelia, joiden joukossa on mm. henkil\u00f6artikkeleita, sanakirja-artikkeleita, englantilais-ruotsalainen sanakirja sek\u00e4 kuva-, \u00e4\u00e4ni- ja videoaineistoa. Nationalencyklopedin l\u00f6yd\u00e4t kirjoittamalla UEF-Primon hakuikkunaan tietokannan nimen.<\/p>\n<h3>Sanoma- ja aikakauslehti\u00e4<\/h3>\n<p><span style=\"color: #000000\">Ruotsalaisia sanomalehti\u00e4<\/span> l\u00f6yd\u00e4t PressReader-palvelusta. Lue lis\u00e4\u00e4 kappaleesta <a href=\"https:\/\/blogs.uef.fi\/tiedonhaku-vieraatkielet\/hakuesimerkkeja\/sanomalehtia-ulkomailta\/\" target=\"_blank\" rel=\"noopener noreferrer\">&#8221;Sanomalehti\u00e4 ulkomailta&#8221; (avautuu uuteen ikkunaan).<\/a><\/p>\n<p><span style=\"color: #008000\"><span style=\"color: #000000\">VINKKI: It\u00e4-Suomen yliopiston kirjaston UEF-PRIMO-hakupalvelua sek\u00e4 kansallista Finnaa (<a href=\"https:\/\/finna.fi\/\" target=\"_blank\" rel=\"noopener noreferrer\">finna.fi<\/a>, avautuu uuteen ikkunaan) ei kannata unohtaa l\u00e4hdemateriaalin haussa! K\u00e4yt\u00e4 hakukielen\u00e4 sek\u00e4 suomea, ett\u00e4 ruotsia\u00a0 &#8211; n\u00e4in saat kattavimman hakutuloksen.<\/span><\/span><strong><span style=\"color: #008000\"><br \/>\n<\/span><\/strong><\/p>\n<p>(p\u00e4ivitetty 10\/2022)<\/p>\n","protected":false},"excerpt":{"rendered":"<p>UEF-Primosta (avautuu uuteen ikkunaan) l\u00f6ytyy useita kieli- ja kirjallisuustieteellisi\u00e4 tietokantoja. Osa tietokannoista keskittyy\u00a0 kielitieteeseen, osa kirjallisuuteen, ja osa tietokannoista on monitieteisi\u00e4 \u2013 niist\u00e4 l\u00f6ytyy kieli- ja kirjallisuustieteiden lis\u00e4ksi myos muita humanistisia tieteit\u00e4 (kts. kappale &#8221;Kieli- ja kirjallisuustieteellisi\u00e4 tietokantoja kaikille kielten opiskelijoille&#8221;, linkki avautuu uuteen ikkunaan). Suurin osa kansainv\u00e4lisist\u00e4 tietokannoista on englanninkielisi\u00e4, mutta muista: vaikka tietokannan [&hellip;]<\/p>\n","protected":false},"author":129,"featured_media":0,"parent":74,"menu_order":0,"comment_status":"closed","ping_status":"open","template":"","meta":{"_acf_changed":false,"footnotes":""},"class_list":["post-310","page","type-page","status-publish","hentry"],"acf":[],"yoast_head":"<!-- This site is optimized with the Yoast SEO plugin v27.3 - https:\/\/yoast.com\/product\/yoast-seo-wordpress\/ -->\n<title>Tietokantoja ruotsin kielen opiskelijalle - Vieraiden kielten tiedonhaku<\/title>\n<meta name=\"robots\" content=\"index, follow, max-snippet:-1, max-image-preview:large, max-video-preview:-1\" \/>\n<link rel=\"canonical\" href=\"https:\/\/blogs.uef.fi\/tiedonhaku-vieraatkielet\/tiedonlahteet\/tietokantoja-ruotsin-kielen-opiskelijalle\/\" \/>\n<meta property=\"og:locale\" content=\"fi_FI\" \/>\n<meta property=\"og:type\" content=\"article\" \/>\n<meta property=\"og:title\" content=\"Tietokantoja ruotsin kielen opiskelijalle - Vieraiden kielten tiedonhaku\" \/>\n<meta property=\"og:description\" content=\"UEF-Primosta (avautuu uuteen ikkunaan) l\u00f6ytyy useita kieli- ja kirjallisuustieteellisi\u00e4 tietokantoja. Osa tietokannoista keskittyy\u00a0 kielitieteeseen, osa kirjallisuuteen, ja osa tietokannoista on monitieteisi\u00e4 \u2013 niist\u00e4 l\u00f6ytyy kieli- ja kirjallisuustieteiden lis\u00e4ksi myos muita humanistisia tieteit\u00e4 (kts. kappale &#8221;Kieli- ja kirjallisuustieteellisi\u00e4 tietokantoja kaikille kielten opiskelijoille&#8221;, linkki avautuu uuteen ikkunaan). Suurin osa kansainv\u00e4lisist\u00e4 tietokannoista on englanninkielisi\u00e4, mutta muista: vaikka tietokannan [&hellip;]\" \/>\n<meta property=\"og:url\" content=\"https:\/\/blogs.uef.fi\/tiedonhaku-vieraatkielet\/tiedonlahteet\/tietokantoja-ruotsin-kielen-opiskelijalle\/\" \/>\n<meta property=\"og:site_name\" content=\"Vieraiden kielten tiedonhaku\" \/>\n<meta property=\"article:modified_time\" content=\"2022-10-12T08:46:23+00:00\" \/>\n<meta property=\"og:image\" content=\"https:\/\/blogs.uef.fi\/tiedonhaku-vieraatkielet\/wp-content\/uploads\/sites\/63\/2015\/09\/swepub.png\" \/>\n<meta name=\"twitter:card\" content=\"summary_large_image\" \/>\n<meta name=\"twitter:label1\" content=\"Arvioitu lukuaika\" \/>\n\t<meta name=\"twitter:data1\" content=\"3 minuuttia\" \/>\n<script type=\"application\/ld+json\" class=\"yoast-schema-graph\">{\"@context\":\"https:\\\/\\\/schema.org\",\"@graph\":[{\"@type\":\"WebPage\",\"@id\":\"https:\\\/\\\/blogs.uef.fi\\\/tiedonhaku-vieraatkielet\\\/tiedonlahteet\\\/tietokantoja-ruotsin-kielen-opiskelijalle\\\/\",\"url\":\"https:\\\/\\\/blogs.uef.fi\\\/tiedonhaku-vieraatkielet\\\/tiedonlahteet\\\/tietokantoja-ruotsin-kielen-opiskelijalle\\\/\",\"name\":\"Tietokantoja ruotsin kielen opiskelijalle - Vieraiden kielten tiedonhaku\",\"isPartOf\":{\"@id\":\"https:\\\/\\\/blogs.uef.fi\\\/tiedonhaku-vieraatkielet\\\/#website\"},\"primaryImageOfPage\":{\"@id\":\"https:\\\/\\\/blogs.uef.fi\\\/tiedonhaku-vieraatkielet\\\/tiedonlahteet\\\/tietokantoja-ruotsin-kielen-opiskelijalle\\\/#primaryimage\"},\"image\":{\"@id\":\"https:\\\/\\\/blogs.uef.fi\\\/tiedonhaku-vieraatkielet\\\/tiedonlahteet\\\/tietokantoja-ruotsin-kielen-opiskelijalle\\\/#primaryimage\"},\"thumbnailUrl\":\"https:\\\/\\\/blogs.uef.fi\\\/tiedonhaku-vieraatkielet\\\/wp-content\\\/uploads\\\/sites\\\/63\\\/2015\\\/09\\\/swepub.png\",\"datePublished\":\"2015-06-16T09:15:10+00:00\",\"dateModified\":\"2022-10-12T08:46:23+00:00\",\"breadcrumb\":{\"@id\":\"https:\\\/\\\/blogs.uef.fi\\\/tiedonhaku-vieraatkielet\\\/tiedonlahteet\\\/tietokantoja-ruotsin-kielen-opiskelijalle\\\/#breadcrumb\"},\"inLanguage\":\"fi\",\"potentialAction\":[{\"@type\":\"ReadAction\",\"target\":[\"https:\\\/\\\/blogs.uef.fi\\\/tiedonhaku-vieraatkielet\\\/tiedonlahteet\\\/tietokantoja-ruotsin-kielen-opiskelijalle\\\/\"]}]},{\"@type\":\"ImageObject\",\"inLanguage\":\"fi\",\"@id\":\"https:\\\/\\\/blogs.uef.fi\\\/tiedonhaku-vieraatkielet\\\/tiedonlahteet\\\/tietokantoja-ruotsin-kielen-opiskelijalle\\\/#primaryimage\",\"url\":\"https:\\\/\\\/blogs.uef.fi\\\/tiedonhaku-vieraatkielet\\\/wp-content\\\/uploads\\\/sites\\\/63\\\/2015\\\/09\\\/swepub.png\",\"contentUrl\":\"https:\\\/\\\/blogs.uef.fi\\\/tiedonhaku-vieraatkielet\\\/wp-content\\\/uploads\\\/sites\\\/63\\\/2015\\\/09\\\/swepub.png\",\"width\":1047,\"height\":333,\"caption\":\"Swepub-tietokannan etusivu.\"},{\"@type\":\"BreadcrumbList\",\"@id\":\"https:\\\/\\\/blogs.uef.fi\\\/tiedonhaku-vieraatkielet\\\/tiedonlahteet\\\/tietokantoja-ruotsin-kielen-opiskelijalle\\\/#breadcrumb\",\"itemListElement\":[{\"@type\":\"ListItem\",\"position\":1,\"name\":\"Home\",\"item\":\"https:\\\/\\\/blogs.uef.fi\\\/tiedonhaku-vieraatkielet\\\/\"},{\"@type\":\"ListItem\",\"position\":2,\"name\":\"Hakukoneet\",\"item\":\"https:\\\/\\\/blogs.uef.fi\\\/tiedonhaku-vieraatkielet\\\/tiedonlahteet\\\/\"},{\"@type\":\"ListItem\",\"position\":3,\"name\":\"Tietokantoja ruotsin kielen opiskelijalle\"}]},{\"@type\":\"WebSite\",\"@id\":\"https:\\\/\\\/blogs.uef.fi\\\/tiedonhaku-vieraatkielet\\\/#website\",\"url\":\"https:\\\/\\\/blogs.uef.fi\\\/tiedonhaku-vieraatkielet\\\/\",\"name\":\"Vieraiden kielten tiedonhaku\",\"description\":\"\",\"potentialAction\":[{\"@type\":\"SearchAction\",\"target\":{\"@type\":\"EntryPoint\",\"urlTemplate\":\"https:\\\/\\\/blogs.uef.fi\\\/tiedonhaku-vieraatkielet\\\/?s={search_term_string}\"},\"query-input\":{\"@type\":\"PropertyValueSpecification\",\"valueRequired\":true,\"valueName\":\"search_term_string\"}}],\"inLanguage\":\"fi\"}]}<\/script>\n<!-- \/ Yoast SEO plugin. -->","yoast_head_json":{"title":"Tietokantoja ruotsin kielen opiskelijalle - Vieraiden kielten tiedonhaku","robots":{"index":"index","follow":"follow","max-snippet":"max-snippet:-1","max-image-preview":"max-image-preview:large","max-video-preview":"max-video-preview:-1"},"canonical":"https:\/\/blogs.uef.fi\/tiedonhaku-vieraatkielet\/tiedonlahteet\/tietokantoja-ruotsin-kielen-opiskelijalle\/","og_locale":"fi_FI","og_type":"article","og_title":"Tietokantoja ruotsin kielen opiskelijalle - Vieraiden kielten tiedonhaku","og_description":"UEF-Primosta (avautuu uuteen ikkunaan) l\u00f6ytyy useita kieli- ja kirjallisuustieteellisi\u00e4 tietokantoja. Osa tietokannoista keskittyy\u00a0 kielitieteeseen, osa kirjallisuuteen, ja osa tietokannoista on monitieteisi\u00e4 \u2013 niist\u00e4 l\u00f6ytyy kieli- ja kirjallisuustieteiden lis\u00e4ksi myos muita humanistisia tieteit\u00e4 (kts. kappale &#8221;Kieli- ja kirjallisuustieteellisi\u00e4 tietokantoja kaikille kielten opiskelijoille&#8221;, linkki avautuu uuteen ikkunaan). Suurin osa kansainv\u00e4lisist\u00e4 tietokannoista on englanninkielisi\u00e4, mutta muista: vaikka tietokannan [&hellip;]","og_url":"https:\/\/blogs.uef.fi\/tiedonhaku-vieraatkielet\/tiedonlahteet\/tietokantoja-ruotsin-kielen-opiskelijalle\/","og_site_name":"Vieraiden kielten tiedonhaku","article_modified_time":"2022-10-12T08:46:23+00:00","og_image":[{"url":"https:\/\/blogs.uef.fi\/tiedonhaku-vieraatkielet\/wp-content\/uploads\/sites\/63\/2015\/09\/swepub.png","type":"","width":"","height":""}],"twitter_card":"summary_large_image","twitter_misc":{"Arvioitu lukuaika":"3 minuuttia"},"schema":{"@context":"https:\/\/schema.org","@graph":[{"@type":"WebPage","@id":"https:\/\/blogs.uef.fi\/tiedonhaku-vieraatkielet\/tiedonlahteet\/tietokantoja-ruotsin-kielen-opiskelijalle\/","url":"https:\/\/blogs.uef.fi\/tiedonhaku-vieraatkielet\/tiedonlahteet\/tietokantoja-ruotsin-kielen-opiskelijalle\/","name":"Tietokantoja ruotsin kielen opiskelijalle - Vieraiden kielten tiedonhaku","isPartOf":{"@id":"https:\/\/blogs.uef.fi\/tiedonhaku-vieraatkielet\/#website"},"primaryImageOfPage":{"@id":"https:\/\/blogs.uef.fi\/tiedonhaku-vieraatkielet\/tiedonlahteet\/tietokantoja-ruotsin-kielen-opiskelijalle\/#primaryimage"},"image":{"@id":"https:\/\/blogs.uef.fi\/tiedonhaku-vieraatkielet\/tiedonlahteet\/tietokantoja-ruotsin-kielen-opiskelijalle\/#primaryimage"},"thumbnailUrl":"https:\/\/blogs.uef.fi\/tiedonhaku-vieraatkielet\/wp-content\/uploads\/sites\/63\/2015\/09\/swepub.png","datePublished":"2015-06-16T09:15:10+00:00","dateModified":"2022-10-12T08:46:23+00:00","breadcrumb":{"@id":"https:\/\/blogs.uef.fi\/tiedonhaku-vieraatkielet\/tiedonlahteet\/tietokantoja-ruotsin-kielen-opiskelijalle\/#breadcrumb"},"inLanguage":"fi","potentialAction":[{"@type":"ReadAction","target":["https:\/\/blogs.uef.fi\/tiedonhaku-vieraatkielet\/tiedonlahteet\/tietokantoja-ruotsin-kielen-opiskelijalle\/"]}]},{"@type":"ImageObject","inLanguage":"fi","@id":"https:\/\/blogs.uef.fi\/tiedonhaku-vieraatkielet\/tiedonlahteet\/tietokantoja-ruotsin-kielen-opiskelijalle\/#primaryimage","url":"https:\/\/blogs.uef.fi\/tiedonhaku-vieraatkielet\/wp-content\/uploads\/sites\/63\/2015\/09\/swepub.png","contentUrl":"https:\/\/blogs.uef.fi\/tiedonhaku-vieraatkielet\/wp-content\/uploads\/sites\/63\/2015\/09\/swepub.png","width":1047,"height":333,"caption":"Swepub-tietokannan etusivu."},{"@type":"BreadcrumbList","@id":"https:\/\/blogs.uef.fi\/tiedonhaku-vieraatkielet\/tiedonlahteet\/tietokantoja-ruotsin-kielen-opiskelijalle\/#breadcrumb","itemListElement":[{"@type":"ListItem","position":1,"name":"Home","item":"https:\/\/blogs.uef.fi\/tiedonhaku-vieraatkielet\/"},{"@type":"ListItem","position":2,"name":"Hakukoneet","item":"https:\/\/blogs.uef.fi\/tiedonhaku-vieraatkielet\/tiedonlahteet\/"},{"@type":"ListItem","position":3,"name":"Tietokantoja ruotsin kielen opiskelijalle"}]},{"@type":"WebSite","@id":"https:\/\/blogs.uef.fi\/tiedonhaku-vieraatkielet\/#website","url":"https:\/\/blogs.uef.fi\/tiedonhaku-vieraatkielet\/","name":"Vieraiden kielten tiedonhaku","description":"","potentialAction":[{"@type":"SearchAction","target":{"@type":"EntryPoint","urlTemplate":"https:\/\/blogs.uef.fi\/tiedonhaku-vieraatkielet\/?s={search_term_string}"},"query-input":{"@type":"PropertyValueSpecification","valueRequired":true,"valueName":"search_term_string"}}],"inLanguage":"fi"}]}},"_links":{"self":[{"href":"https:\/\/blogs.uef.fi\/tiedonhaku-vieraatkielet\/wp-json\/wp\/v2\/pages\/310","targetHints":{"allow":["GET"]}}],"collection":[{"href":"https:\/\/blogs.uef.fi\/tiedonhaku-vieraatkielet\/wp-json\/wp\/v2\/pages"}],"about":[{"href":"https:\/\/blogs.uef.fi\/tiedonhaku-vieraatkielet\/wp-json\/wp\/v2\/types\/page"}],"author":[{"embeddable":true,"href":"https:\/\/blogs.uef.fi\/tiedonhaku-vieraatkielet\/wp-json\/wp\/v2\/users\/129"}],"replies":[{"embeddable":true,"href":"https:\/\/blogs.uef.fi\/tiedonhaku-vieraatkielet\/wp-json\/wp\/v2\/comments?post=310"}],"version-history":[{"count":3,"href":"https:\/\/blogs.uef.fi\/tiedonhaku-vieraatkielet\/wp-json\/wp\/v2\/pages\/310\/revisions"}],"predecessor-version":[{"id":2138,"href":"https:\/\/blogs.uef.fi\/tiedonhaku-vieraatkielet\/wp-json\/wp\/v2\/pages\/310\/revisions\/2138"}],"up":[{"embeddable":true,"href":"https:\/\/blogs.uef.fi\/tiedonhaku-vieraatkielet\/wp-json\/wp\/v2\/pages\/74"}],"wp:attachment":[{"href":"https:\/\/blogs.uef.fi\/tiedonhaku-vieraatkielet\/wp-json\/wp\/v2\/media?parent=310"}],"curies":[{"name":"wp","href":"https:\/\/api.w.org\/{rel}","templated":true}]}}