{"id":232,"date":"2015-05-18T09:54:47","date_gmt":"2015-05-18T09:54:47","guid":{"rendered":"https:\/\/ueflibrarylang.wordpress.com\/?page_id=232"},"modified":"2024-09-06T14:48:31","modified_gmt":"2024-09-06T11:48:31","slug":"nelli-toimii-portaalina-tiedonlahteisiin","status":"publish","type":"page","link":"https:\/\/blogs.uef.fi\/tiedonhaku-vieraatkielet\/tiedonlahteet\/nelli-toimii-portaalina-tiedonlahteisiin\/","title":{"rendered":"UEF-Primon kautta eteenp\u00e4in"},"content":{"rendered":"\n<p><a href=\"https:\/\/primo.uef.fi\/discovery\/search?vid=358FIN_UOEF:VU1&amp;lang=fi\" target=\"_blank\" rel=\"noreferrer noopener\">UEF-Primo<\/a>&nbsp;(avautuu uuteen ikkunaan) on It\u00e4-Suomen yliopiston kirjaston painettujen ja s\u00e4hk\u00f6isten aineistojen hakupalvelu, jossa voit my\u00f6s uusia lainasi, tehd\u00e4 varauksia ja tallentaa omia suosikkejasi. UEF-Primon avulla saadaan kootusti esille kaikki kirjaston verkon v\u00e4lityksell\u00e4 tarjoamat aineistot: kirjallisuustietokannat, verkkolehdet, s\u00e4hk\u00f6kirjat, tietokannat ym. verkkoresurssit. Mukana on k\u00e4ytt\u00f6lisenssein hankitun verkkoaineiston lis\u00e4ksi my\u00f6s vapaasti verkosta saatavaa aineistoa. UEF-Primo sis\u00e4lt\u00e4\u00e4 sek\u00e4 kotimaista ett\u00e4 kansainv\u00e4list\u00e4 aineistoa.&nbsp;Muistathan, ett\u00e4 yliopistoverkon ulkopuolelta UEF-Primon aineistoihin p\u00e4\u00e4see k\u00e4siksi kirjautumalla Primoon&nbsp;omilla UEF-tunnuksilla \u2013 niill\u00e4 samoilla, joilla kirjaudutaan esim. Moodleen.<\/p>\n\n\n\n<h2 class=\"wp-block-heading\">Aineiston hakeminen oman kirjaston kokoelmista<\/h2>\n\n\n\n<p>Avaa UEF-Primon etusivulta&nbsp;<a href=\"https:\/\/primo.uef.fi\/discovery\/search?vid=358FIN_UOEF:VU1&amp;mode=advanced\" target=\"_blank\" rel=\"noreferrer noopener\">\u201dtarkennettu haku\u201d<\/a>&nbsp;(avautuu uuteen ikkunaan). Kirjoita hakusanasi hakuikkunoihin ja yhdist\u00e4 ne oikeilla operaatioilla. Primossa operaatio OR pit\u00e4\u00e4 kirjoittaa itse ja ISOLLA. Tarkista, ett\u00e4 olet valinnut yl\u00e4laidasta hakuryhm\u00e4n \u201dkirjaston kokoelmat\u201d. Hakukielin\u00e4 toimivat parhaiten suomi ja englanti: my\u00f6s muunkielisen kirjallisuuden haussa. Suomenkielisi\u00e4 hakusanoja kannattaa katkaista, sill\u00e4 Primo ei osaa taivuttaa suomen kielt\u00e4. Hakutuloksen voi rajata haluamaansa kieleen j\u00e4lkik\u00e4teen. <\/p>\n\n\n\n<figure class=\"wp-block-image size-large is-resized\"><img loading=\"lazy\" decoding=\"async\" width=\"1024\" height=\"609\" src=\"https:\/\/blogs.uef.fi\/tiedonhaku-vieraatkielet\/wp-content\/uploads\/sites\/63\/2023\/09\/kirjahaku_primossa-1024x609.png\" alt=\"UEF-Primossa tehty haku kirjaston kokoelmista hakulauseella (rasis* OR syrjin* OR racism) AND (korkeakoul* OR &quot;higher education&quot;).\" class=\"wp-image-2714\" style=\"width:768px;height:457px\" srcset=\"https:\/\/blogs.uef.fi\/tiedonhaku-vieraatkielet\/wp-content\/uploads\/sites\/63\/2023\/09\/kirjahaku_primossa-1024x609.png 1024w, https:\/\/blogs.uef.fi\/tiedonhaku-vieraatkielet\/wp-content\/uploads\/sites\/63\/2023\/09\/kirjahaku_primossa-300x178.png 300w, https:\/\/blogs.uef.fi\/tiedonhaku-vieraatkielet\/wp-content\/uploads\/sites\/63\/2023\/09\/kirjahaku_primossa-768x456.png 768w, https:\/\/blogs.uef.fi\/tiedonhaku-vieraatkielet\/wp-content\/uploads\/sites\/63\/2023\/09\/kirjahaku_primossa.png 1097w\" sizes=\"auto, (max-width: 1024px) 100vw, 1024px\" \/><\/figure>\n\n\n\n<h2 class=\"wp-block-heading\">Kansainv\u00e4listen artikkeleiden hakeminen<strong><\/strong><\/h2>\n\n\n\n<p>UEF-Primossa voit hakea l\u00e4hdemateriaalia omaan aiheeseesi useammasta kansainv\u00e4lisest\u00e4 tietokannasta yht\u00e4 aikaa. Avaa UEF-Primon etusivulta&nbsp;<a href=\"https:\/\/primo.uef.fi\/discovery\/search?vid=358FIN_UOEF:VU1&amp;mode=advanced\" target=\"_blank\" rel=\"noreferrer noopener\">\u201dtarkennettu haku\u201d<\/a>&nbsp;(avautuu uuteen ikkunaan), ja valitse hakuryhm\u00e4ksi \u201dkansainv\u00e4liset artikkelit\u201d. Hakulogiikka toimii samalla tavalla kuin yl\u00e4kuvassa: vaihtoehtoiset hakusanojen v\u00e4liin kirjoitetaan OR, ja hakusanat yhdistet\u00e4\u00e4n AND-operaattorilla. Hakukielen\u00e4 toimii parhaiten englanti. Suomen kielt\u00e4 ei kannata k\u00e4ytt\u00e4\u00e4, mutta ruotsia ja ven\u00e4j\u00e4\u00e4 voi kokeilla! Hakusanat voi kohdistaa eri kenttiin (esim. otsikkoon tai asiasanoihin eli aiheeseen). N\u00e4in haku tarkentuu. Muista my\u00f6s muut hakutekniset seikat: hakusana katkaistaan asteriskilla eli * merkill\u00e4, fraasit eli sanaliitot kirjoitetaan lainausmerkkien sis\u00e4lle. Fraasin sis\u00e4ll\u00e4 sanojen katkaiseminen toimii huonosti, joten sit\u00e4 kannattaa v\u00e4ltt\u00e4\u00e4.<\/p>\n\n\n\n<figure class=\"wp-block-image size-large\"><img loading=\"lazy\" decoding=\"async\" width=\"1024\" height=\"570\" src=\"https:\/\/blogs.uef.fi\/tiedonhaku-vieraatkielet\/wp-content\/uploads\/sites\/63\/2023\/09\/artikklelihaku_primossa-1024x570.png\" alt=\"Kv-artikkelihaku UEF-Primossa hakulauseella &quot;translation strategies&quot; AND (dubbing OR subtitl*) AND audiovisual.\" class=\"wp-image-2723\" srcset=\"https:\/\/blogs.uef.fi\/tiedonhaku-vieraatkielet\/wp-content\/uploads\/sites\/63\/2023\/09\/artikklelihaku_primossa-1024x570.png 1024w, https:\/\/blogs.uef.fi\/tiedonhaku-vieraatkielet\/wp-content\/uploads\/sites\/63\/2023\/09\/artikklelihaku_primossa-300x167.png 300w, https:\/\/blogs.uef.fi\/tiedonhaku-vieraatkielet\/wp-content\/uploads\/sites\/63\/2023\/09\/artikklelihaku_primossa-768x428.png 768w, https:\/\/blogs.uef.fi\/tiedonhaku-vieraatkielet\/wp-content\/uploads\/sites\/63\/2023\/09\/artikklelihaku_primossa.png 1210w\" sizes=\"auto, (max-width: 1024px) 100vw, 1024px\" \/><\/figure>\n\n\n\n<p>Hakutuloksia voi hyvin rajata j\u00e4lkik\u00e4teen: UEF-Primo kertoo sinulle esimerkiksi sen, mill\u00e4 kielell\u00e4 tuloksia l\u00f6ytyi ja ovatko tulokset saatavina kokotekstein\u00e4.<\/p>\n\n\n\n<p>Kotimaisia artikkeleita l\u00f6ytyy Primon kautta toistaiseksi melko v\u00e4h\u00e4n. Niit\u00e4 kannattaa hakea kansallisesta Finnasta, josta kerrotaan seuraavassa osiossa.<\/p>\n\n\n\n<h2 class=\"wp-block-heading\">Oman alan tietokannan etsiminen<\/h2>\n\n\n\n<p>UEF-Primon kautta p\u00e4\u00e4set oman alasi tietokantoihin. Valitse Primon etusivulta yl\u00e4laidasta v\u00e4lilehti&nbsp;<a href=\"https:\/\/primo.uef.fi\/discovery\/dbsearch?vid=358FIN_UOEF:VU1\" target=\"_blank\" rel=\"noreferrer noopener\">\u201dtietokantahaku\u201d<\/a>&nbsp;(avautuu uuteen ikkunaan):<\/p>\n\n\n\n<figure class=\"wp-block-image size-large\"><img loading=\"lazy\" decoding=\"async\" width=\"1024\" height=\"572\" src=\"https:\/\/blogs.uef.fi\/tiedonhaku-vieraatkielet\/wp-content\/uploads\/sites\/63\/2023\/09\/tietokantahaku-1024x572.png\" alt=\"UEF-Primon v\u00e4lilehdelt\u00e4 l\u00f6ytyy tietokantahaku,\" class=\"wp-image-2726\" srcset=\"https:\/\/blogs.uef.fi\/tiedonhaku-vieraatkielet\/wp-content\/uploads\/sites\/63\/2023\/09\/tietokantahaku-1024x572.png 1024w, https:\/\/blogs.uef.fi\/tiedonhaku-vieraatkielet\/wp-content\/uploads\/sites\/63\/2023\/09\/tietokantahaku-300x167.png 300w, https:\/\/blogs.uef.fi\/tiedonhaku-vieraatkielet\/wp-content\/uploads\/sites\/63\/2023\/09\/tietokantahaku-768x429.png 768w, https:\/\/blogs.uef.fi\/tiedonhaku-vieraatkielet\/wp-content\/uploads\/sites\/63\/2023\/09\/tietokantahaku.png 1394w\" sizes=\"auto, (max-width: 1024px) 100vw, 1024px\" \/><\/figure>\n\n\n\n<p>Avautuvasta listasta voit valita oman alasi tietokannan. Jos tied\u00e4t tietokannan nimen, voit kirjoittaa sen suoraan UEF-Primon hakuikkunaan (esim. Integrum). Tietokannat ja muut elektroniset aineistot toimivat, kun olet kirjautunut UEF-Primoon omilla UEF-tunnuksillasi.<\/p>\n\n\n\n<p><a href=\"https:\/\/www.uef.fi\/fi\/kirjasto\/uef-primon-kayttoohjeet\" target=\"_blank\" rel=\"noreferrer noopener\">UEF-Primon k\u00e4ytt\u00f6ohjeet<\/a>\u00a0(linkki avautuu uuteen ikkunaan) l\u00f6ytyv\u00e4t aina UEF-Primon etusivulta.<\/p>\n\n\n\n<p>(p\u00e4ivitetty 3\/2024)<\/p>\n\n\n\n<p>Siirry seuraavaan osioon <a href=\"https:\/\/blogs.uef.fi\/tiedonhaku-vieraatkielet\/hakupaikkana-kansallinen-finna\/\">Hakupaikkana kansallinen Finna<\/a><\/p>\n","protected":false},"excerpt":{"rendered":"<p>UEF-Primo&nbsp;(avautuu uuteen ikkunaan) on It\u00e4-Suomen yliopiston kirjaston painettujen ja s\u00e4hk\u00f6isten aineistojen hakupalvelu, jossa voit my\u00f6s uusia lainasi, tehd\u00e4 varauksia ja tallentaa omia suosikkejasi. UEF-Primon avulla saadaan kootusti esille kaikki kirjaston verkon v\u00e4lityksell\u00e4 tarjoamat aineistot: kirjallisuustietokannat, verkkolehdet, s\u00e4hk\u00f6kirjat, tietokannat ym. verkkoresurssit. Mukana on k\u00e4ytt\u00f6lisenssein hankitun verkkoaineiston lis\u00e4ksi my\u00f6s vapaasti verkosta saatavaa aineistoa. UEF-Primo sis\u00e4lt\u00e4\u00e4 sek\u00e4 kotimaista [&hellip;]<\/p>\n","protected":false},"author":129,"featured_media":0,"parent":74,"menu_order":0,"comment_status":"closed","ping_status":"open","template":"","meta":{"_acf_changed":false,"footnotes":""},"class_list":["post-232","page","type-page","status-publish","hentry"],"acf":[],"yoast_head":"<!-- This site is optimized with the Yoast SEO plugin v27.3 - https:\/\/yoast.com\/product\/yoast-seo-wordpress\/ -->\n<title>UEF-Primon kautta eteenp\u00e4in - Vieraiden kielten tiedonhaku<\/title>\n<meta name=\"robots\" content=\"index, follow, max-snippet:-1, max-image-preview:large, max-video-preview:-1\" \/>\n<link rel=\"canonical\" href=\"https:\/\/blogs.uef.fi\/tiedonhaku-vieraatkielet\/tiedonlahteet\/nelli-toimii-portaalina-tiedonlahteisiin\/\" \/>\n<meta property=\"og:locale\" content=\"fi_FI\" \/>\n<meta property=\"og:type\" content=\"article\" \/>\n<meta property=\"og:title\" content=\"UEF-Primon kautta eteenp\u00e4in - Vieraiden kielten tiedonhaku\" \/>\n<meta property=\"og:description\" content=\"UEF-Primo&nbsp;(avautuu uuteen ikkunaan) on It\u00e4-Suomen yliopiston kirjaston painettujen ja s\u00e4hk\u00f6isten aineistojen hakupalvelu, jossa voit my\u00f6s uusia lainasi, tehd\u00e4 varauksia ja tallentaa omia suosikkejasi. UEF-Primon avulla saadaan kootusti esille kaikki kirjaston verkon v\u00e4lityksell\u00e4 tarjoamat aineistot: kirjallisuustietokannat, verkkolehdet, s\u00e4hk\u00f6kirjat, tietokannat ym. verkkoresurssit. Mukana on k\u00e4ytt\u00f6lisenssein hankitun verkkoaineiston lis\u00e4ksi my\u00f6s vapaasti verkosta saatavaa aineistoa. UEF-Primo sis\u00e4lt\u00e4\u00e4 sek\u00e4 kotimaista [&hellip;]\" \/>\n<meta property=\"og:url\" content=\"https:\/\/blogs.uef.fi\/tiedonhaku-vieraatkielet\/tiedonlahteet\/nelli-toimii-portaalina-tiedonlahteisiin\/\" \/>\n<meta property=\"og:site_name\" content=\"Vieraiden kielten tiedonhaku\" \/>\n<meta property=\"article:modified_time\" content=\"2024-09-06T11:48:31+00:00\" \/>\n<meta property=\"og:image\" content=\"https:\/\/blogs.uef.fi\/tiedonhaku-vieraatkielet\/wp-content\/uploads\/sites\/63\/2023\/09\/kirjahaku_primossa-1024x609.png\" \/>\n<meta name=\"twitter:card\" content=\"summary_large_image\" \/>\n<meta name=\"twitter:label1\" content=\"Arvioitu lukuaika\" \/>\n\t<meta name=\"twitter:data1\" content=\"3 minuuttia\" \/>\n<script type=\"application\/ld+json\" class=\"yoast-schema-graph\">{\"@context\":\"https:\\\/\\\/schema.org\",\"@graph\":[{\"@type\":\"WebPage\",\"@id\":\"https:\\\/\\\/blogs.uef.fi\\\/tiedonhaku-vieraatkielet\\\/tiedonlahteet\\\/nelli-toimii-portaalina-tiedonlahteisiin\\\/\",\"url\":\"https:\\\/\\\/blogs.uef.fi\\\/tiedonhaku-vieraatkielet\\\/tiedonlahteet\\\/nelli-toimii-portaalina-tiedonlahteisiin\\\/\",\"name\":\"UEF-Primon kautta eteenp\u00e4in - Vieraiden kielten tiedonhaku\",\"isPartOf\":{\"@id\":\"https:\\\/\\\/blogs.uef.fi\\\/tiedonhaku-vieraatkielet\\\/#website\"},\"primaryImageOfPage\":{\"@id\":\"https:\\\/\\\/blogs.uef.fi\\\/tiedonhaku-vieraatkielet\\\/tiedonlahteet\\\/nelli-toimii-portaalina-tiedonlahteisiin\\\/#primaryimage\"},\"image\":{\"@id\":\"https:\\\/\\\/blogs.uef.fi\\\/tiedonhaku-vieraatkielet\\\/tiedonlahteet\\\/nelli-toimii-portaalina-tiedonlahteisiin\\\/#primaryimage\"},\"thumbnailUrl\":\"https:\\\/\\\/blogs.uef.fi\\\/tiedonhaku-vieraatkielet\\\/wp-content\\\/uploads\\\/sites\\\/63\\\/2023\\\/09\\\/kirjahaku_primossa-1024x609.png\",\"datePublished\":\"2015-05-18T09:54:47+00:00\",\"dateModified\":\"2024-09-06T11:48:31+00:00\",\"breadcrumb\":{\"@id\":\"https:\\\/\\\/blogs.uef.fi\\\/tiedonhaku-vieraatkielet\\\/tiedonlahteet\\\/nelli-toimii-portaalina-tiedonlahteisiin\\\/#breadcrumb\"},\"inLanguage\":\"fi\",\"potentialAction\":[{\"@type\":\"ReadAction\",\"target\":[\"https:\\\/\\\/blogs.uef.fi\\\/tiedonhaku-vieraatkielet\\\/tiedonlahteet\\\/nelli-toimii-portaalina-tiedonlahteisiin\\\/\"]}]},{\"@type\":\"ImageObject\",\"inLanguage\":\"fi\",\"@id\":\"https:\\\/\\\/blogs.uef.fi\\\/tiedonhaku-vieraatkielet\\\/tiedonlahteet\\\/nelli-toimii-portaalina-tiedonlahteisiin\\\/#primaryimage\",\"url\":\"https:\\\/\\\/blogs.uef.fi\\\/tiedonhaku-vieraatkielet\\\/wp-content\\\/uploads\\\/sites\\\/63\\\/2023\\\/09\\\/kirjahaku_primossa.png\",\"contentUrl\":\"https:\\\/\\\/blogs.uef.fi\\\/tiedonhaku-vieraatkielet\\\/wp-content\\\/uploads\\\/sites\\\/63\\\/2023\\\/09\\\/kirjahaku_primossa.png\",\"width\":1097,\"height\":652,\"caption\":\"UEF-Primossa tehty haku kirjaston kokoelmista hakulauseella (rasis* OR syrjin* OR racism) AND (korkeakoul* OR \\\"higher education\\\").\"},{\"@type\":\"BreadcrumbList\",\"@id\":\"https:\\\/\\\/blogs.uef.fi\\\/tiedonhaku-vieraatkielet\\\/tiedonlahteet\\\/nelli-toimii-portaalina-tiedonlahteisiin\\\/#breadcrumb\",\"itemListElement\":[{\"@type\":\"ListItem\",\"position\":1,\"name\":\"Home\",\"item\":\"https:\\\/\\\/blogs.uef.fi\\\/tiedonhaku-vieraatkielet\\\/\"},{\"@type\":\"ListItem\",\"position\":2,\"name\":\"Hakukoneet\",\"item\":\"https:\\\/\\\/blogs.uef.fi\\\/tiedonhaku-vieraatkielet\\\/tiedonlahteet\\\/\"},{\"@type\":\"ListItem\",\"position\":3,\"name\":\"UEF-Primon kautta eteenp\u00e4in\"}]},{\"@type\":\"WebSite\",\"@id\":\"https:\\\/\\\/blogs.uef.fi\\\/tiedonhaku-vieraatkielet\\\/#website\",\"url\":\"https:\\\/\\\/blogs.uef.fi\\\/tiedonhaku-vieraatkielet\\\/\",\"name\":\"Vieraiden kielten tiedonhaku\",\"description\":\"\",\"potentialAction\":[{\"@type\":\"SearchAction\",\"target\":{\"@type\":\"EntryPoint\",\"urlTemplate\":\"https:\\\/\\\/blogs.uef.fi\\\/tiedonhaku-vieraatkielet\\\/?s={search_term_string}\"},\"query-input\":{\"@type\":\"PropertyValueSpecification\",\"valueRequired\":true,\"valueName\":\"search_term_string\"}}],\"inLanguage\":\"fi\"}]}<\/script>\n<!-- \/ Yoast SEO plugin. -->","yoast_head_json":{"title":"UEF-Primon kautta eteenp\u00e4in - Vieraiden kielten tiedonhaku","robots":{"index":"index","follow":"follow","max-snippet":"max-snippet:-1","max-image-preview":"max-image-preview:large","max-video-preview":"max-video-preview:-1"},"canonical":"https:\/\/blogs.uef.fi\/tiedonhaku-vieraatkielet\/tiedonlahteet\/nelli-toimii-portaalina-tiedonlahteisiin\/","og_locale":"fi_FI","og_type":"article","og_title":"UEF-Primon kautta eteenp\u00e4in - Vieraiden kielten tiedonhaku","og_description":"UEF-Primo&nbsp;(avautuu uuteen ikkunaan) on It\u00e4-Suomen yliopiston kirjaston painettujen ja s\u00e4hk\u00f6isten aineistojen hakupalvelu, jossa voit my\u00f6s uusia lainasi, tehd\u00e4 varauksia ja tallentaa omia suosikkejasi. UEF-Primon avulla saadaan kootusti esille kaikki kirjaston verkon v\u00e4lityksell\u00e4 tarjoamat aineistot: kirjallisuustietokannat, verkkolehdet, s\u00e4hk\u00f6kirjat, tietokannat ym. verkkoresurssit. Mukana on k\u00e4ytt\u00f6lisenssein hankitun verkkoaineiston lis\u00e4ksi my\u00f6s vapaasti verkosta saatavaa aineistoa. UEF-Primo sis\u00e4lt\u00e4\u00e4 sek\u00e4 kotimaista [&hellip;]","og_url":"https:\/\/blogs.uef.fi\/tiedonhaku-vieraatkielet\/tiedonlahteet\/nelli-toimii-portaalina-tiedonlahteisiin\/","og_site_name":"Vieraiden kielten tiedonhaku","article_modified_time":"2024-09-06T11:48:31+00:00","og_image":[{"url":"https:\/\/blogs.uef.fi\/tiedonhaku-vieraatkielet\/wp-content\/uploads\/sites\/63\/2023\/09\/kirjahaku_primossa-1024x609.png","type":"","width":"","height":""}],"twitter_card":"summary_large_image","twitter_misc":{"Arvioitu lukuaika":"3 minuuttia"},"schema":{"@context":"https:\/\/schema.org","@graph":[{"@type":"WebPage","@id":"https:\/\/blogs.uef.fi\/tiedonhaku-vieraatkielet\/tiedonlahteet\/nelli-toimii-portaalina-tiedonlahteisiin\/","url":"https:\/\/blogs.uef.fi\/tiedonhaku-vieraatkielet\/tiedonlahteet\/nelli-toimii-portaalina-tiedonlahteisiin\/","name":"UEF-Primon kautta eteenp\u00e4in - Vieraiden kielten tiedonhaku","isPartOf":{"@id":"https:\/\/blogs.uef.fi\/tiedonhaku-vieraatkielet\/#website"},"primaryImageOfPage":{"@id":"https:\/\/blogs.uef.fi\/tiedonhaku-vieraatkielet\/tiedonlahteet\/nelli-toimii-portaalina-tiedonlahteisiin\/#primaryimage"},"image":{"@id":"https:\/\/blogs.uef.fi\/tiedonhaku-vieraatkielet\/tiedonlahteet\/nelli-toimii-portaalina-tiedonlahteisiin\/#primaryimage"},"thumbnailUrl":"https:\/\/blogs.uef.fi\/tiedonhaku-vieraatkielet\/wp-content\/uploads\/sites\/63\/2023\/09\/kirjahaku_primossa-1024x609.png","datePublished":"2015-05-18T09:54:47+00:00","dateModified":"2024-09-06T11:48:31+00:00","breadcrumb":{"@id":"https:\/\/blogs.uef.fi\/tiedonhaku-vieraatkielet\/tiedonlahteet\/nelli-toimii-portaalina-tiedonlahteisiin\/#breadcrumb"},"inLanguage":"fi","potentialAction":[{"@type":"ReadAction","target":["https:\/\/blogs.uef.fi\/tiedonhaku-vieraatkielet\/tiedonlahteet\/nelli-toimii-portaalina-tiedonlahteisiin\/"]}]},{"@type":"ImageObject","inLanguage":"fi","@id":"https:\/\/blogs.uef.fi\/tiedonhaku-vieraatkielet\/tiedonlahteet\/nelli-toimii-portaalina-tiedonlahteisiin\/#primaryimage","url":"https:\/\/blogs.uef.fi\/tiedonhaku-vieraatkielet\/wp-content\/uploads\/sites\/63\/2023\/09\/kirjahaku_primossa.png","contentUrl":"https:\/\/blogs.uef.fi\/tiedonhaku-vieraatkielet\/wp-content\/uploads\/sites\/63\/2023\/09\/kirjahaku_primossa.png","width":1097,"height":652,"caption":"UEF-Primossa tehty haku kirjaston kokoelmista hakulauseella (rasis* OR syrjin* OR racism) AND (korkeakoul* OR \"higher education\")."},{"@type":"BreadcrumbList","@id":"https:\/\/blogs.uef.fi\/tiedonhaku-vieraatkielet\/tiedonlahteet\/nelli-toimii-portaalina-tiedonlahteisiin\/#breadcrumb","itemListElement":[{"@type":"ListItem","position":1,"name":"Home","item":"https:\/\/blogs.uef.fi\/tiedonhaku-vieraatkielet\/"},{"@type":"ListItem","position":2,"name":"Hakukoneet","item":"https:\/\/blogs.uef.fi\/tiedonhaku-vieraatkielet\/tiedonlahteet\/"},{"@type":"ListItem","position":3,"name":"UEF-Primon kautta eteenp\u00e4in"}]},{"@type":"WebSite","@id":"https:\/\/blogs.uef.fi\/tiedonhaku-vieraatkielet\/#website","url":"https:\/\/blogs.uef.fi\/tiedonhaku-vieraatkielet\/","name":"Vieraiden kielten tiedonhaku","description":"","potentialAction":[{"@type":"SearchAction","target":{"@type":"EntryPoint","urlTemplate":"https:\/\/blogs.uef.fi\/tiedonhaku-vieraatkielet\/?s={search_term_string}"},"query-input":{"@type":"PropertyValueSpecification","valueRequired":true,"valueName":"search_term_string"}}],"inLanguage":"fi"}]}},"_links":{"self":[{"href":"https:\/\/blogs.uef.fi\/tiedonhaku-vieraatkielet\/wp-json\/wp\/v2\/pages\/232","targetHints":{"allow":["GET"]}}],"collection":[{"href":"https:\/\/blogs.uef.fi\/tiedonhaku-vieraatkielet\/wp-json\/wp\/v2\/pages"}],"about":[{"href":"https:\/\/blogs.uef.fi\/tiedonhaku-vieraatkielet\/wp-json\/wp\/v2\/types\/page"}],"author":[{"embeddable":true,"href":"https:\/\/blogs.uef.fi\/tiedonhaku-vieraatkielet\/wp-json\/wp\/v2\/users\/129"}],"replies":[{"embeddable":true,"href":"https:\/\/blogs.uef.fi\/tiedonhaku-vieraatkielet\/wp-json\/wp\/v2\/comments?post=232"}],"version-history":[{"count":1,"href":"https:\/\/blogs.uef.fi\/tiedonhaku-vieraatkielet\/wp-json\/wp\/v2\/pages\/232\/revisions"}],"predecessor-version":[{"id":2968,"href":"https:\/\/blogs.uef.fi\/tiedonhaku-vieraatkielet\/wp-json\/wp\/v2\/pages\/232\/revisions\/2968"}],"up":[{"embeddable":true,"href":"https:\/\/blogs.uef.fi\/tiedonhaku-vieraatkielet\/wp-json\/wp\/v2\/pages\/74"}],"wp:attachment":[{"href":"https:\/\/blogs.uef.fi\/tiedonhaku-vieraatkielet\/wp-json\/wp\/v2\/media?parent=232"}],"curies":[{"name":"wp","href":"https:\/\/api.w.org\/{rel}","templated":true}]}}