{"id":227,"date":"2015-05-18T09:35:19","date_gmt":"2015-05-18T09:35:19","guid":{"rendered":"https:\/\/ueflibrarylang.wordpress.com\/?page_id=227"},"modified":"2024-01-05T14:33:32","modified_gmt":"2024-01-05T12:33:32","slug":"lainsaadannon-ja-tilastotietojen-haku","status":"publish","type":"page","link":"https:\/\/blogs.uef.fi\/tiedonhaku-vieraatkielet\/hakuesimerkkeja\/lainsaadannon-ja-tilastotietojen-haku\/","title":{"rendered":"Lains\u00e4\u00e4d\u00e4nn\u00f6n ja tilastotietojen haku"},"content":{"rendered":"\n<h2 class=\"wp-block-heading\">Lains\u00e4\u00e4d\u00e4nt\u00f6<\/h2>\n\n\n\n<p><a href=\"https:\/\/www.finlex.fi\/fi\/\" target=\"_blank\" rel=\"noreferrer noopener\">FINLEX<\/a> (avautuu uuteen ikkunaan) Suomen s\u00e4\u00e4d\u00f6skokoelma (lait, asetukset, p\u00e4\u00e4t\u00f6kset), valtiosopimukset, s\u00e4\u00e4d\u00f6sk\u00e4\u00e4nn\u00f6kset sek\u00e4 korkeimman oikeuden ja korkeimman hallinto-oikeuden ennakkop\u00e4\u00e4t\u00f6kset. FINLEX on julkinen ja kaikille avoin.<\/p>\n\n\n\n<p><a href=\"https:\/\/primo.uef.fi\/permalink\/358FIN_UOEF\/mhajq\/alma9911698823705966\" target=\"_blank\" rel=\"noreferrer noopener\">EDILEX <\/a>(avautuu uuteen ikkunaan) Avaa UEF-Primon kautta.<br>Lains\u00e4\u00e4d\u00e4nn\u00f6n tietopalvelu, joka kokoaa kaiken Suomessa julkaistun lakitiedon yhteen osoitteeseen. P\u00e4\u00e4llekk\u00e4ist\u00e4 Finlexin kanssa, mutta sis\u00e4lt\u00e4\u00e4 my\u00f6s esim. asiantuntijoiden artikkeleita ja oikeudellisia lehti\u00e4 (Lakimies, Defensor Legis) sek\u00e4 Lakikielen sanakirjan.<\/p>\n\n\n\n<p><a href=\"https:\/\/eur-lex.europa.eu\/homepage.html?locale=fi\" target=\"_blank\" rel=\"noreferrer noopener\">EUR-Lex<\/a> (avautuu uuteen ikkunaan) Tietoa Euroopan unionin lains\u00e4\u00e4d\u00e4nn\u00f6st\u00e4 ja muista julkisista asiakirjoista, mm. Euroopan yhteis\u00f6jen virallisen lehden L- ja C-sarjat. EUR-Lex on julkinen ja kaikille avoin.<br><\/p>\n\n\n\n<h2 class=\"wp-block-heading\">Tilastotietoja<\/h2>\n\n\n\n<p>Lue tilastotiedon hausta ja k\u00e4yt\u00f6st\u00e4: <a href=\"https:\/\/stat.fi\/tup\/opi-tilastoista\/index.html\" target=\"_blank\" rel=\"noreferrer noopener\">Tilastokeskuksen verkkokoulu<\/a> (avautuu uuteen ikkunaan)<\/p>\n\n\n\n<p><a href=\"https:\/\/www.doria.fi\/handle\/10024\/67152\" target=\"_blank\" rel=\"noreferrer noopener\">Suomen tilastollinen vuosikirja<\/a> (avautuu uuteen ikkunaan). P\u00e4\u00e4sy my\u00f6s uusimpaan vuosikirjaan, tilastot Excel-taulukoina.<\/p>\n\n\n\n<p><a href=\"https:\/\/www.stat.fi\/tup\/statfin\/index.html\" target=\"_blank\" rel=\"noreferrer noopener\">StatFin-tilastotietokanta<\/a> (avautuu uuteen ikkunaan)<br>Tilastokeskuksen tilastotietokanta l\u00e4hes kaikilta yhteiskunnan aloilta. Kaikille avoin.<\/p>\n\n\n\n<p><a href=\"https:\/\/tulli.fi\/tilastot\" target=\"_blank\" rel=\"noreferrer noopener\">Ulkomaankauppatilastot<\/a> (Tulli) (avautuu uuteen ikkunaan)<br>Ulkomaankauppatilasto kuvaa Suomen ja muiden EU-j\u00e4senvaltioiden ja Suomen ja kolmansien maiden v\u00e4list\u00e4 tavarakauppaa. Ulkomaankauppatilasto on virallinen tietol\u00e4hde Suomen tuonnista, viennist\u00e4 ja kauppataseesta.<\/p>\n\n\n\n<p>Siirry seuraavaan osioon <a href=\"https:\/\/blogs.uef.fi\/tiedonhaku-vieraatkielet\/hakuesimerkkeja\/sanomalehtia-ulkomailta\/\">Sanomalehti\u00e4 ulkomailta<\/a><\/p>\n\n\n\n<p>(p\u00e4ivitetty 1\/2024)<\/p>\n","protected":false},"excerpt":{"rendered":"<p>Lains\u00e4\u00e4d\u00e4nt\u00f6 FINLEX (avautuu uuteen ikkunaan) Suomen s\u00e4\u00e4d\u00f6skokoelma (lait, asetukset, p\u00e4\u00e4t\u00f6kset), valtiosopimukset, s\u00e4\u00e4d\u00f6sk\u00e4\u00e4nn\u00f6kset sek\u00e4 korkeimman oikeuden ja korkeimman hallinto-oikeuden ennakkop\u00e4\u00e4t\u00f6kset. FINLEX on julkinen ja kaikille avoin. EDILEX (avautuu uuteen ikkunaan) Avaa UEF-Primon kautta.Lains\u00e4\u00e4d\u00e4nn\u00f6n tietopalvelu, joka kokoaa kaiken Suomessa julkaistun lakitiedon yhteen osoitteeseen. P\u00e4\u00e4llekk\u00e4ist\u00e4 Finlexin kanssa, mutta sis\u00e4lt\u00e4\u00e4 my\u00f6s esim. asiantuntijoiden artikkeleita ja oikeudellisia lehti\u00e4 (Lakimies, Defensor [&hellip;]<\/p>\n","protected":false},"author":129,"featured_media":0,"parent":167,"menu_order":0,"comment_status":"closed","ping_status":"open","template":"","meta":{"_acf_changed":false,"footnotes":""},"class_list":["post-227","page","type-page","status-publish","hentry"],"acf":[],"yoast_head":"<!-- This site is optimized with the Yoast SEO plugin v27.1.1 - https:\/\/yoast.com\/product\/yoast-seo-wordpress\/ -->\n<title>Lains\u00e4\u00e4d\u00e4nn\u00f6n ja tilastotietojen haku - Vieraiden kielten tiedonhaku<\/title>\n<meta name=\"robots\" content=\"index, follow, max-snippet:-1, max-image-preview:large, max-video-preview:-1\" \/>\n<link rel=\"canonical\" href=\"https:\/\/blogs.uef.fi\/tiedonhaku-vieraatkielet\/hakuesimerkkeja\/lainsaadannon-ja-tilastotietojen-haku\/\" \/>\n<meta property=\"og:locale\" content=\"fi_FI\" \/>\n<meta property=\"og:type\" content=\"article\" \/>\n<meta property=\"og:title\" content=\"Lains\u00e4\u00e4d\u00e4nn\u00f6n ja tilastotietojen haku - Vieraiden kielten tiedonhaku\" \/>\n<meta property=\"og:description\" content=\"Lains\u00e4\u00e4d\u00e4nt\u00f6 FINLEX (avautuu uuteen ikkunaan) Suomen s\u00e4\u00e4d\u00f6skokoelma (lait, asetukset, p\u00e4\u00e4t\u00f6kset), valtiosopimukset, s\u00e4\u00e4d\u00f6sk\u00e4\u00e4nn\u00f6kset sek\u00e4 korkeimman oikeuden ja korkeimman hallinto-oikeuden ennakkop\u00e4\u00e4t\u00f6kset. FINLEX on julkinen ja kaikille avoin. EDILEX (avautuu uuteen ikkunaan) Avaa UEF-Primon kautta.Lains\u00e4\u00e4d\u00e4nn\u00f6n tietopalvelu, joka kokoaa kaiken Suomessa julkaistun lakitiedon yhteen osoitteeseen. P\u00e4\u00e4llekk\u00e4ist\u00e4 Finlexin kanssa, mutta sis\u00e4lt\u00e4\u00e4 my\u00f6s esim. asiantuntijoiden artikkeleita ja oikeudellisia lehti\u00e4 (Lakimies, Defensor [&hellip;]\" \/>\n<meta property=\"og:url\" content=\"https:\/\/blogs.uef.fi\/tiedonhaku-vieraatkielet\/hakuesimerkkeja\/lainsaadannon-ja-tilastotietojen-haku\/\" \/>\n<meta property=\"og:site_name\" content=\"Vieraiden kielten tiedonhaku\" \/>\n<meta property=\"article:modified_time\" content=\"2024-01-05T12:33:32+00:00\" \/>\n<meta name=\"twitter:card\" content=\"summary_large_image\" \/>\n<meta name=\"twitter:label1\" content=\"Arvioitu lukuaika\" \/>\n\t<meta name=\"twitter:data1\" content=\"1 minuutti\" \/>\n<script type=\"application\/ld+json\" class=\"yoast-schema-graph\">{\"@context\":\"https:\/\/schema.org\",\"@graph\":[{\"@type\":\"WebPage\",\"@id\":\"https:\/\/blogs.uef.fi\/tiedonhaku-vieraatkielet\/hakuesimerkkeja\/lainsaadannon-ja-tilastotietojen-haku\/\",\"url\":\"https:\/\/blogs.uef.fi\/tiedonhaku-vieraatkielet\/hakuesimerkkeja\/lainsaadannon-ja-tilastotietojen-haku\/\",\"name\":\"Lains\u00e4\u00e4d\u00e4nn\u00f6n ja tilastotietojen haku - Vieraiden kielten tiedonhaku\",\"isPartOf\":{\"@id\":\"https:\/\/blogs.uef.fi\/tiedonhaku-vieraatkielet\/#website\"},\"datePublished\":\"2015-05-18T09:35:19+00:00\",\"dateModified\":\"2024-01-05T12:33:32+00:00\",\"breadcrumb\":{\"@id\":\"https:\/\/blogs.uef.fi\/tiedonhaku-vieraatkielet\/hakuesimerkkeja\/lainsaadannon-ja-tilastotietojen-haku\/#breadcrumb\"},\"inLanguage\":\"fi\",\"potentialAction\":[{\"@type\":\"ReadAction\",\"target\":[\"https:\/\/blogs.uef.fi\/tiedonhaku-vieraatkielet\/hakuesimerkkeja\/lainsaadannon-ja-tilastotietojen-haku\/\"]}]},{\"@type\":\"BreadcrumbList\",\"@id\":\"https:\/\/blogs.uef.fi\/tiedonhaku-vieraatkielet\/hakuesimerkkeja\/lainsaadannon-ja-tilastotietojen-haku\/#breadcrumb\",\"itemListElement\":[{\"@type\":\"ListItem\",\"position\":1,\"name\":\"Home\",\"item\":\"https:\/\/blogs.uef.fi\/tiedonhaku-vieraatkielet\/\"},{\"@type\":\"ListItem\",\"position\":2,\"name\":\"Hakuesimerkkej\u00e4\",\"item\":\"https:\/\/blogs.uef.fi\/tiedonhaku-vieraatkielet\/hakuesimerkkeja\/\"},{\"@type\":\"ListItem\",\"position\":3,\"name\":\"Lains\u00e4\u00e4d\u00e4nn\u00f6n ja tilastotietojen haku\"}]},{\"@type\":\"WebSite\",\"@id\":\"https:\/\/blogs.uef.fi\/tiedonhaku-vieraatkielet\/#website\",\"url\":\"https:\/\/blogs.uef.fi\/tiedonhaku-vieraatkielet\/\",\"name\":\"Vieraiden kielten tiedonhaku\",\"description\":\"\",\"potentialAction\":[{\"@type\":\"SearchAction\",\"target\":{\"@type\":\"EntryPoint\",\"urlTemplate\":\"https:\/\/blogs.uef.fi\/tiedonhaku-vieraatkielet\/?s={search_term_string}\"},\"query-input\":{\"@type\":\"PropertyValueSpecification\",\"valueRequired\":true,\"valueName\":\"search_term_string\"}}],\"inLanguage\":\"fi\"}]}<\/script>\n<!-- \/ Yoast SEO plugin. -->","yoast_head_json":{"title":"Lains\u00e4\u00e4d\u00e4nn\u00f6n ja tilastotietojen haku - Vieraiden kielten tiedonhaku","robots":{"index":"index","follow":"follow","max-snippet":"max-snippet:-1","max-image-preview":"max-image-preview:large","max-video-preview":"max-video-preview:-1"},"canonical":"https:\/\/blogs.uef.fi\/tiedonhaku-vieraatkielet\/hakuesimerkkeja\/lainsaadannon-ja-tilastotietojen-haku\/","og_locale":"fi_FI","og_type":"article","og_title":"Lains\u00e4\u00e4d\u00e4nn\u00f6n ja tilastotietojen haku - Vieraiden kielten tiedonhaku","og_description":"Lains\u00e4\u00e4d\u00e4nt\u00f6 FINLEX (avautuu uuteen ikkunaan) Suomen s\u00e4\u00e4d\u00f6skokoelma (lait, asetukset, p\u00e4\u00e4t\u00f6kset), valtiosopimukset, s\u00e4\u00e4d\u00f6sk\u00e4\u00e4nn\u00f6kset sek\u00e4 korkeimman oikeuden ja korkeimman hallinto-oikeuden ennakkop\u00e4\u00e4t\u00f6kset. FINLEX on julkinen ja kaikille avoin. EDILEX (avautuu uuteen ikkunaan) Avaa UEF-Primon kautta.Lains\u00e4\u00e4d\u00e4nn\u00f6n tietopalvelu, joka kokoaa kaiken Suomessa julkaistun lakitiedon yhteen osoitteeseen. P\u00e4\u00e4llekk\u00e4ist\u00e4 Finlexin kanssa, mutta sis\u00e4lt\u00e4\u00e4 my\u00f6s esim. asiantuntijoiden artikkeleita ja oikeudellisia lehti\u00e4 (Lakimies, Defensor [&hellip;]","og_url":"https:\/\/blogs.uef.fi\/tiedonhaku-vieraatkielet\/hakuesimerkkeja\/lainsaadannon-ja-tilastotietojen-haku\/","og_site_name":"Vieraiden kielten tiedonhaku","article_modified_time":"2024-01-05T12:33:32+00:00","twitter_card":"summary_large_image","twitter_misc":{"Arvioitu lukuaika":"1 minuutti"},"schema":{"@context":"https:\/\/schema.org","@graph":[{"@type":"WebPage","@id":"https:\/\/blogs.uef.fi\/tiedonhaku-vieraatkielet\/hakuesimerkkeja\/lainsaadannon-ja-tilastotietojen-haku\/","url":"https:\/\/blogs.uef.fi\/tiedonhaku-vieraatkielet\/hakuesimerkkeja\/lainsaadannon-ja-tilastotietojen-haku\/","name":"Lains\u00e4\u00e4d\u00e4nn\u00f6n ja tilastotietojen haku - Vieraiden kielten tiedonhaku","isPartOf":{"@id":"https:\/\/blogs.uef.fi\/tiedonhaku-vieraatkielet\/#website"},"datePublished":"2015-05-18T09:35:19+00:00","dateModified":"2024-01-05T12:33:32+00:00","breadcrumb":{"@id":"https:\/\/blogs.uef.fi\/tiedonhaku-vieraatkielet\/hakuesimerkkeja\/lainsaadannon-ja-tilastotietojen-haku\/#breadcrumb"},"inLanguage":"fi","potentialAction":[{"@type":"ReadAction","target":["https:\/\/blogs.uef.fi\/tiedonhaku-vieraatkielet\/hakuesimerkkeja\/lainsaadannon-ja-tilastotietojen-haku\/"]}]},{"@type":"BreadcrumbList","@id":"https:\/\/blogs.uef.fi\/tiedonhaku-vieraatkielet\/hakuesimerkkeja\/lainsaadannon-ja-tilastotietojen-haku\/#breadcrumb","itemListElement":[{"@type":"ListItem","position":1,"name":"Home","item":"https:\/\/blogs.uef.fi\/tiedonhaku-vieraatkielet\/"},{"@type":"ListItem","position":2,"name":"Hakuesimerkkej\u00e4","item":"https:\/\/blogs.uef.fi\/tiedonhaku-vieraatkielet\/hakuesimerkkeja\/"},{"@type":"ListItem","position":3,"name":"Lains\u00e4\u00e4d\u00e4nn\u00f6n ja tilastotietojen haku"}]},{"@type":"WebSite","@id":"https:\/\/blogs.uef.fi\/tiedonhaku-vieraatkielet\/#website","url":"https:\/\/blogs.uef.fi\/tiedonhaku-vieraatkielet\/","name":"Vieraiden kielten tiedonhaku","description":"","potentialAction":[{"@type":"SearchAction","target":{"@type":"EntryPoint","urlTemplate":"https:\/\/blogs.uef.fi\/tiedonhaku-vieraatkielet\/?s={search_term_string}"},"query-input":{"@type":"PropertyValueSpecification","valueRequired":true,"valueName":"search_term_string"}}],"inLanguage":"fi"}]}},"_links":{"self":[{"href":"https:\/\/blogs.uef.fi\/tiedonhaku-vieraatkielet\/wp-json\/wp\/v2\/pages\/227","targetHints":{"allow":["GET"]}}],"collection":[{"href":"https:\/\/blogs.uef.fi\/tiedonhaku-vieraatkielet\/wp-json\/wp\/v2\/pages"}],"about":[{"href":"https:\/\/blogs.uef.fi\/tiedonhaku-vieraatkielet\/wp-json\/wp\/v2\/types\/page"}],"author":[{"embeddable":true,"href":"https:\/\/blogs.uef.fi\/tiedonhaku-vieraatkielet\/wp-json\/wp\/v2\/users\/129"}],"replies":[{"embeddable":true,"href":"https:\/\/blogs.uef.fi\/tiedonhaku-vieraatkielet\/wp-json\/wp\/v2\/comments?post=227"}],"version-history":[{"count":1,"href":"https:\/\/blogs.uef.fi\/tiedonhaku-vieraatkielet\/wp-json\/wp\/v2\/pages\/227\/revisions"}],"predecessor-version":[{"id":2931,"href":"https:\/\/blogs.uef.fi\/tiedonhaku-vieraatkielet\/wp-json\/wp\/v2\/pages\/227\/revisions\/2931"}],"up":[{"embeddable":true,"href":"https:\/\/blogs.uef.fi\/tiedonhaku-vieraatkielet\/wp-json\/wp\/v2\/pages\/167"}],"wp:attachment":[{"href":"https:\/\/blogs.uef.fi\/tiedonhaku-vieraatkielet\/wp-json\/wp\/v2\/media?parent=227"}],"curies":[{"name":"wp","href":"https:\/\/api.w.org\/{rel}","templated":true}]}}