{"id":22,"date":"2015-04-21T11:09:48","date_gmt":"2015-04-21T11:09:48","guid":{"rendered":"https:\/\/ueflibrarylang.wordpress.com\/?page_id=22"},"modified":"2024-09-06T14:49:09","modified_gmt":"2024-09-06T11:49:09","slug":"tiedonhaun-palikat","status":"publish","type":"page","link":"https:\/\/blogs.uef.fi\/tiedonhaku-vieraatkielet\/tiedonhaun-palikat\/","title":{"rendered":"Tieteelliset julkaisut ja julkaiseminen"},"content":{"rendered":"\n<p>Tieteellisell\u00e4 julkaisemisella on omat k\u00e4yt\u00e4nt\u00f6ns\u00e4, ja tieteelliset julkaisut poikkeavat nk. populaarijulkaisuista muun muassa rakenteensa puolesta. T\u00e4ss\u00e4 osiossa tutustut tarkemmin my\u00f6s avoimeen tieteeseen ja julkaisemiseen, vertaisarviointiin sek\u00e4 eri tyyppisiin julkaisuihin.<\/p>\n\n\n\n<p>(Osion sis\u00e4lt\u00f6 p\u00e4ivitetty 9\/2024)<\/p>\n\n\n\n<p>Siirry seuraavaan osioon <a href=\"https:\/\/blogs.uef.fi\/tiedonhaku-vieraatkielet\/tiedonhaun-palikat\/tieteellisen-tiedon-julkaiseminen\/\">Tieteellinen julkaiseminen<\/a><\/p>\n","protected":false},"excerpt":{"rendered":"<p>Tieteellisell\u00e4 julkaisemisella on omat k\u00e4yt\u00e4nt\u00f6ns\u00e4, ja tieteelliset julkaisut poikkeavat nk. populaarijulkaisuista muun muassa rakenteensa puolesta. T\u00e4ss\u00e4 osiossa tutustut tarkemmin my\u00f6s avoimeen tieteeseen ja julkaisemiseen, vertaisarviointiin sek\u00e4 eri tyyppisiin julkaisuihin. (Osion sis\u00e4lt\u00f6 p\u00e4ivitetty 9\/2024) Siirry seuraavaan osioon Tieteellinen julkaiseminen<\/p>\n","protected":false},"author":129,"featured_media":0,"parent":0,"menu_order":0,"comment_status":"closed","ping_status":"closed","template":"","meta":{"_acf_changed":false,"footnotes":""},"class_list":["post-22","page","type-page","status-publish","hentry"],"acf":[],"yoast_head":"<!-- This site is optimized with the Yoast SEO plugin v27.1.1 - https:\/\/yoast.com\/product\/yoast-seo-wordpress\/ -->\n<title>Tieteelliset julkaisut ja julkaiseminen - Vieraiden kielten tiedonhaku<\/title>\n<meta name=\"robots\" content=\"index, follow, max-snippet:-1, max-image-preview:large, max-video-preview:-1\" \/>\n<link rel=\"canonical\" href=\"https:\/\/blogs.uef.fi\/tiedonhaku-vieraatkielet\/tiedonhaun-palikat\/\" \/>\n<meta property=\"og:locale\" content=\"fi_FI\" \/>\n<meta property=\"og:type\" content=\"article\" \/>\n<meta property=\"og:title\" content=\"Tieteelliset julkaisut ja julkaiseminen - Vieraiden kielten tiedonhaku\" \/>\n<meta property=\"og:description\" content=\"Tieteellisell\u00e4 julkaisemisella on omat k\u00e4yt\u00e4nt\u00f6ns\u00e4, ja tieteelliset julkaisut poikkeavat nk. populaarijulkaisuista muun muassa rakenteensa puolesta. T\u00e4ss\u00e4 osiossa tutustut tarkemmin my\u00f6s avoimeen tieteeseen ja julkaisemiseen, vertaisarviointiin sek\u00e4 eri tyyppisiin julkaisuihin. (Osion sis\u00e4lt\u00f6 p\u00e4ivitetty 9\/2024) Siirry seuraavaan osioon Tieteellinen julkaiseminen\" \/>\n<meta property=\"og:url\" content=\"https:\/\/blogs.uef.fi\/tiedonhaku-vieraatkielet\/tiedonhaun-palikat\/\" \/>\n<meta property=\"og:site_name\" content=\"Vieraiden kielten tiedonhaku\" \/>\n<meta property=\"article:modified_time\" content=\"2024-09-06T11:49:09+00:00\" \/>\n<meta name=\"twitter:card\" content=\"summary_large_image\" \/>\n<meta name=\"twitter:label1\" content=\"Arvioitu lukuaika\" \/>\n\t<meta name=\"twitter:data1\" content=\"1 minuutti\" \/>\n<script type=\"application\/ld+json\" class=\"yoast-schema-graph\">{\"@context\":\"https:\/\/schema.org\",\"@graph\":[{\"@type\":\"WebPage\",\"@id\":\"https:\/\/blogs.uef.fi\/tiedonhaku-vieraatkielet\/tiedonhaun-palikat\/\",\"url\":\"https:\/\/blogs.uef.fi\/tiedonhaku-vieraatkielet\/tiedonhaun-palikat\/\",\"name\":\"Tieteelliset julkaisut ja julkaiseminen - Vieraiden kielten tiedonhaku\",\"isPartOf\":{\"@id\":\"https:\/\/blogs.uef.fi\/tiedonhaku-vieraatkielet\/#website\"},\"datePublished\":\"2015-04-21T11:09:48+00:00\",\"dateModified\":\"2024-09-06T11:49:09+00:00\",\"breadcrumb\":{\"@id\":\"https:\/\/blogs.uef.fi\/tiedonhaku-vieraatkielet\/tiedonhaun-palikat\/#breadcrumb\"},\"inLanguage\":\"fi\",\"potentialAction\":[{\"@type\":\"ReadAction\",\"target\":[\"https:\/\/blogs.uef.fi\/tiedonhaku-vieraatkielet\/tiedonhaun-palikat\/\"]}]},{\"@type\":\"BreadcrumbList\",\"@id\":\"https:\/\/blogs.uef.fi\/tiedonhaku-vieraatkielet\/tiedonhaun-palikat\/#breadcrumb\",\"itemListElement\":[{\"@type\":\"ListItem\",\"position\":1,\"name\":\"Home\",\"item\":\"https:\/\/blogs.uef.fi\/tiedonhaku-vieraatkielet\/\"},{\"@type\":\"ListItem\",\"position\":2,\"name\":\"Tieteelliset julkaisut ja julkaiseminen\"}]},{\"@type\":\"WebSite\",\"@id\":\"https:\/\/blogs.uef.fi\/tiedonhaku-vieraatkielet\/#website\",\"url\":\"https:\/\/blogs.uef.fi\/tiedonhaku-vieraatkielet\/\",\"name\":\"Vieraiden kielten tiedonhaku\",\"description\":\"\",\"potentialAction\":[{\"@type\":\"SearchAction\",\"target\":{\"@type\":\"EntryPoint\",\"urlTemplate\":\"https:\/\/blogs.uef.fi\/tiedonhaku-vieraatkielet\/?s={search_term_string}\"},\"query-input\":{\"@type\":\"PropertyValueSpecification\",\"valueRequired\":true,\"valueName\":\"search_term_string\"}}],\"inLanguage\":\"fi\"}]}<\/script>\n<!-- \/ Yoast SEO plugin. -->","yoast_head_json":{"title":"Tieteelliset julkaisut ja julkaiseminen - Vieraiden kielten tiedonhaku","robots":{"index":"index","follow":"follow","max-snippet":"max-snippet:-1","max-image-preview":"max-image-preview:large","max-video-preview":"max-video-preview:-1"},"canonical":"https:\/\/blogs.uef.fi\/tiedonhaku-vieraatkielet\/tiedonhaun-palikat\/","og_locale":"fi_FI","og_type":"article","og_title":"Tieteelliset julkaisut ja julkaiseminen - Vieraiden kielten tiedonhaku","og_description":"Tieteellisell\u00e4 julkaisemisella on omat k\u00e4yt\u00e4nt\u00f6ns\u00e4, ja tieteelliset julkaisut poikkeavat nk. populaarijulkaisuista muun muassa rakenteensa puolesta. T\u00e4ss\u00e4 osiossa tutustut tarkemmin my\u00f6s avoimeen tieteeseen ja julkaisemiseen, vertaisarviointiin sek\u00e4 eri tyyppisiin julkaisuihin. (Osion sis\u00e4lt\u00f6 p\u00e4ivitetty 9\/2024) Siirry seuraavaan osioon Tieteellinen julkaiseminen","og_url":"https:\/\/blogs.uef.fi\/tiedonhaku-vieraatkielet\/tiedonhaun-palikat\/","og_site_name":"Vieraiden kielten tiedonhaku","article_modified_time":"2024-09-06T11:49:09+00:00","twitter_card":"summary_large_image","twitter_misc":{"Arvioitu lukuaika":"1 minuutti"},"schema":{"@context":"https:\/\/schema.org","@graph":[{"@type":"WebPage","@id":"https:\/\/blogs.uef.fi\/tiedonhaku-vieraatkielet\/tiedonhaun-palikat\/","url":"https:\/\/blogs.uef.fi\/tiedonhaku-vieraatkielet\/tiedonhaun-palikat\/","name":"Tieteelliset julkaisut ja julkaiseminen - Vieraiden kielten tiedonhaku","isPartOf":{"@id":"https:\/\/blogs.uef.fi\/tiedonhaku-vieraatkielet\/#website"},"datePublished":"2015-04-21T11:09:48+00:00","dateModified":"2024-09-06T11:49:09+00:00","breadcrumb":{"@id":"https:\/\/blogs.uef.fi\/tiedonhaku-vieraatkielet\/tiedonhaun-palikat\/#breadcrumb"},"inLanguage":"fi","potentialAction":[{"@type":"ReadAction","target":["https:\/\/blogs.uef.fi\/tiedonhaku-vieraatkielet\/tiedonhaun-palikat\/"]}]},{"@type":"BreadcrumbList","@id":"https:\/\/blogs.uef.fi\/tiedonhaku-vieraatkielet\/tiedonhaun-palikat\/#breadcrumb","itemListElement":[{"@type":"ListItem","position":1,"name":"Home","item":"https:\/\/blogs.uef.fi\/tiedonhaku-vieraatkielet\/"},{"@type":"ListItem","position":2,"name":"Tieteelliset julkaisut ja julkaiseminen"}]},{"@type":"WebSite","@id":"https:\/\/blogs.uef.fi\/tiedonhaku-vieraatkielet\/#website","url":"https:\/\/blogs.uef.fi\/tiedonhaku-vieraatkielet\/","name":"Vieraiden kielten tiedonhaku","description":"","potentialAction":[{"@type":"SearchAction","target":{"@type":"EntryPoint","urlTemplate":"https:\/\/blogs.uef.fi\/tiedonhaku-vieraatkielet\/?s={search_term_string}"},"query-input":{"@type":"PropertyValueSpecification","valueRequired":true,"valueName":"search_term_string"}}],"inLanguage":"fi"}]}},"_links":{"self":[{"href":"https:\/\/blogs.uef.fi\/tiedonhaku-vieraatkielet\/wp-json\/wp\/v2\/pages\/22","targetHints":{"allow":["GET"]}}],"collection":[{"href":"https:\/\/blogs.uef.fi\/tiedonhaku-vieraatkielet\/wp-json\/wp\/v2\/pages"}],"about":[{"href":"https:\/\/blogs.uef.fi\/tiedonhaku-vieraatkielet\/wp-json\/wp\/v2\/types\/page"}],"author":[{"embeddable":true,"href":"https:\/\/blogs.uef.fi\/tiedonhaku-vieraatkielet\/wp-json\/wp\/v2\/users\/129"}],"replies":[{"embeddable":true,"href":"https:\/\/blogs.uef.fi\/tiedonhaku-vieraatkielet\/wp-json\/wp\/v2\/comments?post=22"}],"version-history":[{"count":2,"href":"https:\/\/blogs.uef.fi\/tiedonhaku-vieraatkielet\/wp-json\/wp\/v2\/pages\/22\/revisions"}],"predecessor-version":[{"id":2972,"href":"https:\/\/blogs.uef.fi\/tiedonhaku-vieraatkielet\/wp-json\/wp\/v2\/pages\/22\/revisions\/2972"}],"wp:attachment":[{"href":"https:\/\/blogs.uef.fi\/tiedonhaku-vieraatkielet\/wp-json\/wp\/v2\/media?parent=22"}],"curies":[{"name":"wp","href":"https:\/\/api.w.org\/{rel}","templated":true}]}}