{"id":1786,"date":"2021-08-24T08:47:01","date_gmt":"2021-08-24T05:47:01","guid":{"rendered":"https:\/\/blogs.uef.fi\/tiedonhaku-vieraatkielet\/?page_id=1786"},"modified":"2021-08-24T08:47:01","modified_gmt":"2021-08-24T05:47:01","slug":"saavutettavuus","status":"publish","type":"page","link":"https:\/\/blogs.uef.fi\/tiedonhaku-vieraatkielet\/saavutettavuus\/","title":{"rendered":"Saavutettavuus"},"content":{"rendered":"<p>T\u00e4m\u00e4 saavutettavuusseloste koskee It\u00e4-Suomen yliopiston kirjaston verkkosivustoa osoitteessa\u00a0<a href=\"https:\/\/blogs.uef.fi\/tiedonhaku-vieraatkielet\/\">https:\/\/blogs.uef.fi\/tiedonhaku-vieraatkielet\/<\/a>\u00a0ja se on laadittu 24.08.2021. Palvelua koskee laki digitaalisten palvelujen tarjoamisesta, jossa edellytet\u00e4\u00e4n, ett\u00e4 julkisten verkkopalvelujen on oltava saavutettavia.<\/p>\n<p>Olemme arvioineet palvelun saavutettavuuden itse. It\u00e4-Suomen yliopiston verkkosivustojen, mobiilisovellusten ja niihin liittyvien sis\u00e4lt\u00f6jen tulee olla saavutettavia. Saavutettavuus digitaalisessa ymp\u00e4rist\u00f6ss\u00e4 tarkoittaa sit\u00e4, ett\u00e4 mahdollisimman moni erilainen ihminen voi k\u00e4ytt\u00e4\u00e4 verkkopalveluja k\u00e4ytt\u00e4j\u00e4-, tilanne- ja teknologiakohtaisista eroista riippumatta. Saavutettavuusvaatimukset perustuvat digitaalisten palvelujen tarjoamisesta annettuun lakiin sek\u00e4 EU:n saavutettavuusdirektiiviin.<\/p>\n<h2>Digipalvelun saavutettavuuden tila<\/h2>\n<p>T\u00e4ytt\u00e4\u00e4 AA-tason saavutettavuusvaatimukset osittain.<\/p>\n<h2>Ei saavutettava sis\u00e4lt\u00f6<\/h2>\n<section>\n<section>Verkkosivusto ei ole viel\u00e4 kaikilta osin vaatimusten mukainen. Sivustolla navigointi vasemman palkin kautta ei toimi moitteettomasti ruudunlukuohjelmalla.&nbsp;<\/p>\n<h2>Huomasitko saavutettavuuspuutteen digipalvelussamme?<\/h2>\n<p>Kerro se meille ja teemme parhaamme puutteen korjaamiseksi.<br \/>\nAnna saavutettavuuspalautetta s\u00e4hk\u00f6postilla: kirjasto@uef.fi.<\/p>\n<h3>Valvontaviranomainen<\/h3>\n<p>Jos huomaat sivustolla saavutettavuusongelmia, anna ensin palautetta meille eli sivuston yll\u00e4pit\u00e4j\u00e4lle. Vastauksessa voi menn\u00e4 14 p\u00e4iv\u00e4\u00e4. Jos et ole tyytyv\u00e4inen saamaasi vastaukseen tai et saa vastausta lainkaan kahden viikon aikana, voit tehd\u00e4 ilmoituksen Etel\u00e4-Suomen aluehallintovirastoon. Etel\u00e4-Suomen aluehallintoviraston sivulla kerrotaan tarkasti, miten ilmoituksen voi tehd\u00e4 ja miten asia k\u00e4sitell\u00e4\u00e4n.<\/p>\n<p>Valvontaviranomaisen yhteystiedot<\/p>\n<p>Etel\u00e4-Suomen aluehallintovirasto<br \/>\nSaavutettavuuden valvonnan yksikk\u00f6<br \/>\nwww.saavutettavuusvaatimukset.fi<br \/>\nsaavutettavuus(at)avi.fi<br \/>\npuhelinnumero vaihde 0295 016 000<\/p>\n<\/section>\n<\/section>\n","protected":false},"excerpt":{"rendered":"<p>T\u00e4m\u00e4 saavutettavuusseloste koskee It\u00e4-Suomen yliopiston kirjaston verkkosivustoa osoitteessa\u00a0https:\/\/blogs.uef.fi\/tiedonhaku-vieraatkielet\/\u00a0ja se on laadittu 24.08.2021. Palvelua koskee laki digitaalisten palvelujen tarjoamisesta, jossa edellytet\u00e4\u00e4n, ett\u00e4 julkisten verkkopalvelujen on oltava saavutettavia. Olemme arvioineet palvelun saavutettavuuden itse. It\u00e4-Suomen yliopiston verkkosivustojen, mobiilisovellusten ja niihin liittyvien sis\u00e4lt\u00f6jen tulee olla saavutettavia. Saavutettavuus digitaalisessa ymp\u00e4rist\u00f6ss\u00e4 tarkoittaa sit\u00e4, ett\u00e4 mahdollisimman moni erilainen ihminen voi k\u00e4ytt\u00e4\u00e4 verkkopalveluja [&hellip;]<\/p>\n","protected":false},"author":129,"featured_media":0,"parent":0,"menu_order":0,"comment_status":"closed","ping_status":"closed","template":"","meta":{"_acf_changed":false,"footnotes":""},"class_list":["post-1786","page","type-page","status-publish","hentry"],"acf":[],"yoast_head":"<!-- This site is optimized with the Yoast SEO plugin v27.3 - https:\/\/yoast.com\/product\/yoast-seo-wordpress\/ -->\n<title>Saavutettavuus - Vieraiden kielten tiedonhaku<\/title>\n<meta name=\"robots\" content=\"index, follow, max-snippet:-1, max-image-preview:large, max-video-preview:-1\" \/>\n<link rel=\"canonical\" href=\"https:\/\/blogs.uef.fi\/tiedonhaku-vieraatkielet\/saavutettavuus\/\" \/>\n<meta property=\"og:locale\" content=\"fi_FI\" \/>\n<meta property=\"og:type\" content=\"article\" \/>\n<meta property=\"og:title\" content=\"Saavutettavuus - Vieraiden kielten tiedonhaku\" \/>\n<meta property=\"og:description\" content=\"T\u00e4m\u00e4 saavutettavuusseloste koskee It\u00e4-Suomen yliopiston kirjaston verkkosivustoa osoitteessa\u00a0https:\/\/blogs.uef.fi\/tiedonhaku-vieraatkielet\/\u00a0ja se on laadittu 24.08.2021. Palvelua koskee laki digitaalisten palvelujen tarjoamisesta, jossa edellytet\u00e4\u00e4n, ett\u00e4 julkisten verkkopalvelujen on oltava saavutettavia. Olemme arvioineet palvelun saavutettavuuden itse. It\u00e4-Suomen yliopiston verkkosivustojen, mobiilisovellusten ja niihin liittyvien sis\u00e4lt\u00f6jen tulee olla saavutettavia. Saavutettavuus digitaalisessa ymp\u00e4rist\u00f6ss\u00e4 tarkoittaa sit\u00e4, ett\u00e4 mahdollisimman moni erilainen ihminen voi k\u00e4ytt\u00e4\u00e4 verkkopalveluja [&hellip;]\" \/>\n<meta property=\"og:url\" content=\"https:\/\/blogs.uef.fi\/tiedonhaku-vieraatkielet\/saavutettavuus\/\" \/>\n<meta property=\"og:site_name\" content=\"Vieraiden kielten tiedonhaku\" \/>\n<meta name=\"twitter:card\" content=\"summary_large_image\" \/>\n<meta name=\"twitter:label1\" content=\"Arvioitu lukuaika\" \/>\n\t<meta name=\"twitter:data1\" content=\"1 minuutti\" \/>\n<script type=\"application\/ld+json\" class=\"yoast-schema-graph\">{\"@context\":\"https:\\\/\\\/schema.org\",\"@graph\":[{\"@type\":\"WebPage\",\"@id\":\"https:\\\/\\\/blogs.uef.fi\\\/tiedonhaku-vieraatkielet\\\/saavutettavuus\\\/\",\"url\":\"https:\\\/\\\/blogs.uef.fi\\\/tiedonhaku-vieraatkielet\\\/saavutettavuus\\\/\",\"name\":\"Saavutettavuus - Vieraiden kielten tiedonhaku\",\"isPartOf\":{\"@id\":\"https:\\\/\\\/blogs.uef.fi\\\/tiedonhaku-vieraatkielet\\\/#website\"},\"datePublished\":\"2021-08-24T05:47:01+00:00\",\"breadcrumb\":{\"@id\":\"https:\\\/\\\/blogs.uef.fi\\\/tiedonhaku-vieraatkielet\\\/saavutettavuus\\\/#breadcrumb\"},\"inLanguage\":\"fi\",\"potentialAction\":[{\"@type\":\"ReadAction\",\"target\":[\"https:\\\/\\\/blogs.uef.fi\\\/tiedonhaku-vieraatkielet\\\/saavutettavuus\\\/\"]}]},{\"@type\":\"BreadcrumbList\",\"@id\":\"https:\\\/\\\/blogs.uef.fi\\\/tiedonhaku-vieraatkielet\\\/saavutettavuus\\\/#breadcrumb\",\"itemListElement\":[{\"@type\":\"ListItem\",\"position\":1,\"name\":\"Home\",\"item\":\"https:\\\/\\\/blogs.uef.fi\\\/tiedonhaku-vieraatkielet\\\/\"},{\"@type\":\"ListItem\",\"position\":2,\"name\":\"Saavutettavuus\"}]},{\"@type\":\"WebSite\",\"@id\":\"https:\\\/\\\/blogs.uef.fi\\\/tiedonhaku-vieraatkielet\\\/#website\",\"url\":\"https:\\\/\\\/blogs.uef.fi\\\/tiedonhaku-vieraatkielet\\\/\",\"name\":\"Vieraiden kielten tiedonhaku\",\"description\":\"\",\"potentialAction\":[{\"@type\":\"SearchAction\",\"target\":{\"@type\":\"EntryPoint\",\"urlTemplate\":\"https:\\\/\\\/blogs.uef.fi\\\/tiedonhaku-vieraatkielet\\\/?s={search_term_string}\"},\"query-input\":{\"@type\":\"PropertyValueSpecification\",\"valueRequired\":true,\"valueName\":\"search_term_string\"}}],\"inLanguage\":\"fi\"}]}<\/script>\n<!-- \/ Yoast SEO plugin. -->","yoast_head_json":{"title":"Saavutettavuus - Vieraiden kielten tiedonhaku","robots":{"index":"index","follow":"follow","max-snippet":"max-snippet:-1","max-image-preview":"max-image-preview:large","max-video-preview":"max-video-preview:-1"},"canonical":"https:\/\/blogs.uef.fi\/tiedonhaku-vieraatkielet\/saavutettavuus\/","og_locale":"fi_FI","og_type":"article","og_title":"Saavutettavuus - Vieraiden kielten tiedonhaku","og_description":"T\u00e4m\u00e4 saavutettavuusseloste koskee It\u00e4-Suomen yliopiston kirjaston verkkosivustoa osoitteessa\u00a0https:\/\/blogs.uef.fi\/tiedonhaku-vieraatkielet\/\u00a0ja se on laadittu 24.08.2021. Palvelua koskee laki digitaalisten palvelujen tarjoamisesta, jossa edellytet\u00e4\u00e4n, ett\u00e4 julkisten verkkopalvelujen on oltava saavutettavia. Olemme arvioineet palvelun saavutettavuuden itse. It\u00e4-Suomen yliopiston verkkosivustojen, mobiilisovellusten ja niihin liittyvien sis\u00e4lt\u00f6jen tulee olla saavutettavia. Saavutettavuus digitaalisessa ymp\u00e4rist\u00f6ss\u00e4 tarkoittaa sit\u00e4, ett\u00e4 mahdollisimman moni erilainen ihminen voi k\u00e4ytt\u00e4\u00e4 verkkopalveluja [&hellip;]","og_url":"https:\/\/blogs.uef.fi\/tiedonhaku-vieraatkielet\/saavutettavuus\/","og_site_name":"Vieraiden kielten tiedonhaku","twitter_card":"summary_large_image","twitter_misc":{"Arvioitu lukuaika":"1 minuutti"},"schema":{"@context":"https:\/\/schema.org","@graph":[{"@type":"WebPage","@id":"https:\/\/blogs.uef.fi\/tiedonhaku-vieraatkielet\/saavutettavuus\/","url":"https:\/\/blogs.uef.fi\/tiedonhaku-vieraatkielet\/saavutettavuus\/","name":"Saavutettavuus - Vieraiden kielten tiedonhaku","isPartOf":{"@id":"https:\/\/blogs.uef.fi\/tiedonhaku-vieraatkielet\/#website"},"datePublished":"2021-08-24T05:47:01+00:00","breadcrumb":{"@id":"https:\/\/blogs.uef.fi\/tiedonhaku-vieraatkielet\/saavutettavuus\/#breadcrumb"},"inLanguage":"fi","potentialAction":[{"@type":"ReadAction","target":["https:\/\/blogs.uef.fi\/tiedonhaku-vieraatkielet\/saavutettavuus\/"]}]},{"@type":"BreadcrumbList","@id":"https:\/\/blogs.uef.fi\/tiedonhaku-vieraatkielet\/saavutettavuus\/#breadcrumb","itemListElement":[{"@type":"ListItem","position":1,"name":"Home","item":"https:\/\/blogs.uef.fi\/tiedonhaku-vieraatkielet\/"},{"@type":"ListItem","position":2,"name":"Saavutettavuus"}]},{"@type":"WebSite","@id":"https:\/\/blogs.uef.fi\/tiedonhaku-vieraatkielet\/#website","url":"https:\/\/blogs.uef.fi\/tiedonhaku-vieraatkielet\/","name":"Vieraiden kielten tiedonhaku","description":"","potentialAction":[{"@type":"SearchAction","target":{"@type":"EntryPoint","urlTemplate":"https:\/\/blogs.uef.fi\/tiedonhaku-vieraatkielet\/?s={search_term_string}"},"query-input":{"@type":"PropertyValueSpecification","valueRequired":true,"valueName":"search_term_string"}}],"inLanguage":"fi"}]}},"_links":{"self":[{"href":"https:\/\/blogs.uef.fi\/tiedonhaku-vieraatkielet\/wp-json\/wp\/v2\/pages\/1786","targetHints":{"allow":["GET"]}}],"collection":[{"href":"https:\/\/blogs.uef.fi\/tiedonhaku-vieraatkielet\/wp-json\/wp\/v2\/pages"}],"about":[{"href":"https:\/\/blogs.uef.fi\/tiedonhaku-vieraatkielet\/wp-json\/wp\/v2\/types\/page"}],"author":[{"embeddable":true,"href":"https:\/\/blogs.uef.fi\/tiedonhaku-vieraatkielet\/wp-json\/wp\/v2\/users\/129"}],"replies":[{"embeddable":true,"href":"https:\/\/blogs.uef.fi\/tiedonhaku-vieraatkielet\/wp-json\/wp\/v2\/comments?post=1786"}],"version-history":[{"count":1,"href":"https:\/\/blogs.uef.fi\/tiedonhaku-vieraatkielet\/wp-json\/wp\/v2\/pages\/1786\/revisions"}],"predecessor-version":[{"id":1789,"href":"https:\/\/blogs.uef.fi\/tiedonhaku-vieraatkielet\/wp-json\/wp\/v2\/pages\/1786\/revisions\/1789"}],"wp:attachment":[{"href":"https:\/\/blogs.uef.fi\/tiedonhaku-vieraatkielet\/wp-json\/wp\/v2\/media?parent=1786"}],"curies":[{"name":"wp","href":"https:\/\/api.w.org\/{rel}","templated":true}]}}