{"id":177,"date":"2015-05-13T06:58:42","date_gmt":"2015-05-13T06:58:42","guid":{"rendered":"https:\/\/ueflibrarylang.wordpress.com\/?page_id=177"},"modified":"2025-08-29T10:29:51","modified_gmt":"2025-08-29T07:29:51","slug":"viitetietojen-lukeminen","status":"publish","type":"page","link":"https:\/\/blogs.uef.fi\/tiedonhaku-vieraatkielet\/hakutuloksen-arviointi\/viitetietojen-lukeminen\/","title":{"rendered":"Viitetietojen lukeminen"},"content":{"rendered":"\n<p>Julkaisujen j\u00e4ljitt\u00e4mist\u00e4 ja my\u00f6hemmin omaa l\u00e4hdeluetteloa varten tarvitaan seuraavia tietoja:<\/p>\n\n\n\n<p><strong>Lehtiartikkeli:<\/strong><br>tekij\u00e4, artikkelin nimi, lehden nimi ja vuosi, vuosikerta\/numero, sivunumerot<\/p>\n\n\n\n<p><strong>Kirja:<\/strong><br>tekij\u00e4, kirjan nimi, julkaisuvuosi, kustantaja, julkaisupaikka, sivum\u00e4\u00e4r\u00e4<\/p>\n\n\n\n<p><strong>Artikkeli kirjassa:<\/strong><br>tekij\u00e4, artikkelin nimi, kirjan nimi, julkaisuvuosi, kirjan toimittaja (editor), kirjan kustantaja ja julkaisupaikka, artikkelin sivunumerot<\/p>\n\n\n\n<p>Esimerkki lehtiartikkeliviitteest\u00e4:<\/p>\n\n\n\n<figure class=\"wp-block-image\"><img loading=\"lazy\" decoding=\"async\" width=\"754\" height=\"468\" src=\"https:\/\/blogs.uef.fi\/tiedonhaku-vieraatkielet\/wp-content\/uploads\/sites\/63\/2015\/06\/arto_viite1.jpg\" alt=\"Esimerkki artikkeliviitteest\u00e4, jossa n\u00e4kyy artikkelin nimi, tekij\u00e4, lehden nimi, vuosikerta ja numero.\" class=\"wp-image-336\" srcset=\"https:\/\/blogs.uef.fi\/tiedonhaku-vieraatkielet\/wp-content\/uploads\/sites\/63\/2015\/06\/arto_viite1.jpg 754w, https:\/\/blogs.uef.fi\/tiedonhaku-vieraatkielet\/wp-content\/uploads\/sites\/63\/2015\/06\/arto_viite1-300x186.jpg 300w\" sizes=\"auto, (max-width: 754px) 100vw, 754px\" \/><\/figure>\n\n\n\n<p><strong>L\u00e4hdeviitteet:<\/strong><br>Julkaisujen l\u00e4hdeluettelot sis\u00e4lt\u00e4v\u00e4t l\u00e4hdeviitteit\u00e4. L\u00e4hdeviitteen muoto on tieteellisess\u00e4 julkaisussa tarkkaan s\u00e4\u00e4delty, jotta kyseinen l\u00e4hde olisi yksiselitteisesti yksil\u00f6it\u00e4viss\u00e4 ja l\u00f6ydett\u00e4viss\u00e4. L\u00e4hdeviitteen muoto vaihtelee jonkin verran aloittain ja mm. jokaisella tieteellisell\u00e4 lehdell\u00e4 on ohje siit\u00e4, kuinka ko. julkaisussa l\u00e4hteet tulee merkit\u00e4. Esimerkki l\u00e4hdeviitteest\u00e4 nk. MLA-viittaustyylill\u00e4:<\/p>\n\n\n\n<p>Torop, Peeter, ja Marja J\u00e4nis. &#8221;The Position of Translation in Translation Studies.&#8221; <i>AFinLA:n Vuosikirja : Suomen Soveltavan Kielitieteen Yhdistyksen (AFinLA) Julkaisuja = AFinLA Yearbook : Publications De L&#8217;Association Finlandaise De Linguistique Appliqu\u00e9e (AFinLA)<\/i>, vol. 27, no. 55, 1997, p. 7.<\/p>\n\n\n\n<p><strong>VINKKI:<\/strong> Monet tietokannat tarjoavat apua viitteen merkitsemiseen. Esim. UEF-Primossa voit tarkistaa, miten l\u00f6yt\u00e4m\u00e4\u00e4si kirjaan viitataan klikkaamalla saatavuusn\u00e4yt\u00f6ll\u00e4 linkki\u00e4 &#8221;viite&#8221;:<\/p>\n\n\n\n<figure class=\"wp-block-image\"><img loading=\"lazy\" decoding=\"async\" width=\"1182\" height=\"564\" src=\"https:\/\/blogs.uef.fi\/tiedonhaku-vieraatkielet\/wp-content\/uploads\/sites\/63\/2020\/03\/viite.jpg\" alt=\"UEF-Primon tuloslistasta l\u00f6ytyy jokaisen viitteen kohdalta viite-nappi, jonka avulla voi kopioida viitteen itselleen.\" class=\"wp-image-1416\" srcset=\"https:\/\/blogs.uef.fi\/tiedonhaku-vieraatkielet\/wp-content\/uploads\/sites\/63\/2020\/03\/viite.jpg 1182w, https:\/\/blogs.uef.fi\/tiedonhaku-vieraatkielet\/wp-content\/uploads\/sites\/63\/2020\/03\/viite-300x143.jpg 300w, https:\/\/blogs.uef.fi\/tiedonhaku-vieraatkielet\/wp-content\/uploads\/sites\/63\/2020\/03\/viite-1024x489.jpg 1024w, https:\/\/blogs.uef.fi\/tiedonhaku-vieraatkielet\/wp-content\/uploads\/sites\/63\/2020\/03\/viite-768x366.jpg 768w\" sizes=\"auto, (max-width: 1182px) 100vw, 1182px\" \/><\/figure>\n\n\n\n<p>Samanlainen viittaustoiminto on k\u00e4yt\u00f6ss\u00e4 my\u00f6s monessa kansainv\u00e4lisess\u00e4 tietokannassa ja se l\u00f6ytyy useimmiten Cite-napin takaa. Muista aina tarkistaa viitteen oikeellisuus ja oman oppiaineesi viittausk\u00e4yt\u00e4nt\u00f6.<\/p>\n\n\n\n<p><strong>S\u00e4hk\u00f6isiin aineistoihin viittaaminen<\/strong> voi tuottaa p\u00e4\u00e4nvaivaa. Lis\u00e4apua l\u00f6ytyy esim. <a href=\"https:\/\/kielitoimistonohjepankki.fi\/ohje\/lahteisiin-viittaaminen-lahdeluettelo\/#S%C3%A4hk%C3%B6iset-l%C3%A4hteet-erityist%C3%A4-huomioitavaa\" target=\"_blank\" rel=\"noreferrer noopener\">Kielitoimiston ohjepankista<\/a> (linkki avautuu uuteen v\u00e4lilehteen).<\/p>\n\n\n\n<p>(p\u00e4ivitetty 8\/2025)<\/p>\n\n\n\n<p>Siirry seuraavaan osioon <a href=\"https:\/\/blogs.uef.fi\/tiedonhaku-vieraatkielet\/hakutuloksen-arviointi\/aineistojen-saatavuus-ja-hankinta\/\">Aineistojen saatavuus ja hankinta<\/a><\/p>\n","protected":false},"excerpt":{"rendered":"<p>Julkaisujen j\u00e4ljitt\u00e4mist\u00e4 ja my\u00f6hemmin omaa l\u00e4hdeluetteloa varten tarvitaan seuraavia tietoja: Lehtiartikkeli:tekij\u00e4, artikkelin nimi, lehden nimi ja vuosi, vuosikerta\/numero, sivunumerot Kirja:tekij\u00e4, kirjan nimi, julkaisuvuosi, kustantaja, julkaisupaikka, sivum\u00e4\u00e4r\u00e4 Artikkeli kirjassa:tekij\u00e4, artikkelin nimi, kirjan nimi, julkaisuvuosi, kirjan toimittaja (editor), kirjan kustantaja ja julkaisupaikka, artikkelin sivunumerot Esimerkki lehtiartikkeliviitteest\u00e4: L\u00e4hdeviitteet:Julkaisujen l\u00e4hdeluettelot sis\u00e4lt\u00e4v\u00e4t l\u00e4hdeviitteit\u00e4. L\u00e4hdeviitteen muoto on tieteellisess\u00e4 julkaisussa tarkkaan s\u00e4\u00e4delty, [&hellip;]<\/p>\n","protected":false},"author":129,"featured_media":0,"parent":77,"menu_order":2,"comment_status":"closed","ping_status":"open","template":"","meta":{"_acf_changed":false,"footnotes":""},"class_list":["post-177","page","type-page","status-publish","hentry"],"acf":[],"yoast_head":"<!-- This site is optimized with the Yoast SEO plugin v27.3 - https:\/\/yoast.com\/product\/yoast-seo-wordpress\/ -->\n<title>Viitetietojen lukeminen - Vieraiden kielten tiedonhaku<\/title>\n<meta name=\"robots\" content=\"index, follow, max-snippet:-1, max-image-preview:large, max-video-preview:-1\" \/>\n<link rel=\"canonical\" href=\"https:\/\/blogs.uef.fi\/tiedonhaku-vieraatkielet\/hakutuloksen-arviointi\/viitetietojen-lukeminen\/\" \/>\n<meta property=\"og:locale\" content=\"fi_FI\" \/>\n<meta property=\"og:type\" content=\"article\" \/>\n<meta property=\"og:title\" content=\"Viitetietojen lukeminen - Vieraiden kielten tiedonhaku\" \/>\n<meta property=\"og:description\" content=\"Julkaisujen j\u00e4ljitt\u00e4mist\u00e4 ja my\u00f6hemmin omaa l\u00e4hdeluetteloa varten tarvitaan seuraavia tietoja: Lehtiartikkeli:tekij\u00e4, artikkelin nimi, lehden nimi ja vuosi, vuosikerta\/numero, sivunumerot Kirja:tekij\u00e4, kirjan nimi, julkaisuvuosi, kustantaja, julkaisupaikka, sivum\u00e4\u00e4r\u00e4 Artikkeli kirjassa:tekij\u00e4, artikkelin nimi, kirjan nimi, julkaisuvuosi, kirjan toimittaja (editor), kirjan kustantaja ja julkaisupaikka, artikkelin sivunumerot Esimerkki lehtiartikkeliviitteest\u00e4: L\u00e4hdeviitteet:Julkaisujen l\u00e4hdeluettelot sis\u00e4lt\u00e4v\u00e4t l\u00e4hdeviitteit\u00e4. L\u00e4hdeviitteen muoto on tieteellisess\u00e4 julkaisussa tarkkaan s\u00e4\u00e4delty, [&hellip;]\" \/>\n<meta property=\"og:url\" content=\"https:\/\/blogs.uef.fi\/tiedonhaku-vieraatkielet\/hakutuloksen-arviointi\/viitetietojen-lukeminen\/\" \/>\n<meta property=\"og:site_name\" content=\"Vieraiden kielten tiedonhaku\" \/>\n<meta property=\"article:modified_time\" content=\"2025-08-29T07:29:51+00:00\" \/>\n<meta property=\"og:image\" content=\"https:\/\/blogs.uef.fi\/tiedonhaku-vieraatkielet\/wp-content\/uploads\/sites\/63\/2015\/06\/arto_viite1.jpg\" \/>\n\t<meta property=\"og:image:width\" content=\"754\" \/>\n\t<meta property=\"og:image:height\" content=\"468\" \/>\n\t<meta property=\"og:image:type\" content=\"image\/jpeg\" \/>\n<meta name=\"twitter:card\" content=\"summary_large_image\" \/>\n<meta name=\"twitter:label1\" content=\"Arvioitu lukuaika\" \/>\n\t<meta name=\"twitter:data1\" content=\"2 minuuttia\" \/>\n<script type=\"application\/ld+json\" class=\"yoast-schema-graph\">{\"@context\":\"https:\\\/\\\/schema.org\",\"@graph\":[{\"@type\":\"WebPage\",\"@id\":\"https:\\\/\\\/blogs.uef.fi\\\/tiedonhaku-vieraatkielet\\\/hakutuloksen-arviointi\\\/viitetietojen-lukeminen\\\/\",\"url\":\"https:\\\/\\\/blogs.uef.fi\\\/tiedonhaku-vieraatkielet\\\/hakutuloksen-arviointi\\\/viitetietojen-lukeminen\\\/\",\"name\":\"Viitetietojen lukeminen - Vieraiden kielten tiedonhaku\",\"isPartOf\":{\"@id\":\"https:\\\/\\\/blogs.uef.fi\\\/tiedonhaku-vieraatkielet\\\/#website\"},\"primaryImageOfPage\":{\"@id\":\"https:\\\/\\\/blogs.uef.fi\\\/tiedonhaku-vieraatkielet\\\/hakutuloksen-arviointi\\\/viitetietojen-lukeminen\\\/#primaryimage\"},\"image\":{\"@id\":\"https:\\\/\\\/blogs.uef.fi\\\/tiedonhaku-vieraatkielet\\\/hakutuloksen-arviointi\\\/viitetietojen-lukeminen\\\/#primaryimage\"},\"thumbnailUrl\":\"https:\\\/\\\/blogs.uef.fi\\\/tiedonhaku-vieraatkielet\\\/wp-content\\\/uploads\\\/sites\\\/63\\\/2015\\\/06\\\/arto_viite1.jpg\",\"datePublished\":\"2015-05-13T06:58:42+00:00\",\"dateModified\":\"2025-08-29T07:29:51+00:00\",\"breadcrumb\":{\"@id\":\"https:\\\/\\\/blogs.uef.fi\\\/tiedonhaku-vieraatkielet\\\/hakutuloksen-arviointi\\\/viitetietojen-lukeminen\\\/#breadcrumb\"},\"inLanguage\":\"fi\",\"potentialAction\":[{\"@type\":\"ReadAction\",\"target\":[\"https:\\\/\\\/blogs.uef.fi\\\/tiedonhaku-vieraatkielet\\\/hakutuloksen-arviointi\\\/viitetietojen-lukeminen\\\/\"]}]},{\"@type\":\"ImageObject\",\"inLanguage\":\"fi\",\"@id\":\"https:\\\/\\\/blogs.uef.fi\\\/tiedonhaku-vieraatkielet\\\/hakutuloksen-arviointi\\\/viitetietojen-lukeminen\\\/#primaryimage\",\"url\":\"https:\\\/\\\/blogs.uef.fi\\\/tiedonhaku-vieraatkielet\\\/wp-content\\\/uploads\\\/sites\\\/63\\\/2015\\\/06\\\/arto_viite1.jpg\",\"contentUrl\":\"https:\\\/\\\/blogs.uef.fi\\\/tiedonhaku-vieraatkielet\\\/wp-content\\\/uploads\\\/sites\\\/63\\\/2015\\\/06\\\/arto_viite1.jpg\",\"width\":754,\"height\":468},{\"@type\":\"BreadcrumbList\",\"@id\":\"https:\\\/\\\/blogs.uef.fi\\\/tiedonhaku-vieraatkielet\\\/hakutuloksen-arviointi\\\/viitetietojen-lukeminen\\\/#breadcrumb\",\"itemListElement\":[{\"@type\":\"ListItem\",\"position\":1,\"name\":\"Home\",\"item\":\"https:\\\/\\\/blogs.uef.fi\\\/tiedonhaku-vieraatkielet\\\/\"},{\"@type\":\"ListItem\",\"position\":2,\"name\":\"Hakutulokset\",\"item\":\"https:\\\/\\\/blogs.uef.fi\\\/tiedonhaku-vieraatkielet\\\/hakutuloksen-arviointi\\\/\"},{\"@type\":\"ListItem\",\"position\":3,\"name\":\"Viitetietojen lukeminen\"}]},{\"@type\":\"WebSite\",\"@id\":\"https:\\\/\\\/blogs.uef.fi\\\/tiedonhaku-vieraatkielet\\\/#website\",\"url\":\"https:\\\/\\\/blogs.uef.fi\\\/tiedonhaku-vieraatkielet\\\/\",\"name\":\"Vieraiden kielten tiedonhaku\",\"description\":\"\",\"potentialAction\":[{\"@type\":\"SearchAction\",\"target\":{\"@type\":\"EntryPoint\",\"urlTemplate\":\"https:\\\/\\\/blogs.uef.fi\\\/tiedonhaku-vieraatkielet\\\/?s={search_term_string}\"},\"query-input\":{\"@type\":\"PropertyValueSpecification\",\"valueRequired\":true,\"valueName\":\"search_term_string\"}}],\"inLanguage\":\"fi\"}]}<\/script>\n<!-- \/ Yoast SEO plugin. -->","yoast_head_json":{"title":"Viitetietojen lukeminen - Vieraiden kielten tiedonhaku","robots":{"index":"index","follow":"follow","max-snippet":"max-snippet:-1","max-image-preview":"max-image-preview:large","max-video-preview":"max-video-preview:-1"},"canonical":"https:\/\/blogs.uef.fi\/tiedonhaku-vieraatkielet\/hakutuloksen-arviointi\/viitetietojen-lukeminen\/","og_locale":"fi_FI","og_type":"article","og_title":"Viitetietojen lukeminen - Vieraiden kielten tiedonhaku","og_description":"Julkaisujen j\u00e4ljitt\u00e4mist\u00e4 ja my\u00f6hemmin omaa l\u00e4hdeluetteloa varten tarvitaan seuraavia tietoja: Lehtiartikkeli:tekij\u00e4, artikkelin nimi, lehden nimi ja vuosi, vuosikerta\/numero, sivunumerot Kirja:tekij\u00e4, kirjan nimi, julkaisuvuosi, kustantaja, julkaisupaikka, sivum\u00e4\u00e4r\u00e4 Artikkeli kirjassa:tekij\u00e4, artikkelin nimi, kirjan nimi, julkaisuvuosi, kirjan toimittaja (editor), kirjan kustantaja ja julkaisupaikka, artikkelin sivunumerot Esimerkki lehtiartikkeliviitteest\u00e4: L\u00e4hdeviitteet:Julkaisujen l\u00e4hdeluettelot sis\u00e4lt\u00e4v\u00e4t l\u00e4hdeviitteit\u00e4. L\u00e4hdeviitteen muoto on tieteellisess\u00e4 julkaisussa tarkkaan s\u00e4\u00e4delty, [&hellip;]","og_url":"https:\/\/blogs.uef.fi\/tiedonhaku-vieraatkielet\/hakutuloksen-arviointi\/viitetietojen-lukeminen\/","og_site_name":"Vieraiden kielten tiedonhaku","article_modified_time":"2025-08-29T07:29:51+00:00","og_image":[{"width":754,"height":468,"url":"https:\/\/blogs.uef.fi\/tiedonhaku-vieraatkielet\/wp-content\/uploads\/sites\/63\/2015\/06\/arto_viite1.jpg","type":"image\/jpeg"}],"twitter_card":"summary_large_image","twitter_misc":{"Arvioitu lukuaika":"2 minuuttia"},"schema":{"@context":"https:\/\/schema.org","@graph":[{"@type":"WebPage","@id":"https:\/\/blogs.uef.fi\/tiedonhaku-vieraatkielet\/hakutuloksen-arviointi\/viitetietojen-lukeminen\/","url":"https:\/\/blogs.uef.fi\/tiedonhaku-vieraatkielet\/hakutuloksen-arviointi\/viitetietojen-lukeminen\/","name":"Viitetietojen lukeminen - Vieraiden kielten tiedonhaku","isPartOf":{"@id":"https:\/\/blogs.uef.fi\/tiedonhaku-vieraatkielet\/#website"},"primaryImageOfPage":{"@id":"https:\/\/blogs.uef.fi\/tiedonhaku-vieraatkielet\/hakutuloksen-arviointi\/viitetietojen-lukeminen\/#primaryimage"},"image":{"@id":"https:\/\/blogs.uef.fi\/tiedonhaku-vieraatkielet\/hakutuloksen-arviointi\/viitetietojen-lukeminen\/#primaryimage"},"thumbnailUrl":"https:\/\/blogs.uef.fi\/tiedonhaku-vieraatkielet\/wp-content\/uploads\/sites\/63\/2015\/06\/arto_viite1.jpg","datePublished":"2015-05-13T06:58:42+00:00","dateModified":"2025-08-29T07:29:51+00:00","breadcrumb":{"@id":"https:\/\/blogs.uef.fi\/tiedonhaku-vieraatkielet\/hakutuloksen-arviointi\/viitetietojen-lukeminen\/#breadcrumb"},"inLanguage":"fi","potentialAction":[{"@type":"ReadAction","target":["https:\/\/blogs.uef.fi\/tiedonhaku-vieraatkielet\/hakutuloksen-arviointi\/viitetietojen-lukeminen\/"]}]},{"@type":"ImageObject","inLanguage":"fi","@id":"https:\/\/blogs.uef.fi\/tiedonhaku-vieraatkielet\/hakutuloksen-arviointi\/viitetietojen-lukeminen\/#primaryimage","url":"https:\/\/blogs.uef.fi\/tiedonhaku-vieraatkielet\/wp-content\/uploads\/sites\/63\/2015\/06\/arto_viite1.jpg","contentUrl":"https:\/\/blogs.uef.fi\/tiedonhaku-vieraatkielet\/wp-content\/uploads\/sites\/63\/2015\/06\/arto_viite1.jpg","width":754,"height":468},{"@type":"BreadcrumbList","@id":"https:\/\/blogs.uef.fi\/tiedonhaku-vieraatkielet\/hakutuloksen-arviointi\/viitetietojen-lukeminen\/#breadcrumb","itemListElement":[{"@type":"ListItem","position":1,"name":"Home","item":"https:\/\/blogs.uef.fi\/tiedonhaku-vieraatkielet\/"},{"@type":"ListItem","position":2,"name":"Hakutulokset","item":"https:\/\/blogs.uef.fi\/tiedonhaku-vieraatkielet\/hakutuloksen-arviointi\/"},{"@type":"ListItem","position":3,"name":"Viitetietojen lukeminen"}]},{"@type":"WebSite","@id":"https:\/\/blogs.uef.fi\/tiedonhaku-vieraatkielet\/#website","url":"https:\/\/blogs.uef.fi\/tiedonhaku-vieraatkielet\/","name":"Vieraiden kielten tiedonhaku","description":"","potentialAction":[{"@type":"SearchAction","target":{"@type":"EntryPoint","urlTemplate":"https:\/\/blogs.uef.fi\/tiedonhaku-vieraatkielet\/?s={search_term_string}"},"query-input":{"@type":"PropertyValueSpecification","valueRequired":true,"valueName":"search_term_string"}}],"inLanguage":"fi"}]}},"_links":{"self":[{"href":"https:\/\/blogs.uef.fi\/tiedonhaku-vieraatkielet\/wp-json\/wp\/v2\/pages\/177","targetHints":{"allow":["GET"]}}],"collection":[{"href":"https:\/\/blogs.uef.fi\/tiedonhaku-vieraatkielet\/wp-json\/wp\/v2\/pages"}],"about":[{"href":"https:\/\/blogs.uef.fi\/tiedonhaku-vieraatkielet\/wp-json\/wp\/v2\/types\/page"}],"author":[{"embeddable":true,"href":"https:\/\/blogs.uef.fi\/tiedonhaku-vieraatkielet\/wp-json\/wp\/v2\/users\/129"}],"replies":[{"embeddable":true,"href":"https:\/\/blogs.uef.fi\/tiedonhaku-vieraatkielet\/wp-json\/wp\/v2\/comments?post=177"}],"version-history":[{"count":2,"href":"https:\/\/blogs.uef.fi\/tiedonhaku-vieraatkielet\/wp-json\/wp\/v2\/pages\/177\/revisions"}],"predecessor-version":[{"id":3049,"href":"https:\/\/blogs.uef.fi\/tiedonhaku-vieraatkielet\/wp-json\/wp\/v2\/pages\/177\/revisions\/3049"}],"up":[{"embeddable":true,"href":"https:\/\/blogs.uef.fi\/tiedonhaku-vieraatkielet\/wp-json\/wp\/v2\/pages\/77"}],"wp:attachment":[{"href":"https:\/\/blogs.uef.fi\/tiedonhaku-vieraatkielet\/wp-json\/wp\/v2\/media?parent=177"}],"curies":[{"name":"wp","href":"https:\/\/api.w.org\/{rel}","templated":true}]}}