{"id":148,"date":"2015-05-11T09:40:20","date_gmt":"2015-05-11T09:40:20","guid":{"rendered":"https:\/\/ueflibrarylang.wordpress.com\/?page_id=148"},"modified":"2024-09-17T10:32:51","modified_gmt":"2024-09-17T07:32:51","slug":"hakulauseet","status":"publish","type":"page","link":"https:\/\/blogs.uef.fi\/tiedonhaku-vieraatkielet\/about\/hakulauseet\/","title":{"rendered":"Hakulauseet"},"content":{"rendered":"\n<p>Hakusanat ja niit\u00e4 yhdist\u00e4v\u00e4t operaattorit muodostavat hakulauseen. Samaan hakulauseeseen voi yhdist\u00e4\u00e4 useita operaatioita (AND, OR, NOT).<\/p>\n\n\n\n<p>Hakulauseen kirjoitustapa riippuu tietokannasta. Perushakuun operaattorit yleens\u00e4 kirjoitetaan n\u00e4kyville. Useimmiten haku kohdistuu tietueen kaikkiin sanoihin eik\u00e4 hy\u00f6dyllinen kentt\u00e4kohdistus ole mahdollinen.<\/p>\n\n\n\n<p>Useille ohjatuille lomakkeille (eli <strong>Tarkennettu haku \/ Advanced Search<\/strong>) kirjoitetaan vain hakusanat. Operaattorit ja hakukent\u00e4t valitaan pudotusvalikosta. Tietokantojen tarkenneu haku&#8221; lomakkeet mahdollistavat hakujen tarkemman rajauksen, ja ovat lis\u00e4ksi usein helpompia k\u00e4ytt\u00e4\u00e4 kuin yll\u00e4 mainittu komentohaku.<\/p>\n\n\n\n<p>Useissa niin koti- kuin ulkomaisissakin tietokannoissa operaattorin OR voi joutua kirjoittamaan k\u00e4sin. OR kannattaa kirjoittaa aina ISOLLA. Alla olevissa esimerkeiss\u00e4 ovat tietokannat UEF-Primo ja kansainv\u00e4linen EBSCOhost Academic Search Premier. Hauissa etsit\u00e4\u00e4n tietoa <em>lasten \/ nuorten alkoholin \/ p\u00e4ihteiden<\/em> k\u00e4yt\u00f6st\u00e4.<\/p>\n\n\n\n<figure class=\"wp-block-image\"><img loading=\"lazy\" decoding=\"async\" width=\"1025\" height=\"710\" src=\"https:\/\/blogs.uef.fi\/tiedonhaku-vieraatkielet\/wp-content\/uploads\/sites\/63\/2020\/02\/priimo2.jpg\" alt=\"UEF-Primon tarkennetun haun lomakkeella tehty hakulauseke lapset OR nuoret AND alkoholi OR p\u00e4ihteet.\" class=\"wp-image-1291\" srcset=\"https:\/\/blogs.uef.fi\/tiedonhaku-vieraatkielet\/wp-content\/uploads\/sites\/63\/2020\/02\/priimo2.jpg 1025w, https:\/\/blogs.uef.fi\/tiedonhaku-vieraatkielet\/wp-content\/uploads\/sites\/63\/2020\/02\/priimo2-300x208.jpg 300w, https:\/\/blogs.uef.fi\/tiedonhaku-vieraatkielet\/wp-content\/uploads\/sites\/63\/2020\/02\/priimo2-768x532.jpg 768w\" sizes=\"auto, (max-width: 1025px) 100vw, 1025px\" \/><\/figure>\n\n\n\n<figure class=\"wp-block-image\"><img loading=\"lazy\" decoding=\"async\" width=\"747\" height=\"265\" src=\"https:\/\/blogs.uef.fi\/tiedonhaku-vieraatkielet\/wp-content\/uploads\/sites\/63\/2018\/07\/ebsco.png\" alt=\"Ebscohost Academic Search Premier-tietokannan tarkennetun haun lomakkeelle tehty hakulauseke children OR youth AND alcohol OR drugs.\" class=\"wp-image-927\" srcset=\"https:\/\/blogs.uef.fi\/tiedonhaku-vieraatkielet\/wp-content\/uploads\/sites\/63\/2018\/07\/ebsco.png 747w, https:\/\/blogs.uef.fi\/tiedonhaku-vieraatkielet\/wp-content\/uploads\/sites\/63\/2018\/07\/ebsco-300x106.png 300w\" sizes=\"auto, (max-width: 747px) 100vw, 747px\" \/><\/figure>\n\n\n\n<p>T\u00e4m\u00e4n perusperiaatteen avulla saat hakusi toimimaan hakuteknisesti oikein. Jos k\u00e4yt\u00e4t haussa NOT-operaattoria sulkemaan jonkin termin pois, laita NOT-operaattori hakuun viimeiseksi (esim. (children OR youth) AND (alcohol OR drugs) NOT america).<\/p>\n\n\n\n<p>(P\u00e4ivitetty 9\/2024)<\/p>\n\n\n\n<p>Siirry seuraavaan osioon <a href=\"https:\/\/blogs.uef.fi\/tiedonhaku-vieraatkielet\/about\/haun-rajaus\/\">Hakutuloksen rajaaminen<\/a><\/p>\n\n\n\n<p><\/p>\n","protected":false},"excerpt":{"rendered":"<p>Hakusanat ja niit\u00e4 yhdist\u00e4v\u00e4t operaattorit muodostavat hakulauseen. Samaan hakulauseeseen voi yhdist\u00e4\u00e4 useita operaatioita (AND, OR, NOT). Hakulauseen kirjoitustapa riippuu tietokannasta. Perushakuun operaattorit yleens\u00e4 kirjoitetaan n\u00e4kyville. Useimmiten haku kohdistuu tietueen kaikkiin sanoihin eik\u00e4 hy\u00f6dyllinen kentt\u00e4kohdistus ole mahdollinen. Useille ohjatuille lomakkeille (eli Tarkennettu haku \/ Advanced Search) kirjoitetaan vain hakusanat. Operaattorit ja hakukent\u00e4t valitaan pudotusvalikosta. Tietokantojen tarkenneu [&hellip;]<\/p>\n","protected":false},"author":129,"featured_media":0,"parent":693,"menu_order":8,"comment_status":"closed","ping_status":"open","template":"","meta":{"_acf_changed":false,"footnotes":""},"class_list":["post-148","page","type-page","status-publish","hentry"],"acf":[],"yoast_head":"<!-- This site is optimized with the Yoast SEO plugin v27.1.1 - https:\/\/yoast.com\/product\/yoast-seo-wordpress\/ -->\n<title>Hakulauseet - Vieraiden kielten tiedonhaku<\/title>\n<meta name=\"robots\" content=\"index, follow, max-snippet:-1, max-image-preview:large, max-video-preview:-1\" \/>\n<link rel=\"canonical\" href=\"https:\/\/blogs.uef.fi\/tiedonhaku-vieraatkielet\/about\/hakulauseet\/\" \/>\n<meta property=\"og:locale\" content=\"fi_FI\" \/>\n<meta property=\"og:type\" content=\"article\" \/>\n<meta property=\"og:title\" content=\"Hakulauseet - Vieraiden kielten tiedonhaku\" \/>\n<meta property=\"og:description\" content=\"Hakusanat ja niit\u00e4 yhdist\u00e4v\u00e4t operaattorit muodostavat hakulauseen. Samaan hakulauseeseen voi yhdist\u00e4\u00e4 useita operaatioita (AND, OR, NOT). Hakulauseen kirjoitustapa riippuu tietokannasta. Perushakuun operaattorit yleens\u00e4 kirjoitetaan n\u00e4kyville. Useimmiten haku kohdistuu tietueen kaikkiin sanoihin eik\u00e4 hy\u00f6dyllinen kentt\u00e4kohdistus ole mahdollinen. Useille ohjatuille lomakkeille (eli Tarkennettu haku \/ Advanced Search) kirjoitetaan vain hakusanat. Operaattorit ja hakukent\u00e4t valitaan pudotusvalikosta. Tietokantojen tarkenneu [&hellip;]\" \/>\n<meta property=\"og:url\" content=\"https:\/\/blogs.uef.fi\/tiedonhaku-vieraatkielet\/about\/hakulauseet\/\" \/>\n<meta property=\"og:site_name\" content=\"Vieraiden kielten tiedonhaku\" \/>\n<meta property=\"article:modified_time\" content=\"2024-09-17T07:32:51+00:00\" \/>\n<meta property=\"og:image\" content=\"https:\/\/blogs.uef.fi\/tiedonhaku-vieraatkielet\/wp-content\/uploads\/sites\/63\/2020\/02\/priimo2.jpg\" \/>\n<meta name=\"twitter:card\" content=\"summary_large_image\" \/>\n<meta name=\"twitter:label1\" content=\"Arvioitu lukuaika\" \/>\n\t<meta name=\"twitter:data1\" content=\"2 minuuttia\" \/>\n<script type=\"application\/ld+json\" class=\"yoast-schema-graph\">{\"@context\":\"https:\/\/schema.org\",\"@graph\":[{\"@type\":\"WebPage\",\"@id\":\"https:\/\/blogs.uef.fi\/tiedonhaku-vieraatkielet\/about\/hakulauseet\/\",\"url\":\"https:\/\/blogs.uef.fi\/tiedonhaku-vieraatkielet\/about\/hakulauseet\/\",\"name\":\"Hakulauseet - Vieraiden kielten tiedonhaku\",\"isPartOf\":{\"@id\":\"https:\/\/blogs.uef.fi\/tiedonhaku-vieraatkielet\/#website\"},\"primaryImageOfPage\":{\"@id\":\"https:\/\/blogs.uef.fi\/tiedonhaku-vieraatkielet\/about\/hakulauseet\/#primaryimage\"},\"image\":{\"@id\":\"https:\/\/blogs.uef.fi\/tiedonhaku-vieraatkielet\/about\/hakulauseet\/#primaryimage\"},\"thumbnailUrl\":\"https:\/\/blogs.uef.fi\/tiedonhaku-vieraatkielet\/wp-content\/uploads\/sites\/63\/2020\/02\/priimo2.jpg\",\"datePublished\":\"2015-05-11T09:40:20+00:00\",\"dateModified\":\"2024-09-17T07:32:51+00:00\",\"breadcrumb\":{\"@id\":\"https:\/\/blogs.uef.fi\/tiedonhaku-vieraatkielet\/about\/hakulauseet\/#breadcrumb\"},\"inLanguage\":\"fi\",\"potentialAction\":[{\"@type\":\"ReadAction\",\"target\":[\"https:\/\/blogs.uef.fi\/tiedonhaku-vieraatkielet\/about\/hakulauseet\/\"]}]},{\"@type\":\"ImageObject\",\"inLanguage\":\"fi\",\"@id\":\"https:\/\/blogs.uef.fi\/tiedonhaku-vieraatkielet\/about\/hakulauseet\/#primaryimage\",\"url\":\"https:\/\/blogs.uef.fi\/tiedonhaku-vieraatkielet\/wp-content\/uploads\/sites\/63\/2020\/02\/priimo2.jpg\",\"contentUrl\":\"https:\/\/blogs.uef.fi\/tiedonhaku-vieraatkielet\/wp-content\/uploads\/sites\/63\/2020\/02\/priimo2.jpg\",\"width\":1025,\"height\":710},{\"@type\":\"BreadcrumbList\",\"@id\":\"https:\/\/blogs.uef.fi\/tiedonhaku-vieraatkielet\/about\/hakulauseet\/#breadcrumb\",\"itemListElement\":[{\"@type\":\"ListItem\",\"position\":1,\"name\":\"Home\",\"item\":\"https:\/\/blogs.uef.fi\/tiedonhaku-vieraatkielet\/\"},{\"@type\":\"ListItem\",\"position\":2,\"name\":\"Hakusanat ja hakutekniikat\",\"item\":\"https:\/\/blogs.uef.fi\/tiedonhaku-vieraatkielet\/about\/\"},{\"@type\":\"ListItem\",\"position\":3,\"name\":\"Hakulauseet\"}]},{\"@type\":\"WebSite\",\"@id\":\"https:\/\/blogs.uef.fi\/tiedonhaku-vieraatkielet\/#website\",\"url\":\"https:\/\/blogs.uef.fi\/tiedonhaku-vieraatkielet\/\",\"name\":\"Vieraiden kielten tiedonhaku\",\"description\":\"\",\"potentialAction\":[{\"@type\":\"SearchAction\",\"target\":{\"@type\":\"EntryPoint\",\"urlTemplate\":\"https:\/\/blogs.uef.fi\/tiedonhaku-vieraatkielet\/?s={search_term_string}\"},\"query-input\":{\"@type\":\"PropertyValueSpecification\",\"valueRequired\":true,\"valueName\":\"search_term_string\"}}],\"inLanguage\":\"fi\"}]}<\/script>\n<!-- \/ Yoast SEO plugin. -->","yoast_head_json":{"title":"Hakulauseet - Vieraiden kielten tiedonhaku","robots":{"index":"index","follow":"follow","max-snippet":"max-snippet:-1","max-image-preview":"max-image-preview:large","max-video-preview":"max-video-preview:-1"},"canonical":"https:\/\/blogs.uef.fi\/tiedonhaku-vieraatkielet\/about\/hakulauseet\/","og_locale":"fi_FI","og_type":"article","og_title":"Hakulauseet - Vieraiden kielten tiedonhaku","og_description":"Hakusanat ja niit\u00e4 yhdist\u00e4v\u00e4t operaattorit muodostavat hakulauseen. Samaan hakulauseeseen voi yhdist\u00e4\u00e4 useita operaatioita (AND, OR, NOT). Hakulauseen kirjoitustapa riippuu tietokannasta. Perushakuun operaattorit yleens\u00e4 kirjoitetaan n\u00e4kyville. Useimmiten haku kohdistuu tietueen kaikkiin sanoihin eik\u00e4 hy\u00f6dyllinen kentt\u00e4kohdistus ole mahdollinen. Useille ohjatuille lomakkeille (eli Tarkennettu haku \/ Advanced Search) kirjoitetaan vain hakusanat. Operaattorit ja hakukent\u00e4t valitaan pudotusvalikosta. Tietokantojen tarkenneu [&hellip;]","og_url":"https:\/\/blogs.uef.fi\/tiedonhaku-vieraatkielet\/about\/hakulauseet\/","og_site_name":"Vieraiden kielten tiedonhaku","article_modified_time":"2024-09-17T07:32:51+00:00","og_image":[{"url":"https:\/\/blogs.uef.fi\/tiedonhaku-vieraatkielet\/wp-content\/uploads\/sites\/63\/2020\/02\/priimo2.jpg","type":"","width":"","height":""}],"twitter_card":"summary_large_image","twitter_misc":{"Arvioitu lukuaika":"2 minuuttia"},"schema":{"@context":"https:\/\/schema.org","@graph":[{"@type":"WebPage","@id":"https:\/\/blogs.uef.fi\/tiedonhaku-vieraatkielet\/about\/hakulauseet\/","url":"https:\/\/blogs.uef.fi\/tiedonhaku-vieraatkielet\/about\/hakulauseet\/","name":"Hakulauseet - Vieraiden kielten tiedonhaku","isPartOf":{"@id":"https:\/\/blogs.uef.fi\/tiedonhaku-vieraatkielet\/#website"},"primaryImageOfPage":{"@id":"https:\/\/blogs.uef.fi\/tiedonhaku-vieraatkielet\/about\/hakulauseet\/#primaryimage"},"image":{"@id":"https:\/\/blogs.uef.fi\/tiedonhaku-vieraatkielet\/about\/hakulauseet\/#primaryimage"},"thumbnailUrl":"https:\/\/blogs.uef.fi\/tiedonhaku-vieraatkielet\/wp-content\/uploads\/sites\/63\/2020\/02\/priimo2.jpg","datePublished":"2015-05-11T09:40:20+00:00","dateModified":"2024-09-17T07:32:51+00:00","breadcrumb":{"@id":"https:\/\/blogs.uef.fi\/tiedonhaku-vieraatkielet\/about\/hakulauseet\/#breadcrumb"},"inLanguage":"fi","potentialAction":[{"@type":"ReadAction","target":["https:\/\/blogs.uef.fi\/tiedonhaku-vieraatkielet\/about\/hakulauseet\/"]}]},{"@type":"ImageObject","inLanguage":"fi","@id":"https:\/\/blogs.uef.fi\/tiedonhaku-vieraatkielet\/about\/hakulauseet\/#primaryimage","url":"https:\/\/blogs.uef.fi\/tiedonhaku-vieraatkielet\/wp-content\/uploads\/sites\/63\/2020\/02\/priimo2.jpg","contentUrl":"https:\/\/blogs.uef.fi\/tiedonhaku-vieraatkielet\/wp-content\/uploads\/sites\/63\/2020\/02\/priimo2.jpg","width":1025,"height":710},{"@type":"BreadcrumbList","@id":"https:\/\/blogs.uef.fi\/tiedonhaku-vieraatkielet\/about\/hakulauseet\/#breadcrumb","itemListElement":[{"@type":"ListItem","position":1,"name":"Home","item":"https:\/\/blogs.uef.fi\/tiedonhaku-vieraatkielet\/"},{"@type":"ListItem","position":2,"name":"Hakusanat ja hakutekniikat","item":"https:\/\/blogs.uef.fi\/tiedonhaku-vieraatkielet\/about\/"},{"@type":"ListItem","position":3,"name":"Hakulauseet"}]},{"@type":"WebSite","@id":"https:\/\/blogs.uef.fi\/tiedonhaku-vieraatkielet\/#website","url":"https:\/\/blogs.uef.fi\/tiedonhaku-vieraatkielet\/","name":"Vieraiden kielten tiedonhaku","description":"","potentialAction":[{"@type":"SearchAction","target":{"@type":"EntryPoint","urlTemplate":"https:\/\/blogs.uef.fi\/tiedonhaku-vieraatkielet\/?s={search_term_string}"},"query-input":{"@type":"PropertyValueSpecification","valueRequired":true,"valueName":"search_term_string"}}],"inLanguage":"fi"}]}},"_links":{"self":[{"href":"https:\/\/blogs.uef.fi\/tiedonhaku-vieraatkielet\/wp-json\/wp\/v2\/pages\/148","targetHints":{"allow":["GET"]}}],"collection":[{"href":"https:\/\/blogs.uef.fi\/tiedonhaku-vieraatkielet\/wp-json\/wp\/v2\/pages"}],"about":[{"href":"https:\/\/blogs.uef.fi\/tiedonhaku-vieraatkielet\/wp-json\/wp\/v2\/types\/page"}],"author":[{"embeddable":true,"href":"https:\/\/blogs.uef.fi\/tiedonhaku-vieraatkielet\/wp-json\/wp\/v2\/users\/129"}],"replies":[{"embeddable":true,"href":"https:\/\/blogs.uef.fi\/tiedonhaku-vieraatkielet\/wp-json\/wp\/v2\/comments?post=148"}],"version-history":[{"count":2,"href":"https:\/\/blogs.uef.fi\/tiedonhaku-vieraatkielet\/wp-json\/wp\/v2\/pages\/148\/revisions"}],"predecessor-version":[{"id":3016,"href":"https:\/\/blogs.uef.fi\/tiedonhaku-vieraatkielet\/wp-json\/wp\/v2\/pages\/148\/revisions\/3016"}],"up":[{"embeddable":true,"href":"https:\/\/blogs.uef.fi\/tiedonhaku-vieraatkielet\/wp-json\/wp\/v2\/pages\/693"}],"wp:attachment":[{"href":"https:\/\/blogs.uef.fi\/tiedonhaku-vieraatkielet\/wp-json\/wp\/v2\/media?parent=148"}],"curies":[{"name":"wp","href":"https:\/\/api.w.org\/{rel}","templated":true}]}}