{"id":136,"date":"2015-05-11T09:27:36","date_gmt":"2015-05-11T09:27:36","guid":{"rendered":"https:\/\/ueflibrarylang.wordpress.com\/?page_id=136"},"modified":"2024-09-17T10:28:47","modified_gmt":"2024-09-17T07:28:47","slug":"hakusanojen-ideointi","status":"publish","type":"page","link":"https:\/\/blogs.uef.fi\/tiedonhaku-vieraatkielet\/about\/hakusanojen-ideointi\/","title":{"rendered":"Hakusanojen ideointi"},"content":{"rendered":"\n<p>Omaa aihetta j\u00e4sent\u00e4m\u00e4ll\u00e4 ja tutkimusongelmaa tarkentamalla hahmottuu oma ymm\u00e4rrys siit\u00e4, mit\u00e4 tutkimuksella halutaan osoittaa ja mit\u00e4 asioita halutaan tiet\u00e4\u00e4. Samalla muotoutuu joukko mahdollisia hakuk\u00e4sitteit\u00e4 hakusanojen valinnan pohjaksi. Hakusanojen l\u00f6yt\u00e4misen keinoja ovat mm.<\/p>\n\n\n\n<ul class=\"wp-block-list\">\n<li>perusk\u00e4sitteiden t\u00e4sment\u00e4minen<\/li>\n\n\n\n<li>laajemmat asiayhteydet, yl\u00e4k\u00e4sitteet<\/li>\n\n\n\n<li>assosiaatiot<\/li>\n\n\n\n<li>n\u00e4k\u00f6kulman tarkentaminen, esimerkiksi vastaamalla kysymyksiin:<\/li>\n<\/ul>\n\n\n\n<p>Kuka? (tekee, toimii, vaikuttaa taustalla)<br>Kenelle? (toiminnan kohderyhm\u00e4, kehen vaikuttaa, kenelle on t\u00e4rke\u00e4) &#8211; henkil\u00f6t, ryhm\u00e4t, organisaatiot<br>Miksi? (tarve, pakko, seuraus jostakin, mist\u00e4?)<br>Miten? (menetelm\u00e4, tarkastelutapa: esim. taloudellinen \/ tekninen )<br>Miss\u00e4? (maa, maakunta, paikkakunta jne.)<br>Milloin? (ennen, nyt, tulevaisuudessa)<\/p>\n\n\n\n<p>N\u00e4it\u00e4 kysymyksi\u00e4 pit\u00e4\u00e4 tarkastella t\u00e4ss\u00e4 yhteydess\u00e4 silt\u00e4 kannalta, mit\u00e4 tietoja, n\u00e4k\u00f6kulmia ja asioita l\u00f6ydetyiss\u00e4 julkaisuissa tulisi olla, jotta niist\u00e4 olisi hy\u00f6ty\u00e4 k\u00e4sill\u00e4 olevalle tutkimukselle. Esiin nousevia sanoja voi sitten k\u00e4ytt\u00e4\u00e4 hyv\u00e4ksi tiedonhaussa ja arvioitaessa l\u00f6ydettyjen julkaisujen hy\u00f6dyllisyytt\u00e4.<\/p>\n\n\n\n<h2 class=\"wp-block-heading\"><span style=\"color: #000000\">Hakusanat ovat vain merkkijonoja<\/span><\/h2>\n\n\n\n<p>Tietokone ei ymm\u00e4rr\u00e4 merkityksi\u00e4 merkkien takana: sille sana &#8221;tabletti&#8221; on vain 8 merkki\u00e4 tietyss\u00e4 j\u00e4rjestyksess\u00e4 eik\u00e4 se pohdi, miss\u00e4 merkityksess\u00e4 tabletista puhutaan. Tavallaan tietokone on t\u00e4ss\u00e4 suhteessa ihmist\u00e4 yksinkertaisempi.<\/p>\n\n\n\n<figure class=\"wp-block-image\"><img loading=\"lazy\" decoding=\"async\" width=\"1459\" height=\"749\" src=\"https:\/\/blogs.uef.fi\/tiedonhaku-vieraatkielet\/wp-content\/uploads\/sites\/63\/2016\/06\/tabletti_esimerkki.png\" alt=\"Tabletti-sanalla on monia merkityksi\u00e4: vanhalle miehelle tabletti voi tarkoittaa l\u00e4\u00e4kett\u00e4, p\u00f6yd\u00e4n \u00e4\u00e4ress\u00e4 nauravalle naiselle p\u00f6yt\u00e4liinaa ja pienelle lippalakkip\u00e4iselle pojalle mobiililaitetta.\" class=\"wp-image-619\" srcset=\"https:\/\/blogs.uef.fi\/tiedonhaku-vieraatkielet\/wp-content\/uploads\/sites\/63\/2016\/06\/tabletti_esimerkki.png 1459w, https:\/\/blogs.uef.fi\/tiedonhaku-vieraatkielet\/wp-content\/uploads\/sites\/63\/2016\/06\/tabletti_esimerkki-300x154.png 300w, https:\/\/blogs.uef.fi\/tiedonhaku-vieraatkielet\/wp-content\/uploads\/sites\/63\/2016\/06\/tabletti_esimerkki-768x394.png 768w, https:\/\/blogs.uef.fi\/tiedonhaku-vieraatkielet\/wp-content\/uploads\/sites\/63\/2016\/06\/tabletti_esimerkki-1024x526.png 1024w\" sizes=\"auto, (max-width: 1459px) 100vw, 1459px\" \/><\/figure>\n\n\n\n<p>Koska kone ei ymm\u00e4rr\u00e4 merkityksi\u00e4 merkkien takana, on tiedonhakijan itse m\u00e4\u00e4r\u00e4tt\u00e4v\u00e4 kaikki merkkijonot, joita etsit\u00e4\u00e4n. Siksi jo l\u00f6ydetyille termeille etsit\u00e4\u00e4n vaihtoehtoisia ilmaisumuotoja, esimerkiksi:<\/p>\n\n\n\n<p><span style=\"color: #000000\"><strong>synonyymeja:<\/strong><\/span> el\u00e4intarinat &#8211; faabelit<br><strong><span style=\"color: #000000\">lyhenteit\u00e4:<\/span><\/strong> United Nations &#8211; UN<br><strong><span style=\"color: #000000\">rinnakkaisia k\u00e4sitteit\u00e4:<\/span><\/strong> fraasit &#8211; idiomit<br><span style=\"color: #000000\"><strong>vastakkainenkin k\u00e4site <\/strong>voi olla joskus hy\u00f6dyksi:<\/span> arkaismit \u2013 neologismit<\/p>\n\n\n\n<p>Hakusanoille on tarvittaessa mietitt\u00e4v\u00e4 my\u00f6s <span style=\"color: #000000\">vieraskieliset vastineet<\/span>, etenkin etsitt\u00e4ess\u00e4 aineistoa kansainv\u00e4lisist\u00e4 tietokannoista. Monen kansainv\u00e4lisen tietokannan hakukieli on englanti, jolloin my\u00f6s hakusanat tulee mietti\u00e4 englanniksi. Ven\u00e4j\u00e4nkielisiss\u00e4 tietokannoissa hakukielen\u00e4 toimii parhaiten ven\u00e4j\u00e4, ruotsinkielisiss\u00e4 ruotsi.&nbsp; On my\u00f6s mahdollista, ettei uudelle, vieraskieliselle k\u00e4sitteelle ole olemassa vakiintunutta suomenkielist\u00e4 vastinetta (esim. vintage).<\/p>\n\n\n\n<h2 class=\"wp-block-heading\"><span style=\"color: #000000\">A<\/span>puneuvoja hakusanojen miettimiseen<\/h2>\n\n\n\n<ul class=\"wp-block-list\">\n<li>Sanakirjat (esim. MOT Kielipalvelu), k\u00e4sikirjat, hakuteokset<\/li>\n\n\n\n<li>Oppikirjat. Taustatietoa ja alan k\u00e4sitteist\u00f6\u00e4 l\u00f6ytyy alan oppikirjoista, tietosanakirjoista ja muista hakuteoksista. Ne auttavat keskeisten k\u00e4sitteiden ja niiden synonyymien pohtimisessa. Samalla on hyv\u00e4 selvitt\u00e4\u00e4 termien laajemmat ja suppeammat k\u00e4sitteet sek\u00e4 vaihtoehtoiset ilmaisut.<\/li>\n\n\n\n<li>Jo l\u00f6ydettyjen julkaisujen sis\u00e4llysluettelot ja l\u00e4hdeluettelot<\/li>\n\n\n\n<li>Asiasanastot<\/li>\n\n\n\n<li>Jo l\u00f6ytyneiden julkaisujen tiedot tietokannoissa, erityisesti aihetta kuvaavat sanat (subject terms, keywords, author applied keywords)<\/li>\n<\/ul>\n\n\n\n<p>(P\u00e4ivitetty 9\/2024)<\/p>\n\n\n\n<p>Siirry seuraavaan osioon <a href=\"https:\/\/blogs.uef.fi\/tiedonhaku-vieraatkielet\/about\/asiasanastot-hakusanojen-ideoinnin-apuna\/\">Asiasanastot tiedonhakijan apuna<\/a><\/p>\n","protected":false},"excerpt":{"rendered":"<p>Omaa aihetta j\u00e4sent\u00e4m\u00e4ll\u00e4 ja tutkimusongelmaa tarkentamalla hahmottuu oma ymm\u00e4rrys siit\u00e4, mit\u00e4 tutkimuksella halutaan osoittaa ja mit\u00e4 asioita halutaan tiet\u00e4\u00e4. Samalla muotoutuu joukko mahdollisia hakuk\u00e4sitteit\u00e4 hakusanojen valinnan pohjaksi. Hakusanojen l\u00f6yt\u00e4misen keinoja ovat mm. Kuka? (tekee, toimii, vaikuttaa taustalla)Kenelle? (toiminnan kohderyhm\u00e4, kehen vaikuttaa, kenelle on t\u00e4rke\u00e4) &#8211; henkil\u00f6t, ryhm\u00e4t, organisaatiotMiksi? (tarve, pakko, seuraus jostakin, mist\u00e4?)Miten? (menetelm\u00e4, tarkastelutapa: [&hellip;]<\/p>\n","protected":false},"author":129,"featured_media":0,"parent":693,"menu_order":4,"comment_status":"closed","ping_status":"open","template":"","meta":{"_acf_changed":false,"footnotes":""},"class_list":["post-136","page","type-page","status-publish","hentry"],"acf":[],"yoast_head":"<!-- This site is optimized with the Yoast SEO plugin v27.1.1 - https:\/\/yoast.com\/product\/yoast-seo-wordpress\/ -->\n<title>Hakusanojen ideointi - Vieraiden kielten tiedonhaku<\/title>\n<meta name=\"robots\" content=\"index, follow, max-snippet:-1, max-image-preview:large, max-video-preview:-1\" \/>\n<link rel=\"canonical\" href=\"https:\/\/blogs.uef.fi\/tiedonhaku-vieraatkielet\/about\/hakusanojen-ideointi\/\" \/>\n<meta property=\"og:locale\" content=\"fi_FI\" \/>\n<meta property=\"og:type\" content=\"article\" \/>\n<meta property=\"og:title\" content=\"Hakusanojen ideointi - Vieraiden kielten tiedonhaku\" \/>\n<meta property=\"og:description\" content=\"Omaa aihetta j\u00e4sent\u00e4m\u00e4ll\u00e4 ja tutkimusongelmaa tarkentamalla hahmottuu oma ymm\u00e4rrys siit\u00e4, mit\u00e4 tutkimuksella halutaan osoittaa ja mit\u00e4 asioita halutaan tiet\u00e4\u00e4. Samalla muotoutuu joukko mahdollisia hakuk\u00e4sitteit\u00e4 hakusanojen valinnan pohjaksi. Hakusanojen l\u00f6yt\u00e4misen keinoja ovat mm. Kuka? (tekee, toimii, vaikuttaa taustalla)Kenelle? (toiminnan kohderyhm\u00e4, kehen vaikuttaa, kenelle on t\u00e4rke\u00e4) &#8211; henkil\u00f6t, ryhm\u00e4t, organisaatiotMiksi? (tarve, pakko, seuraus jostakin, mist\u00e4?)Miten? (menetelm\u00e4, tarkastelutapa: [&hellip;]\" \/>\n<meta property=\"og:url\" content=\"https:\/\/blogs.uef.fi\/tiedonhaku-vieraatkielet\/about\/hakusanojen-ideointi\/\" \/>\n<meta property=\"og:site_name\" content=\"Vieraiden kielten tiedonhaku\" \/>\n<meta property=\"article:modified_time\" content=\"2024-09-17T07:28:47+00:00\" \/>\n<meta property=\"og:image\" content=\"https:\/\/blogs.uef.fi\/tiedonhaku-vieraatkielet\/wp-content\/uploads\/sites\/63\/2016\/06\/tabletti_esimerkki.png\" \/>\n<meta name=\"twitter:card\" content=\"summary_large_image\" \/>\n<meta name=\"twitter:label1\" content=\"Arvioitu lukuaika\" \/>\n\t<meta name=\"twitter:data1\" content=\"3 minuuttia\" \/>\n<script type=\"application\/ld+json\" class=\"yoast-schema-graph\">{\"@context\":\"https:\/\/schema.org\",\"@graph\":[{\"@type\":\"WebPage\",\"@id\":\"https:\/\/blogs.uef.fi\/tiedonhaku-vieraatkielet\/about\/hakusanojen-ideointi\/\",\"url\":\"https:\/\/blogs.uef.fi\/tiedonhaku-vieraatkielet\/about\/hakusanojen-ideointi\/\",\"name\":\"Hakusanojen ideointi - Vieraiden kielten tiedonhaku\",\"isPartOf\":{\"@id\":\"https:\/\/blogs.uef.fi\/tiedonhaku-vieraatkielet\/#website\"},\"primaryImageOfPage\":{\"@id\":\"https:\/\/blogs.uef.fi\/tiedonhaku-vieraatkielet\/about\/hakusanojen-ideointi\/#primaryimage\"},\"image\":{\"@id\":\"https:\/\/blogs.uef.fi\/tiedonhaku-vieraatkielet\/about\/hakusanojen-ideointi\/#primaryimage\"},\"thumbnailUrl\":\"https:\/\/blogs.uef.fi\/tiedonhaku-vieraatkielet\/wp-content\/uploads\/sites\/63\/2016\/06\/tabletti_esimerkki.png\",\"datePublished\":\"2015-05-11T09:27:36+00:00\",\"dateModified\":\"2024-09-17T07:28:47+00:00\",\"breadcrumb\":{\"@id\":\"https:\/\/blogs.uef.fi\/tiedonhaku-vieraatkielet\/about\/hakusanojen-ideointi\/#breadcrumb\"},\"inLanguage\":\"fi\",\"potentialAction\":[{\"@type\":\"ReadAction\",\"target\":[\"https:\/\/blogs.uef.fi\/tiedonhaku-vieraatkielet\/about\/hakusanojen-ideointi\/\"]}]},{\"@type\":\"ImageObject\",\"inLanguage\":\"fi\",\"@id\":\"https:\/\/blogs.uef.fi\/tiedonhaku-vieraatkielet\/about\/hakusanojen-ideointi\/#primaryimage\",\"url\":\"https:\/\/blogs.uef.fi\/tiedonhaku-vieraatkielet\/wp-content\/uploads\/sites\/63\/2016\/06\/tabletti_esimerkki.png\",\"contentUrl\":\"https:\/\/blogs.uef.fi\/tiedonhaku-vieraatkielet\/wp-content\/uploads\/sites\/63\/2016\/06\/tabletti_esimerkki.png\",\"width\":1459,\"height\":749},{\"@type\":\"BreadcrumbList\",\"@id\":\"https:\/\/blogs.uef.fi\/tiedonhaku-vieraatkielet\/about\/hakusanojen-ideointi\/#breadcrumb\",\"itemListElement\":[{\"@type\":\"ListItem\",\"position\":1,\"name\":\"Home\",\"item\":\"https:\/\/blogs.uef.fi\/tiedonhaku-vieraatkielet\/\"},{\"@type\":\"ListItem\",\"position\":2,\"name\":\"Hakusanat ja hakutekniikat\",\"item\":\"https:\/\/blogs.uef.fi\/tiedonhaku-vieraatkielet\/about\/\"},{\"@type\":\"ListItem\",\"position\":3,\"name\":\"Hakusanojen ideointi\"}]},{\"@type\":\"WebSite\",\"@id\":\"https:\/\/blogs.uef.fi\/tiedonhaku-vieraatkielet\/#website\",\"url\":\"https:\/\/blogs.uef.fi\/tiedonhaku-vieraatkielet\/\",\"name\":\"Vieraiden kielten tiedonhaku\",\"description\":\"\",\"potentialAction\":[{\"@type\":\"SearchAction\",\"target\":{\"@type\":\"EntryPoint\",\"urlTemplate\":\"https:\/\/blogs.uef.fi\/tiedonhaku-vieraatkielet\/?s={search_term_string}\"},\"query-input\":{\"@type\":\"PropertyValueSpecification\",\"valueRequired\":true,\"valueName\":\"search_term_string\"}}],\"inLanguage\":\"fi\"}]}<\/script>\n<!-- \/ Yoast SEO plugin. -->","yoast_head_json":{"title":"Hakusanojen ideointi - Vieraiden kielten tiedonhaku","robots":{"index":"index","follow":"follow","max-snippet":"max-snippet:-1","max-image-preview":"max-image-preview:large","max-video-preview":"max-video-preview:-1"},"canonical":"https:\/\/blogs.uef.fi\/tiedonhaku-vieraatkielet\/about\/hakusanojen-ideointi\/","og_locale":"fi_FI","og_type":"article","og_title":"Hakusanojen ideointi - Vieraiden kielten tiedonhaku","og_description":"Omaa aihetta j\u00e4sent\u00e4m\u00e4ll\u00e4 ja tutkimusongelmaa tarkentamalla hahmottuu oma ymm\u00e4rrys siit\u00e4, mit\u00e4 tutkimuksella halutaan osoittaa ja mit\u00e4 asioita halutaan tiet\u00e4\u00e4. Samalla muotoutuu joukko mahdollisia hakuk\u00e4sitteit\u00e4 hakusanojen valinnan pohjaksi. Hakusanojen l\u00f6yt\u00e4misen keinoja ovat mm. Kuka? (tekee, toimii, vaikuttaa taustalla)Kenelle? (toiminnan kohderyhm\u00e4, kehen vaikuttaa, kenelle on t\u00e4rke\u00e4) &#8211; henkil\u00f6t, ryhm\u00e4t, organisaatiotMiksi? (tarve, pakko, seuraus jostakin, mist\u00e4?)Miten? (menetelm\u00e4, tarkastelutapa: [&hellip;]","og_url":"https:\/\/blogs.uef.fi\/tiedonhaku-vieraatkielet\/about\/hakusanojen-ideointi\/","og_site_name":"Vieraiden kielten tiedonhaku","article_modified_time":"2024-09-17T07:28:47+00:00","og_image":[{"url":"https:\/\/blogs.uef.fi\/tiedonhaku-vieraatkielet\/wp-content\/uploads\/sites\/63\/2016\/06\/tabletti_esimerkki.png","type":"","width":"","height":""}],"twitter_card":"summary_large_image","twitter_misc":{"Arvioitu lukuaika":"3 minuuttia"},"schema":{"@context":"https:\/\/schema.org","@graph":[{"@type":"WebPage","@id":"https:\/\/blogs.uef.fi\/tiedonhaku-vieraatkielet\/about\/hakusanojen-ideointi\/","url":"https:\/\/blogs.uef.fi\/tiedonhaku-vieraatkielet\/about\/hakusanojen-ideointi\/","name":"Hakusanojen ideointi - Vieraiden kielten tiedonhaku","isPartOf":{"@id":"https:\/\/blogs.uef.fi\/tiedonhaku-vieraatkielet\/#website"},"primaryImageOfPage":{"@id":"https:\/\/blogs.uef.fi\/tiedonhaku-vieraatkielet\/about\/hakusanojen-ideointi\/#primaryimage"},"image":{"@id":"https:\/\/blogs.uef.fi\/tiedonhaku-vieraatkielet\/about\/hakusanojen-ideointi\/#primaryimage"},"thumbnailUrl":"https:\/\/blogs.uef.fi\/tiedonhaku-vieraatkielet\/wp-content\/uploads\/sites\/63\/2016\/06\/tabletti_esimerkki.png","datePublished":"2015-05-11T09:27:36+00:00","dateModified":"2024-09-17T07:28:47+00:00","breadcrumb":{"@id":"https:\/\/blogs.uef.fi\/tiedonhaku-vieraatkielet\/about\/hakusanojen-ideointi\/#breadcrumb"},"inLanguage":"fi","potentialAction":[{"@type":"ReadAction","target":["https:\/\/blogs.uef.fi\/tiedonhaku-vieraatkielet\/about\/hakusanojen-ideointi\/"]}]},{"@type":"ImageObject","inLanguage":"fi","@id":"https:\/\/blogs.uef.fi\/tiedonhaku-vieraatkielet\/about\/hakusanojen-ideointi\/#primaryimage","url":"https:\/\/blogs.uef.fi\/tiedonhaku-vieraatkielet\/wp-content\/uploads\/sites\/63\/2016\/06\/tabletti_esimerkki.png","contentUrl":"https:\/\/blogs.uef.fi\/tiedonhaku-vieraatkielet\/wp-content\/uploads\/sites\/63\/2016\/06\/tabletti_esimerkki.png","width":1459,"height":749},{"@type":"BreadcrumbList","@id":"https:\/\/blogs.uef.fi\/tiedonhaku-vieraatkielet\/about\/hakusanojen-ideointi\/#breadcrumb","itemListElement":[{"@type":"ListItem","position":1,"name":"Home","item":"https:\/\/blogs.uef.fi\/tiedonhaku-vieraatkielet\/"},{"@type":"ListItem","position":2,"name":"Hakusanat ja hakutekniikat","item":"https:\/\/blogs.uef.fi\/tiedonhaku-vieraatkielet\/about\/"},{"@type":"ListItem","position":3,"name":"Hakusanojen ideointi"}]},{"@type":"WebSite","@id":"https:\/\/blogs.uef.fi\/tiedonhaku-vieraatkielet\/#website","url":"https:\/\/blogs.uef.fi\/tiedonhaku-vieraatkielet\/","name":"Vieraiden kielten tiedonhaku","description":"","potentialAction":[{"@type":"SearchAction","target":{"@type":"EntryPoint","urlTemplate":"https:\/\/blogs.uef.fi\/tiedonhaku-vieraatkielet\/?s={search_term_string}"},"query-input":{"@type":"PropertyValueSpecification","valueRequired":true,"valueName":"search_term_string"}}],"inLanguage":"fi"}]}},"_links":{"self":[{"href":"https:\/\/blogs.uef.fi\/tiedonhaku-vieraatkielet\/wp-json\/wp\/v2\/pages\/136","targetHints":{"allow":["GET"]}}],"collection":[{"href":"https:\/\/blogs.uef.fi\/tiedonhaku-vieraatkielet\/wp-json\/wp\/v2\/pages"}],"about":[{"href":"https:\/\/blogs.uef.fi\/tiedonhaku-vieraatkielet\/wp-json\/wp\/v2\/types\/page"}],"author":[{"embeddable":true,"href":"https:\/\/blogs.uef.fi\/tiedonhaku-vieraatkielet\/wp-json\/wp\/v2\/users\/129"}],"replies":[{"embeddable":true,"href":"https:\/\/blogs.uef.fi\/tiedonhaku-vieraatkielet\/wp-json\/wp\/v2\/comments?post=136"}],"version-history":[{"count":2,"href":"https:\/\/blogs.uef.fi\/tiedonhaku-vieraatkielet\/wp-json\/wp\/v2\/pages\/136\/revisions"}],"predecessor-version":[{"id":2998,"href":"https:\/\/blogs.uef.fi\/tiedonhaku-vieraatkielet\/wp-json\/wp\/v2\/pages\/136\/revisions\/2998"}],"up":[{"embeddable":true,"href":"https:\/\/blogs.uef.fi\/tiedonhaku-vieraatkielet\/wp-json\/wp\/v2\/pages\/693"}],"wp:attachment":[{"href":"https:\/\/blogs.uef.fi\/tiedonhaku-vieraatkielet\/wp-json\/wp\/v2\/media?parent=136"}],"curies":[{"name":"wp","href":"https:\/\/api.w.org\/{rel}","templated":true}]}}