{"id":133,"date":"2015-05-11T09:25:05","date_gmt":"2015-05-11T09:25:05","guid":{"rendered":"https:\/\/ueflibrarylang.wordpress.com\/?page_id=133"},"modified":"2024-09-17T10:28:06","modified_gmt":"2024-09-17T07:28:06","slug":"hakuongelma-mita-tietoa-tarvitaan","status":"publish","type":"page","link":"https:\/\/blogs.uef.fi\/tiedonhaku-vieraatkielet\/about\/hakuongelma-mita-tietoa-tarvitaan\/","title":{"rendered":"Hakuongelma: mit\u00e4 tietoa tarvitaan?"},"content":{"rendered":"\n<p>Tiedonhakua tehd\u00e4\u00e4n hakusanojen ja -k\u00e4sitteiden avulla. Ensimm\u00e4iseksi on siis tunnistettava omasta tutkimusaiheesta tiedonhakuongelman kannalta keskeiset k\u00e4sitteet. N\u00e4ille k\u00e4sitteille etsit\u00e4\u00e4n sitten sopivia sanallisia ilmaisuja.<\/p>\n\n\n\n<figure class=\"wp-block-image\"><img loading=\"lazy\" decoding=\"async\" width=\"1281\" height=\"727\" src=\"https:\/\/blogs.uef.fi\/tiedonhaku-vieraatkielet\/wp-content\/uploads\/sites\/63\/2016\/06\/hakuongelma1.png\" alt=\"Omaa tutkimusaihetta kuvailemaan pit\u00e4\u00e4 keksi\u00e4 hakusanoja. Seuraavia kysymyksi\u00e4 voi pohtia: Mik\u00e4 on ty\u00f6ni otsikko? Mihin laajempaan viitekehykseen aiheeni kuuluu? Mit\u00e4 suppeampia kokonaisuuksia aihe pit\u00e4\u00e4 sis\u00e4ll\u00e4\u00e4n? Millaisilla sanoilla aihetta on voitu kuvailla?\" class=\"wp-image-658\" srcset=\"https:\/\/blogs.uef.fi\/tiedonhaku-vieraatkielet\/wp-content\/uploads\/sites\/63\/2016\/06\/hakuongelma1.png 1281w, https:\/\/blogs.uef.fi\/tiedonhaku-vieraatkielet\/wp-content\/uploads\/sites\/63\/2016\/06\/hakuongelma1-300x170.png 300w, https:\/\/blogs.uef.fi\/tiedonhaku-vieraatkielet\/wp-content\/uploads\/sites\/63\/2016\/06\/hakuongelma1-768x436.png 768w, https:\/\/blogs.uef.fi\/tiedonhaku-vieraatkielet\/wp-content\/uploads\/sites\/63\/2016\/06\/hakuongelma1-1024x581.png 1024w\" sizes=\"auto, (max-width: 1281px) 100vw, 1281px\" \/><\/figure>\n\n\n\n<p>On n\u00e4ht\u00e4v\u00e4, millaisia tietoja tutkimuksessa voitaisiin k\u00e4ytt\u00e4\u00e4 hyv\u00e4ksi ja millaiset palaset olisivat hy\u00f6dyllisi\u00e4 kokonaisuuden kannalta. Eri l\u00e4hteist\u00e4 tulevan tiedon yhdistely ja vertailu on osa tutkimusta.<\/p>\n\n\n\n<p><span style=\"color: #000000\">Tutkimukseen tarvitaan taustatietoja aiheesta my\u00f6s laajemmassa kontekstissa: mihin asiayhteyteen tai aihekokonaisuuteen aihe liittyy ja millaisia tutkimusongelmia aiheen piiriss\u00e4 on aikaisemmin k\u00e4sitelty. On t\u00e4rke\u00e4\u00e4 selvitt\u00e4\u00e4 my\u00f6s, mit\u00e4 aiheesta ei viel\u00e4 tiedet\u00e4. On harvinaista, ett\u00e4 aiheesta ei olisi kirjoitettu mit\u00e4\u00e4n. Jos tuntuu, ettei omaan aiheeseen l\u00f6ydy l\u00e4hdemateriaalia, pit\u00e4\u00e4 aihettaan tarkastella laajemmin tai jopa eri n\u00e4k\u00f6kulmasta!<\/span><\/p>\n\n\n\n<p>Taustatietoa tarvitaan my\u00f6s aiheen keskeisist\u00e4 k\u00e4sitteist\u00e4 yksin\u00e4\u00e4n, jotta perustiedot k\u00e4sitelt\u00e4vist\u00e4 ilmi\u00f6ist\u00e4 ovat selvill\u00e4 ennen tutkimuksen aloittamista. K\u00e4ytetyt k\u00e4sitteet on my\u00f6s pystytt\u00e4v\u00e4 tutkimuksessa m\u00e4\u00e4rittelem\u00e4\u00e4n mahdollisimman yksiselitteisesti.<\/p>\n\n\n\n<p>Tietoa voi joutua hakemaan my\u00f6s tutkimusmenetelmist\u00e4, tilastomenetelmist\u00e4, aineiston k\u00e4sittelyst\u00e4 ym.<\/p>\n\n\n\n<p>(p\u00e4ivitetty 9\/2024)<\/p>\n\n\n\n<p>Siirry seuraavaan osioon <a href=\"https:\/\/blogs.uef.fi\/tiedonhaku-vieraatkielet\/about\/hakusanojen-ideointi\/\">Hakusanojen ideointi<\/a><\/p>\n","protected":false},"excerpt":{"rendered":"<p>Tiedonhakua tehd\u00e4\u00e4n hakusanojen ja -k\u00e4sitteiden avulla. Ensimm\u00e4iseksi on siis tunnistettava omasta tutkimusaiheesta tiedonhakuongelman kannalta keskeiset k\u00e4sitteet. N\u00e4ille k\u00e4sitteille etsit\u00e4\u00e4n sitten sopivia sanallisia ilmaisuja. On n\u00e4ht\u00e4v\u00e4, millaisia tietoja tutkimuksessa voitaisiin k\u00e4ytt\u00e4\u00e4 hyv\u00e4ksi ja millaiset palaset olisivat hy\u00f6dyllisi\u00e4 kokonaisuuden kannalta. Eri l\u00e4hteist\u00e4 tulevan tiedon yhdistely ja vertailu on osa tutkimusta. Tutkimukseen tarvitaan taustatietoja aiheesta my\u00f6s laajemmassa kontekstissa: [&hellip;]<\/p>\n","protected":false},"author":129,"featured_media":0,"parent":693,"menu_order":3,"comment_status":"closed","ping_status":"open","template":"","meta":{"_acf_changed":false,"footnotes":""},"class_list":["post-133","page","type-page","status-publish","hentry"],"acf":[],"yoast_head":"<!-- This site is optimized with the Yoast SEO plugin v27.1.1 - https:\/\/yoast.com\/product\/yoast-seo-wordpress\/ -->\n<title>Hakuongelma: mit\u00e4 tietoa tarvitaan? - Vieraiden kielten tiedonhaku<\/title>\n<meta name=\"robots\" content=\"index, follow, max-snippet:-1, max-image-preview:large, max-video-preview:-1\" \/>\n<link rel=\"canonical\" href=\"https:\/\/blogs.uef.fi\/tiedonhaku-vieraatkielet\/about\/hakuongelma-mita-tietoa-tarvitaan\/\" \/>\n<meta property=\"og:locale\" content=\"fi_FI\" \/>\n<meta property=\"og:type\" content=\"article\" \/>\n<meta property=\"og:title\" content=\"Hakuongelma: mit\u00e4 tietoa tarvitaan? - Vieraiden kielten tiedonhaku\" \/>\n<meta property=\"og:description\" content=\"Tiedonhakua tehd\u00e4\u00e4n hakusanojen ja -k\u00e4sitteiden avulla. Ensimm\u00e4iseksi on siis tunnistettava omasta tutkimusaiheesta tiedonhakuongelman kannalta keskeiset k\u00e4sitteet. N\u00e4ille k\u00e4sitteille etsit\u00e4\u00e4n sitten sopivia sanallisia ilmaisuja. On n\u00e4ht\u00e4v\u00e4, millaisia tietoja tutkimuksessa voitaisiin k\u00e4ytt\u00e4\u00e4 hyv\u00e4ksi ja millaiset palaset olisivat hy\u00f6dyllisi\u00e4 kokonaisuuden kannalta. Eri l\u00e4hteist\u00e4 tulevan tiedon yhdistely ja vertailu on osa tutkimusta. Tutkimukseen tarvitaan taustatietoja aiheesta my\u00f6s laajemmassa kontekstissa: [&hellip;]\" \/>\n<meta property=\"og:url\" content=\"https:\/\/blogs.uef.fi\/tiedonhaku-vieraatkielet\/about\/hakuongelma-mita-tietoa-tarvitaan\/\" \/>\n<meta property=\"og:site_name\" content=\"Vieraiden kielten tiedonhaku\" \/>\n<meta property=\"article:modified_time\" content=\"2024-09-17T07:28:06+00:00\" \/>\n<meta property=\"og:image\" content=\"https:\/\/blogs.uef.fi\/tiedonhaku-vieraatkielet\/wp-content\/uploads\/sites\/63\/2016\/06\/hakuongelma1.png\" \/>\n<meta name=\"twitter:card\" content=\"summary_large_image\" \/>\n<meta name=\"twitter:label1\" content=\"Arvioitu lukuaika\" \/>\n\t<meta name=\"twitter:data1\" content=\"2 minuuttia\" \/>\n<script type=\"application\/ld+json\" class=\"yoast-schema-graph\">{\"@context\":\"https:\/\/schema.org\",\"@graph\":[{\"@type\":\"WebPage\",\"@id\":\"https:\/\/blogs.uef.fi\/tiedonhaku-vieraatkielet\/about\/hakuongelma-mita-tietoa-tarvitaan\/\",\"url\":\"https:\/\/blogs.uef.fi\/tiedonhaku-vieraatkielet\/about\/hakuongelma-mita-tietoa-tarvitaan\/\",\"name\":\"Hakuongelma: mit\u00e4 tietoa tarvitaan? - Vieraiden kielten tiedonhaku\",\"isPartOf\":{\"@id\":\"https:\/\/blogs.uef.fi\/tiedonhaku-vieraatkielet\/#website\"},\"primaryImageOfPage\":{\"@id\":\"https:\/\/blogs.uef.fi\/tiedonhaku-vieraatkielet\/about\/hakuongelma-mita-tietoa-tarvitaan\/#primaryimage\"},\"image\":{\"@id\":\"https:\/\/blogs.uef.fi\/tiedonhaku-vieraatkielet\/about\/hakuongelma-mita-tietoa-tarvitaan\/#primaryimage\"},\"thumbnailUrl\":\"https:\/\/blogs.uef.fi\/tiedonhaku-vieraatkielet\/wp-content\/uploads\/sites\/63\/2016\/06\/hakuongelma1.png\",\"datePublished\":\"2015-05-11T09:25:05+00:00\",\"dateModified\":\"2024-09-17T07:28:06+00:00\",\"breadcrumb\":{\"@id\":\"https:\/\/blogs.uef.fi\/tiedonhaku-vieraatkielet\/about\/hakuongelma-mita-tietoa-tarvitaan\/#breadcrumb\"},\"inLanguage\":\"fi\",\"potentialAction\":[{\"@type\":\"ReadAction\",\"target\":[\"https:\/\/blogs.uef.fi\/tiedonhaku-vieraatkielet\/about\/hakuongelma-mita-tietoa-tarvitaan\/\"]}]},{\"@type\":\"ImageObject\",\"inLanguage\":\"fi\",\"@id\":\"https:\/\/blogs.uef.fi\/tiedonhaku-vieraatkielet\/about\/hakuongelma-mita-tietoa-tarvitaan\/#primaryimage\",\"url\":\"https:\/\/blogs.uef.fi\/tiedonhaku-vieraatkielet\/wp-content\/uploads\/sites\/63\/2016\/06\/hakuongelma1.png\",\"contentUrl\":\"https:\/\/blogs.uef.fi\/tiedonhaku-vieraatkielet\/wp-content\/uploads\/sites\/63\/2016\/06\/hakuongelma1.png\",\"width\":1281,\"height\":727},{\"@type\":\"BreadcrumbList\",\"@id\":\"https:\/\/blogs.uef.fi\/tiedonhaku-vieraatkielet\/about\/hakuongelma-mita-tietoa-tarvitaan\/#breadcrumb\",\"itemListElement\":[{\"@type\":\"ListItem\",\"position\":1,\"name\":\"Home\",\"item\":\"https:\/\/blogs.uef.fi\/tiedonhaku-vieraatkielet\/\"},{\"@type\":\"ListItem\",\"position\":2,\"name\":\"Hakusanat ja hakutekniikat\",\"item\":\"https:\/\/blogs.uef.fi\/tiedonhaku-vieraatkielet\/about\/\"},{\"@type\":\"ListItem\",\"position\":3,\"name\":\"Hakuongelma: mit\u00e4 tietoa tarvitaan?\"}]},{\"@type\":\"WebSite\",\"@id\":\"https:\/\/blogs.uef.fi\/tiedonhaku-vieraatkielet\/#website\",\"url\":\"https:\/\/blogs.uef.fi\/tiedonhaku-vieraatkielet\/\",\"name\":\"Vieraiden kielten tiedonhaku\",\"description\":\"\",\"potentialAction\":[{\"@type\":\"SearchAction\",\"target\":{\"@type\":\"EntryPoint\",\"urlTemplate\":\"https:\/\/blogs.uef.fi\/tiedonhaku-vieraatkielet\/?s={search_term_string}\"},\"query-input\":{\"@type\":\"PropertyValueSpecification\",\"valueRequired\":true,\"valueName\":\"search_term_string\"}}],\"inLanguage\":\"fi\"}]}<\/script>\n<!-- \/ Yoast SEO plugin. -->","yoast_head_json":{"title":"Hakuongelma: mit\u00e4 tietoa tarvitaan? - Vieraiden kielten tiedonhaku","robots":{"index":"index","follow":"follow","max-snippet":"max-snippet:-1","max-image-preview":"max-image-preview:large","max-video-preview":"max-video-preview:-1"},"canonical":"https:\/\/blogs.uef.fi\/tiedonhaku-vieraatkielet\/about\/hakuongelma-mita-tietoa-tarvitaan\/","og_locale":"fi_FI","og_type":"article","og_title":"Hakuongelma: mit\u00e4 tietoa tarvitaan? - Vieraiden kielten tiedonhaku","og_description":"Tiedonhakua tehd\u00e4\u00e4n hakusanojen ja -k\u00e4sitteiden avulla. Ensimm\u00e4iseksi on siis tunnistettava omasta tutkimusaiheesta tiedonhakuongelman kannalta keskeiset k\u00e4sitteet. N\u00e4ille k\u00e4sitteille etsit\u00e4\u00e4n sitten sopivia sanallisia ilmaisuja. On n\u00e4ht\u00e4v\u00e4, millaisia tietoja tutkimuksessa voitaisiin k\u00e4ytt\u00e4\u00e4 hyv\u00e4ksi ja millaiset palaset olisivat hy\u00f6dyllisi\u00e4 kokonaisuuden kannalta. Eri l\u00e4hteist\u00e4 tulevan tiedon yhdistely ja vertailu on osa tutkimusta. Tutkimukseen tarvitaan taustatietoja aiheesta my\u00f6s laajemmassa kontekstissa: [&hellip;]","og_url":"https:\/\/blogs.uef.fi\/tiedonhaku-vieraatkielet\/about\/hakuongelma-mita-tietoa-tarvitaan\/","og_site_name":"Vieraiden kielten tiedonhaku","article_modified_time":"2024-09-17T07:28:06+00:00","og_image":[{"url":"https:\/\/blogs.uef.fi\/tiedonhaku-vieraatkielet\/wp-content\/uploads\/sites\/63\/2016\/06\/hakuongelma1.png","type":"","width":"","height":""}],"twitter_card":"summary_large_image","twitter_misc":{"Arvioitu lukuaika":"2 minuuttia"},"schema":{"@context":"https:\/\/schema.org","@graph":[{"@type":"WebPage","@id":"https:\/\/blogs.uef.fi\/tiedonhaku-vieraatkielet\/about\/hakuongelma-mita-tietoa-tarvitaan\/","url":"https:\/\/blogs.uef.fi\/tiedonhaku-vieraatkielet\/about\/hakuongelma-mita-tietoa-tarvitaan\/","name":"Hakuongelma: mit\u00e4 tietoa tarvitaan? - Vieraiden kielten tiedonhaku","isPartOf":{"@id":"https:\/\/blogs.uef.fi\/tiedonhaku-vieraatkielet\/#website"},"primaryImageOfPage":{"@id":"https:\/\/blogs.uef.fi\/tiedonhaku-vieraatkielet\/about\/hakuongelma-mita-tietoa-tarvitaan\/#primaryimage"},"image":{"@id":"https:\/\/blogs.uef.fi\/tiedonhaku-vieraatkielet\/about\/hakuongelma-mita-tietoa-tarvitaan\/#primaryimage"},"thumbnailUrl":"https:\/\/blogs.uef.fi\/tiedonhaku-vieraatkielet\/wp-content\/uploads\/sites\/63\/2016\/06\/hakuongelma1.png","datePublished":"2015-05-11T09:25:05+00:00","dateModified":"2024-09-17T07:28:06+00:00","breadcrumb":{"@id":"https:\/\/blogs.uef.fi\/tiedonhaku-vieraatkielet\/about\/hakuongelma-mita-tietoa-tarvitaan\/#breadcrumb"},"inLanguage":"fi","potentialAction":[{"@type":"ReadAction","target":["https:\/\/blogs.uef.fi\/tiedonhaku-vieraatkielet\/about\/hakuongelma-mita-tietoa-tarvitaan\/"]}]},{"@type":"ImageObject","inLanguage":"fi","@id":"https:\/\/blogs.uef.fi\/tiedonhaku-vieraatkielet\/about\/hakuongelma-mita-tietoa-tarvitaan\/#primaryimage","url":"https:\/\/blogs.uef.fi\/tiedonhaku-vieraatkielet\/wp-content\/uploads\/sites\/63\/2016\/06\/hakuongelma1.png","contentUrl":"https:\/\/blogs.uef.fi\/tiedonhaku-vieraatkielet\/wp-content\/uploads\/sites\/63\/2016\/06\/hakuongelma1.png","width":1281,"height":727},{"@type":"BreadcrumbList","@id":"https:\/\/blogs.uef.fi\/tiedonhaku-vieraatkielet\/about\/hakuongelma-mita-tietoa-tarvitaan\/#breadcrumb","itemListElement":[{"@type":"ListItem","position":1,"name":"Home","item":"https:\/\/blogs.uef.fi\/tiedonhaku-vieraatkielet\/"},{"@type":"ListItem","position":2,"name":"Hakusanat ja hakutekniikat","item":"https:\/\/blogs.uef.fi\/tiedonhaku-vieraatkielet\/about\/"},{"@type":"ListItem","position":3,"name":"Hakuongelma: mit\u00e4 tietoa tarvitaan?"}]},{"@type":"WebSite","@id":"https:\/\/blogs.uef.fi\/tiedonhaku-vieraatkielet\/#website","url":"https:\/\/blogs.uef.fi\/tiedonhaku-vieraatkielet\/","name":"Vieraiden kielten tiedonhaku","description":"","potentialAction":[{"@type":"SearchAction","target":{"@type":"EntryPoint","urlTemplate":"https:\/\/blogs.uef.fi\/tiedonhaku-vieraatkielet\/?s={search_term_string}"},"query-input":{"@type":"PropertyValueSpecification","valueRequired":true,"valueName":"search_term_string"}}],"inLanguage":"fi"}]}},"_links":{"self":[{"href":"https:\/\/blogs.uef.fi\/tiedonhaku-vieraatkielet\/wp-json\/wp\/v2\/pages\/133","targetHints":{"allow":["GET"]}}],"collection":[{"href":"https:\/\/blogs.uef.fi\/tiedonhaku-vieraatkielet\/wp-json\/wp\/v2\/pages"}],"about":[{"href":"https:\/\/blogs.uef.fi\/tiedonhaku-vieraatkielet\/wp-json\/wp\/v2\/types\/page"}],"author":[{"embeddable":true,"href":"https:\/\/blogs.uef.fi\/tiedonhaku-vieraatkielet\/wp-json\/wp\/v2\/users\/129"}],"replies":[{"embeddable":true,"href":"https:\/\/blogs.uef.fi\/tiedonhaku-vieraatkielet\/wp-json\/wp\/v2\/comments?post=133"}],"version-history":[{"count":2,"href":"https:\/\/blogs.uef.fi\/tiedonhaku-vieraatkielet\/wp-json\/wp\/v2\/pages\/133\/revisions"}],"predecessor-version":[{"id":2995,"href":"https:\/\/blogs.uef.fi\/tiedonhaku-vieraatkielet\/wp-json\/wp\/v2\/pages\/133\/revisions\/2995"}],"up":[{"embeddable":true,"href":"https:\/\/blogs.uef.fi\/tiedonhaku-vieraatkielet\/wp-json\/wp\/v2\/pages\/693"}],"wp:attachment":[{"href":"https:\/\/blogs.uef.fi\/tiedonhaku-vieraatkielet\/wp-json\/wp\/v2\/media?parent=133"}],"curies":[{"name":"wp","href":"https:\/\/api.w.org\/{rel}","templated":true}]}}