{"id":1836,"date":"2023-06-19T11:05:50","date_gmt":"2023-06-19T11:05:50","guid":{"rendered":"https:\/\/blogs.uef.fi\/tiedonhaku-terveydenedistaminen-uudellapohjalla\/?page_id=1836"},"modified":"2026-01-05T12:34:50","modified_gmt":"2026-01-05T10:34:50","slug":"tiedonhaku-hoitotiede-uef-kirjasto","status":"publish","type":"page","link":"https:\/\/blogs.uef.fi\/tiedonhaku-terveydenedistaminen\/","title":{"rendered":"Tiedonhaku &#8211; terveyden edist\u00e4minen"},"content":{"rendered":"\n<p>T\u00e4m\u00e4 sivusto on avoin kaikille, mutta toimii erityisesti It\u00e4-Suomen yliopiston terveyden edist\u00e4misen tiedonhaku -opintojakson oppimateriaalina ja on suunnattu ergonomian ja ty\u00f6hyvinvoinnin, liikuntal\u00e4\u00e4ketieteen ja terveysliikunnan sek\u00e4 v\u00e4est\u00f6n terveyden edist\u00e4misen opiskelijoille.<strong> <\/strong>Opintojakson teht\u00e4v\u00e4t ovat eLearn Moodlessa.<\/p>\n\n\n\n<p>UEF opiskelija, katso kurssikuvaus opinto-oppaasta ja ilmoittaudu opintojaksolle: <a href=\"https:\/\/opas.peppi.uef.fi\/fi\/opintojakso\/8020350\/88292?period=2025-2026\" target=\"_blank\" rel=\"noreferrer noopener\"><strong>Terveyden edist\u00e4misen tiedonhaku, 1 op<\/strong><\/a> (8020350) <\/p>\n\n\n\n<p><strong>Oppimateriaalin p\u00e4\u00e4otsikot tietosis\u00e4lt\u00f6ineen linkitettyn\u00e4 alla, p\u00e4\u00e4set navigoimaan niihin my\u00f6s oikean yl\u00e4kulman hampurilaisvalikosta<\/strong>:<\/p>\n\n\n\n<div class=\"links-block\">\n\n    \n    <ul class=\"link-list\">\n        \n            \n            <li class=\"link-list-item\">\n                <a href=\"https:\/\/blogs.uef.fi\/tiedonhaku-terveydenedistaminen\/tieteellinen-tieto\/\" class=\"link-reset link hover-scale-down\">\n                    <svg\n        width=\"43\" height=\"25\"\n        viewBox=\"0 0 43 25\"\n        xmlns=\"http:\/\/www.w3.org\/2000\/svg\">\n    <path\n        d=\"M30.027 0 43 12.5 30.027 25 27 22.083 34.351 15H0v-5h34.351L27 2.917z\"\n        fill=\"currentColor\"\n        fill-rule=\"evenodd\"\/>\n<\/svg>                    <div>Tieteellinen tieto <\/div>\n                <\/a>\n                <div class=\"link-info\">\n                                    <\/div>\n            <\/li>\n\n        \n            <li class=\"link-list-item\">\n                <a href=\"https:\/\/blogs.uef.fi\/tiedonhaku-terveydenedistaminen\/aiheesta-hakusanoiksi\/\" class=\"link-reset link hover-scale-down\">\n                    <svg\n        width=\"43\" height=\"25\"\n        viewBox=\"0 0 43 25\"\n        xmlns=\"http:\/\/www.w3.org\/2000\/svg\">\n    <path\n        d=\"M30.027 0 43 12.5 30.027 25 27 22.083 34.351 15H0v-5h34.351L27 2.917z\"\n        fill=\"currentColor\"\n        fill-rule=\"evenodd\"\/>\n<\/svg>                    <div>Aiheesta hakusanoiksi<\/div>\n                <\/a>\n                <div class=\"link-info\">\n                                    <\/div>\n            <\/li>\n\n        \n            <li class=\"link-list-item\">\n                <a href=\"https:\/\/blogs.uef.fi\/tiedonhaku-terveydenedistaminen\/hakukoneet-ja-tietokannat\/\" class=\"link-reset link hover-scale-down\">\n                    <svg\n        width=\"43\" height=\"25\"\n        viewBox=\"0 0 43 25\"\n        xmlns=\"http:\/\/www.w3.org\/2000\/svg\">\n    <path\n        d=\"M30.027 0 43 12.5 30.027 25 27 22.083 34.351 15H0v-5h34.351L27 2.917z\"\n        fill=\"currentColor\"\n        fill-rule=\"evenodd\"\/>\n<\/svg>                    <div>Hakukoneet ja tietokannat<\/div>\n                <\/a>\n                <div class=\"link-info\">\n                                    <\/div>\n            <\/li>\n\n        \n            <li class=\"link-list-item\">\n                <a href=\"https:\/\/blogs.uef.fi\/tiedonhaku-terveydenedistaminen\/hakutulokset\/\" class=\"link-reset link hover-scale-down\">\n                    <svg\n        width=\"43\" height=\"25\"\n        viewBox=\"0 0 43 25\"\n        xmlns=\"http:\/\/www.w3.org\/2000\/svg\">\n    <path\n        d=\"M30.027 0 43 12.5 30.027 25 27 22.083 34.351 15H0v-5h34.351L27 2.917z\"\n        fill=\"currentColor\"\n        fill-rule=\"evenodd\"\/>\n<\/svg>                    <div>Hakutulokset<\/div>\n                <\/a>\n                <div class=\"link-info\">\n                                    <\/div>\n            <\/li>\n\n                <\/ul>\n<\/div>\n\n\n<p>Antoisaa opiskelua!<\/p>\n\n\n\n<p class=\"has-text-align-center\"><a href=\"https:\/\/creativecommons.org\/licenses\/by-nc\/4.0\/\" target=\"_blank\" rel=\"noreferrer noopener\">CC BY-NC 4.0<\/a> | Kirsi Salmi, UEF-kirjasto<\/p>\n\n\n\n<p>Kurkkaa ja hy\u00f6dynn\u00e4 my\u00f6s UEF kirjaston yleist\u00e4 Tiedonhakijan opasta sek\u00e4 L\u00e4\u00e4ketieteen, hammasl\u00e4\u00e4ketieteen ja terveystieteiden tiedonl\u00e4hteet -sivustoa:<\/p>\n\n\n    <div class=\"funders grid\">\n                        <a href=\"https:\/\/www.uef.fi\/fi\/kirjasto\/laaketieteen-hammaslaaketieteen-ja-kansanterveystieteen-tiedonlahteet\" class=\"funders__link grid__item hover-scale-down\" title=\"L\u00e4\u00e4ketieteen, hammasl\u00e4\u00e4ketieteen ja terveystieteiden tiedonl\u00e4hteet \">\n                            <div class=\"funders__image\">\n                    <img decoding=\"async\" src=\"https:\/\/blogs.uef.fi\/tiedonhaku-terveydenedistaminen\/wp-content\/uploads\/sites\/233\/2025\/06\/drupal-hoitotiede-pikkukuva-225x150-1.jpg\" alt=\"Lemmikin kukkia.\" \/>\n                <\/div>\n                                    <p class=\"funders__description\">L\u00e4\u00e4ketieteen, hammasl\u00e4\u00e4ketieteen ja terveystieteiden tiedonl\u00e4hteet <\/p>\n                                                    <div class=\"funders__arrow\">\n                    <svg xmlns=\"http:\/\/www.w3.org\/2000\/svg\" height=\"25px\" viewBox=\"0 -960 960 960\" width=\"24px\" ><path fill=\"currentColor\" d=\"M200-120q-33 0-56.5-23.5T120-200v-560q0-33 23.5-56.5T200-840h280v80H200v560h560v-280h80v280q0 33-23.5 56.5T760-120H200Zm188-212-56-56 372-372H560v-80h280v280h-80v-144L388-332Z\"\/><\/svg>                    <\/div>\n                <\/a>\n                            \n                        <a href=\"https:\/\/sites.uef.fi\/tiedonhaku-kirjasto\/\" class=\"funders__link grid__item hover-scale-down\" title=\"Tiedonhakijan opas \/\/ UEF-kirjasto\">\n                            <div class=\"funders__image\">\n                    <img decoding=\"async\" src=\"https:\/\/blogs.uef.fi\/tiedonhaku-terveydenedistaminen\/wp-content\/uploads\/sites\/233\/2025\/06\/tiedonhakijan-opas-pikkukuva-225x150-1.jpg\" alt=\"Vehre\u00e4\u00e4 sammalta.\" \/>\n                <\/div>\n                                    <p class=\"funders__description\">Tiedonhakijan opas \/\/ UEF-kirjasto<\/p>\n                                                    <div class=\"funders__arrow\">\n                    <svg xmlns=\"http:\/\/www.w3.org\/2000\/svg\" height=\"25px\" viewBox=\"0 -960 960 960\" width=\"24px\" ><path fill=\"currentColor\" d=\"M200-120q-33 0-56.5-23.5T120-200v-560q0-33 23.5-56.5T200-840h280v80H200v560h560v-280h80v280q0 33-23.5 56.5T760-120H200Zm188-212-56-56 372-372H560v-80h280v280h-80v-144L388-332Z\"\/><\/svg>                    <\/div>\n                <\/a>\n                            \n            <\/div>\n","protected":false},"excerpt":{"rendered":"<p>T\u00e4m\u00e4 sivusto on avoin kaikille, mutta toimii erityisesti It\u00e4-Suomen yliopiston terveyden edist\u00e4misen tiedonhaku -opintojakson oppimateriaalina ja on suunnattu ergonomian ja ty\u00f6hyvinvoinnin, liikuntal\u00e4\u00e4ketieteen ja terveysliikunnan sek\u00e4 v\u00e4est\u00f6n terveyden edist\u00e4misen opiskelijoille. Opintojakson teht\u00e4v\u00e4t ovat eLearn Moodlessa. UEF opiskelija, katso kurssikuvaus opinto-oppaasta ja ilmoittaudu opintojaksolle: Terveyden edist\u00e4misen tiedonhaku, 1 op (8020350) Oppimateriaalin p\u00e4\u00e4otsikot tietosis\u00e4lt\u00f6ineen linkitettyn\u00e4 alla, p\u00e4\u00e4set navigoimaan [&hellip;]<\/p>\n","protected":false},"author":135,"featured_media":0,"parent":0,"menu_order":0,"comment_status":"closed","ping_status":"closed","template":"","meta":{"_acf_changed":false,"footnotes":""},"class_list":["post-1836","page","type-page","status-publish","hentry"],"acf":[],"yoast_head":"<!-- This site is optimized with the Yoast SEO plugin v27.3 - https:\/\/yoast.com\/product\/yoast-seo-wordpress\/ -->\n<title>Tiedonhaku - terveyden edist\u00e4minen - Tiedonhaku - terveyden edist\u00e4minen<\/title>\n<meta name=\"description\" content=\"Perustietoa tieteellisest\u00e4 tiedonhausta. Sivu on tarkoitettu materiaaliksi kurssille Hoitotieteen tiedonhaku (8020150).\" \/>\n<meta name=\"robots\" content=\"index, follow, max-snippet:-1, max-image-preview:large, max-video-preview:-1\" \/>\n<link rel=\"canonical\" href=\"https:\/\/blogs.uef.fi\/tiedonhaku-terveydenedistaminen\/\" \/>\n<meta property=\"og:locale\" content=\"fi_FI\" \/>\n<meta property=\"og:type\" content=\"article\" \/>\n<meta property=\"og:title\" content=\"Tiedonhaku - terveyden edist\u00e4minen - Tiedonhaku - terveyden edist\u00e4minen\" \/>\n<meta property=\"og:description\" content=\"Perustietoa tieteellisest\u00e4 tiedonhausta. Sivu on tarkoitettu materiaaliksi kurssille Hoitotieteen tiedonhaku (8020150).\" \/>\n<meta property=\"og:url\" content=\"https:\/\/blogs.uef.fi\/tiedonhaku-terveydenedistaminen\/\" \/>\n<meta property=\"og:site_name\" content=\"Tiedonhaku - terveyden edist\u00e4minen\" \/>\n<meta property=\"article:modified_time\" content=\"2026-01-05T10:34:50+00:00\" \/>\n<meta name=\"twitter:card\" content=\"summary_large_image\" \/>\n<meta name=\"twitter:label1\" content=\"Arvioitu lukuaika\" \/>\n\t<meta name=\"twitter:data1\" content=\"1 minuutti\" \/>\n<script type=\"application\/ld+json\" class=\"yoast-schema-graph\">{\"@context\":\"https:\\\/\\\/schema.org\",\"@graph\":[{\"@type\":\"WebPage\",\"@id\":\"https:\\\/\\\/blogs.uef.fi\\\/tiedonhaku-terveydenedistaminen\\\/\",\"url\":\"https:\\\/\\\/blogs.uef.fi\\\/tiedonhaku-terveydenedistaminen\\\/\",\"name\":\"Tiedonhaku - terveyden edist\u00e4minen - Tiedonhaku - terveyden edist\u00e4minen\",\"isPartOf\":{\"@id\":\"https:\\\/\\\/blogs.uef.fi\\\/tiedonhaku-terveydenedistaminen\\\/#website\"},\"datePublished\":\"2023-06-19T11:05:50+00:00\",\"dateModified\":\"2026-01-05T10:34:50+00:00\",\"description\":\"Perustietoa tieteellisest\u00e4 tiedonhausta. Sivu on tarkoitettu materiaaliksi kurssille Hoitotieteen tiedonhaku (8020150).\",\"breadcrumb\":{\"@id\":\"https:\\\/\\\/blogs.uef.fi\\\/tiedonhaku-terveydenedistaminen\\\/#breadcrumb\"},\"inLanguage\":\"fi\",\"potentialAction\":[{\"@type\":\"ReadAction\",\"target\":[\"https:\\\/\\\/blogs.uef.fi\\\/tiedonhaku-terveydenedistaminen\\\/\"]}]},{\"@type\":\"BreadcrumbList\",\"@id\":\"https:\\\/\\\/blogs.uef.fi\\\/tiedonhaku-terveydenedistaminen\\\/#breadcrumb\",\"itemListElement\":[{\"@type\":\"ListItem\",\"position\":1,\"name\":\"Home\",\"item\":\"https:\\\/\\\/blogs.uef.fi\\\/tiedonhaku-terveydenedistaminen\\\/\"},{\"@type\":\"ListItem\",\"position\":2,\"name\":\"Tiedonhaku &#8211; terveyden edist\u00e4minen\"}]},{\"@type\":\"WebSite\",\"@id\":\"https:\\\/\\\/blogs.uef.fi\\\/tiedonhaku-terveydenedistaminen\\\/#website\",\"url\":\"https:\\\/\\\/blogs.uef.fi\\\/tiedonhaku-terveydenedistaminen\\\/\",\"name\":\"Tiedonhaku - terveyden edist\u00e4minen\",\"description\":\"\",\"potentialAction\":[{\"@type\":\"SearchAction\",\"target\":{\"@type\":\"EntryPoint\",\"urlTemplate\":\"https:\\\/\\\/blogs.uef.fi\\\/tiedonhaku-terveydenedistaminen\\\/?s={search_term_string}\"},\"query-input\":{\"@type\":\"PropertyValueSpecification\",\"valueRequired\":true,\"valueName\":\"search_term_string\"}}],\"inLanguage\":\"fi\"}]}<\/script>\n<!-- \/ Yoast SEO plugin. -->","yoast_head_json":{"title":"Tiedonhaku - terveyden edist\u00e4minen - Tiedonhaku - terveyden edist\u00e4minen","description":"Perustietoa tieteellisest\u00e4 tiedonhausta. Sivu on tarkoitettu materiaaliksi kurssille Hoitotieteen tiedonhaku (8020150).","robots":{"index":"index","follow":"follow","max-snippet":"max-snippet:-1","max-image-preview":"max-image-preview:large","max-video-preview":"max-video-preview:-1"},"canonical":"https:\/\/blogs.uef.fi\/tiedonhaku-terveydenedistaminen\/","og_locale":"fi_FI","og_type":"article","og_title":"Tiedonhaku - terveyden edist\u00e4minen - Tiedonhaku - terveyden edist\u00e4minen","og_description":"Perustietoa tieteellisest\u00e4 tiedonhausta. Sivu on tarkoitettu materiaaliksi kurssille Hoitotieteen tiedonhaku (8020150).","og_url":"https:\/\/blogs.uef.fi\/tiedonhaku-terveydenedistaminen\/","og_site_name":"Tiedonhaku - terveyden edist\u00e4minen","article_modified_time":"2026-01-05T10:34:50+00:00","twitter_card":"summary_large_image","twitter_misc":{"Arvioitu lukuaika":"1 minuutti"},"schema":{"@context":"https:\/\/schema.org","@graph":[{"@type":"WebPage","@id":"https:\/\/blogs.uef.fi\/tiedonhaku-terveydenedistaminen\/","url":"https:\/\/blogs.uef.fi\/tiedonhaku-terveydenedistaminen\/","name":"Tiedonhaku - terveyden edist\u00e4minen - Tiedonhaku - terveyden edist\u00e4minen","isPartOf":{"@id":"https:\/\/blogs.uef.fi\/tiedonhaku-terveydenedistaminen\/#website"},"datePublished":"2023-06-19T11:05:50+00:00","dateModified":"2026-01-05T10:34:50+00:00","description":"Perustietoa tieteellisest\u00e4 tiedonhausta. Sivu on tarkoitettu materiaaliksi kurssille Hoitotieteen tiedonhaku (8020150).","breadcrumb":{"@id":"https:\/\/blogs.uef.fi\/tiedonhaku-terveydenedistaminen\/#breadcrumb"},"inLanguage":"fi","potentialAction":[{"@type":"ReadAction","target":["https:\/\/blogs.uef.fi\/tiedonhaku-terveydenedistaminen\/"]}]},{"@type":"BreadcrumbList","@id":"https:\/\/blogs.uef.fi\/tiedonhaku-terveydenedistaminen\/#breadcrumb","itemListElement":[{"@type":"ListItem","position":1,"name":"Home","item":"https:\/\/blogs.uef.fi\/tiedonhaku-terveydenedistaminen\/"},{"@type":"ListItem","position":2,"name":"Tiedonhaku &#8211; terveyden edist\u00e4minen"}]},{"@type":"WebSite","@id":"https:\/\/blogs.uef.fi\/tiedonhaku-terveydenedistaminen\/#website","url":"https:\/\/blogs.uef.fi\/tiedonhaku-terveydenedistaminen\/","name":"Tiedonhaku - terveyden edist\u00e4minen","description":"","potentialAction":[{"@type":"SearchAction","target":{"@type":"EntryPoint","urlTemplate":"https:\/\/blogs.uef.fi\/tiedonhaku-terveydenedistaminen\/?s={search_term_string}"},"query-input":{"@type":"PropertyValueSpecification","valueRequired":true,"valueName":"search_term_string"}}],"inLanguage":"fi"}]}},"_links":{"self":[{"href":"https:\/\/blogs.uef.fi\/tiedonhaku-terveydenedistaminen\/wp-json\/wp\/v2\/pages\/1836","targetHints":{"allow":["GET"]}}],"collection":[{"href":"https:\/\/blogs.uef.fi\/tiedonhaku-terveydenedistaminen\/wp-json\/wp\/v2\/pages"}],"about":[{"href":"https:\/\/blogs.uef.fi\/tiedonhaku-terveydenedistaminen\/wp-json\/wp\/v2\/types\/page"}],"author":[{"embeddable":true,"href":"https:\/\/blogs.uef.fi\/tiedonhaku-terveydenedistaminen\/wp-json\/wp\/v2\/users\/135"}],"replies":[{"embeddable":true,"href":"https:\/\/blogs.uef.fi\/tiedonhaku-terveydenedistaminen\/wp-json\/wp\/v2\/comments?post=1836"}],"version-history":[{"count":2,"href":"https:\/\/blogs.uef.fi\/tiedonhaku-terveydenedistaminen\/wp-json\/wp\/v2\/pages\/1836\/revisions"}],"predecessor-version":[{"id":3292,"href":"https:\/\/blogs.uef.fi\/tiedonhaku-terveydenedistaminen\/wp-json\/wp\/v2\/pages\/1836\/revisions\/3292"}],"wp:attachment":[{"href":"https:\/\/blogs.uef.fi\/tiedonhaku-terveydenedistaminen\/wp-json\/wp\/v2\/media?parent=1836"}],"curies":[{"name":"wp","href":"https:\/\/api.w.org\/{rel}","templated":true}]}}