{"id":71,"date":"2018-06-14T15:14:47","date_gmt":"2018-06-14T12:14:47","guid":{"rendered":"https:\/\/blogs.uef.fi\/tiedonhaku-psykologia\/?page_id=71"},"modified":"2025-10-14T08:58:32","modified_gmt":"2025-10-14T05:58:32","slug":"1-5-avoin-julkaiseminen-open-access","status":"publish","type":"page","link":"https:\/\/blogs.uef.fi\/tiedonhaku-psykologia\/4-hakutulokset\/1-5-avoin-julkaiseminen-open-access\/","title":{"rendered":"4.3 Avoin julkaiseminen, Open Access"},"content":{"rendered":"\n<p>Maksumuurit rajoittavat uuden tutkimustiedon levi\u00e4mist\u00e4 ja hy\u00f6dynt\u00e4mist\u00e4. T\u00e4t\u00e4 ongelmaa on l\u00e4hdetty ratkomaan Open access -toimintamallilla.<\/p>\n\n\n\n<p><strong>Open access eli avoin julkaiseminen tarkoittaa avoimuutta eli maksuttomuutta lukijalle<\/strong>. Muita reittej\u00e4 avoimiin aineistoihin ovat rinnakkaistallentaminen ja vertaisjakelu.<\/p>\n\n\n\n<figure class=\"wp-block-image size-full is-resized\"><img decoding=\"async\" src=\"https:\/\/blogs.uef.fi\/tiedonhaku-kemia\/wp-content\/uploads\/sites\/177\/2022\/03\/openaccess.png\" alt=\"Tyylitelty avoin kukko, v\u00e4rilt\u00e4\u00e4n oranssi.\" class=\"wp-image-545\" style=\"width:auto;height:100px\" \/><figcaption class=\"wp-element-caption\"><em>Open access -julkaisun <br>tunnistaa t\u00e4st\u00e4 logosta.<\/em><\/figcaption><\/figure>\n\n\n\n<p>Muista, ett\u00e4 opiskelijana sinulla on kuitenkin mahdollisuus k\u00e4ytt\u00e4\u00e4 my\u00f6s maksullisia aineistoja. <strong>\u00c4l\u00e4 siis turhaan rajaa hakujasi vain avoimeen aineistoon.<\/strong> Avoimet aineistot tulevat erityisesti tarpeeseen sitten, kun et en\u00e4\u00e4 ole yliopiston piiriss\u00e4.<\/p>\n\n\n\n<h2 class=\"wp-block-heading\">Artikkeleiden avaamiseen on kaksi tapaa<\/h2>\n\n\n\n<p>Tieteellisten lehtien artikkeleita voidaan avata lukijoille kahdella tavalla:<\/p>\n\n\n\n<ul class=\"wp-block-list\">\n<li><strong>koko lehti<\/strong> on vapaasti luettavissa<\/li>\n\n\n\n<li>maksullisen lehden <strong>yksitt\u00e4iset artikkelit<\/strong> ovat avoimia kaikille<\/li>\n<\/ul>\n\n\n\n<h2 class=\"wp-block-heading\">Avoimuus ei tarkoita ilmaista<\/h2>\n\n\n\n<p>Lehtien julkaiseminen ja toimitusty\u00f6 vaativat rahaa, my\u00f6s verkossa julkaistuna. Open access -mallissa kustannukset katetaan siten, ett\u00e4 artikkelin tekij\u00e4 maksaa ns. kirjoittajamaksun. Lukijan ei siis tarvitse maksaa mit\u00e4\u00e4n.<br><br>T\u00e4m\u00e4 ei silti tarkoita, ett\u00e4 rahalla saisi mink\u00e4 tahansa artikkelin julkaistua. <strong>Monissa OA-lehdiss\u00e4 on normaali vertaisarviointik\u00e4yt\u00e4nt\u00f6 ja ne ovat tieteellisesti korkeatasoisia.<\/strong><br><br>OA-julkaisujen liepeill\u00e4 esiintyy kuitenkin ep\u00e4eettist\u00e4 liiketoimintaa. Lue lis\u00e4\u00e4 ns. <strong>saalistajajulkaisuista<\/strong> luvusta <em>Hakutulokset &#8211; Haetun l\u00e4hdeaineiston luotettavuus ja arviointi.<\/em><\/p>\n\n\n\n<h2 class=\"wp-block-heading\">Rinnakkaistallenteet ovat my\u00f6s avoimia<\/h2>\n\n\n\n<p>Maksumuurin takana oleva artikkeli on mahdollista <strong>tallentaa julkaisuarkistoon<\/strong>, josta se on vapaasti luettavissa, mahdollisesti hieman viiveell\u00e4 alkuper\u00e4iseen julkaisuun verraten.<\/p>\n\n\n\n<p>UEFin julkaisuarkisto on nimelt\u00e4\u00e4n <a href=\"https:\/\/erepo.uef.fi\/?locale-attribute=fi\" target=\"_blank\" rel=\"noopener noreferrer\">UEF eRepository<\/a> (linkki aukeaa uuteen v\u00e4lilehteen).<\/p>\n\n\n\n<p>Suomalaisessa tiede- ja tutkimusmaailmassa on periaatteena, ett\u00e4<strong> julkisin varoin rahoitettu tutkimus pit\u00e4isi olla kaikkien hy\u00f6dynnett\u00e4viss\u00e4 avoimesti<\/strong>. Ks. <a href=\"http:\/\/minedu.fi\/artikkeli\/-\/asset_publisher\/tiedejulkaisun-tekijanoikeudenhaltijalle-aina-oikeus-ei-kaupalliseen-rinnakkaistallentamiseen\">OKM:n tiedote 13.6.2017<\/a>. Jos julkaisua ei julkaista alun perin avoimesti, on se ainakin tallennettava julkaisuarkistoon.<\/p>\n\n\n\n<p>Julkaisuarkistojen aineistoja l\u00f6yt\u00e4\u00e4 googlaamalla. Kokeile siis hakua Googlessa artikkelin nimell\u00e4.<\/p>\n\n\n\n<p><\/p>\n\n\n\n<h2 class=\"wp-block-heading\">Vertaisjakelun kautta saa artikkeleita luettavaksi<\/h2>\n\n\n\n<p>Tutkija voi laittaa omia artikkeleitaan n\u00e4kyville omille kotisivuilleen tai esimerkiksi akateemisten verkostoitumispalvelujen, kuten ResearchGate, kautta. Jos t\u00e4m\u00e4 ei tekij\u00e4noikeussyist\u00e4 ole mahdollista, voi artikkelin kirjoittajalta pyyt\u00e4\u00e4 suoraan kopiota artikkelista.<\/p>\n\n\n\n<h2 class=\"wp-block-heading\">Kirjojen ja opinn\u00e4ytteiden avoin julkaiseminen<\/h2>\n\n\n\n<p>My\u00f6s kirjoja voidaan julkaista Open access -formaatilla.<\/p>\n\n\n\n<p>Opinn\u00e4ytteet, erityisesti v\u00e4it\u00f6skirjat ovat usein avoimia julkaisuja. <strong>Opiskelijana voit osaltasi edist\u00e4\u00e4 tieteen avoimuutta julkaisemalla oman gradusi avoimesti! <\/strong>Lue kirjaston blogista <a href=\"https:\/\/blogs.uef.fi\/ueflibrary\/uefin-julkaisutoiminta-vuonna-2021-uefs-publishing-activities-in-2021\/\">UEFin julkaisutoiminta vuonna 2021<\/a>, kuinka avoin julkaiseminen on kehittynyt UEFissa, my\u00f6s gradujen osalta.<\/p>\n\n\n\n<h2 class=\"wp-block-heading\">Avoimien aineistojen hakeminen onnistuu useista eri l\u00e4hteist\u00e4<\/h2>\n\n\n\n<p>OA-julkaisuista l\u00f6ytyy tietoja aiemmin t\u00e4ss\u00e4 oppimateriaalissa esitelt\u00e4vist\u00e4 tietokannoista. Usein tietokannoissa on mahdollista rajata hakutulos vain avoimiin aineistoihin, mutta t\u00e4m\u00e4 ei ole tarpeen silloin kun saatavilla on maksullistakin aineistoa, kuten yliopistolla on.<\/p>\n\n\n\n<p>Avoimia aineistoja voi hakea my\u00f6s avoimen tiedon hakuun erikoistuneista hakukoneista. Lue lis\u00e4\u00e4 n\u00e4ist\u00e4 kirjaston <a href=\"https:\/\/www.uef.fi\/fi\/kirjasto\/avoimen-tiedon-hakuopas\" target=\"_blank\" rel=\"noreferrer noopener\">Avoimen tiedon hakuoppaasta<\/a>.<\/p>\n\n\n\n<p>Avoin julkaiseminen on osa laajempaa tieteen avoimutta. Lue lis\u00e4\u00e4 avoimesta tieteest\u00e4:<\/p>\n\n\n\n<ul class=\"wp-block-list\">\n<li><a href=\"https:\/\/www.uef.fi\/fi\/avoin-tiede\" target=\"_blank\" rel=\"noreferrer noopener\">Avoin tiede<\/a> (UEFin sivuilta)<\/li>\n\n\n\n<li><a href=\"http:\/\/avointiede.fi\/\" target=\"_blank\" rel=\"noreferrer noopener\">ATT \u2013 avoin tiede ja tutkimus<\/a><\/li>\n<\/ul>\n\n\n\n<p class=\"has-text-align-right\">Seuraava sivu: <a href=\"https:\/\/blogs.uef.fi\/tiedonhaku-psykologia\/4-hakutulokset\/4-3-tulosten-tallentaminen\/\">Tulosten tallentaminen<\/a>.<\/p>\n","protected":false},"excerpt":{"rendered":"<p>Maksumuurit rajoittavat uuden tutkimustiedon levi\u00e4mist\u00e4 ja hy\u00f6dynt\u00e4mist\u00e4. T\u00e4t\u00e4 ongelmaa on l\u00e4hdetty ratkomaan Open access -toimintamallilla. Open access eli avoin julkaiseminen tarkoittaa avoimuutta eli maksuttomuutta lukijalle. Muita reittej\u00e4 avoimiin aineistoihin ovat rinnakkaistallentaminen ja vertaisjakelu. Muista, ett\u00e4 opiskelijana sinulla on kuitenkin mahdollisuus k\u00e4ytt\u00e4\u00e4 my\u00f6s maksullisia aineistoja. \u00c4l\u00e4 siis turhaan rajaa hakujasi vain avoimeen aineistoon. Avoimet aineistot tulevat [&hellip;]<\/p>\n","protected":false},"author":190,"featured_media":0,"parent":503,"menu_order":0,"comment_status":"closed","ping_status":"closed","template":"","meta":{"_acf_changed":false,"footnotes":""},"class_list":["post-71","page","type-page","status-publish","hentry"],"acf":[],"yoast_head":"<!-- This site is optimized with the Yoast SEO plugin v27.1.1 - https:\/\/yoast.com\/product\/yoast-seo-wordpress\/ -->\n<title>4.3 Avoin julkaiseminen, Open Access - Psykologian tiedonhaku 8020120<\/title>\n<meta name=\"robots\" content=\"index, follow, max-snippet:-1, max-image-preview:large, max-video-preview:-1\" \/>\n<link rel=\"canonical\" href=\"https:\/\/blogs.uef.fi\/tiedonhaku-psykologia\/4-hakutulokset\/1-5-avoin-julkaiseminen-open-access\/\" \/>\n<meta property=\"og:locale\" content=\"fi_FI\" \/>\n<meta property=\"og:type\" content=\"article\" \/>\n<meta property=\"og:title\" content=\"4.3 Avoin julkaiseminen, Open Access - Psykologian tiedonhaku 8020120\" \/>\n<meta property=\"og:description\" content=\"Maksumuurit rajoittavat uuden tutkimustiedon levi\u00e4mist\u00e4 ja hy\u00f6dynt\u00e4mist\u00e4. T\u00e4t\u00e4 ongelmaa on l\u00e4hdetty ratkomaan Open access -toimintamallilla. Open access eli avoin julkaiseminen tarkoittaa avoimuutta eli maksuttomuutta lukijalle. Muita reittej\u00e4 avoimiin aineistoihin ovat rinnakkaistallentaminen ja vertaisjakelu. Muista, ett\u00e4 opiskelijana sinulla on kuitenkin mahdollisuus k\u00e4ytt\u00e4\u00e4 my\u00f6s maksullisia aineistoja. \u00c4l\u00e4 siis turhaan rajaa hakujasi vain avoimeen aineistoon. Avoimet aineistot tulevat [&hellip;]\" \/>\n<meta property=\"og:url\" content=\"https:\/\/blogs.uef.fi\/tiedonhaku-psykologia\/4-hakutulokset\/1-5-avoin-julkaiseminen-open-access\/\" \/>\n<meta property=\"og:site_name\" content=\"Psykologian tiedonhaku 8020120\" \/>\n<meta property=\"article:modified_time\" content=\"2025-10-14T05:58:32+00:00\" \/>\n<meta name=\"twitter:card\" content=\"summary_large_image\" \/>\n<meta name=\"twitter:label1\" content=\"Arvioitu lukuaika\" \/>\n\t<meta name=\"twitter:data1\" content=\"3 minuuttia\" \/>\n<script type=\"application\/ld+json\" class=\"yoast-schema-graph\">{\"@context\":\"https:\/\/schema.org\",\"@graph\":[{\"@type\":\"WebPage\",\"@id\":\"https:\/\/blogs.uef.fi\/tiedonhaku-psykologia\/4-hakutulokset\/1-5-avoin-julkaiseminen-open-access\/\",\"url\":\"https:\/\/blogs.uef.fi\/tiedonhaku-psykologia\/4-hakutulokset\/1-5-avoin-julkaiseminen-open-access\/\",\"name\":\"4.3 Avoin julkaiseminen, Open Access - Psykologian tiedonhaku 8020120\",\"isPartOf\":{\"@id\":\"https:\/\/blogs.uef.fi\/tiedonhaku-psykologia\/#website\"},\"primaryImageOfPage\":{\"@id\":\"https:\/\/blogs.uef.fi\/tiedonhaku-psykologia\/4-hakutulokset\/1-5-avoin-julkaiseminen-open-access\/#primaryimage\"},\"image\":{\"@id\":\"https:\/\/blogs.uef.fi\/tiedonhaku-psykologia\/4-hakutulokset\/1-5-avoin-julkaiseminen-open-access\/#primaryimage\"},\"thumbnailUrl\":\"https:\/\/blogs.uef.fi\/tiedonhaku-kemia\/wp-content\/uploads\/sites\/177\/2022\/03\/openaccess.png\",\"datePublished\":\"2018-06-14T12:14:47+00:00\",\"dateModified\":\"2025-10-14T05:58:32+00:00\",\"breadcrumb\":{\"@id\":\"https:\/\/blogs.uef.fi\/tiedonhaku-psykologia\/4-hakutulokset\/1-5-avoin-julkaiseminen-open-access\/#breadcrumb\"},\"inLanguage\":\"fi\",\"potentialAction\":[{\"@type\":\"ReadAction\",\"target\":[\"https:\/\/blogs.uef.fi\/tiedonhaku-psykologia\/4-hakutulokset\/1-5-avoin-julkaiseminen-open-access\/\"]}]},{\"@type\":\"ImageObject\",\"inLanguage\":\"fi\",\"@id\":\"https:\/\/blogs.uef.fi\/tiedonhaku-psykologia\/4-hakutulokset\/1-5-avoin-julkaiseminen-open-access\/#primaryimage\",\"url\":\"https:\/\/blogs.uef.fi\/tiedonhaku-kemia\/wp-content\/uploads\/sites\/177\/2022\/03\/openaccess.png\",\"contentUrl\":\"https:\/\/blogs.uef.fi\/tiedonhaku-kemia\/wp-content\/uploads\/sites\/177\/2022\/03\/openaccess.png\"},{\"@type\":\"BreadcrumbList\",\"@id\":\"https:\/\/blogs.uef.fi\/tiedonhaku-psykologia\/4-hakutulokset\/1-5-avoin-julkaiseminen-open-access\/#breadcrumb\",\"itemListElement\":[{\"@type\":\"ListItem\",\"position\":1,\"name\":\"Home\",\"item\":\"https:\/\/blogs.uef.fi\/tiedonhaku-psykologia\/\"},{\"@type\":\"ListItem\",\"position\":2,\"name\":\"4. Hakutulokset\",\"item\":\"https:\/\/blogs.uef.fi\/tiedonhaku-psykologia\/4-hakutulokset\/\"},{\"@type\":\"ListItem\",\"position\":3,\"name\":\"4.3 Avoin julkaiseminen, Open Access\"}]},{\"@type\":\"WebSite\",\"@id\":\"https:\/\/blogs.uef.fi\/tiedonhaku-psykologia\/#website\",\"url\":\"https:\/\/blogs.uef.fi\/tiedonhaku-psykologia\/\",\"name\":\"Psykologian tiedonhaku 8020120\",\"description\":\"Psykologian tiedonhaku on kattava oppimateriaali tiedonhakuun psykologeille. Se sis\u00e4lt\u00e4\u00e4 yleiset tiedonhaun tekniikat sek\u00e4 psykologian tiedonl\u00e4hteet ohjeineen ja esimerkkeineen.\",\"potentialAction\":[{\"@type\":\"SearchAction\",\"target\":{\"@type\":\"EntryPoint\",\"urlTemplate\":\"https:\/\/blogs.uef.fi\/tiedonhaku-psykologia\/?s={search_term_string}\"},\"query-input\":{\"@type\":\"PropertyValueSpecification\",\"valueRequired\":true,\"valueName\":\"search_term_string\"}}],\"inLanguage\":\"fi\"}]}<\/script>\n<!-- \/ Yoast SEO plugin. -->","yoast_head_json":{"title":"4.3 Avoin julkaiseminen, Open Access - Psykologian tiedonhaku 8020120","robots":{"index":"index","follow":"follow","max-snippet":"max-snippet:-1","max-image-preview":"max-image-preview:large","max-video-preview":"max-video-preview:-1"},"canonical":"https:\/\/blogs.uef.fi\/tiedonhaku-psykologia\/4-hakutulokset\/1-5-avoin-julkaiseminen-open-access\/","og_locale":"fi_FI","og_type":"article","og_title":"4.3 Avoin julkaiseminen, Open Access - Psykologian tiedonhaku 8020120","og_description":"Maksumuurit rajoittavat uuden tutkimustiedon levi\u00e4mist\u00e4 ja hy\u00f6dynt\u00e4mist\u00e4. T\u00e4t\u00e4 ongelmaa on l\u00e4hdetty ratkomaan Open access -toimintamallilla. Open access eli avoin julkaiseminen tarkoittaa avoimuutta eli maksuttomuutta lukijalle. Muita reittej\u00e4 avoimiin aineistoihin ovat rinnakkaistallentaminen ja vertaisjakelu. Muista, ett\u00e4 opiskelijana sinulla on kuitenkin mahdollisuus k\u00e4ytt\u00e4\u00e4 my\u00f6s maksullisia aineistoja. \u00c4l\u00e4 siis turhaan rajaa hakujasi vain avoimeen aineistoon. Avoimet aineistot tulevat [&hellip;]","og_url":"https:\/\/blogs.uef.fi\/tiedonhaku-psykologia\/4-hakutulokset\/1-5-avoin-julkaiseminen-open-access\/","og_site_name":"Psykologian tiedonhaku 8020120","article_modified_time":"2025-10-14T05:58:32+00:00","twitter_card":"summary_large_image","twitter_misc":{"Arvioitu lukuaika":"3 minuuttia"},"schema":{"@context":"https:\/\/schema.org","@graph":[{"@type":"WebPage","@id":"https:\/\/blogs.uef.fi\/tiedonhaku-psykologia\/4-hakutulokset\/1-5-avoin-julkaiseminen-open-access\/","url":"https:\/\/blogs.uef.fi\/tiedonhaku-psykologia\/4-hakutulokset\/1-5-avoin-julkaiseminen-open-access\/","name":"4.3 Avoin julkaiseminen, Open Access - Psykologian tiedonhaku 8020120","isPartOf":{"@id":"https:\/\/blogs.uef.fi\/tiedonhaku-psykologia\/#website"},"primaryImageOfPage":{"@id":"https:\/\/blogs.uef.fi\/tiedonhaku-psykologia\/4-hakutulokset\/1-5-avoin-julkaiseminen-open-access\/#primaryimage"},"image":{"@id":"https:\/\/blogs.uef.fi\/tiedonhaku-psykologia\/4-hakutulokset\/1-5-avoin-julkaiseminen-open-access\/#primaryimage"},"thumbnailUrl":"https:\/\/blogs.uef.fi\/tiedonhaku-kemia\/wp-content\/uploads\/sites\/177\/2022\/03\/openaccess.png","datePublished":"2018-06-14T12:14:47+00:00","dateModified":"2025-10-14T05:58:32+00:00","breadcrumb":{"@id":"https:\/\/blogs.uef.fi\/tiedonhaku-psykologia\/4-hakutulokset\/1-5-avoin-julkaiseminen-open-access\/#breadcrumb"},"inLanguage":"fi","potentialAction":[{"@type":"ReadAction","target":["https:\/\/blogs.uef.fi\/tiedonhaku-psykologia\/4-hakutulokset\/1-5-avoin-julkaiseminen-open-access\/"]}]},{"@type":"ImageObject","inLanguage":"fi","@id":"https:\/\/blogs.uef.fi\/tiedonhaku-psykologia\/4-hakutulokset\/1-5-avoin-julkaiseminen-open-access\/#primaryimage","url":"https:\/\/blogs.uef.fi\/tiedonhaku-kemia\/wp-content\/uploads\/sites\/177\/2022\/03\/openaccess.png","contentUrl":"https:\/\/blogs.uef.fi\/tiedonhaku-kemia\/wp-content\/uploads\/sites\/177\/2022\/03\/openaccess.png"},{"@type":"BreadcrumbList","@id":"https:\/\/blogs.uef.fi\/tiedonhaku-psykologia\/4-hakutulokset\/1-5-avoin-julkaiseminen-open-access\/#breadcrumb","itemListElement":[{"@type":"ListItem","position":1,"name":"Home","item":"https:\/\/blogs.uef.fi\/tiedonhaku-psykologia\/"},{"@type":"ListItem","position":2,"name":"4. Hakutulokset","item":"https:\/\/blogs.uef.fi\/tiedonhaku-psykologia\/4-hakutulokset\/"},{"@type":"ListItem","position":3,"name":"4.3 Avoin julkaiseminen, Open Access"}]},{"@type":"WebSite","@id":"https:\/\/blogs.uef.fi\/tiedonhaku-psykologia\/#website","url":"https:\/\/blogs.uef.fi\/tiedonhaku-psykologia\/","name":"Psykologian tiedonhaku 8020120","description":"Psykologian tiedonhaku on kattava oppimateriaali tiedonhakuun psykologeille. Se sis\u00e4lt\u00e4\u00e4 yleiset tiedonhaun tekniikat sek\u00e4 psykologian tiedonl\u00e4hteet ohjeineen ja esimerkkeineen.","potentialAction":[{"@type":"SearchAction","target":{"@type":"EntryPoint","urlTemplate":"https:\/\/blogs.uef.fi\/tiedonhaku-psykologia\/?s={search_term_string}"},"query-input":{"@type":"PropertyValueSpecification","valueRequired":true,"valueName":"search_term_string"}}],"inLanguage":"fi"}]}},"_links":{"self":[{"href":"https:\/\/blogs.uef.fi\/tiedonhaku-psykologia\/wp-json\/wp\/v2\/pages\/71","targetHints":{"allow":["GET"]}}],"collection":[{"href":"https:\/\/blogs.uef.fi\/tiedonhaku-psykologia\/wp-json\/wp\/v2\/pages"}],"about":[{"href":"https:\/\/blogs.uef.fi\/tiedonhaku-psykologia\/wp-json\/wp\/v2\/types\/page"}],"author":[{"embeddable":true,"href":"https:\/\/blogs.uef.fi\/tiedonhaku-psykologia\/wp-json\/wp\/v2\/users\/190"}],"replies":[{"embeddable":true,"href":"https:\/\/blogs.uef.fi\/tiedonhaku-psykologia\/wp-json\/wp\/v2\/comments?post=71"}],"version-history":[{"count":1,"href":"https:\/\/blogs.uef.fi\/tiedonhaku-psykologia\/wp-json\/wp\/v2\/pages\/71\/revisions"}],"predecessor-version":[{"id":3554,"href":"https:\/\/blogs.uef.fi\/tiedonhaku-psykologia\/wp-json\/wp\/v2\/pages\/71\/revisions\/3554"}],"up":[{"embeddable":true,"href":"https:\/\/blogs.uef.fi\/tiedonhaku-psykologia\/wp-json\/wp\/v2\/pages\/503"}],"wp:attachment":[{"href":"https:\/\/blogs.uef.fi\/tiedonhaku-psykologia\/wp-json\/wp\/v2\/media?parent=71"}],"curies":[{"name":"wp","href":"https:\/\/api.w.org\/{rel}","templated":true}]}}