{"id":575,"date":"2018-08-09T09:32:09","date_gmt":"2018-08-09T06:32:09","guid":{"rendered":"https:\/\/blogs.uef.fi\/tiedonhaku-psykologia\/?page_id=575"},"modified":"2020-05-25T16:14:22","modified_gmt":"2020-05-25T13:14:22","slug":"4-5-bibliometriikkaa","status":"publish","type":"page","link":"https:\/\/blogs.uef.fi\/tiedonhaku-psykologia\/4-hakutulokset\/4-5-bibliometriikkaa\/","title":{"rendered":"4.5 Bibliometriikkaa"},"content":{"rendered":"<p>Muutamat tietokannat sen lis\u00e4ksi, ett\u00e4 kertovat, mit\u00e4 artikkeleita on julkaistu, laskevat my\u00f6s, paljonko n\u00e4ihin artikkeleihin on viitattu toisissa julkaisuissa. Julkaisemisen hetkell\u00e4 viittauksia on nolla, mutta ajan my\u00f6t\u00e4 luku kasvaa, ja t\u00e4m\u00e4n on arveltu osaltaan kuvaavan kyseisen julkaisun merkitt\u00e4vyytt\u00e4.<\/p>\n<p>Siit\u00e4, mit\u00e4 kaikkea viittausm\u00e4\u00e4r\u00e4t voivat kuvata tai mit\u00e4 ne eiv\u00e4t kuvaa, mitk\u00e4 seikat vaikuttavat viittausm\u00e4\u00e4riin, ja miten niihin tulisi suhtautua tieteen mittareina, on k\u00e4yty ja k\u00e4yd\u00e4\u00e4n vilkasta keskustelua.<\/p>\n<p>&nbsp;<\/p>\n<h2>Web of Science<\/h2>\n<p><img loading=\"lazy\" decoding=\"async\" class=\"alignleft wp-image-581\" src=\"https:\/\/blogs.uef.fi\/tiedonhaku-psykologia\/wp-content\/uploads\/sites\/69\/2018\/08\/Eugen-195x300.jpg\" alt=\"Valokuva Eugene Garfieldist\u00e4.\" width=\"96\" height=\"148\" \/><\/p>\n<p>Eugene Garfield esitti ajatuksen vaikuttavuuskertoimesta Science-lehdess\u00e4 1955, kokeeksi syntyi Genetics Citation Index,\u00a0 ja\u00a0 1961 julkaistiin <strong>Science Citation Index. <\/strong>Siin\u00e4 lasketaan, paljonko kuhunkin julkaistuun artikkeliin viitataan muissa artikkeleissa, ja paljonko viittauksia tulee kunkin tutkijan osalle. T\u00e4m\u00e4 on laajentunut Web of Science-tietokannoiksi.<\/p>\n<p>UEF-Primosta l\u00f6ytyy <strong>Web of Science<\/strong> -tietokantaryhm\u00e4, joka sis\u00e4lt\u00e4\u00e4 eri tieteenalojen sitaatti-indeksit: Science Citation Index, Social Sciences Citation Index ja Arts &amp; Humanities Citation Index. N\u00e4it\u00e4 tietokantoja voi k\u00e4ytt\u00e4\u00e4 sek\u00e4 aiheenmukaiseen tiedonhakuun, ett\u00e4 viittausm\u00e4\u00e4rien tarkasteluun. J\u00e4ljityshakuun on hyv\u00e4t mahdollisuudet.<\/p>\n<p>Tutkijoiden arviointiin on kehitetty ns. Hirsch-indeksi*, jossa k\u00e4ytet\u00e4\u00e4n yksitt\u00e4isen tutkijan julkaistujen artikkelien ja niiden saamien siteerausten m\u00e4\u00e4r\u00e4\u00e4.<\/p>\n<p>Web of Science-tietokantojen viittausten perusteella on tuoitettu my\u00f6s Journal Citation Reports -tietokanta (nyt InCites Journal Citation Reports)\u00a0 Siin\u00e4 kunkin lehden <strong>impact factor<\/strong> lasketaan niin, ett\u00e4 kaikkien lehdess\u00e4 julkaistujen artikkelien m\u00e4\u00e4ri\u00e4 ja niiden saamien viittausten m\u00e4\u00e4ri\u00e4 verrataan tiettyn\u00e4 ajanjaksona.<\/p>\n<p>Siteeraustietokantojen tuottajana oli aluksi Institute for Scientific Information (ISI), Pennsylvania, sitten p\u00e4\u00e4osin The Science Division of Thomson Reuters, nyt Clarivate Analytics.<\/p>\n<p><strong>Esimerkkihaku Web of Science-tietokannasta:<\/strong><\/p>\n<p>Hakulauseke <em>\u201dsocial cognition\u201d AND inclusion<\/em> on tuottanut joukon artikkeliviitteit\u00e4. Yksi niist\u00e4 on t\u00e4ss\u00e4 esimerkkiviitteen\u00e4.<\/p>\n<p><img loading=\"lazy\" decoding=\"async\" class=\"alignnone wp-image-583\" src=\"https:\/\/blogs.uef.fi\/tiedonhaku-psykologia\/wp-content\/uploads\/sites\/69\/2018\/08\/WoSviite-300x67.png\" alt=\"Viite: Autism spectrum disorders: a meta-analysis of executive function. Demetriou et al.\" width=\"479\" height=\"107\" \/><\/p>\n<p>Kyseinen artikkeli on julkaistu toukokuussa 2018, ja kes\u00e4ll\u00e4 sit\u00e4 n\u00e4kyy siteeratun muissa julkaisuissa kolme kertaa. Kun avaa tarkemman n\u00e4yt\u00f6n, saa esiin tiivistelm\u00e4n ja selvi\u00e4\u00e4, ett\u00e4 t\u00e4m\u00e4 artikkeli on itse siteerannut nelj\u00e4\u00e4kymment\u00e4 muuta. Helposti on katsottavissa my\u00f6s, mit\u00e4 muita julkaisuja tietokannasta l\u00f6ytyy t\u00e4m\u00e4n tekij\u00f6ilt\u00e4, mik\u00e4 on tekij\u00f6iden H-indeksi, mit\u00e4 ovat ne julkaisut, jotka t\u00e4t\u00e4 siteerasivat ym.<\/p>\n<p>&nbsp;<\/p>\n<h3>Incites Journal Citation Reports<\/h3>\n<p>UEF-Primon kautta p\u00e4\u00e4st\u00e4\u00e4n InCites Journal Citation Reports-tietokantaan.<\/p>\n<p>Edellisess\u00e4 esimerkkiviitteess\u00e4 artikkeli oli julkaistu Molecular Psychiatry -lehdess\u00e4. Etsit\u00e4\u00e4n lehden tiedot InCites Journal Citation Reports -tietokannasta. Samalla saadaan selville lehdelle viimeksi laskettu <strong>impact factor.<\/strong><\/p>\n<p><img loading=\"lazy\" decoding=\"async\" class=\"alignnone wp-image-589\" src=\"https:\/\/blogs.uef.fi\/tiedonhaku-psykologia\/wp-content\/uploads\/sites\/69\/2018\/08\/Molecularpsychiatry-300x178.png\" alt=\"Lehden impact factor on 11,640.\" width=\"489\" height=\"290\" \/><\/p>\n<p>&nbsp;<\/p>\n<p>Koska eri tieteenaloilla on erilaiset julkaisukulttuurit ja eri aloilla toimivien tutkijoiden m\u00e4\u00e4r\u00e4kin on hyvin erilainen, ei eri alojen lehtien kertoimia voi verrata kesken\u00e4\u00e4n.<\/p>\n<p>Seuraavassa ranking-listan k\u00e4rke\u00e4 kategoriasta \u201dPsychology, multidisciplinary\u201d<\/p>\n<p><img loading=\"lazy\" decoding=\"async\" class=\"alignnone wp-image-587\" src=\"https:\/\/blogs.uef.fi\/tiedonhaku-psykologia\/wp-content\/uploads\/sites\/69\/2018\/08\/JCR-psykologian-lehdet-300x165.png\" alt=\"Listan k\u00e4rjess\u00e4 on vuonna 2017 Psychological Inqyiry, jonka impact factor on 26,364.\" width=\"516\" height=\"284\" \/><\/p>\n<p>*Hirsch-indeksi:<\/p>\n<p>Hirsch, J.E.: An index to quantify an individual\u2019s scientific research output. \u2013 PNAS (The Proceedings of the National Academy of Sciences of the United States of America), November 15, 2005\u00a0 vol. 102 no. 46<\/p>\n<p>Helsingin yliopiston kirjaston sivuilta:<\/p>\n<p><a href=\"http:\/\/www.helsinki.fi\/kirjasto\/fi\/avuksi\/tutkimuksen-nakyvyys\/viittausanalyysit\/h-indeksi\/\">http:\/\/www.helsinki.fi\/kirjasto\/fi\/avuksi\/tutkimuksen-nakyvyys\/viittausanalyysit\/h-indeksi\/<\/a><\/p>\n<p>&nbsp;<\/p>\n<h2>Scopus-tietokanta<\/h2>\n<p>Scopus on Elsevier-kustantajan laaja, monitieteinen viite- ja tiivistelm\u00e4tietokanta, joka my\u00f6s laskee siteeraukset viitteilleen. Koska Web of Science -tietokantojen ja Scopuksen aineistot eiv\u00e4t ole aivan yhtenev\u00e4iset, my\u00f6s siteerausluvut niiss\u00e4 muodostuvat erilaisiksi. Samansuuntaisia ne tietenkin ovat; paljon siteerattu tutkimus tai tutkija on sit\u00e4 molemmissa.<\/p>\n<p>Sama viite, kuin Web of Science-esimerkiss\u00e4. T\u00e4ss\u00e4 sille on l\u00f6ytynyt 4 siteerausta.<\/p>\n<p><img loading=\"lazy\" decoding=\"async\" class=\"alignnone wp-image-593\" src=\"https:\/\/blogs.uef.fi\/tiedonhaku-psykologia\/wp-content\/uploads\/sites\/69\/2018\/08\/Scopusviite-300x123.png\" alt=\"\" width=\"522\" height=\"214\" \/><\/p>\n<p>&nbsp;<\/p>\n<h2>Publish or Perish<\/h2>\n<p>My\u00f6s Google Scholarin aineistoa k\u00e4ytt\u00e4en on mahdollista tarkastella viittauksia. Omalle koneelle voi ladata verkosta Publish or Perish -ohjelman, joka k\u00e4ytt\u00e4\u00e4 viittausanalyysien pohjana Google Scholarin aineistoa. Tulokset ovat riippuvaisia siit\u00e4, miten ja millaisia viitteit\u00e4 Google Scholarista l\u00f6ytyy.<\/p>\n","protected":false},"excerpt":{"rendered":"<p>Muutamat tietokannat sen lis\u00e4ksi, ett\u00e4 kertovat, mit\u00e4 artikkeleita on julkaistu, laskevat my\u00f6s, paljonko n\u00e4ihin artikkeleihin on viitattu toisissa julkaisuissa. Julkaisemisen hetkell\u00e4 viittauksia on nolla, mutta ajan my\u00f6t\u00e4 luku kasvaa, ja t\u00e4m\u00e4n on arveltu osaltaan kuvaavan kyseisen julkaisun merkitt\u00e4vyytt\u00e4. Siit\u00e4, mit\u00e4 kaikkea viittausm\u00e4\u00e4r\u00e4t voivat kuvata tai mit\u00e4 ne eiv\u00e4t kuvaa, mitk\u00e4 seikat vaikuttavat viittausm\u00e4\u00e4riin, ja miten [&hellip;]<\/p>\n","protected":false},"author":190,"featured_media":0,"parent":503,"menu_order":0,"comment_status":"closed","ping_status":"closed","template":"","meta":{"_acf_changed":false,"footnotes":""},"class_list":["post-575","page","type-page","status-publish","hentry"],"acf":[],"yoast_head":"<!-- This site is optimized with the Yoast SEO plugin v27.3 - https:\/\/yoast.com\/product\/yoast-seo-wordpress\/ -->\n<title>4.5 Bibliometriikkaa - Psykologian tiedonhaku 8020120<\/title>\n<meta name=\"robots\" content=\"index, follow, max-snippet:-1, max-image-preview:large, max-video-preview:-1\" \/>\n<link rel=\"canonical\" href=\"https:\/\/blogs.uef.fi\/tiedonhaku-psykologia\/4-hakutulokset\/4-5-bibliometriikkaa\/\" \/>\n<meta property=\"og:locale\" content=\"fi_FI\" \/>\n<meta property=\"og:type\" content=\"article\" \/>\n<meta property=\"og:title\" content=\"4.5 Bibliometriikkaa - Psykologian tiedonhaku 8020120\" \/>\n<meta property=\"og:description\" content=\"Muutamat tietokannat sen lis\u00e4ksi, ett\u00e4 kertovat, mit\u00e4 artikkeleita on julkaistu, laskevat my\u00f6s, paljonko n\u00e4ihin artikkeleihin on viitattu toisissa julkaisuissa. Julkaisemisen hetkell\u00e4 viittauksia on nolla, mutta ajan my\u00f6t\u00e4 luku kasvaa, ja t\u00e4m\u00e4n on arveltu osaltaan kuvaavan kyseisen julkaisun merkitt\u00e4vyytt\u00e4. Siit\u00e4, mit\u00e4 kaikkea viittausm\u00e4\u00e4r\u00e4t voivat kuvata tai mit\u00e4 ne eiv\u00e4t kuvaa, mitk\u00e4 seikat vaikuttavat viittausm\u00e4\u00e4riin, ja miten [&hellip;]\" \/>\n<meta property=\"og:url\" content=\"https:\/\/blogs.uef.fi\/tiedonhaku-psykologia\/4-hakutulokset\/4-5-bibliometriikkaa\/\" \/>\n<meta property=\"og:site_name\" content=\"Psykologian tiedonhaku 8020120\" \/>\n<meta property=\"article:modified_time\" content=\"2020-05-25T13:14:22+00:00\" \/>\n<meta property=\"og:image\" content=\"https:\/\/blogs.uef.fi\/tiedonhaku-psykologia\/wp-content\/uploads\/sites\/69\/2018\/08\/Eugen-195x300.jpg\" \/>\n<meta name=\"twitter:card\" content=\"summary_large_image\" \/>\n<meta name=\"twitter:label1\" content=\"Arvioitu lukuaika\" \/>\n\t<meta name=\"twitter:data1\" content=\"3 minuuttia\" \/>\n<script type=\"application\/ld+json\" class=\"yoast-schema-graph\">{\"@context\":\"https:\\\/\\\/schema.org\",\"@graph\":[{\"@type\":\"WebPage\",\"@id\":\"https:\\\/\\\/blogs.uef.fi\\\/tiedonhaku-psykologia\\\/4-hakutulokset\\\/4-5-bibliometriikkaa\\\/\",\"url\":\"https:\\\/\\\/blogs.uef.fi\\\/tiedonhaku-psykologia\\\/4-hakutulokset\\\/4-5-bibliometriikkaa\\\/\",\"name\":\"4.5 Bibliometriikkaa - Psykologian tiedonhaku 8020120\",\"isPartOf\":{\"@id\":\"https:\\\/\\\/blogs.uef.fi\\\/tiedonhaku-psykologia\\\/#website\"},\"primaryImageOfPage\":{\"@id\":\"https:\\\/\\\/blogs.uef.fi\\\/tiedonhaku-psykologia\\\/4-hakutulokset\\\/4-5-bibliometriikkaa\\\/#primaryimage\"},\"image\":{\"@id\":\"https:\\\/\\\/blogs.uef.fi\\\/tiedonhaku-psykologia\\\/4-hakutulokset\\\/4-5-bibliometriikkaa\\\/#primaryimage\"},\"thumbnailUrl\":\"https:\\\/\\\/blogs.uef.fi\\\/tiedonhaku-psykologia\\\/wp-content\\\/uploads\\\/sites\\\/69\\\/2018\\\/08\\\/Eugen-195x300.jpg\",\"datePublished\":\"2018-08-09T06:32:09+00:00\",\"dateModified\":\"2020-05-25T13:14:22+00:00\",\"breadcrumb\":{\"@id\":\"https:\\\/\\\/blogs.uef.fi\\\/tiedonhaku-psykologia\\\/4-hakutulokset\\\/4-5-bibliometriikkaa\\\/#breadcrumb\"},\"inLanguage\":\"fi\",\"potentialAction\":[{\"@type\":\"ReadAction\",\"target\":[\"https:\\\/\\\/blogs.uef.fi\\\/tiedonhaku-psykologia\\\/4-hakutulokset\\\/4-5-bibliometriikkaa\\\/\"]}]},{\"@type\":\"ImageObject\",\"inLanguage\":\"fi\",\"@id\":\"https:\\\/\\\/blogs.uef.fi\\\/tiedonhaku-psykologia\\\/4-hakutulokset\\\/4-5-bibliometriikkaa\\\/#primaryimage\",\"url\":\"https:\\\/\\\/blogs.uef.fi\\\/tiedonhaku-psykologia\\\/wp-content\\\/uploads\\\/sites\\\/69\\\/2018\\\/08\\\/Eugen-195x300.jpg\",\"contentUrl\":\"https:\\\/\\\/blogs.uef.fi\\\/tiedonhaku-psykologia\\\/wp-content\\\/uploads\\\/sites\\\/69\\\/2018\\\/08\\\/Eugen-195x300.jpg\"},{\"@type\":\"BreadcrumbList\",\"@id\":\"https:\\\/\\\/blogs.uef.fi\\\/tiedonhaku-psykologia\\\/4-hakutulokset\\\/4-5-bibliometriikkaa\\\/#breadcrumb\",\"itemListElement\":[{\"@type\":\"ListItem\",\"position\":1,\"name\":\"Home\",\"item\":\"https:\\\/\\\/blogs.uef.fi\\\/tiedonhaku-psykologia\\\/\"},{\"@type\":\"ListItem\",\"position\":2,\"name\":\"4. Hakutulokset\",\"item\":\"https:\\\/\\\/blogs.uef.fi\\\/tiedonhaku-psykologia\\\/4-hakutulokset\\\/\"},{\"@type\":\"ListItem\",\"position\":3,\"name\":\"4.5 Bibliometriikkaa\"}]},{\"@type\":\"WebSite\",\"@id\":\"https:\\\/\\\/blogs.uef.fi\\\/tiedonhaku-psykologia\\\/#website\",\"url\":\"https:\\\/\\\/blogs.uef.fi\\\/tiedonhaku-psykologia\\\/\",\"name\":\"Psykologian tiedonhaku 8020120\",\"description\":\"Psykologian tiedonhaku on kattava oppimateriaali tiedonhakuun psykologeille. Se sis\u00e4lt\u00e4\u00e4 yleiset tiedonhaun tekniikat sek\u00e4 psykologian tiedonl\u00e4hteet ohjeineen ja esimerkkeineen.\",\"potentialAction\":[{\"@type\":\"SearchAction\",\"target\":{\"@type\":\"EntryPoint\",\"urlTemplate\":\"https:\\\/\\\/blogs.uef.fi\\\/tiedonhaku-psykologia\\\/?s={search_term_string}\"},\"query-input\":{\"@type\":\"PropertyValueSpecification\",\"valueRequired\":true,\"valueName\":\"search_term_string\"}}],\"inLanguage\":\"fi\"}]}<\/script>\n<!-- \/ Yoast SEO plugin. -->","yoast_head_json":{"title":"4.5 Bibliometriikkaa - Psykologian tiedonhaku 8020120","robots":{"index":"index","follow":"follow","max-snippet":"max-snippet:-1","max-image-preview":"max-image-preview:large","max-video-preview":"max-video-preview:-1"},"canonical":"https:\/\/blogs.uef.fi\/tiedonhaku-psykologia\/4-hakutulokset\/4-5-bibliometriikkaa\/","og_locale":"fi_FI","og_type":"article","og_title":"4.5 Bibliometriikkaa - Psykologian tiedonhaku 8020120","og_description":"Muutamat tietokannat sen lis\u00e4ksi, ett\u00e4 kertovat, mit\u00e4 artikkeleita on julkaistu, laskevat my\u00f6s, paljonko n\u00e4ihin artikkeleihin on viitattu toisissa julkaisuissa. Julkaisemisen hetkell\u00e4 viittauksia on nolla, mutta ajan my\u00f6t\u00e4 luku kasvaa, ja t\u00e4m\u00e4n on arveltu osaltaan kuvaavan kyseisen julkaisun merkitt\u00e4vyytt\u00e4. Siit\u00e4, mit\u00e4 kaikkea viittausm\u00e4\u00e4r\u00e4t voivat kuvata tai mit\u00e4 ne eiv\u00e4t kuvaa, mitk\u00e4 seikat vaikuttavat viittausm\u00e4\u00e4riin, ja miten [&hellip;]","og_url":"https:\/\/blogs.uef.fi\/tiedonhaku-psykologia\/4-hakutulokset\/4-5-bibliometriikkaa\/","og_site_name":"Psykologian tiedonhaku 8020120","article_modified_time":"2020-05-25T13:14:22+00:00","og_image":[{"url":"https:\/\/blogs.uef.fi\/tiedonhaku-psykologia\/wp-content\/uploads\/sites\/69\/2018\/08\/Eugen-195x300.jpg","type":"","width":"","height":""}],"twitter_card":"summary_large_image","twitter_misc":{"Arvioitu lukuaika":"3 minuuttia"},"schema":{"@context":"https:\/\/schema.org","@graph":[{"@type":"WebPage","@id":"https:\/\/blogs.uef.fi\/tiedonhaku-psykologia\/4-hakutulokset\/4-5-bibliometriikkaa\/","url":"https:\/\/blogs.uef.fi\/tiedonhaku-psykologia\/4-hakutulokset\/4-5-bibliometriikkaa\/","name":"4.5 Bibliometriikkaa - Psykologian tiedonhaku 8020120","isPartOf":{"@id":"https:\/\/blogs.uef.fi\/tiedonhaku-psykologia\/#website"},"primaryImageOfPage":{"@id":"https:\/\/blogs.uef.fi\/tiedonhaku-psykologia\/4-hakutulokset\/4-5-bibliometriikkaa\/#primaryimage"},"image":{"@id":"https:\/\/blogs.uef.fi\/tiedonhaku-psykologia\/4-hakutulokset\/4-5-bibliometriikkaa\/#primaryimage"},"thumbnailUrl":"https:\/\/blogs.uef.fi\/tiedonhaku-psykologia\/wp-content\/uploads\/sites\/69\/2018\/08\/Eugen-195x300.jpg","datePublished":"2018-08-09T06:32:09+00:00","dateModified":"2020-05-25T13:14:22+00:00","breadcrumb":{"@id":"https:\/\/blogs.uef.fi\/tiedonhaku-psykologia\/4-hakutulokset\/4-5-bibliometriikkaa\/#breadcrumb"},"inLanguage":"fi","potentialAction":[{"@type":"ReadAction","target":["https:\/\/blogs.uef.fi\/tiedonhaku-psykologia\/4-hakutulokset\/4-5-bibliometriikkaa\/"]}]},{"@type":"ImageObject","inLanguage":"fi","@id":"https:\/\/blogs.uef.fi\/tiedonhaku-psykologia\/4-hakutulokset\/4-5-bibliometriikkaa\/#primaryimage","url":"https:\/\/blogs.uef.fi\/tiedonhaku-psykologia\/wp-content\/uploads\/sites\/69\/2018\/08\/Eugen-195x300.jpg","contentUrl":"https:\/\/blogs.uef.fi\/tiedonhaku-psykologia\/wp-content\/uploads\/sites\/69\/2018\/08\/Eugen-195x300.jpg"},{"@type":"BreadcrumbList","@id":"https:\/\/blogs.uef.fi\/tiedonhaku-psykologia\/4-hakutulokset\/4-5-bibliometriikkaa\/#breadcrumb","itemListElement":[{"@type":"ListItem","position":1,"name":"Home","item":"https:\/\/blogs.uef.fi\/tiedonhaku-psykologia\/"},{"@type":"ListItem","position":2,"name":"4. Hakutulokset","item":"https:\/\/blogs.uef.fi\/tiedonhaku-psykologia\/4-hakutulokset\/"},{"@type":"ListItem","position":3,"name":"4.5 Bibliometriikkaa"}]},{"@type":"WebSite","@id":"https:\/\/blogs.uef.fi\/tiedonhaku-psykologia\/#website","url":"https:\/\/blogs.uef.fi\/tiedonhaku-psykologia\/","name":"Psykologian tiedonhaku 8020120","description":"Psykologian tiedonhaku on kattava oppimateriaali tiedonhakuun psykologeille. Se sis\u00e4lt\u00e4\u00e4 yleiset tiedonhaun tekniikat sek\u00e4 psykologian tiedonl\u00e4hteet ohjeineen ja esimerkkeineen.","potentialAction":[{"@type":"SearchAction","target":{"@type":"EntryPoint","urlTemplate":"https:\/\/blogs.uef.fi\/tiedonhaku-psykologia\/?s={search_term_string}"},"query-input":{"@type":"PropertyValueSpecification","valueRequired":true,"valueName":"search_term_string"}}],"inLanguage":"fi"}]}},"_links":{"self":[{"href":"https:\/\/blogs.uef.fi\/tiedonhaku-psykologia\/wp-json\/wp\/v2\/pages\/575","targetHints":{"allow":["GET"]}}],"collection":[{"href":"https:\/\/blogs.uef.fi\/tiedonhaku-psykologia\/wp-json\/wp\/v2\/pages"}],"about":[{"href":"https:\/\/blogs.uef.fi\/tiedonhaku-psykologia\/wp-json\/wp\/v2\/types\/page"}],"author":[{"embeddable":true,"href":"https:\/\/blogs.uef.fi\/tiedonhaku-psykologia\/wp-json\/wp\/v2\/users\/190"}],"replies":[{"embeddable":true,"href":"https:\/\/blogs.uef.fi\/tiedonhaku-psykologia\/wp-json\/wp\/v2\/comments?post=575"}],"version-history":[{"count":3,"href":"https:\/\/blogs.uef.fi\/tiedonhaku-psykologia\/wp-json\/wp\/v2\/pages\/575\/revisions"}],"predecessor-version":[{"id":1285,"href":"https:\/\/blogs.uef.fi\/tiedonhaku-psykologia\/wp-json\/wp\/v2\/pages\/575\/revisions\/1285"}],"up":[{"embeddable":true,"href":"https:\/\/blogs.uef.fi\/tiedonhaku-psykologia\/wp-json\/wp\/v2\/pages\/503"}],"wp:attachment":[{"href":"https:\/\/blogs.uef.fi\/tiedonhaku-psykologia\/wp-json\/wp\/v2\/media?parent=575"}],"curies":[{"name":"wp","href":"https:\/\/api.w.org\/{rel}","templated":true}]}}