{"id":527,"date":"2018-08-07T15:16:19","date_gmt":"2018-08-07T12:16:19","guid":{"rendered":"https:\/\/blogs.uef.fi\/tiedonhaku-psykologia\/?page_id=527"},"modified":"2026-03-06T10:07:23","modified_gmt":"2026-03-06T08:07:23","slug":"4-2-julkaisujen-saatavuus","status":"publish","type":"page","link":"https:\/\/blogs.uef.fi\/tiedonhaku-psykologia\/4-hakutulokset\/4-2-julkaisujen-saatavuus\/","title":{"rendered":"4.2 Julkaisujen saatavuus"},"content":{"rendered":"\n<p style=\"font-size:17px\">L\u00e4hes kaikki julkaisut ovat saatavilla tavalla toisella. Kaikki eiv\u00e4t kuitenkaan l\u00f6ydy netist\u00e4 ja joskus julkaisun saamisesta pit\u00e4\u00e4 maksaa.<\/p>\n\n\n\n<p>Tieteelliset artikkelit julkaistaan t\u00e4t\u00e4 tarkoitusta varten perustetuissa lehdiss\u00e4, joita hallitsevat muutamat suuret kaupalliset kustantajat. Tieteelliset lehdet ovat usein maksullisia ja niihin on p\u00e4\u00e4sy esimerkiksi vain yliopiston henkil\u00f6kunnalla ja opiskelijoilla. <strong>Iso osa tieteellisest\u00e4 tiedosta on siis maksumuurin takana.<\/strong> T\u00e4m\u00e4 vaikeuttaa merkitt\u00e4v\u00e4sti tieteellisen tiedon hy\u00f6dynt\u00e4mist\u00e4 esim. yrityksiss\u00e4.<\/p>\n\n\n\n<p>Yh\u00e4 enemm\u00e4n tieteellist\u00e4 tietoa julkaistaan kuitenkin avoimesti. Seuraavassa luvussa kerrotaan t\u00e4st\u00e4 lis\u00e4\u00e4.<\/p>\n\n\n\n<h2 class=\"wp-block-heading\">J\u00e4ljit\u00e4 artikkelia tai kirjaa suoraan verkosta<\/h2>\n\n\n\n<p>Tietokannassa voi n\u00e4ky\u00e4 suoria linkkeja tai apuv\u00e4lineit\u00e4 julkaisun aukaisemiseksi:<\/p>\n\n\n\n<ul class=\"wp-block-list\">\n<li><strong>Full Text tai PDF tai HTML -linkki<\/strong> tietueessa, aukaisee artikkelin suoraan<\/li>\n\n\n\n<li><strong>Find It -kuvake<\/strong>, joka selvitt\u00e4\u00e4 onko k\u00e4ytt\u00f6oikeutta verkkoversioon \u2013 aina sit\u00e4 ei ole!<\/li>\n<\/ul>\n\n\n\n<figure class=\"wp-block-image aligncenter size-full\"><img loading=\"lazy\" decoding=\"async\" width=\"54\" height=\"20\" src=\"https:\/\/blogs.uef.fi\/tiedonhaku-psykologia\/wp-content\/uploads\/sites\/69\/2023\/09\/findit.png\" alt=\"Kuvake, jossa v\u00e4rik\u00e4s solmumainen kuvio ja teksti: Find it.\" class=\"wp-image-3106\" \/><\/figure>\n\n\n\n<ul class=\"wp-block-list\">\n<li>Googlaa tietueessa n\u00e4kyv\u00e4ll\u00e4 <strong>DOI-osoitteella<\/strong>, tai jos sit\u00e4 ei ole, <strong>artikkelin nimell\u00e4<\/strong><\/li>\n<\/ul>\n\n\n\n<figure class=\"wp-block-image size-full is-resized\"><img loading=\"lazy\" decoding=\"async\" width=\"992\" height=\"193\" src=\"https:\/\/blogs.uef.fi\/tiedonhaku-psykologia\/wp-content\/uploads\/sites\/69\/2022\/08\/PSY_doilinkki.png\" alt=\"Kuvakaappaus tietokantaviitteest\u00e4. N\u00e4kyvill\u00e4 artikkelin otsikko, tekij\u00e4t ja julkaisutiedot. Korostettuna rivi, jossa lukee httsp:\/\/doi.org.10.1080\/09669760.2019.1685470.\" class=\"wp-image-2344\" srcset=\"https:\/\/blogs.uef.fi\/tiedonhaku-psykologia\/wp-content\/uploads\/sites\/69\/2022\/08\/PSY_doilinkki.png 992w, https:\/\/blogs.uef.fi\/tiedonhaku-psykologia\/wp-content\/uploads\/sites\/69\/2022\/08\/PSY_doilinkki-300x58.png 300w, https:\/\/blogs.uef.fi\/tiedonhaku-psykologia\/wp-content\/uploads\/sites\/69\/2022\/08\/PSY_doilinkki-768x149.png 768w\" sizes=\"auto, (max-width: 992px) 100vw, 992px\" \/><\/figure>\n\n\n\n<p><strong>DOI (Digital Object Identifier)<\/strong> on verkossa olevan dokumentin (artikkeli, kuva, video jne.) pysyv\u00e4 tunnistenumero. DOI viittaa tiettyyn dokumenttiin sen verkko-osoitteesta riippumatta, ts. sivuston osoite voi muuttua, mutta DOI:n avulla itse dokumentti l\u00f6ytyy aina. DOI-linkki toimii hyvin, kun ollaan yliopiston verkossa.<\/p>\n\n\n\n<ul class=\"wp-block-list\">\n<li>Vinkki: DOI-tunniste kannattaa liitt\u00e4\u00e4 julkaisun l\u00e4hdeluetteloon artikkelin\/lehden verkko-osoitteen sijasta.<\/li>\n<\/ul>\n\n\n\n<p><strong>Voit my\u00f6s asentaa itse selaimeesi erilaisia lis\u00e4osia,<\/strong> jotka auttavat julkaisun j\u00e4ljitt\u00e4misess\u00e4:<\/p>\n\n\n\n<ul class=\"wp-block-list\">\n<li>LibKey-kuvake, joka tunnistaa olemassa olevan UEFin k\u00e4ytt\u00f6oikeuden ja ilmaantuu n\u00e4kyviin vain, jos k\u00e4ytt\u00f6oikeus on. <a href=\"https:\/\/thirdiron.com\/downloadnomad\/?gclid=EAIaIQobChMIx_j1u_aM8QIVA6OyCh0vCgJpEAAYASAAEgJs9PD_BwE\" target=\"_blank\" rel=\"noreferrer noopener\">Asenna t\u00e4st\u00e4 LibKey<\/a>.<\/li>\n\n\n\n<li>Lis\u00e4osa, joka tarkistaa, olisiko julkaisu saatavana jostakin toisesta palvelusta avoimesti ja laillisesti. Lue lis\u00e4\u00e4 n\u00e4ist\u00e4 <a href=\"https:\/\/www.uef.fi\/fi\/kirjasto\/avoimen-tiedon-hakuopas#paragraph-16102\" target=\"_blank\" rel=\"noreferrer noopener\">lis\u00e4osista<\/a> Avoimen tiedonhaun oppaasta.<\/li>\n<\/ul>\n\n\n\n<figure class=\"wp-block-image size-large is-resized\"><img decoding=\"async\" src=\"https:\/\/blogs.uef.fi\/tiedonhaku-kemia\/wp-content\/uploads\/sites\/177\/2022\/03\/lisaosia-1024x922.png\" alt=\"Nelj\u00e4 logoa kehyksen sis\u00e4ll\u00e4. Tummalla pohjalla vihre\u00e4 pisaran kuva ja teksti Download PDF, University of Eastern Finland. Alla seliteteksti: Libkey. Oranssi tyylitelty avoin lukko ja k\u00e4si aukaisemassa sit\u00e4. Alla seliteteksti: Open Access Button. Sininen tyylitelty p\u00e4\u00e4, jossa kolmikolkkahattu. Alla seliteteksti: Google Scholar Button. Vihre\u00e4n puolikaaren sis\u00e4ll\u00e4 valkoinen avoin lukko. Alla seliteteksti: Unpaywall.\" class=\"wp-image-806\" style=\"width:250px\" \/><\/figure>\n\n\n\n<h3 class=\"wp-block-heading\">Jos julkaisua ei heti l\u00f6ydy, kokeile seuraavaa<\/h3>\n\n\n\n<p>Tarkista UEF-Primon aineistot hakemalla:<\/p>\n\n\n\n<ul class=\"wp-block-list\">\n<li>artikkelia lehtihausta lehden nimell\u00e4<\/li>\n\n\n\n<li>artikkelia kirjassa kirjaston kokoelmista kirja nimen mukaan<\/li>\n\n\n\n<li>kirjaa kirjaston kokoelmista kirjan nimell\u00e4<\/li>\n\n\n\n<li>konferenssijulkaisua kirjaston kokoelmista konferenssin nimen mukaan<\/li>\n<\/ul>\n\n\n\n<p>UEF Primoa kannattaa kokeilla erityisesti silloin, jos k\u00e4ytt\u00e4m\u00e4si tietokone ei ole kampusverkossa \u2013 k\u00e4ytt\u00f6oikeuden tunnistaminen menee Primon kautta.<\/p>\n\n\n\n<p>Sama artikkeli voi olla tarjolla useamman eri palvelun kautta.<\/p>\n\n\n\n<figure class=\"wp-block-image size-full\"><img loading=\"lazy\" decoding=\"async\" width=\"1251\" height=\"739\" src=\"https:\/\/blogs.uef.fi\/tiedonhaku-psykologia\/wp-content\/uploads\/sites\/69\/2020\/04\/linkit-artikkeliin.png\" alt=\"Artikkeliviite, jossa on kaksi linkki\u00e4 artikkelin koko tekstiin, toinen Wiley-kustantajan, ja toinen EBSCO-v\u00e4litt\u00e4j\u00e4n palveluun.\" class=\"wp-image-988\" style=\"object-fit:cover\" srcset=\"https:\/\/blogs.uef.fi\/tiedonhaku-psykologia\/wp-content\/uploads\/sites\/69\/2020\/04\/linkit-artikkeliin.png 1251w, https:\/\/blogs.uef.fi\/tiedonhaku-psykologia\/wp-content\/uploads\/sites\/69\/2020\/04\/linkit-artikkeliin-300x177.png 300w, https:\/\/blogs.uef.fi\/tiedonhaku-psykologia\/wp-content\/uploads\/sites\/69\/2020\/04\/linkit-artikkeliin-1024x605.png 1024w, https:\/\/blogs.uef.fi\/tiedonhaku-psykologia\/wp-content\/uploads\/sites\/69\/2020\/04\/linkit-artikkeliin-768x454.png 768w, https:\/\/blogs.uef.fi\/tiedonhaku-psykologia\/wp-content\/uploads\/sites\/69\/2020\/04\/linkit-artikkeliin-643x380.png 643w\" sizes=\"auto, (max-width: 1251px) 100vw, 1251px\" \/><\/figure>\n\n\n\n<p><\/p>\n\n\n\n<p>Tarkista tarvittaessa muut l\u00e4hiseutusi kirjastot: ammattikorkeakoulu ja kaupunginkirjasto.<\/p>\n\n\n\n<p>Tietokannoissa ja Googlella hakien vastaan voi tulla linkkej\u00e4, joissa artikkelin p\u00e4\u00e4see lukemaan vain maksua vastaan. T\u00e4m\u00e4 tarkoittaa, ett\u00e4 UEF ei ole hankkinut k\u00e4ytt\u00f6oikeuttaa verkkoversioon. T\u00e4llaisen artikkelin voi joko hankkia itse tai tehd\u00e4 siit\u00e4 kaukolainapyynn\u00f6n (katso tarkemmin alempaa).<\/p>\n\n\n\n<p>Muista, ett\u00e4 kirjaston asiakkaana voit tehd\u00e4 kirjastolle my\u00f6s <a href=\"https:\/\/www.uef.fi\/fi\/kirjasto\/tietoaineiston-hankinta\" target=\"_blank\" rel=\"noreferrer noopener\">hankintaesityksen<\/a> (linkki aukeaa uuteen ikkunaan) kirjasta, jota kokoelmiin ei sis\u00e4lly. Kirja voidaan hankkia, jos se on ajantasainen ja voisi hy\u00f6dytt\u00e4\u00e4 muitakin asiakkaita.<\/p>\n\n\n\n<h3 class=\"wp-block-heading\">Piraattisivustot<\/h3>\n\n\n\n<p>On olemassa sivustoja, jotka luvattomasti tallentavat maksullisia artikkeleita laajoiksi \u201dtietokannoiksi\u201d. Toiset pit\u00e4v\u00e4t n\u00e4it\u00e4 sivustoja sankareina, toiset roistoina. Tekij\u00e4noikeuksia ne joka tapauksessa loukkaavat.<\/p>\n\n\n\n<h2 class=\"wp-block-heading\">Vapaakappaleet: kotimainen kirjallisuus ulottuville<\/h2>\n\n\n\n<p>It\u00e4-Suomen yliopiston kirjastolla on k\u00e4yt\u00f6ss\u00e4\u00e4n kaikki Suomessa julkaistava kirjallisuus ns. vapaakappalelain perusteella. Oikeus on ollut Joensuun yliopiston kirjastolla vuodesta 1981 l\u00e4htien. <\/p>\n\n\n\n<p>Vapaakappaleet eiv\u00e4t kuulu kirjaston lainattaviin kokoelmiin, mutta ovat asiakkaiden saatavilla lukusalik\u00e4ytt\u00f6\u00f6n.<\/p>\n\n\n\n<p>Tiedot n\u00e4ist\u00e4 julkaisuista n\u00e4kyv\u00e4t UEF-Primossa (koskee tietokirjallisuutta vuodesta 2008 eteenp\u00e4in). UEF-Primossa on my\u00f6s linkki aineiston tilaamiseen. Aineistoa, joka ei n\u00e4y UEF-Primossa, voi kysy\u00e4 k\u00e4ytt\u00f6\u00f6n <a href=\"https:\/\/link.webropolsurveys.com\/Participation\/Public\/3861b4da-068a-4d2e-a5a8-8c9079677d76?displayId=Fin2040119&amp;surveyLocale=fi\" target=\"_blank\" rel=\"noreferrer noopener\">verkkolomakkeella<\/a>. Tilaus on maksuton.<\/p>\n\n\n\n<p>Eri yliopistojen gradut eiv\u00e4t kuulu vapaakappalelain piiriin, joten niit\u00e4 ei kirjastosta l\u00f6ydy.<\/p>\n\n\n\n<h3 class=\"wp-block-heading\">Verkossa olevat vapaakappaleaineistot:<\/h3>\n\n\n\n<p>Painettujen vapaakappaleiden lis\u00e4ksi tarjolla on verkosta tallennettuja vapaakappaleita. N\u00e4m\u00e4 ovat k\u00e4ytett\u00e4viss\u00e4 vain kampuskirjastoissa sijaitsevilla erillisill\u00e4 tietokoneilla.<\/p>\n\n\n\n<p>Lue kirjaston kotisivulta <a href=\"https:\/\/www.uef.fi\/fi\/kirjasto\/vapaakappaleet\" target=\"_blank\" rel=\"noreferrer noopener\">lis\u00e4\u00e4 tietoa vapaakappaleista<\/a>.<\/p>\n\n\n\n<h2 class=\"wp-block-heading\">Kaukolainaus : tilaa toisten kirjastojen aineistoja omaan kirjastoon<\/h2>\n\n\n\n<p>Jos haluttua aineistoa ei l\u00f6ydy kirjastosta, voi harkita kaukolainan tilausta. Kaukolainauksessa kirjan voi saada lainaksi, lehtiartikkeleista saa yleens\u00e4 kopion. Palvelu on maksullista. Kaukolaina voidaan tilata tarvittaessa my\u00f6s ulkomailta, jolloin se maksaa enemm\u00e4n \u2013 mieti siis edelt\u00e4 k\u00e4sin, paljonko olet valmis maksamaan (tarkista kirjaston <a href=\"https:\/\/www.uef.fi\/fi\/kirjasto\/hinnasto#paragraph-22432\" target=\"_blank\" rel=\"noreferrer noopener\">palveluhinnasto<\/a>).<\/p>\n\n\n\n<p>Kaukolainojen tilaus hoidetaan kirjaston kaukopalvelun kautta. Siell\u00e4 selvitet\u00e4\u00e4n my\u00f6s, mist\u00e4 julkaisu olisi nopeimmin ja edullisimmin saatavissa. Kaukopalvelutilauksen voi tehd\u00e4 <a href=\"https:\/\/forms.office.com\/Pages\/ResponsePage.aspx?id=Lp-HhwRz8ku68mPn-D88NMfwFGq1KFhMuf7WE9FPhWhURFo1REFIMTdKTjQ0TUZRMFI1S1NRN1dDWS4u\" target=\"_blank\" rel=\"noreferrer noopener\">verkkolomakkeella<\/a>.<\/p>\n\n\n\n<p class=\"has-text-align-right\">Seuraava sivu: <a href=\"https:\/\/blogs.uef.fi\/tiedonhaku-psykologia\/4-hakutulokset\/1-5-avoin-julkaiseminen-open-access\/\">Avoin julkaiseminen<\/a>.<\/p>\n","protected":false},"excerpt":{"rendered":"<p>L\u00e4hes kaikki julkaisut ovat saatavilla tavalla toisella. Kaikki eiv\u00e4t kuitenkaan l\u00f6ydy netist\u00e4 ja joskus julkaisun saamisesta pit\u00e4\u00e4 maksaa. Tieteelliset artikkelit julkaistaan t\u00e4t\u00e4 tarkoitusta varten perustetuissa lehdiss\u00e4, joita hallitsevat muutamat suuret kaupalliset kustantajat. Tieteelliset lehdet ovat usein maksullisia ja niihin on p\u00e4\u00e4sy esimerkiksi vain yliopiston henkil\u00f6kunnalla ja opiskelijoilla. Iso osa tieteellisest\u00e4 tiedosta on siis maksumuurin takana. [&hellip;]<\/p>\n","protected":false},"author":190,"featured_media":0,"parent":503,"menu_order":0,"comment_status":"closed","ping_status":"closed","template":"","meta":{"_acf_changed":false,"footnotes":""},"class_list":["post-527","page","type-page","status-publish","hentry"],"acf":[],"yoast_head":"<!-- This site is optimized with the Yoast SEO plugin v27.1.1 - https:\/\/yoast.com\/product\/yoast-seo-wordpress\/ -->\n<title>4.2 Julkaisujen saatavuus - Psykologian tiedonhaku 8020120<\/title>\n<meta name=\"robots\" content=\"index, follow, max-snippet:-1, max-image-preview:large, max-video-preview:-1\" \/>\n<link rel=\"canonical\" href=\"https:\/\/blogs.uef.fi\/tiedonhaku-psykologia\/4-hakutulokset\/4-2-julkaisujen-saatavuus\/\" \/>\n<meta property=\"og:locale\" content=\"fi_FI\" \/>\n<meta property=\"og:type\" content=\"article\" \/>\n<meta property=\"og:title\" content=\"4.2 Julkaisujen saatavuus - Psykologian tiedonhaku 8020120\" \/>\n<meta property=\"og:description\" content=\"L\u00e4hes kaikki julkaisut ovat saatavilla tavalla toisella. Kaikki eiv\u00e4t kuitenkaan l\u00f6ydy netist\u00e4 ja joskus julkaisun saamisesta pit\u00e4\u00e4 maksaa. Tieteelliset artikkelit julkaistaan t\u00e4t\u00e4 tarkoitusta varten perustetuissa lehdiss\u00e4, joita hallitsevat muutamat suuret kaupalliset kustantajat. Tieteelliset lehdet ovat usein maksullisia ja niihin on p\u00e4\u00e4sy esimerkiksi vain yliopiston henkil\u00f6kunnalla ja opiskelijoilla. Iso osa tieteellisest\u00e4 tiedosta on siis maksumuurin takana. [&hellip;]\" \/>\n<meta property=\"og:url\" content=\"https:\/\/blogs.uef.fi\/tiedonhaku-psykologia\/4-hakutulokset\/4-2-julkaisujen-saatavuus\/\" \/>\n<meta property=\"og:site_name\" content=\"Psykologian tiedonhaku 8020120\" \/>\n<meta property=\"article:modified_time\" content=\"2026-03-06T08:07:23+00:00\" \/>\n<meta property=\"og:image\" content=\"https:\/\/blogs.uef.fi\/tiedonhaku-psykologia\/wp-content\/uploads\/sites\/69\/2023\/09\/findit.png\" \/>\n\t<meta property=\"og:image:width\" content=\"54\" \/>\n\t<meta property=\"og:image:height\" content=\"20\" \/>\n\t<meta property=\"og:image:type\" content=\"image\/png\" \/>\n<meta name=\"twitter:card\" content=\"summary_large_image\" \/>\n<meta name=\"twitter:label1\" content=\"Arvioitu lukuaika\" \/>\n\t<meta name=\"twitter:data1\" content=\"5 minuuttia\" \/>\n<script type=\"application\/ld+json\" class=\"yoast-schema-graph\">{\"@context\":\"https:\/\/schema.org\",\"@graph\":[{\"@type\":\"WebPage\",\"@id\":\"https:\/\/blogs.uef.fi\/tiedonhaku-psykologia\/4-hakutulokset\/4-2-julkaisujen-saatavuus\/\",\"url\":\"https:\/\/blogs.uef.fi\/tiedonhaku-psykologia\/4-hakutulokset\/4-2-julkaisujen-saatavuus\/\",\"name\":\"4.2 Julkaisujen saatavuus - Psykologian tiedonhaku 8020120\",\"isPartOf\":{\"@id\":\"https:\/\/blogs.uef.fi\/tiedonhaku-psykologia\/#website\"},\"primaryImageOfPage\":{\"@id\":\"https:\/\/blogs.uef.fi\/tiedonhaku-psykologia\/4-hakutulokset\/4-2-julkaisujen-saatavuus\/#primaryimage\"},\"image\":{\"@id\":\"https:\/\/blogs.uef.fi\/tiedonhaku-psykologia\/4-hakutulokset\/4-2-julkaisujen-saatavuus\/#primaryimage\"},\"thumbnailUrl\":\"https:\/\/blogs.uef.fi\/tiedonhaku-psykologia\/wp-content\/uploads\/sites\/69\/2023\/09\/findit.png\",\"datePublished\":\"2018-08-07T12:16:19+00:00\",\"dateModified\":\"2026-03-06T08:07:23+00:00\",\"breadcrumb\":{\"@id\":\"https:\/\/blogs.uef.fi\/tiedonhaku-psykologia\/4-hakutulokset\/4-2-julkaisujen-saatavuus\/#breadcrumb\"},\"inLanguage\":\"fi\",\"potentialAction\":[{\"@type\":\"ReadAction\",\"target\":[\"https:\/\/blogs.uef.fi\/tiedonhaku-psykologia\/4-hakutulokset\/4-2-julkaisujen-saatavuus\/\"]}]},{\"@type\":\"ImageObject\",\"inLanguage\":\"fi\",\"@id\":\"https:\/\/blogs.uef.fi\/tiedonhaku-psykologia\/4-hakutulokset\/4-2-julkaisujen-saatavuus\/#primaryimage\",\"url\":\"https:\/\/blogs.uef.fi\/tiedonhaku-psykologia\/wp-content\/uploads\/sites\/69\/2023\/09\/findit.png\",\"contentUrl\":\"https:\/\/blogs.uef.fi\/tiedonhaku-psykologia\/wp-content\/uploads\/sites\/69\/2023\/09\/findit.png\",\"width\":54,\"height\":20,\"caption\":\"Kuvake, jossa v\u00e4rik\u00e4s solmumainen kuvio ja teksti: Find it.\"},{\"@type\":\"BreadcrumbList\",\"@id\":\"https:\/\/blogs.uef.fi\/tiedonhaku-psykologia\/4-hakutulokset\/4-2-julkaisujen-saatavuus\/#breadcrumb\",\"itemListElement\":[{\"@type\":\"ListItem\",\"position\":1,\"name\":\"Home\",\"item\":\"https:\/\/blogs.uef.fi\/tiedonhaku-psykologia\/\"},{\"@type\":\"ListItem\",\"position\":2,\"name\":\"4. Hakutulokset\",\"item\":\"https:\/\/blogs.uef.fi\/tiedonhaku-psykologia\/4-hakutulokset\/\"},{\"@type\":\"ListItem\",\"position\":3,\"name\":\"4.2 Julkaisujen saatavuus\"}]},{\"@type\":\"WebSite\",\"@id\":\"https:\/\/blogs.uef.fi\/tiedonhaku-psykologia\/#website\",\"url\":\"https:\/\/blogs.uef.fi\/tiedonhaku-psykologia\/\",\"name\":\"Psykologian tiedonhaku 8020120\",\"description\":\"Psykologian tiedonhaku on kattava oppimateriaali tiedonhakuun psykologeille. Se sis\u00e4lt\u00e4\u00e4 yleiset tiedonhaun tekniikat sek\u00e4 psykologian tiedonl\u00e4hteet ohjeineen ja esimerkkeineen.\",\"potentialAction\":[{\"@type\":\"SearchAction\",\"target\":{\"@type\":\"EntryPoint\",\"urlTemplate\":\"https:\/\/blogs.uef.fi\/tiedonhaku-psykologia\/?s={search_term_string}\"},\"query-input\":{\"@type\":\"PropertyValueSpecification\",\"valueRequired\":true,\"valueName\":\"search_term_string\"}}],\"inLanguage\":\"fi\"}]}<\/script>\n<!-- \/ Yoast SEO plugin. -->","yoast_head_json":{"title":"4.2 Julkaisujen saatavuus - Psykologian tiedonhaku 8020120","robots":{"index":"index","follow":"follow","max-snippet":"max-snippet:-1","max-image-preview":"max-image-preview:large","max-video-preview":"max-video-preview:-1"},"canonical":"https:\/\/blogs.uef.fi\/tiedonhaku-psykologia\/4-hakutulokset\/4-2-julkaisujen-saatavuus\/","og_locale":"fi_FI","og_type":"article","og_title":"4.2 Julkaisujen saatavuus - Psykologian tiedonhaku 8020120","og_description":"L\u00e4hes kaikki julkaisut ovat saatavilla tavalla toisella. Kaikki eiv\u00e4t kuitenkaan l\u00f6ydy netist\u00e4 ja joskus julkaisun saamisesta pit\u00e4\u00e4 maksaa. Tieteelliset artikkelit julkaistaan t\u00e4t\u00e4 tarkoitusta varten perustetuissa lehdiss\u00e4, joita hallitsevat muutamat suuret kaupalliset kustantajat. Tieteelliset lehdet ovat usein maksullisia ja niihin on p\u00e4\u00e4sy esimerkiksi vain yliopiston henkil\u00f6kunnalla ja opiskelijoilla. Iso osa tieteellisest\u00e4 tiedosta on siis maksumuurin takana. [&hellip;]","og_url":"https:\/\/blogs.uef.fi\/tiedonhaku-psykologia\/4-hakutulokset\/4-2-julkaisujen-saatavuus\/","og_site_name":"Psykologian tiedonhaku 8020120","article_modified_time":"2026-03-06T08:07:23+00:00","og_image":[{"width":54,"height":20,"url":"https:\/\/blogs.uef.fi\/tiedonhaku-psykologia\/wp-content\/uploads\/sites\/69\/2023\/09\/findit.png","type":"image\/png"}],"twitter_card":"summary_large_image","twitter_misc":{"Arvioitu lukuaika":"5 minuuttia"},"schema":{"@context":"https:\/\/schema.org","@graph":[{"@type":"WebPage","@id":"https:\/\/blogs.uef.fi\/tiedonhaku-psykologia\/4-hakutulokset\/4-2-julkaisujen-saatavuus\/","url":"https:\/\/blogs.uef.fi\/tiedonhaku-psykologia\/4-hakutulokset\/4-2-julkaisujen-saatavuus\/","name":"4.2 Julkaisujen saatavuus - Psykologian tiedonhaku 8020120","isPartOf":{"@id":"https:\/\/blogs.uef.fi\/tiedonhaku-psykologia\/#website"},"primaryImageOfPage":{"@id":"https:\/\/blogs.uef.fi\/tiedonhaku-psykologia\/4-hakutulokset\/4-2-julkaisujen-saatavuus\/#primaryimage"},"image":{"@id":"https:\/\/blogs.uef.fi\/tiedonhaku-psykologia\/4-hakutulokset\/4-2-julkaisujen-saatavuus\/#primaryimage"},"thumbnailUrl":"https:\/\/blogs.uef.fi\/tiedonhaku-psykologia\/wp-content\/uploads\/sites\/69\/2023\/09\/findit.png","datePublished":"2018-08-07T12:16:19+00:00","dateModified":"2026-03-06T08:07:23+00:00","breadcrumb":{"@id":"https:\/\/blogs.uef.fi\/tiedonhaku-psykologia\/4-hakutulokset\/4-2-julkaisujen-saatavuus\/#breadcrumb"},"inLanguage":"fi","potentialAction":[{"@type":"ReadAction","target":["https:\/\/blogs.uef.fi\/tiedonhaku-psykologia\/4-hakutulokset\/4-2-julkaisujen-saatavuus\/"]}]},{"@type":"ImageObject","inLanguage":"fi","@id":"https:\/\/blogs.uef.fi\/tiedonhaku-psykologia\/4-hakutulokset\/4-2-julkaisujen-saatavuus\/#primaryimage","url":"https:\/\/blogs.uef.fi\/tiedonhaku-psykologia\/wp-content\/uploads\/sites\/69\/2023\/09\/findit.png","contentUrl":"https:\/\/blogs.uef.fi\/tiedonhaku-psykologia\/wp-content\/uploads\/sites\/69\/2023\/09\/findit.png","width":54,"height":20,"caption":"Kuvake, jossa v\u00e4rik\u00e4s solmumainen kuvio ja teksti: Find it."},{"@type":"BreadcrumbList","@id":"https:\/\/blogs.uef.fi\/tiedonhaku-psykologia\/4-hakutulokset\/4-2-julkaisujen-saatavuus\/#breadcrumb","itemListElement":[{"@type":"ListItem","position":1,"name":"Home","item":"https:\/\/blogs.uef.fi\/tiedonhaku-psykologia\/"},{"@type":"ListItem","position":2,"name":"4. Hakutulokset","item":"https:\/\/blogs.uef.fi\/tiedonhaku-psykologia\/4-hakutulokset\/"},{"@type":"ListItem","position":3,"name":"4.2 Julkaisujen saatavuus"}]},{"@type":"WebSite","@id":"https:\/\/blogs.uef.fi\/tiedonhaku-psykologia\/#website","url":"https:\/\/blogs.uef.fi\/tiedonhaku-psykologia\/","name":"Psykologian tiedonhaku 8020120","description":"Psykologian tiedonhaku on kattava oppimateriaali tiedonhakuun psykologeille. Se sis\u00e4lt\u00e4\u00e4 yleiset tiedonhaun tekniikat sek\u00e4 psykologian tiedonl\u00e4hteet ohjeineen ja esimerkkeineen.","potentialAction":[{"@type":"SearchAction","target":{"@type":"EntryPoint","urlTemplate":"https:\/\/blogs.uef.fi\/tiedonhaku-psykologia\/?s={search_term_string}"},"query-input":{"@type":"PropertyValueSpecification","valueRequired":true,"valueName":"search_term_string"}}],"inLanguage":"fi"}]}},"_links":{"self":[{"href":"https:\/\/blogs.uef.fi\/tiedonhaku-psykologia\/wp-json\/wp\/v2\/pages\/527","targetHints":{"allow":["GET"]}}],"collection":[{"href":"https:\/\/blogs.uef.fi\/tiedonhaku-psykologia\/wp-json\/wp\/v2\/pages"}],"about":[{"href":"https:\/\/blogs.uef.fi\/tiedonhaku-psykologia\/wp-json\/wp\/v2\/types\/page"}],"author":[{"embeddable":true,"href":"https:\/\/blogs.uef.fi\/tiedonhaku-psykologia\/wp-json\/wp\/v2\/users\/190"}],"replies":[{"embeddable":true,"href":"https:\/\/blogs.uef.fi\/tiedonhaku-psykologia\/wp-json\/wp\/v2\/comments?post=527"}],"version-history":[{"count":2,"href":"https:\/\/blogs.uef.fi\/tiedonhaku-psykologia\/wp-json\/wp\/v2\/pages\/527\/revisions"}],"predecessor-version":[{"id":3572,"href":"https:\/\/blogs.uef.fi\/tiedonhaku-psykologia\/wp-json\/wp\/v2\/pages\/527\/revisions\/3572"}],"up":[{"embeddable":true,"href":"https:\/\/blogs.uef.fi\/tiedonhaku-psykologia\/wp-json\/wp\/v2\/pages\/503"}],"wp:attachment":[{"href":"https:\/\/blogs.uef.fi\/tiedonhaku-psykologia\/wp-json\/wp\/v2\/media?parent=527"}],"curies":[{"name":"wp","href":"https:\/\/api.w.org\/{rel}","templated":true}]}}