{"id":93,"date":"2015-10-30T11:54:25","date_gmt":"2015-10-30T11:54:25","guid":{"rendered":"https:\/\/ueflibraryfor.wordpress.com\/?page_id=93"},"modified":"2024-01-18T13:52:31","modified_gmt":"2024-01-18T11:52:31","slug":"kayttoliittymien-hakulogiikka","status":"publish","type":"page","link":"https:\/\/blogs.uef.fi\/tiedonhaku-metsatiede\/hakulauseet-2\/kayttoliittymien-hakulogiikka\/","title":{"rendered":"K\u00e4ytt\u00f6liittymien hakulogiikka"},"content":{"rendered":"\n<p>K\u00e4ytt\u00f6liittymi\u00e4 eli hakulomakkeita on tietokannoissa useampia, ja niiden nimitykset ja toimintatavat ovat tietokantakohtaisia. Perusidea on kuitenkin kaikissa sama.<\/p>\n\n\n\n<h2 class=\"wp-block-heading\">T\u00e4rkeita seikkoja hakulogiikan kannalta:<\/h2>\n\n\n\n<ul class=\"wp-block-list\">\n<li>hakulogiikka pit\u00e4\u00e4 osua kohdilleen: <strong>OR-operaatiot pit\u00e4\u00e4 suorittaa ensin<\/strong><\/li>\n\n\n\n<li>hakusanat pit\u00e4\u00e4 sijoittaa hakulomakkeelle siten ett\u00e4 em. s\u00e4\u00e4nt\u00f6 toteutuu<\/li>\n<\/ul>\n\n\n\n<h2 class=\"wp-block-heading\">Pika- eli perushaku ei aina ole helpoin<\/h2>\n\n\n\n<p>Tutuin versio on <strong>pikahakuun<\/strong> viittaava \u201cyhden rivin\u201d hakulomake. Se muistuttaa ulkoisesti Google-hakua, mutta on kuitenkin erilainen!<\/p>\n\n\n\n<p><strong>Pikahaku haku sopii kokeilevaan tiedonhakuun yhdell\u00e4 tai kahdella sanalla. <\/strong>Monimuotoisempiakin hakuja voi tehd\u00e4, mutta se vaatii huolellisuutta.<\/p>\n\n\n\n<p><strong>\u00c4l\u00e4 k\u00e4yt\u00e4 luonnollista kielt\u00e4, vaan yksitt\u00e4isi\u00e4 termej\u00e4, jotka yhdistet\u00e4\u00e4n operaattorein<\/strong>. <br><br>Jotta OR-operaatio toeutuisi ensin, pit\u00e4\u00e4 se kertoa hakuj\u00e4rjestelm\u00e4lle sijoittamalla OR-operaatio sulkujen sis\u00e4\u00e4n. Operaattorit ja sulut OR-operaation ymp\u00e4rille kirjoitetaan itse. Muista my\u00f6s katkaisumerkin k\u00e4ytt\u00f6 sek\u00e4 fraasin ymp\u00e4rille lainausmerkit.<\/p>\n\n\n\n<figure class=\"wp-block-image aligncenter\"><img decoding=\"async\" src=\"https:\/\/ueflibraryfys.files.wordpress.com\/2015\/09\/basic1.jpg?w=584\" alt=\"Kuvakaappaus. Hakuriville on kirjoitettu hakulause: (&quot;information search&quot; OR &quot;information retrieval\u201d) AND student AND university.\" class=\"wp-image-456\" \/><\/figure>\n\n\n\n<p>Jos sanojen v\u00e4liin ei kirjoita operaattoria, on kyseess\u00e4 automaattisesti AND-operaatio.<\/p>\n\n\n\n<ul class=\"wp-block-list\">\n<li><em><strong>wooden structures<\/strong> = wooden AND structures<\/em><\/li>\n<\/ul>\n\n\n\n<h2 class=\"wp-block-heading\">Tarkennettu haku ohjaa kirjoittamaan haun oikein<\/h2>\n\n\n\n<p>Vaikka tarkennetun haun hakulomake saattaa n\u00e4ytt\u00e4\u00e4 ty\u00f6l\u00e4\u00e4mm\u00e4lt\u00e4, se on itse asiassa n\u00e4pp\u00e4r\u00e4 apuv\u00e4line.<\/p>\n\n\n\n<p><strong>Ohjaaville\/tarkentaville hakulomakkeille<\/strong> on helpompi muodostaa loogisia hakuja, jos hakulause sis\u00e4lt\u00e4\u00e4 muitakin kuin AND-operaatioita. Operaattoreita ja hakukentti\u00e4 on helppo valita valmiista valikoista.<\/p>\n\n\n\n<p>Ohjaavillakin lomakkeilla voi toki sattua logiikkavirheit\u00e4. Varminta on kirjoittaa samaan k\u00e4sitteeseen viittaavat vaihtoehtoiset sanat (<strong>OR-operaatiot) aina samalle riville<\/strong>. Sanojen v\u00e4liin kirjoitetaan itse OR-sana. <strong>Rivien v\u00e4lill\u00e4 on AND-operaattori.<\/strong><\/p>\n\n\n\n<figure class=\"wp-block-image aligncenter\"><img decoding=\"async\" src=\"https:\/\/ueflibraryfys.files.wordpress.com\/2015\/09\/advance.jpg?w=584\" alt=\"Kuvakaappaus hakulomakkeesta. Ylimm\u00e4ll\u00e4 rivill\u00e4 lukee hakusanat: \u201cinformation search&quot; OR &quot;information retrieval\u201d. Seuraavalla rivill\u00e4 lukee hakusana: student. Sit\u00e4 seuraavalla hakurivill\u00e4 lukee: university OR college. Rivien v\u00e4lill\u00e4 on valittuna operaattori AND. Kaikkien rivien haku kohdistuu Topic-kentt\u00e4\u00e4n.\" class=\"wp-image-454\" \/><\/figure>\n\n\n\n<div class=\"links-block\">\n\n    \n    <ul class=\"link-list\">\n        \n            \n            <li class=\"link-list-item\">\n                <a href=\"https:\/\/uef.cloud.panopto.eu\/Panopto\/Pages\/Viewer.aspx?id=8103283e-b9fe-4208-af42-b09700a92f62\" class=\"link-reset link hover-scale-down\">\n                    <svg\n        width=\"43\" height=\"25\"\n        viewBox=\"0 0 43 25\"\n        xmlns=\"http:\/\/www.w3.org\/2000\/svg\">\n    <path\n        d=\"M30.027 0 43 12.5 30.027 25 27 22.083 34.351 15H0v-5h34.351L27 2.917z\"\n        fill=\"currentColor\"\n        fill-rule=\"evenodd\"\/>\n<\/svg>                    <div>Katso video perus- ja tarkennetusta hausta (3:00)<\/div>\n                <\/a>\n                <div class=\"link-info\">\n                                    <\/div>\n            <\/li>\n\n                <\/ul>\n<\/div>\n\n\n<h3 class=\"wp-block-heading\">Yhteinen malli sopii kaikkiin tietokantoihin<\/h3>\n\n\n\n<p><strong>Perusidea on aina sama palvelusta riippumatta.<\/strong> Kukin k\u00e4site kirjoitetaan aina omalle rivilleen. Rivej\u00e4 k\u00e4ytet\u00e4\u00e4n siis yht\u00e4 monta kuin haussa on k\u00e4sitteit\u00e4.&nbsp; OR-operaattori sijoitetaan saman k\u00e4sitteen eri vaihtoehtoisten ilmaisujen v\u00e4lille. Rivien v\u00e4lill\u00e4 s\u00e4ilyy AND-operaattori.<\/p>\n\n\n\n<figure class=\"wp-block-image size-full is-resized\"><img loading=\"lazy\" decoding=\"async\" width=\"823\" height=\"447\" src=\"https:\/\/blogs.uef.fi\/tiedonhaku-metsatiede\/wp-content\/uploads\/sites\/47\/2023\/04\/tarkennettu_malli.png\" alt=\"Yleinen kuva tarkennetun haun mallista. Ylimm\u00e4ll\u00e4 rivill\u00e4 lukee: air OR atmospheric OR hygroscopic. Per\u00e4ss\u00e4 selitys: 1. k\u00e4site. Toisella rivill\u00e4 lukee: moisture OR humidity. Per\u00e4ss\u00e4 selitys: 2. k\u00e4site. Kolmannella rivill\u00e4 ei hakusanoja, mutta OR kirjoitettu osoittamaan tapaa esitt\u00e4\u00e4 mahdollisten sanojen yhdist\u00e4minen. Per\u00e4ss\u00e4 selite: n. k\u00e4site.\" class=\"wp-image-2861\" srcset=\"https:\/\/blogs.uef.fi\/tiedonhaku-metsatiede\/wp-content\/uploads\/sites\/47\/2023\/04\/tarkennettu_malli.png 823w, https:\/\/blogs.uef.fi\/tiedonhaku-metsatiede\/wp-content\/uploads\/sites\/47\/2023\/04\/tarkennettu_malli-300x163.png 300w, https:\/\/blogs.uef.fi\/tiedonhaku-metsatiede\/wp-content\/uploads\/sites\/47\/2023\/04\/tarkennettu_malli-768x417.png 768w\" sizes=\"auto, (max-width: 823px) 100vw, 823px\" \/><\/figure>\n\n\n\n<p class=\"has-text-align-right\">Seuraava sivu: <a href=\"https:\/\/blogs.uef.fi\/tiedonhaku-metsatiede\/hakukentat\/\">Hakukent\u00e4t.<\/a><\/p>\n","protected":false},"excerpt":{"rendered":"<p>K\u00e4ytt\u00f6liittymi\u00e4 eli hakulomakkeita on tietokannoissa useampia, ja niiden nimitykset ja toimintatavat ovat tietokantakohtaisia. Perusidea on kuitenkin kaikissa sama. T\u00e4rkeita seikkoja hakulogiikan kannalta: Pika- eli perushaku ei aina ole helpoin Tutuin versio on pikahakuun viittaava \u201cyhden rivin\u201d hakulomake. Se muistuttaa ulkoisesti Google-hakua, mutta on kuitenkin erilainen! Pikahaku haku sopii kokeilevaan tiedonhakuun yhdell\u00e4 tai kahdella sanalla. Monimuotoisempiakin [&hellip;]<\/p>\n","protected":false},"author":127,"featured_media":0,"parent":585,"menu_order":0,"comment_status":"closed","ping_status":"closed","template":"","meta":{"_acf_changed":false,"footnotes":""},"class_list":["post-93","page","type-page","status-publish","hentry"],"acf":[],"yoast_head":"<!-- This site is optimized with the Yoast SEO plugin v27.1.1 - https:\/\/yoast.com\/product\/yoast-seo-wordpress\/ -->\n<title>K\u00e4ytt\u00f6liittymien hakulogiikka - Mets\u00e4tieteen tiedonhaku \/ UEF KIRJASTO<\/title>\n<meta name=\"robots\" content=\"index, follow, max-snippet:-1, max-image-preview:large, max-video-preview:-1\" \/>\n<link rel=\"canonical\" href=\"https:\/\/blogs.uef.fi\/tiedonhaku-metsatiede\/hakulauseet-2\/kayttoliittymien-hakulogiikka\/\" \/>\n<meta property=\"og:locale\" content=\"fi_FI\" \/>\n<meta property=\"og:type\" content=\"article\" \/>\n<meta property=\"og:title\" content=\"K\u00e4ytt\u00f6liittymien hakulogiikka - Mets\u00e4tieteen tiedonhaku \/ UEF KIRJASTO\" \/>\n<meta property=\"og:description\" content=\"K\u00e4ytt\u00f6liittymi\u00e4 eli hakulomakkeita on tietokannoissa useampia, ja niiden nimitykset ja toimintatavat ovat tietokantakohtaisia. Perusidea on kuitenkin kaikissa sama. T\u00e4rkeita seikkoja hakulogiikan kannalta: Pika- eli perushaku ei aina ole helpoin Tutuin versio on pikahakuun viittaava \u201cyhden rivin\u201d hakulomake. Se muistuttaa ulkoisesti Google-hakua, mutta on kuitenkin erilainen! Pikahaku haku sopii kokeilevaan tiedonhakuun yhdell\u00e4 tai kahdella sanalla. Monimuotoisempiakin [&hellip;]\" \/>\n<meta property=\"og:url\" content=\"https:\/\/blogs.uef.fi\/tiedonhaku-metsatiede\/hakulauseet-2\/kayttoliittymien-hakulogiikka\/\" \/>\n<meta property=\"og:site_name\" content=\"Mets\u00e4tieteen tiedonhaku \/ UEF KIRJASTO\" \/>\n<meta property=\"article:modified_time\" content=\"2024-01-18T11:52:31+00:00\" \/>\n<meta property=\"og:image\" content=\"https:\/\/ueflibraryfys.files.wordpress.com\/2015\/09\/basic1.jpg?w=584\" \/>\n<meta name=\"twitter:card\" content=\"summary_large_image\" \/>\n<meta name=\"twitter:label1\" content=\"Arvioitu lukuaika\" \/>\n\t<meta name=\"twitter:data1\" content=\"3 minuuttia\" \/>\n<script type=\"application\/ld+json\" class=\"yoast-schema-graph\">{\"@context\":\"https:\/\/schema.org\",\"@graph\":[{\"@type\":\"WebPage\",\"@id\":\"https:\/\/blogs.uef.fi\/tiedonhaku-metsatiede\/hakulauseet-2\/kayttoliittymien-hakulogiikka\/\",\"url\":\"https:\/\/blogs.uef.fi\/tiedonhaku-metsatiede\/hakulauseet-2\/kayttoliittymien-hakulogiikka\/\",\"name\":\"K\u00e4ytt\u00f6liittymien hakulogiikka - Mets\u00e4tieteen tiedonhaku \/ UEF KIRJASTO\",\"isPartOf\":{\"@id\":\"https:\/\/blogs.uef.fi\/tiedonhaku-metsatiede\/#website\"},\"primaryImageOfPage\":{\"@id\":\"https:\/\/blogs.uef.fi\/tiedonhaku-metsatiede\/hakulauseet-2\/kayttoliittymien-hakulogiikka\/#primaryimage\"},\"image\":{\"@id\":\"https:\/\/blogs.uef.fi\/tiedonhaku-metsatiede\/hakulauseet-2\/kayttoliittymien-hakulogiikka\/#primaryimage\"},\"thumbnailUrl\":\"https:\/\/ueflibraryfys.files.wordpress.com\/2015\/09\/basic1.jpg?w=584\",\"datePublished\":\"2015-10-30T11:54:25+00:00\",\"dateModified\":\"2024-01-18T11:52:31+00:00\",\"breadcrumb\":{\"@id\":\"https:\/\/blogs.uef.fi\/tiedonhaku-metsatiede\/hakulauseet-2\/kayttoliittymien-hakulogiikka\/#breadcrumb\"},\"inLanguage\":\"fi\",\"potentialAction\":[{\"@type\":\"ReadAction\",\"target\":[\"https:\/\/blogs.uef.fi\/tiedonhaku-metsatiede\/hakulauseet-2\/kayttoliittymien-hakulogiikka\/\"]}]},{\"@type\":\"ImageObject\",\"inLanguage\":\"fi\",\"@id\":\"https:\/\/blogs.uef.fi\/tiedonhaku-metsatiede\/hakulauseet-2\/kayttoliittymien-hakulogiikka\/#primaryimage\",\"url\":\"https:\/\/ueflibraryfys.files.wordpress.com\/2015\/09\/basic1.jpg?w=584\",\"contentUrl\":\"https:\/\/ueflibraryfys.files.wordpress.com\/2015\/09\/basic1.jpg?w=584\"},{\"@type\":\"BreadcrumbList\",\"@id\":\"https:\/\/blogs.uef.fi\/tiedonhaku-metsatiede\/hakulauseet-2\/kayttoliittymien-hakulogiikka\/#breadcrumb\",\"itemListElement\":[{\"@type\":\"ListItem\",\"position\":1,\"name\":\"Home\",\"item\":\"https:\/\/blogs.uef.fi\/tiedonhaku-metsatiede\/\"},{\"@type\":\"ListItem\",\"position\":2,\"name\":\"Hakulauseet\",\"item\":\"https:\/\/blogs.uef.fi\/tiedonhaku-metsatiede\/hakulauseet-2\/\"},{\"@type\":\"ListItem\",\"position\":3,\"name\":\"K\u00e4ytt\u00f6liittymien hakulogiikka\"}]},{\"@type\":\"WebSite\",\"@id\":\"https:\/\/blogs.uef.fi\/tiedonhaku-metsatiede\/#website\",\"url\":\"https:\/\/blogs.uef.fi\/tiedonhaku-metsatiede\/\",\"name\":\"Mets\u00e4tieteen tiedonhaku \/ UEF KIRJASTO\",\"description\":\"Mets\u00e4tieteen tiedonhaku on kattava oppimateriaali tiedonhakuun mets\u00e4tieteilij\u00f6ille. Se sis\u00e4lt\u00e4\u00e4 yleiset tiedonhaun tekniikat sek\u00e4 mets\u00e4tieteen tiedonl\u00e4hteet ohjeineen ja esimerkkeineen.\",\"potentialAction\":[{\"@type\":\"SearchAction\",\"target\":{\"@type\":\"EntryPoint\",\"urlTemplate\":\"https:\/\/blogs.uef.fi\/tiedonhaku-metsatiede\/?s={search_term_string}\"},\"query-input\":{\"@type\":\"PropertyValueSpecification\",\"valueRequired\":true,\"valueName\":\"search_term_string\"}}],\"inLanguage\":\"fi\"}]}<\/script>\n<!-- \/ Yoast SEO plugin. -->","yoast_head_json":{"title":"K\u00e4ytt\u00f6liittymien hakulogiikka - Mets\u00e4tieteen tiedonhaku \/ UEF KIRJASTO","robots":{"index":"index","follow":"follow","max-snippet":"max-snippet:-1","max-image-preview":"max-image-preview:large","max-video-preview":"max-video-preview:-1"},"canonical":"https:\/\/blogs.uef.fi\/tiedonhaku-metsatiede\/hakulauseet-2\/kayttoliittymien-hakulogiikka\/","og_locale":"fi_FI","og_type":"article","og_title":"K\u00e4ytt\u00f6liittymien hakulogiikka - Mets\u00e4tieteen tiedonhaku \/ UEF KIRJASTO","og_description":"K\u00e4ytt\u00f6liittymi\u00e4 eli hakulomakkeita on tietokannoissa useampia, ja niiden nimitykset ja toimintatavat ovat tietokantakohtaisia. Perusidea on kuitenkin kaikissa sama. T\u00e4rkeita seikkoja hakulogiikan kannalta: Pika- eli perushaku ei aina ole helpoin Tutuin versio on pikahakuun viittaava \u201cyhden rivin\u201d hakulomake. Se muistuttaa ulkoisesti Google-hakua, mutta on kuitenkin erilainen! Pikahaku haku sopii kokeilevaan tiedonhakuun yhdell\u00e4 tai kahdella sanalla. Monimuotoisempiakin [&hellip;]","og_url":"https:\/\/blogs.uef.fi\/tiedonhaku-metsatiede\/hakulauseet-2\/kayttoliittymien-hakulogiikka\/","og_site_name":"Mets\u00e4tieteen tiedonhaku \/ UEF KIRJASTO","article_modified_time":"2024-01-18T11:52:31+00:00","og_image":[{"url":"https:\/\/ueflibraryfys.files.wordpress.com\/2015\/09\/basic1.jpg?w=584","type":"","width":"","height":""}],"twitter_card":"summary_large_image","twitter_misc":{"Arvioitu lukuaika":"3 minuuttia"},"schema":{"@context":"https:\/\/schema.org","@graph":[{"@type":"WebPage","@id":"https:\/\/blogs.uef.fi\/tiedonhaku-metsatiede\/hakulauseet-2\/kayttoliittymien-hakulogiikka\/","url":"https:\/\/blogs.uef.fi\/tiedonhaku-metsatiede\/hakulauseet-2\/kayttoliittymien-hakulogiikka\/","name":"K\u00e4ytt\u00f6liittymien hakulogiikka - Mets\u00e4tieteen tiedonhaku \/ UEF KIRJASTO","isPartOf":{"@id":"https:\/\/blogs.uef.fi\/tiedonhaku-metsatiede\/#website"},"primaryImageOfPage":{"@id":"https:\/\/blogs.uef.fi\/tiedonhaku-metsatiede\/hakulauseet-2\/kayttoliittymien-hakulogiikka\/#primaryimage"},"image":{"@id":"https:\/\/blogs.uef.fi\/tiedonhaku-metsatiede\/hakulauseet-2\/kayttoliittymien-hakulogiikka\/#primaryimage"},"thumbnailUrl":"https:\/\/ueflibraryfys.files.wordpress.com\/2015\/09\/basic1.jpg?w=584","datePublished":"2015-10-30T11:54:25+00:00","dateModified":"2024-01-18T11:52:31+00:00","breadcrumb":{"@id":"https:\/\/blogs.uef.fi\/tiedonhaku-metsatiede\/hakulauseet-2\/kayttoliittymien-hakulogiikka\/#breadcrumb"},"inLanguage":"fi","potentialAction":[{"@type":"ReadAction","target":["https:\/\/blogs.uef.fi\/tiedonhaku-metsatiede\/hakulauseet-2\/kayttoliittymien-hakulogiikka\/"]}]},{"@type":"ImageObject","inLanguage":"fi","@id":"https:\/\/blogs.uef.fi\/tiedonhaku-metsatiede\/hakulauseet-2\/kayttoliittymien-hakulogiikka\/#primaryimage","url":"https:\/\/ueflibraryfys.files.wordpress.com\/2015\/09\/basic1.jpg?w=584","contentUrl":"https:\/\/ueflibraryfys.files.wordpress.com\/2015\/09\/basic1.jpg?w=584"},{"@type":"BreadcrumbList","@id":"https:\/\/blogs.uef.fi\/tiedonhaku-metsatiede\/hakulauseet-2\/kayttoliittymien-hakulogiikka\/#breadcrumb","itemListElement":[{"@type":"ListItem","position":1,"name":"Home","item":"https:\/\/blogs.uef.fi\/tiedonhaku-metsatiede\/"},{"@type":"ListItem","position":2,"name":"Hakulauseet","item":"https:\/\/blogs.uef.fi\/tiedonhaku-metsatiede\/hakulauseet-2\/"},{"@type":"ListItem","position":3,"name":"K\u00e4ytt\u00f6liittymien hakulogiikka"}]},{"@type":"WebSite","@id":"https:\/\/blogs.uef.fi\/tiedonhaku-metsatiede\/#website","url":"https:\/\/blogs.uef.fi\/tiedonhaku-metsatiede\/","name":"Mets\u00e4tieteen tiedonhaku \/ UEF KIRJASTO","description":"Mets\u00e4tieteen tiedonhaku on kattava oppimateriaali tiedonhakuun mets\u00e4tieteilij\u00f6ille. Se sis\u00e4lt\u00e4\u00e4 yleiset tiedonhaun tekniikat sek\u00e4 mets\u00e4tieteen tiedonl\u00e4hteet ohjeineen ja esimerkkeineen.","potentialAction":[{"@type":"SearchAction","target":{"@type":"EntryPoint","urlTemplate":"https:\/\/blogs.uef.fi\/tiedonhaku-metsatiede\/?s={search_term_string}"},"query-input":{"@type":"PropertyValueSpecification","valueRequired":true,"valueName":"search_term_string"}}],"inLanguage":"fi"}]}},"_links":{"self":[{"href":"https:\/\/blogs.uef.fi\/tiedonhaku-metsatiede\/wp-json\/wp\/v2\/pages\/93","targetHints":{"allow":["GET"]}}],"collection":[{"href":"https:\/\/blogs.uef.fi\/tiedonhaku-metsatiede\/wp-json\/wp\/v2\/pages"}],"about":[{"href":"https:\/\/blogs.uef.fi\/tiedonhaku-metsatiede\/wp-json\/wp\/v2\/types\/page"}],"author":[{"embeddable":true,"href":"https:\/\/blogs.uef.fi\/tiedonhaku-metsatiede\/wp-json\/wp\/v2\/users\/127"}],"replies":[{"embeddable":true,"href":"https:\/\/blogs.uef.fi\/tiedonhaku-metsatiede\/wp-json\/wp\/v2\/comments?post=93"}],"version-history":[{"count":1,"href":"https:\/\/blogs.uef.fi\/tiedonhaku-metsatiede\/wp-json\/wp\/v2\/pages\/93\/revisions"}],"predecessor-version":[{"id":3642,"href":"https:\/\/blogs.uef.fi\/tiedonhaku-metsatiede\/wp-json\/wp\/v2\/pages\/93\/revisions\/3642"}],"up":[{"embeddable":true,"href":"https:\/\/blogs.uef.fi\/tiedonhaku-metsatiede\/wp-json\/wp\/v2\/pages\/585"}],"wp:attachment":[{"href":"https:\/\/blogs.uef.fi\/tiedonhaku-metsatiede\/wp-json\/wp\/v2\/media?parent=93"}],"curies":[{"name":"wp","href":"https:\/\/api.w.org\/{rel}","templated":true}]}}