{"id":202,"date":"2015-11-03T13:17:12","date_gmt":"2015-11-03T13:17:12","guid":{"rendered":"https:\/\/ueflibraryfor.wordpress.com\/?page_id=202"},"modified":"2024-01-18T14:10:40","modified_gmt":"2024-01-18T12:10:40","slug":"tilastotietojen-haku","status":"publish","type":"page","link":"https:\/\/blogs.uef.fi\/tiedonhaku-metsatiede\/hakukoneet\/tilastotietojen-haku\/","title":{"rendered":"Tilastotietojen haku"},"content":{"rendered":"\n<p>Internetist\u00e4 l\u00f6ytyy tilastotietoa runsaasti. Kannattaa kuitenkin olla tarkkana tilastotietojen tuoreuden suhteen: ovatko ne uusinta tietoa?<br>Verkkotilastoista on my\u00f6s selvitett\u00e4v\u00e4 tiedon tuottaja: onko sivuston yll\u00e4pit\u00e4j\u00e4 itse tuottanut tilastot, vai onko se lainattu muualta? Kenell\u00e4 on tekij\u00e4noikeus tilastoon? T\u00e4m\u00e4 vaikuttaa siihen, kuinka tilastoon viitataan.<\/p>\n\n\n\n<h2 class=\"wp-block-heading\">Tilastoja verkossa<\/h2>\n\n\n\n<p>Suomessa virallista mets\u00e4tilastotietoa tuottaa <a href=\"http:\/\/stat.luke.fi\/\" target=\"_blank\" rel=\"noopener noreferrer\">Luonnonvarakeskus<\/a>.<\/p>\n\n\n\n<p><strong>Luken<\/strong> (ja Metlan) tuottamia <a href=\"https:\/\/stat.luke.fi\/suomen-mets%C3%A4tilastot-2018_fi\" target=\"_blank\" rel=\"noopener noreferrer\">tilastojulkaisuja<\/a> julkaistaan verkossa:<\/p>\n\n\n\n<ul class=\"wp-block-list\">\n<li>Suomen mets\u00e4tilastot v. 2018-<\/li>\n\n\n\n<li>Ruoka- ja luonnonvaratilastojen e-vuosikirja v. 2014-<\/li>\n\n\n\n<li>Mets\u00e4tilastollinen vuosikirja 1968-2014<\/li>\n\n\n\n<li>Mets\u00e4tilastoa 1950-1967<\/li>\n<\/ul>\n\n\n\n<p><strong>Mets\u00e4teollisuus ry<\/strong>:n sivuilla on k\u00e4ytett\u00e4viss\u00e4 <a href=\"http:\/\/www.metsateollisuus.fi\/tilastot\/\" target=\"_blank\" rel=\"noopener noreferrer\">tilastopalvelu,<\/a> johon on koottu mets\u00e4teollisuuden tuotanto- ja ymp\u00e4rist\u00f6tietoja.<\/p>\n\n\n\n<h3 class=\"wp-block-heading\">Kansainv\u00e4lisi\u00e4 mets\u00e4tilastoja verkossa:<\/h3>\n\n\n\n<p><a href=\"https:\/\/www.skogsstyrelsen.se\/statistik\/\" target=\"_blank\" rel=\"noopener noreferrer\">Skoglig statistik <\/a>(Skogsstyrelsen, Sverige)<br><a href=\"http:\/\/nfdp.ccfm.org\/\" target=\"_blank\" rel=\"noopener noreferrer\">National Forestry Database<\/a> (Canada)<\/p>\n\n\n\n<p><a href=\"http:\/\/www.stat.fi\/tup\/kvportaali\/index.html\" target=\"_blank\" rel=\"noopener noreferrer\">Tietoja kansainv\u00e4lisist\u00e4 tilastoista (Tilastokeskus)<\/a><\/p>\n\n\n\n<h3 class=\"wp-block-heading\">Tilastotietokantoja<\/h3>\n\n\n\n<p>Tilastotietokannoissa ei ole valmiita tilastotaulukoita, vaan <strong>tilasto kootaan istunnon aikana<\/strong> itse valitsemalla halutut muuttujat.<\/p>\n\n\n\n<h4 class=\"wp-block-heading\">Luonnonvarakeskus<\/h4>\n\n\n\n<p><a href=\"https:\/\/statdb.luke.fi\/PXWeb\/pxweb\/fi\/LUKE\/\" target=\"_blank\" rel=\"noopener noreferrer\">Luken tilastotietokanta<\/a> n\u00e4ytt\u00e4\u00e4 t\u00e4lt\u00e4:<\/p>\n\n\n\n<figure class=\"wp-block-image alignnone size-full wp-image-1035\"><img loading=\"lazy\" decoding=\"async\" width=\"586\" height=\"542\" src=\"https:\/\/blogs.uef.fi\/tiedonhaku-metsatiede\/wp-content\/uploads\/sites\/47\/2019\/06\/LukeTilastoTK1.png\" alt=\"Kuvakaappaus Luken tilastotietokannan etusivusta. N\u00e4kyvill\u00e4 on tilastotietokantojen p\u00e4\u00e4luokat, mukaan lukien Mets\u00e4tilastot, sek\u00e4 sen alaluokat: Rakenne ja tuotanto, Talous, Mets\u00e4varat, Muut.\" class=\"wp-image-1035\" srcset=\"https:\/\/blogs.uef.fi\/tiedonhaku-metsatiede\/wp-content\/uploads\/sites\/47\/2019\/06\/LukeTilastoTK1.png 586w, https:\/\/blogs.uef.fi\/tiedonhaku-metsatiede\/wp-content\/uploads\/sites\/47\/2019\/06\/LukeTilastoTK1-300x277.png 300w, https:\/\/blogs.uef.fi\/tiedonhaku-metsatiede\/wp-content\/uploads\/sites\/47\/2019\/06\/LukeTilastoTK1-411x380.png 411w\" sizes=\"auto, (max-width: 586px) 100vw, 586px\" \/><figcaption class=\"wp-element-caption\"><em>Yl\u00e4tason valinta<\/em><\/figcaption><\/figure>\n\n\n\n<figure class=\"wp-block-image alignnone size-full wp-image-1037\"><img loading=\"lazy\" decoding=\"async\" width=\"809\" height=\"679\" src=\"https:\/\/blogs.uef.fi\/tiedonhaku-metsatiede\/wp-content\/uploads\/sites\/47\/2019\/06\/LukeTilastoTK2.png\" alt=\"Kuvakaappaus Luken tilastotietokannasta. Valittuna on taulukko Puupelletit. Esill\u00e4 on kohta Valitse muuttujat. N\u00e4kyvill\u00e4 on kaksi saraketta, Vuosi ja Toiminto muuttujineen. \" class=\"wp-image-1037\" srcset=\"https:\/\/blogs.uef.fi\/tiedonhaku-metsatiede\/wp-content\/uploads\/sites\/47\/2019\/06\/LukeTilastoTK2.png 809w, https:\/\/blogs.uef.fi\/tiedonhaku-metsatiede\/wp-content\/uploads\/sites\/47\/2019\/06\/LukeTilastoTK2-300x252.png 300w, https:\/\/blogs.uef.fi\/tiedonhaku-metsatiede\/wp-content\/uploads\/sites\/47\/2019\/06\/LukeTilastoTK2-768x645.png 768w, https:\/\/blogs.uef.fi\/tiedonhaku-metsatiede\/wp-content\/uploads\/sites\/47\/2019\/06\/LukeTilastoTK2-453x380.png 453w\" sizes=\"auto, (max-width: 809px) 100vw, 809px\" \/><figcaption class=\"wp-element-caption\"><em>Muuttujien valinta (useampia rivej\u00e4 CTRL-n\u00e4pp\u00e4imen avulla)<\/em><\/figcaption><\/figure>\n\n\n\n<figure class=\"wp-block-image alignnone size-full wp-image-1039\"><img loading=\"lazy\" decoding=\"async\" width=\"938\" height=\"658\" src=\"https:\/\/blogs.uef.fi\/tiedonhaku-metsatiede\/wp-content\/uploads\/sites\/47\/2019\/06\/LukeTilastoTK3.png\" alt=\"Kuvakaappaus Luken tilastotietokannasta. Esill\u00e4 on valintojen mukainen valmis taulukko sek\u00e4 toiminton\u00e4pp\u00e4imi\u00e4, kuten Muuta ja laske, Tallenna nimell\u00e4 sek\u00e4 Taulukkon\u00e4kym\u00e4.\" class=\"wp-image-1039\" srcset=\"https:\/\/blogs.uef.fi\/tiedonhaku-metsatiede\/wp-content\/uploads\/sites\/47\/2019\/06\/LukeTilastoTK3.png 938w, https:\/\/blogs.uef.fi\/tiedonhaku-metsatiede\/wp-content\/uploads\/sites\/47\/2019\/06\/LukeTilastoTK3-300x210.png 300w, https:\/\/blogs.uef.fi\/tiedonhaku-metsatiede\/wp-content\/uploads\/sites\/47\/2019\/06\/LukeTilastoTK3-768x539.png 768w, https:\/\/blogs.uef.fi\/tiedonhaku-metsatiede\/wp-content\/uploads\/sites\/47\/2019\/06\/LukeTilastoTK3-542x380.png 542w\" sizes=\"auto, (max-width: 938px) 100vw, 938px\" \/><figcaption class=\"wp-element-caption\"><em>Tulosn\u00e4kym\u00e4. Yl\u00e4rivill\u00e4 nakyy muuttujan yksikk\u00f6. Taulukkon\u00e4kym\u00e4-valikosta voi vaihtaa tiedon esitystavan.<\/em><\/figcaption><\/figure>\n\n\n\n<h4 class=\"wp-block-heading\">FAO<\/h4>\n\n\n\n<p>Kansainv\u00e4lisi\u00e4 tilastotietoja sis\u00e4lt\u00e4\u00e4 <a href=\"http:\/\/www.fao.org\/faostat\/en\/#data\" target=\"_blank\" rel=\"noopener noreferrer\">FAOSTAT<\/a> \u2013tilastotietokanta, jossa on oma osio mets\u00e4taloudelle.<\/p>\n\n\n\n<figure class=\"wp-block-image size-full\"><img loading=\"lazy\" decoding=\"async\" width=\"645\" height=\"704\" src=\"https:\/\/blogs.uef.fi\/tiedonhaku-metsatiede\/wp-content\/uploads\/sites\/47\/2018\/06\/METfaoalku.png\" alt=\"Kuvakaappaus FAOSTAT-aloitussivusta. N\u00e4kyvill\u00e4 on taulukoiden p\u00e4\u00e4luokat. Alhaalla oikealla on kohta Forestry.\" class=\"wp-image-827\" srcset=\"https:\/\/blogs.uef.fi\/tiedonhaku-metsatiede\/wp-content\/uploads\/sites\/47\/2018\/06\/METfaoalku.png 645w, https:\/\/blogs.uef.fi\/tiedonhaku-metsatiede\/wp-content\/uploads\/sites\/47\/2018\/06\/METfaoalku-275x300.png 275w, https:\/\/blogs.uef.fi\/tiedonhaku-metsatiede\/wp-content\/uploads\/sites\/47\/2018\/06\/METfaoalku-348x380.png 348w\" sizes=\"auto, (max-width: 645px) 100vw, 645px\" \/><\/figure>\n\n\n\n<p>Valinta ja tulos n\u00e4ytt\u00e4v\u00e4t t\u00e4lt\u00e4:<\/p>\n\n\n\n<figure class=\"wp-block-image size-full\"><img loading=\"lazy\" decoding=\"async\" width=\"565\" height=\"818\" src=\"https:\/\/blogs.uef.fi\/tiedonhaku-metsatiede\/wp-content\/uploads\/sites\/47\/2018\/06\/METfaotulos.png\" alt=\"Kuvakaappaus FAOSTAT-tulossivusta. Vasemmalla tehdyt valinnat kategorioista Country, Elements, Items, Years. Oikealla yleiskuvaus taulukon Forestry Production and trade sis\u00e4ll\u00f6st\u00e4. Sivun alalaidassa valmis taulukko otsikolla Show data.\" class=\"wp-image-829\" srcset=\"https:\/\/blogs.uef.fi\/tiedonhaku-metsatiede\/wp-content\/uploads\/sites\/47\/2018\/06\/METfaotulos.png 565w, https:\/\/blogs.uef.fi\/tiedonhaku-metsatiede\/wp-content\/uploads\/sites\/47\/2018\/06\/METfaotulos-207x300.png 207w, https:\/\/blogs.uef.fi\/tiedonhaku-metsatiede\/wp-content\/uploads\/sites\/47\/2018\/06\/METfaotulos-262x380.png 262w\" sizes=\"auto, (max-width: 565px) 100vw, 565px\" \/><\/figure>\n\n\n\n<h4 class=\"wp-block-heading\">Tullin tilastot<\/h4>\n\n\n\n<p>Tullin ulkomaankauppatilastoista (<a href=\"http:\/\/uljas.tulli.fi\/\" target=\"_blank\" rel=\"noreferrer noopener\">Uljas-tietokanta<\/a>) saa hyvin yksityiskohtaisia tietoja Suomen tuonnista ja viennist\u00e4 kuukausittain.<\/p>\n\n\n\n<h2 class=\"wp-block-heading\">Painetut tilastot<\/h2>\n\n\n\n<p><strong>Mets\u00e4tilastot<\/strong> ovat osa <strong>Suomen virallista tilastoa (SVT).<\/strong><br>Suomessa mets\u00e4tieteelliset tilastot tuotti Mets\u00e4ntutkimuslaitos vuoteen 2014, aiemmin vuoteen 1968 saakka Mets\u00e4hallitus. SVT l\u00f6ytyy painettuna Joensuun kampuskirjaston 1. kerroksen Avola-varastosta, p\u00e4\u00e4osin paikkamerkist\u00e4 <strong>P L 31s.<\/strong><\/p>\n\n\n\n<p>Vanhemmat tilastot vuoteen 1987 saakka ovat numeroj\u00e4rjestyksess\u00e4, mets\u00e4tilaston j\u00e4rjestysnumero on 17.<\/p>\n\n\n\n<p>Vuodesta 1988 l\u00e4htien SVT on aakkosj\u00e4rjestyksess\u00e4, mets\u00e4 kuuluu osioon Maa- ja mets\u00e4talous (vuodesta 1999 Maa-, mets\u00e4- ja kalatalous). Hyllypaikka on P L 31.<\/p>\n\n\n\n<p><strong>Lainattavia mets\u00e4tilastoja<\/strong> on mets\u00e4tieteen hyllyss\u00e4.<br>Vuodesta 1968 l\u00e4htien julkaisun nimi on ollut <strong>Mets\u00e4tilastollinen vuosikirja<\/strong>, joka puolestaan ilmestyi <strong>Folia Forestalia<\/strong> -sarjassa vuosina 1969-1991.<\/p>\n\n\n\n<p>Lainattavat kappaleet ovat siis Folia Forestalian kohdalla paikkamerkiss\u00e4 P 63s.<br>Vuodesta 1995 eteenp\u00e4in julkaisut ovat hyllyss\u00e4 P 630 nimell\u00e4 Mets\u00e4tilastollinen vuosikirja.<\/p>\n\n\n\n<p>Vuodet 1992, 1993-94 ja 2000 l\u00f6ytyv\u00e4t vain lukusalihyllyst\u00e4 P L 31s.<\/p>\n\n\n\n<p>Parhaiten mets\u00e4tilastot l\u00f6yt\u00e4\u00e4 <strong>UEF-Primosta (kirjaston kokoelmat) hakemalla<\/strong>: &#8221;<em>mets\u00e4tilastollinen vuosikirja&#8221;.<\/em><\/p>\n\n\n\n<p><a href=\"https:\/\/primo.uef.fi\/discovery\/search?query=any,contains,%22mets%C3%A4tilastollinen%20vuosikirja%22&amp;tab=LibraryCatalog&amp;search_scope=MyInstitution&amp;vid=358FIN_UOEF:VU1&amp;offset=0\" target=\"_blank\" rel=\"noopener\">Haun tulokset UEF-Primossa<\/a>.<\/p>\n\n\n\n<p>Hakutuloksen voi j\u00e4rjest\u00e4\u00e4 julkaisuajan mukaan. Eri organisaatioiden ja laitosten vuosikertomuksista ja vuosikirjoista l\u00f6ytyy ko. laitosta ja toimialaa koskevia tilastoja.<\/p>\n\n\n\n<h2 class=\"wp-block-heading\">Ilmastotilastoja<\/h2>\n\n\n\n<p>Ilmatieteen laitoksen sivuilta on mahdollista<a href=\"http:\/\/ilmatieteenlaitos.fi\/havaintojen-lataus#!\/\" target=\"_blank\" rel=\"noopener noreferrer\"> ladata s\u00e4\u00e4tilastoja<\/a> havaintoasemittain 1960-luvulta l\u00e4htien.<\/p>\n\n\n\n<h4 class=\"wp-block-heading\">Painettuja julkaisuja:<\/h4>\n\n\n\n<p><strong>Ilmastokatsaus<\/strong> (sijainti P J 5), jossa on p\u00e4iv\u00e4kohtaisia tietoja joiltakin paikkakunnilta sek\u00e4 artikkeleita ajankohtaisista s\u00e4\u00e4- ja ilmastoasioista, mm. luonnehdintoja kuluneen vuoden kasvukaudesta, sateisuudesta jne. Saatavilla vuodet 1973-2013; Varastokirjastossa 1966-1973.<\/p>\n\n\n\n<p>Vuoteen 2000 saakka, ilmestyi julkaisu nimelt\u00e4 <strong>Suomen meteorologinen vuosikirja<\/strong> (sijainti P 55s), jossa oli s\u00e4\u00e4asemakohtaisia tietoja kuukausi- ja vuosikeskiarvoina.<\/p>\n\n\n\n<p>Vuonna 2002 ilmestyi julkaisu, johon on koottu pidemm\u00e4n aikav\u00e4lin vertailutiedot Suomen ilmastosta, keskiarvot vuosilta 1971-2000.<br>Julkaisun nimi on <strong>Ilmastotilastoja Suomesta<\/strong> ja sijainti P 55s.<\/p>\n\n\n\n<p class=\"has-text-align-right\">Seuraava sivu: <a href=\"https:\/\/blogs.uef.fi\/tiedonhaku-metsatiede\/tekoaly-tiedonhaun-apuna\/\">Teko\u00e4ly tiedonhaun apuna<\/a>.<\/p>\n","protected":false},"excerpt":{"rendered":"<p>Internetist\u00e4 l\u00f6ytyy tilastotietoa runsaasti. Kannattaa kuitenkin olla tarkkana tilastotietojen tuoreuden suhteen: ovatko ne uusinta tietoa?Verkkotilastoista on my\u00f6s selvitett\u00e4v\u00e4 tiedon tuottaja: onko sivuston yll\u00e4pit\u00e4j\u00e4 itse tuottanut tilastot, vai onko se lainattu muualta? Kenell\u00e4 on tekij\u00e4noikeus tilastoon? T\u00e4m\u00e4 vaikuttaa siihen, kuinka tilastoon viitataan. Tilastoja verkossa Suomessa virallista mets\u00e4tilastotietoa tuottaa Luonnonvarakeskus. Luken (ja Metlan) tuottamia tilastojulkaisuja julkaistaan verkossa: [&hellip;]<\/p>\n","protected":false},"author":127,"featured_media":0,"parent":589,"menu_order":0,"comment_status":"closed","ping_status":"closed","template":"","meta":{"_acf_changed":false,"footnotes":""},"class_list":["post-202","page","type-page","status-publish","hentry"],"acf":[],"yoast_head":"<!-- This site is optimized with the Yoast SEO plugin v27.3 - https:\/\/yoast.com\/product\/yoast-seo-wordpress\/ -->\n<title>Tilastotietojen haku - Mets\u00e4tieteen tiedonhaku \/ UEF KIRJASTO<\/title>\n<meta name=\"robots\" content=\"index, follow, max-snippet:-1, max-image-preview:large, max-video-preview:-1\" \/>\n<link rel=\"canonical\" href=\"https:\/\/blogs.uef.fi\/tiedonhaku-metsatiede\/hakukoneet\/tilastotietojen-haku\/\" \/>\n<meta property=\"og:locale\" content=\"fi_FI\" \/>\n<meta property=\"og:type\" content=\"article\" \/>\n<meta property=\"og:title\" content=\"Tilastotietojen haku - Mets\u00e4tieteen tiedonhaku \/ UEF KIRJASTO\" \/>\n<meta property=\"og:description\" content=\"Internetist\u00e4 l\u00f6ytyy tilastotietoa runsaasti. Kannattaa kuitenkin olla tarkkana tilastotietojen tuoreuden suhteen: ovatko ne uusinta tietoa?Verkkotilastoista on my\u00f6s selvitett\u00e4v\u00e4 tiedon tuottaja: onko sivuston yll\u00e4pit\u00e4j\u00e4 itse tuottanut tilastot, vai onko se lainattu muualta? Kenell\u00e4 on tekij\u00e4noikeus tilastoon? T\u00e4m\u00e4 vaikuttaa siihen, kuinka tilastoon viitataan. Tilastoja verkossa Suomessa virallista mets\u00e4tilastotietoa tuottaa Luonnonvarakeskus. Luken (ja Metlan) tuottamia tilastojulkaisuja julkaistaan verkossa: [&hellip;]\" \/>\n<meta property=\"og:url\" content=\"https:\/\/blogs.uef.fi\/tiedonhaku-metsatiede\/hakukoneet\/tilastotietojen-haku\/\" \/>\n<meta property=\"og:site_name\" content=\"Mets\u00e4tieteen tiedonhaku \/ UEF KIRJASTO\" \/>\n<meta property=\"article:modified_time\" content=\"2024-01-18T12:10:40+00:00\" \/>\n<meta property=\"og:image\" content=\"https:\/\/blogs.uef.fi\/tiedonhaku-metsatiede\/wp-content\/uploads\/sites\/47\/2019\/06\/LukeTilastoTK1.png\" \/>\n<meta name=\"twitter:card\" content=\"summary_large_image\" \/>\n<meta name=\"twitter:label1\" content=\"Arvioitu lukuaika\" \/>\n\t<meta name=\"twitter:data1\" content=\"4 minuuttia\" \/>\n<script type=\"application\/ld+json\" class=\"yoast-schema-graph\">{\"@context\":\"https:\\\/\\\/schema.org\",\"@graph\":[{\"@type\":\"WebPage\",\"@id\":\"https:\\\/\\\/blogs.uef.fi\\\/tiedonhaku-metsatiede\\\/hakukoneet\\\/tilastotietojen-haku\\\/\",\"url\":\"https:\\\/\\\/blogs.uef.fi\\\/tiedonhaku-metsatiede\\\/hakukoneet\\\/tilastotietojen-haku\\\/\",\"name\":\"Tilastotietojen haku - Mets\u00e4tieteen tiedonhaku \\\/ UEF KIRJASTO\",\"isPartOf\":{\"@id\":\"https:\\\/\\\/blogs.uef.fi\\\/tiedonhaku-metsatiede\\\/#website\"},\"primaryImageOfPage\":{\"@id\":\"https:\\\/\\\/blogs.uef.fi\\\/tiedonhaku-metsatiede\\\/hakukoneet\\\/tilastotietojen-haku\\\/#primaryimage\"},\"image\":{\"@id\":\"https:\\\/\\\/blogs.uef.fi\\\/tiedonhaku-metsatiede\\\/hakukoneet\\\/tilastotietojen-haku\\\/#primaryimage\"},\"thumbnailUrl\":\"https:\\\/\\\/blogs.uef.fi\\\/tiedonhaku-metsatiede\\\/wp-content\\\/uploads\\\/sites\\\/47\\\/2019\\\/06\\\/LukeTilastoTK1.png\",\"datePublished\":\"2015-11-03T13:17:12+00:00\",\"dateModified\":\"2024-01-18T12:10:40+00:00\",\"breadcrumb\":{\"@id\":\"https:\\\/\\\/blogs.uef.fi\\\/tiedonhaku-metsatiede\\\/hakukoneet\\\/tilastotietojen-haku\\\/#breadcrumb\"},\"inLanguage\":\"fi\",\"potentialAction\":[{\"@type\":\"ReadAction\",\"target\":[\"https:\\\/\\\/blogs.uef.fi\\\/tiedonhaku-metsatiede\\\/hakukoneet\\\/tilastotietojen-haku\\\/\"]}]},{\"@type\":\"ImageObject\",\"inLanguage\":\"fi\",\"@id\":\"https:\\\/\\\/blogs.uef.fi\\\/tiedonhaku-metsatiede\\\/hakukoneet\\\/tilastotietojen-haku\\\/#primaryimage\",\"url\":\"https:\\\/\\\/blogs.uef.fi\\\/tiedonhaku-metsatiede\\\/wp-content\\\/uploads\\\/sites\\\/47\\\/2019\\\/06\\\/LukeTilastoTK1.png\",\"contentUrl\":\"https:\\\/\\\/blogs.uef.fi\\\/tiedonhaku-metsatiede\\\/wp-content\\\/uploads\\\/sites\\\/47\\\/2019\\\/06\\\/LukeTilastoTK1.png\",\"width\":586,\"height\":542,\"caption\":\"Yl\u00e4tason valinta\"},{\"@type\":\"BreadcrumbList\",\"@id\":\"https:\\\/\\\/blogs.uef.fi\\\/tiedonhaku-metsatiede\\\/hakukoneet\\\/tilastotietojen-haku\\\/#breadcrumb\",\"itemListElement\":[{\"@type\":\"ListItem\",\"position\":1,\"name\":\"Home\",\"item\":\"https:\\\/\\\/blogs.uef.fi\\\/tiedonhaku-metsatiede\\\/\"},{\"@type\":\"ListItem\",\"position\":2,\"name\":\"Hakukoneet\",\"item\":\"https:\\\/\\\/blogs.uef.fi\\\/tiedonhaku-metsatiede\\\/hakukoneet\\\/\"},{\"@type\":\"ListItem\",\"position\":3,\"name\":\"Tilastotietojen haku\"}]},{\"@type\":\"WebSite\",\"@id\":\"https:\\\/\\\/blogs.uef.fi\\\/tiedonhaku-metsatiede\\\/#website\",\"url\":\"https:\\\/\\\/blogs.uef.fi\\\/tiedonhaku-metsatiede\\\/\",\"name\":\"Mets\u00e4tieteen tiedonhaku \\\/ UEF KIRJASTO\",\"description\":\"Mets\u00e4tieteen tiedonhaku on kattava oppimateriaali tiedonhakuun mets\u00e4tieteilij\u00f6ille. Se sis\u00e4lt\u00e4\u00e4 yleiset tiedonhaun tekniikat sek\u00e4 mets\u00e4tieteen tiedonl\u00e4hteet ohjeineen ja esimerkkeineen.\",\"potentialAction\":[{\"@type\":\"SearchAction\",\"target\":{\"@type\":\"EntryPoint\",\"urlTemplate\":\"https:\\\/\\\/blogs.uef.fi\\\/tiedonhaku-metsatiede\\\/?s={search_term_string}\"},\"query-input\":{\"@type\":\"PropertyValueSpecification\",\"valueRequired\":true,\"valueName\":\"search_term_string\"}}],\"inLanguage\":\"fi\"}]}<\/script>\n<!-- \/ Yoast SEO plugin. -->","yoast_head_json":{"title":"Tilastotietojen haku - Mets\u00e4tieteen tiedonhaku \/ UEF KIRJASTO","robots":{"index":"index","follow":"follow","max-snippet":"max-snippet:-1","max-image-preview":"max-image-preview:large","max-video-preview":"max-video-preview:-1"},"canonical":"https:\/\/blogs.uef.fi\/tiedonhaku-metsatiede\/hakukoneet\/tilastotietojen-haku\/","og_locale":"fi_FI","og_type":"article","og_title":"Tilastotietojen haku - Mets\u00e4tieteen tiedonhaku \/ UEF KIRJASTO","og_description":"Internetist\u00e4 l\u00f6ytyy tilastotietoa runsaasti. Kannattaa kuitenkin olla tarkkana tilastotietojen tuoreuden suhteen: ovatko ne uusinta tietoa?Verkkotilastoista on my\u00f6s selvitett\u00e4v\u00e4 tiedon tuottaja: onko sivuston yll\u00e4pit\u00e4j\u00e4 itse tuottanut tilastot, vai onko se lainattu muualta? Kenell\u00e4 on tekij\u00e4noikeus tilastoon? T\u00e4m\u00e4 vaikuttaa siihen, kuinka tilastoon viitataan. Tilastoja verkossa Suomessa virallista mets\u00e4tilastotietoa tuottaa Luonnonvarakeskus. Luken (ja Metlan) tuottamia tilastojulkaisuja julkaistaan verkossa: [&hellip;]","og_url":"https:\/\/blogs.uef.fi\/tiedonhaku-metsatiede\/hakukoneet\/tilastotietojen-haku\/","og_site_name":"Mets\u00e4tieteen tiedonhaku \/ UEF KIRJASTO","article_modified_time":"2024-01-18T12:10:40+00:00","og_image":[{"url":"https:\/\/blogs.uef.fi\/tiedonhaku-metsatiede\/wp-content\/uploads\/sites\/47\/2019\/06\/LukeTilastoTK1.png","type":"","width":"","height":""}],"twitter_card":"summary_large_image","twitter_misc":{"Arvioitu lukuaika":"4 minuuttia"},"schema":{"@context":"https:\/\/schema.org","@graph":[{"@type":"WebPage","@id":"https:\/\/blogs.uef.fi\/tiedonhaku-metsatiede\/hakukoneet\/tilastotietojen-haku\/","url":"https:\/\/blogs.uef.fi\/tiedonhaku-metsatiede\/hakukoneet\/tilastotietojen-haku\/","name":"Tilastotietojen haku - Mets\u00e4tieteen tiedonhaku \/ UEF KIRJASTO","isPartOf":{"@id":"https:\/\/blogs.uef.fi\/tiedonhaku-metsatiede\/#website"},"primaryImageOfPage":{"@id":"https:\/\/blogs.uef.fi\/tiedonhaku-metsatiede\/hakukoneet\/tilastotietojen-haku\/#primaryimage"},"image":{"@id":"https:\/\/blogs.uef.fi\/tiedonhaku-metsatiede\/hakukoneet\/tilastotietojen-haku\/#primaryimage"},"thumbnailUrl":"https:\/\/blogs.uef.fi\/tiedonhaku-metsatiede\/wp-content\/uploads\/sites\/47\/2019\/06\/LukeTilastoTK1.png","datePublished":"2015-11-03T13:17:12+00:00","dateModified":"2024-01-18T12:10:40+00:00","breadcrumb":{"@id":"https:\/\/blogs.uef.fi\/tiedonhaku-metsatiede\/hakukoneet\/tilastotietojen-haku\/#breadcrumb"},"inLanguage":"fi","potentialAction":[{"@type":"ReadAction","target":["https:\/\/blogs.uef.fi\/tiedonhaku-metsatiede\/hakukoneet\/tilastotietojen-haku\/"]}]},{"@type":"ImageObject","inLanguage":"fi","@id":"https:\/\/blogs.uef.fi\/tiedonhaku-metsatiede\/hakukoneet\/tilastotietojen-haku\/#primaryimage","url":"https:\/\/blogs.uef.fi\/tiedonhaku-metsatiede\/wp-content\/uploads\/sites\/47\/2019\/06\/LukeTilastoTK1.png","contentUrl":"https:\/\/blogs.uef.fi\/tiedonhaku-metsatiede\/wp-content\/uploads\/sites\/47\/2019\/06\/LukeTilastoTK1.png","width":586,"height":542,"caption":"Yl\u00e4tason valinta"},{"@type":"BreadcrumbList","@id":"https:\/\/blogs.uef.fi\/tiedonhaku-metsatiede\/hakukoneet\/tilastotietojen-haku\/#breadcrumb","itemListElement":[{"@type":"ListItem","position":1,"name":"Home","item":"https:\/\/blogs.uef.fi\/tiedonhaku-metsatiede\/"},{"@type":"ListItem","position":2,"name":"Hakukoneet","item":"https:\/\/blogs.uef.fi\/tiedonhaku-metsatiede\/hakukoneet\/"},{"@type":"ListItem","position":3,"name":"Tilastotietojen haku"}]},{"@type":"WebSite","@id":"https:\/\/blogs.uef.fi\/tiedonhaku-metsatiede\/#website","url":"https:\/\/blogs.uef.fi\/tiedonhaku-metsatiede\/","name":"Mets\u00e4tieteen tiedonhaku \/ UEF KIRJASTO","description":"Mets\u00e4tieteen tiedonhaku on kattava oppimateriaali tiedonhakuun mets\u00e4tieteilij\u00f6ille. Se sis\u00e4lt\u00e4\u00e4 yleiset tiedonhaun tekniikat sek\u00e4 mets\u00e4tieteen tiedonl\u00e4hteet ohjeineen ja esimerkkeineen.","potentialAction":[{"@type":"SearchAction","target":{"@type":"EntryPoint","urlTemplate":"https:\/\/blogs.uef.fi\/tiedonhaku-metsatiede\/?s={search_term_string}"},"query-input":{"@type":"PropertyValueSpecification","valueRequired":true,"valueName":"search_term_string"}}],"inLanguage":"fi"}]}},"_links":{"self":[{"href":"https:\/\/blogs.uef.fi\/tiedonhaku-metsatiede\/wp-json\/wp\/v2\/pages\/202","targetHints":{"allow":["GET"]}}],"collection":[{"href":"https:\/\/blogs.uef.fi\/tiedonhaku-metsatiede\/wp-json\/wp\/v2\/pages"}],"about":[{"href":"https:\/\/blogs.uef.fi\/tiedonhaku-metsatiede\/wp-json\/wp\/v2\/types\/page"}],"author":[{"embeddable":true,"href":"https:\/\/blogs.uef.fi\/tiedonhaku-metsatiede\/wp-json\/wp\/v2\/users\/127"}],"replies":[{"embeddable":true,"href":"https:\/\/blogs.uef.fi\/tiedonhaku-metsatiede\/wp-json\/wp\/v2\/comments?post=202"}],"version-history":[{"count":2,"href":"https:\/\/blogs.uef.fi\/tiedonhaku-metsatiede\/wp-json\/wp\/v2\/pages\/202\/revisions"}],"predecessor-version":[{"id":3672,"href":"https:\/\/blogs.uef.fi\/tiedonhaku-metsatiede\/wp-json\/wp\/v2\/pages\/202\/revisions\/3672"}],"up":[{"embeddable":true,"href":"https:\/\/blogs.uef.fi\/tiedonhaku-metsatiede\/wp-json\/wp\/v2\/pages\/589"}],"wp:attachment":[{"href":"https:\/\/blogs.uef.fi\/tiedonhaku-metsatiede\/wp-json\/wp\/v2\/media?parent=202"}],"curies":[{"name":"wp","href":"https:\/\/api.w.org\/{rel}","templated":true}]}}