{"id":205,"date":"2015-09-18T10:09:31","date_gmt":"2015-09-18T10:09:31","guid":{"rendered":"https:\/\/ueflibrarymat.wordpress.com\/?page_id=205"},"modified":"2023-09-14T11:54:30","modified_gmt":"2023-09-14T08:54:30","slug":"matematiikan-kokoelmat-kirjastossa","status":"publish","type":"page","link":"https:\/\/blogs.uef.fi\/tiedonhaku-matematiikka\/matematiikan-kokoelmat-kirjastossa\/","title":{"rendered":"Matematiikan kokoelmat kirjastossa"},"content":{"rendered":"\n<p>Kirjaston matematiikan alan kokoelmat koostuvat <strong>kirjoista ja lehdist\u00e4<\/strong>. Kausijulkaisuista sarjat luetaan kirjoihin kuuluviksi, samoin kokousjulkaisut useimmiten.<\/p>\n\n\n\n<p>Julkaisut voivat olla <strong>painettuja tai s\u00e4hk\u00f6isi\u00e4.<\/strong><\/p>\n\n\n\n<h2 class=\"wp-block-heading\">Kirjat eiv\u00e4t vanhene<\/h2>\n\n\n\n<p>Matematiikan kirjoja on <strong>Joensuun kampuskirjaston 3B-salissa<\/strong>. Kirjoja on jonkin verran <strong>jaoteltu aiheittain:<\/strong> lukuteoria, algebra, geometria, topologia, analyysi ja tilastomatematiikka ovat erikseen. &#8221;Yleishyllyss\u00e4&#8221; P 51 on kuitenkin paitsi yleist\u00e4 matematiikasta, historiaa, sovellettua matematiikkaa jne., my\u00f6s mm. numeerinen analyysi. <strong>Matematiikan opetukselle<\/strong> on oma hylly P51:37.<\/p>\n\n\n\n<p><\/p>\n\n\n\n<p>Matematiikan hyllyist\u00e4 l\u00f6ytyy vajaat <strong>8 000 kirjaa tai sarjajulkaisua<\/strong>, lis\u00e4ksi mm. matematiikan opettamiseen ja oppimiseen liittyv\u00e4\u00e4 kirjallisuutta on jonkin verran my\u00f6s&nbsp; kasvatustieteen hyllyiss\u00e4 2A-salissa. Painettujen kirjojen kokoelma ei kasva kovinkaan paljon nykyisin, mutta matematiikan kirjat eiv\u00e4t vanhene, joten kokoelma s\u00e4ilyy.<\/p>\n\n\n\n<p><strong>Matematiikan oppikirjoja<\/strong> (peruskoulu ja lukio) on 1500 kappaletta. N\u00e4m\u00e4 sijaitsevat paikkamerkiss\u00e4 P Opm 51 (salissa 2A)<\/p>\n\n\n\n<p><strong>Laitoksen kokoelmissa<\/strong> (UEF-Primossa tunnus MAT) on n. 1400 kirjaa, n\u00e4m\u00e4 kuitenkin l\u00e4hinn\u00e4 vain henkil\u00f6kunnan k\u00e4ytett\u00e4viss\u00e4. Kuopiossa on pieni matematiikan kokoelma, pari sataa kirjaa.<\/p>\n\n\n\n<p><strong>Toisella kampuksella sijaitsevan kirjan<\/strong> saa k\u00e4tev\u00e4sti k\u00e4ytt\u00f6\u00f6ns\u00e4 UEF-Primon <em>Varaus<\/em>-toiminnolla.<\/p>\n\n\n\n<h2 class=\"wp-block-heading\">E-kirjoja suositaan nykyisin<\/h2>\n\n\n\n<p><strong>UEF-Primon kautta<\/strong> p\u00e4\u00e4see k\u00e4siksi my\u00f6s e-kirjakokoelman kirjoihin. Haku onnistuu vain <strong>englanninkielisill\u00e4<\/strong> sanoilla! E-kirjakokoelma ei ole pysyv\u00e4, vaan aika ajoin sinne tulee uusia kirjoja ja toisia poistuu. Hankinnassa suosiotaan nykyisin e-kirjoja.<\/p>\n\n\n\n<p>E-kirjat l\u00f6ytyv\u00e4t &#8221;paketteina&#8221; my\u00f6s UEF-Primon tietokannoista: t\u00e4rkeimm\u00e4t ovat<strong> Ebook Central<\/strong> sek\u00e4 <strong>Ebsco eBook Collection<\/strong>.<\/p>\n\n\n\n<h2 class=\"wp-block-heading\">Lehdet l\u00f6ytyv\u00e4t p\u00e4\u00e4osin verkosta<\/h2>\n\n\n\n<p>Tieteelliset lehdet ovat nykyisin tarjolla <strong>digitaalisena<\/strong>. Verkossa on lehti\u00e4 yleisimmin 90-luvulta alkaen, mutta my\u00f6s vanhempia arkistoja on olemassa.<\/p>\n\n\n\n<p>Osa vanhoista lehdist\u00e4 on saatavilla vain painettuna. Varastokirjasto palvelee erityisesti vanhojen, painettujen aineistojen tarpeessa. Lue lis\u00e4\u00e4 luvusta <a href=\"https:\/\/blogs.uef.fi\/tiedonhaku-matematiikka\/saatavuus\/\" target=\"_blank\" rel=\"noreferrer noopener\">Saatavuus<\/a> (linkki aukeaa uuteen v\u00e4lilehteen).<\/p>\n\n\n\n<p>Lehti\u00e4 <strong>haetaan UEF-Primosta lehtihaulla<\/strong> lehden nimen mukaan. Lehti\u00e4 voi selata aiheittain kohdassa Lehdet kategorioittain.<\/p>\n\n\n\n<figure class=\"wp-block-image aligncenter size-full is-resized\"><img loading=\"lazy\" decoding=\"async\" src=\"https:\/\/blogs.uef.fi\/tiedonhaku-matematiikka\/wp-content\/uploads\/sites\/51\/2020\/09\/MAT_UP_lehtihaku.jpg\" alt=\"\" class=\"wp-image-864\" style=\"width:554px;height:124px\" width=\"554\" height=\"124\" srcset=\"https:\/\/blogs.uef.fi\/tiedonhaku-matematiikka\/wp-content\/uploads\/sites\/51\/2020\/09\/MAT_UP_lehtihaku.jpg 1107w, https:\/\/blogs.uef.fi\/tiedonhaku-matematiikka\/wp-content\/uploads\/sites\/51\/2020\/09\/MAT_UP_lehtihaku-300x67.jpg 300w, https:\/\/blogs.uef.fi\/tiedonhaku-matematiikka\/wp-content\/uploads\/sites\/51\/2020\/09\/MAT_UP_lehtihaku-1024x229.jpg 1024w, https:\/\/blogs.uef.fi\/tiedonhaku-matematiikka\/wp-content\/uploads\/sites\/51\/2020\/09\/MAT_UP_lehtihaku-768x172.jpg 768w\" sizes=\"auto, (max-width: 554px) 100vw, 554px\" \/><\/figure>\n\n\n\n<p>Huomaa, ett\u00e4 vaikka jotakin lehte\u00e4 olisikin verkossa jo vanhemmalta ajalta, ei yliopistolle v\u00e4ltt\u00e4m\u00e4tt\u00e4 ole hankittu k\u00e4ytt\u00f6oikeuksia kaikkiin vuosikertoihin. Esimerkiksi Science- ja Nature-lehtien verkkoversiot ovat yliopistomme k\u00e4yt\u00f6ss\u00e4 vuosikerrasta 1997 l\u00e4htien.<\/p>\n\n\n\n<p>Kirjastoon tulee edelleen my\u00f6s <strong>joitakin painettuja lehti\u00e4<\/strong>. N\u00e4m\u00e4 ovat enimm\u00e4kseen kotimaisia ammatti- ja tieteellisten seurojen lehti\u00e4.<\/p>\n","protected":false},"excerpt":{"rendered":"<p>Kirjaston matematiikan alan kokoelmat koostuvat kirjoista ja lehdist\u00e4. Kausijulkaisuista sarjat luetaan kirjoihin kuuluviksi, samoin kokousjulkaisut useimmiten. Julkaisut voivat olla painettuja tai s\u00e4hk\u00f6isi\u00e4. Kirjat eiv\u00e4t vanhene Matematiikan kirjoja on Joensuun kampuskirjaston 3B-salissa. Kirjoja on jonkin verran jaoteltu aiheittain: lukuteoria, algebra, geometria, topologia, analyysi ja tilastomatematiikka ovat erikseen. &#8221;Yleishyllyss\u00e4&#8221; P 51 on kuitenkin paitsi yleist\u00e4 matematiikasta, historiaa, [&hellip;]<\/p>\n","protected":false},"author":127,"featured_media":0,"parent":0,"menu_order":0,"comment_status":"closed","ping_status":"closed","template":"","meta":{"_acf_changed":false,"footnotes":""},"class_list":["post-205","page","type-page","status-publish","hentry"],"acf":[],"yoast_head":"<!-- This site is optimized with the Yoast SEO plugin v27.3 - https:\/\/yoast.com\/product\/yoast-seo-wordpress\/ -->\n<title>Matematiikan kokoelmat kirjastossa - Matematiikan tiedonhaku \/ UEF kirjasto<\/title>\n<meta name=\"robots\" content=\"index, follow, max-snippet:-1, max-image-preview:large, max-video-preview:-1\" \/>\n<link rel=\"canonical\" href=\"https:\/\/blogs.uef.fi\/tiedonhaku-matematiikka\/matematiikan-kokoelmat-kirjastossa\/\" \/>\n<meta property=\"og:locale\" content=\"fi_FI\" \/>\n<meta property=\"og:type\" content=\"article\" \/>\n<meta property=\"og:title\" content=\"Matematiikan kokoelmat kirjastossa - Matematiikan tiedonhaku \/ UEF kirjasto\" \/>\n<meta property=\"og:description\" content=\"Kirjaston matematiikan alan kokoelmat koostuvat kirjoista ja lehdist\u00e4. Kausijulkaisuista sarjat luetaan kirjoihin kuuluviksi, samoin kokousjulkaisut useimmiten. Julkaisut voivat olla painettuja tai s\u00e4hk\u00f6isi\u00e4. Kirjat eiv\u00e4t vanhene Matematiikan kirjoja on Joensuun kampuskirjaston 3B-salissa. Kirjoja on jonkin verran jaoteltu aiheittain: lukuteoria, algebra, geometria, topologia, analyysi ja tilastomatematiikka ovat erikseen. &#8221;Yleishyllyss\u00e4&#8221; P 51 on kuitenkin paitsi yleist\u00e4 matematiikasta, historiaa, [&hellip;]\" \/>\n<meta property=\"og:url\" content=\"https:\/\/blogs.uef.fi\/tiedonhaku-matematiikka\/matematiikan-kokoelmat-kirjastossa\/\" \/>\n<meta property=\"og:site_name\" content=\"Matematiikan tiedonhaku \/ UEF kirjasto\" \/>\n<meta property=\"article:modified_time\" content=\"2023-09-14T08:54:30+00:00\" \/>\n<meta property=\"og:image\" content=\"https:\/\/blogs.uef.fi\/tiedonhaku-matematiikka\/wp-content\/uploads\/sites\/51\/2020\/09\/MAT_UP_lehtihaku.jpg\" \/>\n<meta name=\"twitter:card\" content=\"summary_large_image\" \/>\n<meta name=\"twitter:label1\" content=\"Arvioitu lukuaika\" \/>\n\t<meta name=\"twitter:data1\" content=\"3 minuuttia\" \/>\n<script type=\"application\/ld+json\" class=\"yoast-schema-graph\">{\"@context\":\"https:\\\/\\\/schema.org\",\"@graph\":[{\"@type\":\"WebPage\",\"@id\":\"https:\\\/\\\/blogs.uef.fi\\\/tiedonhaku-matematiikka\\\/matematiikan-kokoelmat-kirjastossa\\\/\",\"url\":\"https:\\\/\\\/blogs.uef.fi\\\/tiedonhaku-matematiikka\\\/matematiikan-kokoelmat-kirjastossa\\\/\",\"name\":\"Matematiikan kokoelmat kirjastossa - Matematiikan tiedonhaku \\\/ UEF kirjasto\",\"isPartOf\":{\"@id\":\"https:\\\/\\\/blogs.uef.fi\\\/tiedonhaku-matematiikka\\\/#website\"},\"primaryImageOfPage\":{\"@id\":\"https:\\\/\\\/blogs.uef.fi\\\/tiedonhaku-matematiikka\\\/matematiikan-kokoelmat-kirjastossa\\\/#primaryimage\"},\"image\":{\"@id\":\"https:\\\/\\\/blogs.uef.fi\\\/tiedonhaku-matematiikka\\\/matematiikan-kokoelmat-kirjastossa\\\/#primaryimage\"},\"thumbnailUrl\":\"https:\\\/\\\/blogs.uef.fi\\\/tiedonhaku-matematiikka\\\/wp-content\\\/uploads\\\/sites\\\/51\\\/2020\\\/09\\\/MAT_UP_lehtihaku.jpg\",\"datePublished\":\"2015-09-18T10:09:31+00:00\",\"dateModified\":\"2023-09-14T08:54:30+00:00\",\"breadcrumb\":{\"@id\":\"https:\\\/\\\/blogs.uef.fi\\\/tiedonhaku-matematiikka\\\/matematiikan-kokoelmat-kirjastossa\\\/#breadcrumb\"},\"inLanguage\":\"fi\",\"potentialAction\":[{\"@type\":\"ReadAction\",\"target\":[\"https:\\\/\\\/blogs.uef.fi\\\/tiedonhaku-matematiikka\\\/matematiikan-kokoelmat-kirjastossa\\\/\"]}]},{\"@type\":\"ImageObject\",\"inLanguage\":\"fi\",\"@id\":\"https:\\\/\\\/blogs.uef.fi\\\/tiedonhaku-matematiikka\\\/matematiikan-kokoelmat-kirjastossa\\\/#primaryimage\",\"url\":\"https:\\\/\\\/blogs.uef.fi\\\/tiedonhaku-matematiikka\\\/wp-content\\\/uploads\\\/sites\\\/51\\\/2020\\\/09\\\/MAT_UP_lehtihaku.jpg\",\"contentUrl\":\"https:\\\/\\\/blogs.uef.fi\\\/tiedonhaku-matematiikka\\\/wp-content\\\/uploads\\\/sites\\\/51\\\/2020\\\/09\\\/MAT_UP_lehtihaku.jpg\",\"width\":1107,\"height\":248},{\"@type\":\"BreadcrumbList\",\"@id\":\"https:\\\/\\\/blogs.uef.fi\\\/tiedonhaku-matematiikka\\\/matematiikan-kokoelmat-kirjastossa\\\/#breadcrumb\",\"itemListElement\":[{\"@type\":\"ListItem\",\"position\":1,\"name\":\"Home\",\"item\":\"https:\\\/\\\/blogs.uef.fi\\\/tiedonhaku-matematiikka\\\/\"},{\"@type\":\"ListItem\",\"position\":2,\"name\":\"Matematiikan kokoelmat kirjastossa\"}]},{\"@type\":\"WebSite\",\"@id\":\"https:\\\/\\\/blogs.uef.fi\\\/tiedonhaku-matematiikka\\\/#website\",\"url\":\"https:\\\/\\\/blogs.uef.fi\\\/tiedonhaku-matematiikka\\\/\",\"name\":\"Matematiikan tiedonhaku \\\/ UEF kirjasto\",\"description\":\"Matematiikan tiedonhaku on kattava oppimateriaali tiedonhakuun matemaatikoille. Se sis\u00e4lt\u00e4\u00e4 yleiset tiedonhaun tekniikat sek\u00e4 kemian alan tiedonl\u00e4hteet ohjeineen ja esimerkkeineen.\",\"potentialAction\":[{\"@type\":\"SearchAction\",\"target\":{\"@type\":\"EntryPoint\",\"urlTemplate\":\"https:\\\/\\\/blogs.uef.fi\\\/tiedonhaku-matematiikka\\\/?s={search_term_string}\"},\"query-input\":{\"@type\":\"PropertyValueSpecification\",\"valueRequired\":true,\"valueName\":\"search_term_string\"}}],\"inLanguage\":\"fi\"}]}<\/script>\n<!-- \/ Yoast SEO plugin. -->","yoast_head_json":{"title":"Matematiikan kokoelmat kirjastossa - Matematiikan tiedonhaku \/ UEF kirjasto","robots":{"index":"index","follow":"follow","max-snippet":"max-snippet:-1","max-image-preview":"max-image-preview:large","max-video-preview":"max-video-preview:-1"},"canonical":"https:\/\/blogs.uef.fi\/tiedonhaku-matematiikka\/matematiikan-kokoelmat-kirjastossa\/","og_locale":"fi_FI","og_type":"article","og_title":"Matematiikan kokoelmat kirjastossa - Matematiikan tiedonhaku \/ UEF kirjasto","og_description":"Kirjaston matematiikan alan kokoelmat koostuvat kirjoista ja lehdist\u00e4. Kausijulkaisuista sarjat luetaan kirjoihin kuuluviksi, samoin kokousjulkaisut useimmiten. Julkaisut voivat olla painettuja tai s\u00e4hk\u00f6isi\u00e4. Kirjat eiv\u00e4t vanhene Matematiikan kirjoja on Joensuun kampuskirjaston 3B-salissa. Kirjoja on jonkin verran jaoteltu aiheittain: lukuteoria, algebra, geometria, topologia, analyysi ja tilastomatematiikka ovat erikseen. &#8221;Yleishyllyss\u00e4&#8221; P 51 on kuitenkin paitsi yleist\u00e4 matematiikasta, historiaa, [&hellip;]","og_url":"https:\/\/blogs.uef.fi\/tiedonhaku-matematiikka\/matematiikan-kokoelmat-kirjastossa\/","og_site_name":"Matematiikan tiedonhaku \/ UEF kirjasto","article_modified_time":"2023-09-14T08:54:30+00:00","og_image":[{"url":"https:\/\/blogs.uef.fi\/tiedonhaku-matematiikka\/wp-content\/uploads\/sites\/51\/2020\/09\/MAT_UP_lehtihaku.jpg","type":"","width":"","height":""}],"twitter_card":"summary_large_image","twitter_misc":{"Arvioitu lukuaika":"3 minuuttia"},"schema":{"@context":"https:\/\/schema.org","@graph":[{"@type":"WebPage","@id":"https:\/\/blogs.uef.fi\/tiedonhaku-matematiikka\/matematiikan-kokoelmat-kirjastossa\/","url":"https:\/\/blogs.uef.fi\/tiedonhaku-matematiikka\/matematiikan-kokoelmat-kirjastossa\/","name":"Matematiikan kokoelmat kirjastossa - Matematiikan tiedonhaku \/ UEF kirjasto","isPartOf":{"@id":"https:\/\/blogs.uef.fi\/tiedonhaku-matematiikka\/#website"},"primaryImageOfPage":{"@id":"https:\/\/blogs.uef.fi\/tiedonhaku-matematiikka\/matematiikan-kokoelmat-kirjastossa\/#primaryimage"},"image":{"@id":"https:\/\/blogs.uef.fi\/tiedonhaku-matematiikka\/matematiikan-kokoelmat-kirjastossa\/#primaryimage"},"thumbnailUrl":"https:\/\/blogs.uef.fi\/tiedonhaku-matematiikka\/wp-content\/uploads\/sites\/51\/2020\/09\/MAT_UP_lehtihaku.jpg","datePublished":"2015-09-18T10:09:31+00:00","dateModified":"2023-09-14T08:54:30+00:00","breadcrumb":{"@id":"https:\/\/blogs.uef.fi\/tiedonhaku-matematiikka\/matematiikan-kokoelmat-kirjastossa\/#breadcrumb"},"inLanguage":"fi","potentialAction":[{"@type":"ReadAction","target":["https:\/\/blogs.uef.fi\/tiedonhaku-matematiikka\/matematiikan-kokoelmat-kirjastossa\/"]}]},{"@type":"ImageObject","inLanguage":"fi","@id":"https:\/\/blogs.uef.fi\/tiedonhaku-matematiikka\/matematiikan-kokoelmat-kirjastossa\/#primaryimage","url":"https:\/\/blogs.uef.fi\/tiedonhaku-matematiikka\/wp-content\/uploads\/sites\/51\/2020\/09\/MAT_UP_lehtihaku.jpg","contentUrl":"https:\/\/blogs.uef.fi\/tiedonhaku-matematiikka\/wp-content\/uploads\/sites\/51\/2020\/09\/MAT_UP_lehtihaku.jpg","width":1107,"height":248},{"@type":"BreadcrumbList","@id":"https:\/\/blogs.uef.fi\/tiedonhaku-matematiikka\/matematiikan-kokoelmat-kirjastossa\/#breadcrumb","itemListElement":[{"@type":"ListItem","position":1,"name":"Home","item":"https:\/\/blogs.uef.fi\/tiedonhaku-matematiikka\/"},{"@type":"ListItem","position":2,"name":"Matematiikan kokoelmat kirjastossa"}]},{"@type":"WebSite","@id":"https:\/\/blogs.uef.fi\/tiedonhaku-matematiikka\/#website","url":"https:\/\/blogs.uef.fi\/tiedonhaku-matematiikka\/","name":"Matematiikan tiedonhaku \/ UEF kirjasto","description":"Matematiikan tiedonhaku on kattava oppimateriaali tiedonhakuun matemaatikoille. Se sis\u00e4lt\u00e4\u00e4 yleiset tiedonhaun tekniikat sek\u00e4 kemian alan tiedonl\u00e4hteet ohjeineen ja esimerkkeineen.","potentialAction":[{"@type":"SearchAction","target":{"@type":"EntryPoint","urlTemplate":"https:\/\/blogs.uef.fi\/tiedonhaku-matematiikka\/?s={search_term_string}"},"query-input":{"@type":"PropertyValueSpecification","valueRequired":true,"valueName":"search_term_string"}}],"inLanguage":"fi"}]}},"_links":{"self":[{"href":"https:\/\/blogs.uef.fi\/tiedonhaku-matematiikka\/wp-json\/wp\/v2\/pages\/205","targetHints":{"allow":["GET"]}}],"collection":[{"href":"https:\/\/blogs.uef.fi\/tiedonhaku-matematiikka\/wp-json\/wp\/v2\/pages"}],"about":[{"href":"https:\/\/blogs.uef.fi\/tiedonhaku-matematiikka\/wp-json\/wp\/v2\/types\/page"}],"author":[{"embeddable":true,"href":"https:\/\/blogs.uef.fi\/tiedonhaku-matematiikka\/wp-json\/wp\/v2\/users\/127"}],"replies":[{"embeddable":true,"href":"https:\/\/blogs.uef.fi\/tiedonhaku-matematiikka\/wp-json\/wp\/v2\/comments?post=205"}],"version-history":[{"count":2,"href":"https:\/\/blogs.uef.fi\/tiedonhaku-matematiikka\/wp-json\/wp\/v2\/pages\/205\/revisions"}],"predecessor-version":[{"id":2289,"href":"https:\/\/blogs.uef.fi\/tiedonhaku-matematiikka\/wp-json\/wp\/v2\/pages\/205\/revisions\/2289"}],"wp:attachment":[{"href":"https:\/\/blogs.uef.fi\/tiedonhaku-matematiikka\/wp-json\/wp\/v2\/media?parent=205"}],"curies":[{"name":"wp","href":"https:\/\/api.w.org\/{rel}","templated":true}]}}