{"id":56,"date":"2015-11-11T07:43:57","date_gmt":"2015-11-11T07:43:57","guid":{"rendered":"https:\/\/ueflibrarygeo.wordpress.com\/?page_id=56"},"modified":"2021-11-19T16:50:51","modified_gmt":"2021-11-19T14:50:51","slug":"asiasanastot","status":"publish","type":"page","link":"https:\/\/blogs.uef.fi\/tiedonhaku-maantiede\/asiasanastot\/","title":{"rendered":"Asiasanastot"},"content":{"rendered":"<h1>Asiasanastot (thesaurus, subject headings)<span style=\"color: #800080\"><strong><br \/>\n<\/strong><\/span><\/h1>\n<ul>\n<li><strong>Ovat luetteloita k\u00e4yt\u00f6ss\u00e4 olevista asiasanoista<\/strong><\/li>\n<li>Usein my\u00f6s<strong> m\u00e4\u00e4ritell\u00e4\u00e4n k\u00e4sitteit\u00e4<\/strong> ja kuvataan niiden v\u00e4lisi\u00e4 suhteita: assosiatiiviset k\u00e4sitteet (related), yl\u00e4k\u00e4sitteet (broader) ja alak\u00e4sitteet (narrower).<\/li>\n<li>Auttavat tiedontallentajia ja -hakijoita k\u00e4ytt\u00e4m\u00e4\u00e4n yhteist\u00e4 kielt\u00e4, jotta tieto l\u00f6ytyisi helpommin.<\/li>\n<li>Ideana on tiivist\u00e4\u00e4 mahdollisten termivaihtoehtojen ja synonyymien m\u00e4\u00e4r\u00e4 rajalliseksi. <strong>Sanastoon on valittu yksi termi k\u00e4ytett\u00e4v\u00e4ksi kaikista samaa asiaa tarkoittavista sanoista<\/strong>. Asiasana ei siis ole mik\u00e4 tahansa aihetta kuvaava sana.<\/li>\n<\/ul>\n<p><strong>Yleinen Suomalainen Ontologia (YSO)<\/strong> on Suomessa k\u00e4ytett\u00e4v\u00e4 asiasanasto. YSO kattaa kaikkien tieteen- ja tiedonalojen keskeisimm\u00e4n terminologian. Luonnontieteiden kattavuus on kuitenkin ohuempi kuin muilla aloilla.<\/p>\n<p>Termeille saa my\u00f6s englannin- ja ruotsinkielisen vastineen.<\/p>\n<div id=\"attachment_703\" style=\"width: 1282px\" class=\"wp-caption aligncenter\"><img loading=\"lazy\" decoding=\"async\" aria-describedby=\"caption-attachment-703\" class=\"wp-image-703 size-full\" src=\"https:\/\/blogs.uef.fi\/tiedonhaku-maantiede\/wp-content\/uploads\/sites\/53\/2019\/06\/GEOysohaku.png\" alt=\"Kuva Finton asiasanahaku n\u00e4kym\u00e4st\u00e4 sanasta satelliittipaikannus.\" width=\"1272\" height=\"511\" srcset=\"https:\/\/blogs.uef.fi\/tiedonhaku-maantiede\/wp-content\/uploads\/sites\/53\/2019\/06\/GEOysohaku.png 1272w, https:\/\/blogs.uef.fi\/tiedonhaku-maantiede\/wp-content\/uploads\/sites\/53\/2019\/06\/GEOysohaku-300x121.png 300w, https:\/\/blogs.uef.fi\/tiedonhaku-maantiede\/wp-content\/uploads\/sites\/53\/2019\/06\/GEOysohaku-768x309.png 768w, https:\/\/blogs.uef.fi\/tiedonhaku-maantiede\/wp-content\/uploads\/sites\/53\/2019\/06\/GEOysohaku-1024x411.png 1024w, https:\/\/blogs.uef.fi\/tiedonhaku-maantiede\/wp-content\/uploads\/sites\/53\/2019\/06\/GEOysohaku-946x380.png 946w\" sizes=\"auto, (max-width: 1272px) 100vw, 1272px\" \/><p id=\"caption-attachment-703\" class=\"wp-caption-text\">YSOsta voi hakea yksitt\u00e4isi\u00e4 termej\u00e4<\/p><\/div>\n<p>K\u00c4YTETT\u00c4V\u00c4 TERMI kertoo sanaston hyv\u00e4ksym\u00e4n asiasanan tietylle k\u00e4sitteelle. OHJAUSTERMIT kertovat, mik\u00e4 sanan sijasta asiasanaa k\u00e4ytet\u00e4\u00e4n. Ohjaustermi\u00e4 ei siis voi tallentaa asiasanaksi (aihe) eik\u00e4 k\u00e4ytt\u00e4\u00e4 asiasanahaussa, mutta sit\u00e4 voi hyvin k\u00e4ytt\u00e4\u00e4 vapaasanahaussa.<\/p>\n<p><strong>Maantieteeseen liittyvi\u00e4 sanoja<\/strong> n\u00e4kee klikkaamalla YSO:n etusivulla ensin linkki\u00e4 \u2019Ryhm\u00e4t\u2019 ja sitten kohtaa \u201c11 Maantiede. Kartografia. Kartoitus. Geodesia. Geologia. Paleontologia\u201d.<\/p>\n<p>Ryhm\u00e4 62 on Yhteiskuntasuunnittelu, Yhdyskuntasuunnittelu ja Aluesuunnittelu. Ymp\u00e4rist\u00f6poluitiikka kuuluu ryhm\u00e4\u00e4n 18 Luonnonsuojelu, Ymp\u00e4rist\u00f6nsuojelu, Ymp\u00e4rist\u00f6 ja J\u00e4tteet.<\/p>\n<p>Asiasanastot el\u00e4v\u00e4t jatkuvasti: tapa asiasanoittaa tietty asia on voinut muuttua vuosien kuluessa, esim.<\/p>\n<div style=\"padding-left: 30px\"><em><strong>\u2019rajayhteisty\u00f6\u2019<\/strong><\/em> tuli asiasanaksi\u00a0 v. 2007;<br \/>\nsit\u00e4 ennen asiasanoitus saattoi olla esim.<br \/>\n<strong><span style=\"color: #008000\">\u2019<\/span><em>l\u00e4hialueyhteisty\u00f6 &#8211; rajaseudut\u2019<\/em><\/strong><\/div>\n<div><\/div>\n<hr \/>\n<h2>Ent\u00e4 jos omalle aiheelle ei l\u00f6ydy sanastosta asiasanaa?<\/h2>\n<p>T\u00e4m\u00e4 on hyvin tavallista, varsinkin hyvin tarkkojen tai uusien termien kohdalla.<br \/>\n-&gt; <strong>Mill\u00e4 tahansa sanalla voi hakea sanahakuna\/vapaatekstihakuna.<\/strong><\/p>\n<p><strong>Asiasanoja voi k\u00e4ytt\u00e4\u00e4 hakutermein\u00e4 my\u00f6s vapaasanahaussa, mutta vapaat sanat eiv\u00e4t kelpaa asiasanahakuun.<\/strong><\/p>\n<p><strong>Eri tietokannoissa erilainen asiasanapolitiikka<\/strong>. Esimerkiksi CAB-tietokannassa on oma sanasto. Sen sijaan Web of Science \u2013tietokannassa ei ole k\u00e4yt\u00f6ss\u00e4 mit\u00e4\u00e4n m\u00e4\u00e4ritelty\u00e4 sanastoa.<\/p>\n<h3>Vinkki<\/h3>\n<p>Asiasanastoa voi k\u00e4ytt\u00e4\u00e4 apuna my\u00f6s hakusanojen ideointivaiheessa, vaikka tekisikin haut vapaasanahakuina. Sielt\u00e4 voi l\u00f6yty\u00e4 vihjeit\u00e4 hakusanoiksi sek\u00e4 k\u00e4\u00e4nn\u00f6ksi\u00e4 sanoista.<\/p>\n<p>Vaikka et k\u00e4ytt\u00e4isik\u00e4\u00e4n itse asiasanastoa, seuraa silti tietokannoissa asiasanakentt\u00e4\u00e4. Sielt\u00e4 saat vinkkej\u00e4 sopiviksi asiasanoiksi. Huomaa my\u00f6s sanamuodot:<\/p>\n<p><img loading=\"lazy\" decoding=\"async\" class=\"alignnone wp-image-671 size-full\" src=\"https:\/\/blogs.uef.fi\/tiedonhaku-maantiede\/wp-content\/uploads\/sites\/53\/2018\/11\/GEOasiasanat.png\" alt=\"Esimerkki erimuotoisista hakusanoista.\" width=\"512\" height=\"194\" srcset=\"https:\/\/blogs.uef.fi\/tiedonhaku-maantiede\/wp-content\/uploads\/sites\/53\/2018\/11\/GEOasiasanat.png 512w, https:\/\/blogs.uef.fi\/tiedonhaku-maantiede\/wp-content\/uploads\/sites\/53\/2018\/11\/GEOasiasanat-300x114.png 300w\" sizes=\"auto, (max-width: 512px) 100vw, 512px\" \/><\/p>\n<p>Climatic changes on hakusanana eri termi kuin climate change, vaikka asia onkin sama.<\/p>\n","protected":false},"excerpt":{"rendered":"<p>Asiasanastot (thesaurus, subject headings) Ovat luetteloita k\u00e4yt\u00f6ss\u00e4 olevista asiasanoista Usein my\u00f6s m\u00e4\u00e4ritell\u00e4\u00e4n k\u00e4sitteit\u00e4 ja kuvataan niiden v\u00e4lisi\u00e4 suhteita: assosiatiiviset k\u00e4sitteet (related), yl\u00e4k\u00e4sitteet (broader) ja alak\u00e4sitteet (narrower). Auttavat tiedontallentajia ja -hakijoita k\u00e4ytt\u00e4m\u00e4\u00e4n yhteist\u00e4 kielt\u00e4, jotta tieto l\u00f6ytyisi helpommin. Ideana on tiivist\u00e4\u00e4 mahdollisten termivaihtoehtojen ja synonyymien m\u00e4\u00e4r\u00e4 rajalliseksi. Sanastoon on valittu yksi termi k\u00e4ytett\u00e4v\u00e4ksi kaikista samaa asiaa [&hellip;]<\/p>\n","protected":false},"author":127,"featured_media":0,"parent":0,"menu_order":0,"comment_status":"closed","ping_status":"closed","template":"","meta":{"_acf_changed":false,"footnotes":""},"class_list":["post-56","page","type-page","status-publish","hentry"],"acf":[],"yoast_head":"<!-- This site is optimized with the Yoast SEO plugin v27.1.1 - https:\/\/yoast.com\/product\/yoast-seo-wordpress\/ -->\n<title>Asiasanastot - Maantieteen ja ymp\u00e4rist\u00f6politiikan tiedonhaku<\/title>\n<meta name=\"robots\" content=\"index, follow, max-snippet:-1, max-image-preview:large, max-video-preview:-1\" \/>\n<link rel=\"canonical\" href=\"https:\/\/blogs.uef.fi\/tiedonhaku-maantiede\/asiasanastot\/\" \/>\n<meta property=\"og:locale\" content=\"fi_FI\" \/>\n<meta property=\"og:type\" content=\"article\" \/>\n<meta property=\"og:title\" content=\"Asiasanastot - Maantieteen ja ymp\u00e4rist\u00f6politiikan tiedonhaku\" \/>\n<meta property=\"og:description\" content=\"Asiasanastot (thesaurus, subject headings) Ovat luetteloita k\u00e4yt\u00f6ss\u00e4 olevista asiasanoista Usein my\u00f6s m\u00e4\u00e4ritell\u00e4\u00e4n k\u00e4sitteit\u00e4 ja kuvataan niiden v\u00e4lisi\u00e4 suhteita: assosiatiiviset k\u00e4sitteet (related), yl\u00e4k\u00e4sitteet (broader) ja alak\u00e4sitteet (narrower). Auttavat tiedontallentajia ja -hakijoita k\u00e4ytt\u00e4m\u00e4\u00e4n yhteist\u00e4 kielt\u00e4, jotta tieto l\u00f6ytyisi helpommin. Ideana on tiivist\u00e4\u00e4 mahdollisten termivaihtoehtojen ja synonyymien m\u00e4\u00e4r\u00e4 rajalliseksi. Sanastoon on valittu yksi termi k\u00e4ytett\u00e4v\u00e4ksi kaikista samaa asiaa [&hellip;]\" \/>\n<meta property=\"og:url\" content=\"https:\/\/blogs.uef.fi\/tiedonhaku-maantiede\/asiasanastot\/\" \/>\n<meta property=\"og:site_name\" content=\"Maantieteen ja ymp\u00e4rist\u00f6politiikan tiedonhaku\" \/>\n<meta property=\"article:modified_time\" content=\"2021-11-19T14:50:51+00:00\" \/>\n<meta property=\"og:image\" content=\"https:\/\/blogs.uef.fi\/tiedonhaku-maantiede\/wp-content\/uploads\/sites\/53\/2019\/06\/GEOysohaku.png\" \/>\n<meta name=\"twitter:card\" content=\"summary_large_image\" \/>\n<meta name=\"twitter:label1\" content=\"Arvioitu lukuaika\" \/>\n\t<meta name=\"twitter:data1\" content=\"2 minuuttia\" \/>\n<script type=\"application\/ld+json\" class=\"yoast-schema-graph\">{\"@context\":\"https:\/\/schema.org\",\"@graph\":[{\"@type\":\"WebPage\",\"@id\":\"https:\/\/blogs.uef.fi\/tiedonhaku-maantiede\/asiasanastot\/\",\"url\":\"https:\/\/blogs.uef.fi\/tiedonhaku-maantiede\/asiasanastot\/\",\"name\":\"Asiasanastot - Maantieteen ja ymp\u00e4rist\u00f6politiikan tiedonhaku\",\"isPartOf\":{\"@id\":\"https:\/\/blogs.uef.fi\/tiedonhaku-maantiede\/#website\"},\"primaryImageOfPage\":{\"@id\":\"https:\/\/blogs.uef.fi\/tiedonhaku-maantiede\/asiasanastot\/#primaryimage\"},\"image\":{\"@id\":\"https:\/\/blogs.uef.fi\/tiedonhaku-maantiede\/asiasanastot\/#primaryimage\"},\"thumbnailUrl\":\"https:\/\/blogs.uef.fi\/tiedonhaku-maantiede\/wp-content\/uploads\/sites\/53\/2019\/06\/GEOysohaku.png\",\"datePublished\":\"2015-11-11T07:43:57+00:00\",\"dateModified\":\"2021-11-19T14:50:51+00:00\",\"breadcrumb\":{\"@id\":\"https:\/\/blogs.uef.fi\/tiedonhaku-maantiede\/asiasanastot\/#breadcrumb\"},\"inLanguage\":\"fi\",\"potentialAction\":[{\"@type\":\"ReadAction\",\"target\":[\"https:\/\/blogs.uef.fi\/tiedonhaku-maantiede\/asiasanastot\/\"]}]},{\"@type\":\"ImageObject\",\"inLanguage\":\"fi\",\"@id\":\"https:\/\/blogs.uef.fi\/tiedonhaku-maantiede\/asiasanastot\/#primaryimage\",\"url\":\"https:\/\/blogs.uef.fi\/tiedonhaku-maantiede\/wp-content\/uploads\/sites\/53\/2019\/06\/GEOysohaku.png\",\"contentUrl\":\"https:\/\/blogs.uef.fi\/tiedonhaku-maantiede\/wp-content\/uploads\/sites\/53\/2019\/06\/GEOysohaku.png\",\"width\":1272,\"height\":511,\"caption\":\"YSOsta voi hakea yksitt\u00e4isi\u00e4 termej\u00e4\"},{\"@type\":\"BreadcrumbList\",\"@id\":\"https:\/\/blogs.uef.fi\/tiedonhaku-maantiede\/asiasanastot\/#breadcrumb\",\"itemListElement\":[{\"@type\":\"ListItem\",\"position\":1,\"name\":\"Home\",\"item\":\"https:\/\/blogs.uef.fi\/tiedonhaku-maantiede\/\"},{\"@type\":\"ListItem\",\"position\":2,\"name\":\"Asiasanastot\"}]},{\"@type\":\"WebSite\",\"@id\":\"https:\/\/blogs.uef.fi\/tiedonhaku-maantiede\/#website\",\"url\":\"https:\/\/blogs.uef.fi\/tiedonhaku-maantiede\/\",\"name\":\"Maantieteen ja ymp\u00e4rist\u00f6politiikan tiedonhaku\",\"description\":\"\",\"potentialAction\":[{\"@type\":\"SearchAction\",\"target\":{\"@type\":\"EntryPoint\",\"urlTemplate\":\"https:\/\/blogs.uef.fi\/tiedonhaku-maantiede\/?s={search_term_string}\"},\"query-input\":{\"@type\":\"PropertyValueSpecification\",\"valueRequired\":true,\"valueName\":\"search_term_string\"}}],\"inLanguage\":\"fi\"}]}<\/script>\n<!-- \/ Yoast SEO plugin. -->","yoast_head_json":{"title":"Asiasanastot - Maantieteen ja ymp\u00e4rist\u00f6politiikan tiedonhaku","robots":{"index":"index","follow":"follow","max-snippet":"max-snippet:-1","max-image-preview":"max-image-preview:large","max-video-preview":"max-video-preview:-1"},"canonical":"https:\/\/blogs.uef.fi\/tiedonhaku-maantiede\/asiasanastot\/","og_locale":"fi_FI","og_type":"article","og_title":"Asiasanastot - Maantieteen ja ymp\u00e4rist\u00f6politiikan tiedonhaku","og_description":"Asiasanastot (thesaurus, subject headings) Ovat luetteloita k\u00e4yt\u00f6ss\u00e4 olevista asiasanoista Usein my\u00f6s m\u00e4\u00e4ritell\u00e4\u00e4n k\u00e4sitteit\u00e4 ja kuvataan niiden v\u00e4lisi\u00e4 suhteita: assosiatiiviset k\u00e4sitteet (related), yl\u00e4k\u00e4sitteet (broader) ja alak\u00e4sitteet (narrower). Auttavat tiedontallentajia ja -hakijoita k\u00e4ytt\u00e4m\u00e4\u00e4n yhteist\u00e4 kielt\u00e4, jotta tieto l\u00f6ytyisi helpommin. Ideana on tiivist\u00e4\u00e4 mahdollisten termivaihtoehtojen ja synonyymien m\u00e4\u00e4r\u00e4 rajalliseksi. Sanastoon on valittu yksi termi k\u00e4ytett\u00e4v\u00e4ksi kaikista samaa asiaa [&hellip;]","og_url":"https:\/\/blogs.uef.fi\/tiedonhaku-maantiede\/asiasanastot\/","og_site_name":"Maantieteen ja ymp\u00e4rist\u00f6politiikan tiedonhaku","article_modified_time":"2021-11-19T14:50:51+00:00","og_image":[{"url":"https:\/\/blogs.uef.fi\/tiedonhaku-maantiede\/wp-content\/uploads\/sites\/53\/2019\/06\/GEOysohaku.png","type":"","width":"","height":""}],"twitter_card":"summary_large_image","twitter_misc":{"Arvioitu lukuaika":"2 minuuttia"},"schema":{"@context":"https:\/\/schema.org","@graph":[{"@type":"WebPage","@id":"https:\/\/blogs.uef.fi\/tiedonhaku-maantiede\/asiasanastot\/","url":"https:\/\/blogs.uef.fi\/tiedonhaku-maantiede\/asiasanastot\/","name":"Asiasanastot - Maantieteen ja ymp\u00e4rist\u00f6politiikan tiedonhaku","isPartOf":{"@id":"https:\/\/blogs.uef.fi\/tiedonhaku-maantiede\/#website"},"primaryImageOfPage":{"@id":"https:\/\/blogs.uef.fi\/tiedonhaku-maantiede\/asiasanastot\/#primaryimage"},"image":{"@id":"https:\/\/blogs.uef.fi\/tiedonhaku-maantiede\/asiasanastot\/#primaryimage"},"thumbnailUrl":"https:\/\/blogs.uef.fi\/tiedonhaku-maantiede\/wp-content\/uploads\/sites\/53\/2019\/06\/GEOysohaku.png","datePublished":"2015-11-11T07:43:57+00:00","dateModified":"2021-11-19T14:50:51+00:00","breadcrumb":{"@id":"https:\/\/blogs.uef.fi\/tiedonhaku-maantiede\/asiasanastot\/#breadcrumb"},"inLanguage":"fi","potentialAction":[{"@type":"ReadAction","target":["https:\/\/blogs.uef.fi\/tiedonhaku-maantiede\/asiasanastot\/"]}]},{"@type":"ImageObject","inLanguage":"fi","@id":"https:\/\/blogs.uef.fi\/tiedonhaku-maantiede\/asiasanastot\/#primaryimage","url":"https:\/\/blogs.uef.fi\/tiedonhaku-maantiede\/wp-content\/uploads\/sites\/53\/2019\/06\/GEOysohaku.png","contentUrl":"https:\/\/blogs.uef.fi\/tiedonhaku-maantiede\/wp-content\/uploads\/sites\/53\/2019\/06\/GEOysohaku.png","width":1272,"height":511,"caption":"YSOsta voi hakea yksitt\u00e4isi\u00e4 termej\u00e4"},{"@type":"BreadcrumbList","@id":"https:\/\/blogs.uef.fi\/tiedonhaku-maantiede\/asiasanastot\/#breadcrumb","itemListElement":[{"@type":"ListItem","position":1,"name":"Home","item":"https:\/\/blogs.uef.fi\/tiedonhaku-maantiede\/"},{"@type":"ListItem","position":2,"name":"Asiasanastot"}]},{"@type":"WebSite","@id":"https:\/\/blogs.uef.fi\/tiedonhaku-maantiede\/#website","url":"https:\/\/blogs.uef.fi\/tiedonhaku-maantiede\/","name":"Maantieteen ja ymp\u00e4rist\u00f6politiikan tiedonhaku","description":"","potentialAction":[{"@type":"SearchAction","target":{"@type":"EntryPoint","urlTemplate":"https:\/\/blogs.uef.fi\/tiedonhaku-maantiede\/?s={search_term_string}"},"query-input":{"@type":"PropertyValueSpecification","valueRequired":true,"valueName":"search_term_string"}}],"inLanguage":"fi"}]}},"_links":{"self":[{"href":"https:\/\/blogs.uef.fi\/tiedonhaku-maantiede\/wp-json\/wp\/v2\/pages\/56","targetHints":{"allow":["GET"]}}],"collection":[{"href":"https:\/\/blogs.uef.fi\/tiedonhaku-maantiede\/wp-json\/wp\/v2\/pages"}],"about":[{"href":"https:\/\/blogs.uef.fi\/tiedonhaku-maantiede\/wp-json\/wp\/v2\/types\/page"}],"author":[{"embeddable":true,"href":"https:\/\/blogs.uef.fi\/tiedonhaku-maantiede\/wp-json\/wp\/v2\/users\/127"}],"replies":[{"embeddable":true,"href":"https:\/\/blogs.uef.fi\/tiedonhaku-maantiede\/wp-json\/wp\/v2\/comments?post=56"}],"version-history":[{"count":4,"href":"https:\/\/blogs.uef.fi\/tiedonhaku-maantiede\/wp-json\/wp\/v2\/pages\/56\/revisions"}],"predecessor-version":[{"id":1993,"href":"https:\/\/blogs.uef.fi\/tiedonhaku-maantiede\/wp-json\/wp\/v2\/pages\/56\/revisions\/1993"}],"wp:attachment":[{"href":"https:\/\/blogs.uef.fi\/tiedonhaku-maantiede\/wp-json\/wp\/v2\/media?parent=56"}],"curies":[{"name":"wp","href":"https:\/\/api.w.org\/{rel}","templated":true}]}}