{"id":2269,"date":"2023-06-27T16:08:49","date_gmt":"2023-06-27T13:08:49","guid":{"rendered":"https:\/\/blogs.uef.fi\/tiedonhaku-maantiede\/?page_id=2269"},"modified":"2023-06-27T16:08:50","modified_gmt":"2023-06-27T13:08:50","slug":"hakutapoja-2","status":"publish","type":"page","link":"https:\/\/blogs.uef.fi\/tiedonhaku-maantiede\/hakutapoja-2\/","title":{"rendered":"Hakutapoja"},"content":{"rendered":"\n<p>Tiedonhakuja voi l\u00e4hesty\u00e4 eri tavoin:<\/p>\n\n\n\n<h2 class=\"wp-block-heading\">\u201cQuick and simple\u201d<\/h2>\n\n\n\n<p>Haetaan\u00a0<strong>yksitt\u00e4isell\u00e4 hakusanalla tai fraasilla<\/strong>, jotta saadaan k\u00e4sitys, kuinka yleinen\/harvinainen aihealue on. Tuloksista voi l\u00f6yty\u00e4\u00a0<strong>muutamia hyvi\u00e4<\/strong>\u00a0osumia omaan aiheeseen.<\/p>\n\n\n\n<figure class=\"wp-block-image size-full\"><img loading=\"lazy\" decoding=\"async\" width=\"817\" height=\"300\" src=\"https:\/\/blogs.uef.fi\/tiedonhaku-maantiede\/wp-content\/uploads\/sites\/53\/2023\/06\/Primo.png\" alt=\"Kuva Primohausta.\" class=\"wp-image-2257\" srcset=\"https:\/\/blogs.uef.fi\/tiedonhaku-maantiede\/wp-content\/uploads\/sites\/53\/2023\/06\/Primo.png 817w, https:\/\/blogs.uef.fi\/tiedonhaku-maantiede\/wp-content\/uploads\/sites\/53\/2023\/06\/Primo-300x110.png 300w, https:\/\/blogs.uef.fi\/tiedonhaku-maantiede\/wp-content\/uploads\/sites\/53\/2023\/06\/Primo-768x282.png 768w\" sizes=\"auto, (max-width: 817px) 100vw, 817px\" \/><\/figure>\n\n\n\n<h2 class=\"wp-block-heading\">Laajemmasta suppeampaan<\/h2>\n\n\n\n<p>Aluksi valitaan tarpeeksi\u00a0<strong>suuri aihealue, ja aletaan rajata<\/strong>\u00a0sit\u00e4 tarkentavilla ja rajaavilla k\u00e4sitteill\u00e4 (tai esim. kielell\u00e4, julkaisuvuodella yms.)<\/p>\n\n\n\n<figure class=\"wp-block-image size-full\"><img loading=\"lazy\" decoding=\"async\" width=\"814\" height=\"703\" src=\"https:\/\/blogs.uef.fi\/tiedonhaku-maantiede\/wp-content\/uploads\/sites\/53\/2023\/06\/Web_of_Science.png\" alt=\"Kuva Web of Sciencesta.\" class=\"wp-image-2260\" srcset=\"https:\/\/blogs.uef.fi\/tiedonhaku-maantiede\/wp-content\/uploads\/sites\/53\/2023\/06\/Web_of_Science.png 814w, https:\/\/blogs.uef.fi\/tiedonhaku-maantiede\/wp-content\/uploads\/sites\/53\/2023\/06\/Web_of_Science-300x259.png 300w, https:\/\/blogs.uef.fi\/tiedonhaku-maantiede\/wp-content\/uploads\/sites\/53\/2023\/06\/Web_of_Science-768x663.png 768w\" sizes=\"auto, (max-width: 814px) 100vw, 814px\" \/><\/figure>\n\n\n\n<h2 class=\"wp-block-heading\">Suppeammasta laajempaan<\/h2>\n\n\n\n<figure class=\"wp-block-image size-full\"><img loading=\"lazy\" decoding=\"async\" width=\"840\" height=\"715\" src=\"https:\/\/blogs.uef.fi\/tiedonhaku-maantiede\/wp-content\/uploads\/sites\/53\/2023\/06\/Hakulause-esimerkkeja_Primosta.png\" alt=\"Hakulause-esimerkkej\u00e4 Primossa.\" class=\"wp-image-2263\" srcset=\"https:\/\/blogs.uef.fi\/tiedonhaku-maantiede\/wp-content\/uploads\/sites\/53\/2023\/06\/Hakulause-esimerkkeja_Primosta.png 840w, https:\/\/blogs.uef.fi\/tiedonhaku-maantiede\/wp-content\/uploads\/sites\/53\/2023\/06\/Hakulause-esimerkkeja_Primosta-300x255.png 300w, https:\/\/blogs.uef.fi\/tiedonhaku-maantiede\/wp-content\/uploads\/sites\/53\/2023\/06\/Hakulause-esimerkkeja_Primosta-768x654.png 768w\" sizes=\"auto, (max-width: 840px) 100vw, 840px\" \/><\/figure>\n\n\n\n<h2 class=\"wp-block-heading\">\u201cHelmenkasvatus\u201d\/j\u00e4ljityshaku<\/h2>\n\n\n\n<p>L\u00e4hdet\u00e4\u00e4n liikkeelle niukoista tiedoista ja t\u00e4ydennet\u00e4\u00e4n hakua ja hakutermej\u00e4 haun aikana saatujen tulosten perusteella. Seurataan aineiston tarjoamia&nbsp;<strong>johtolankoja uusiin relevantteihin l\u00e4hteisiin<\/strong>. Tuloksesta saadaan vihjeit\u00e4 uusiksi&nbsp;<strong>hakusanoiksi, tiedonl\u00e4hteiksi, tekij\u00f6iksi, julkaisusarjan tai organisaation<\/strong>&nbsp;l\u00f6yt\u00e4miseksi tai omien ideoiden t\u00e4sment\u00e4miseksi.<\/p>\n\n\n\n<p>\u2013 Hyv\u00e4n kirjan tai artikkelin l\u00f6ydytty\u00e4 haetaan sen&nbsp;<strong>kirjoittajan<\/strong>&nbsp;muita julkaisuja, tai katsotaan l\u00e4hteen sis\u00e4lt\u00f6\u00e4 kuvaavia&nbsp;<strong>asiasanoja,<\/strong>&nbsp;ja haetaan niill\u00e4 lis\u00e4\u00e4 aineistoa.<\/p>\n\n\n\n<p>\u2013 Mielenkiintoisen julkaisun&nbsp;<strong>l\u00e4hdeluettelo<\/strong>&nbsp;johtaa uusiin julkaisuihin ja uusiin hakusanoihin.<\/p>\n\n\n\n<figure class=\"wp-block-image size-full\"><img loading=\"lazy\" decoding=\"async\" width=\"802\" height=\"786\" src=\"https:\/\/blogs.uef.fi\/tiedonhaku-maantiede\/wp-content\/uploads\/sites\/53\/2023\/06\/asiasanat-Primossa.png\" alt=\"Teoksen asiasanoista esimerkki.\" class=\"wp-image-2272\" srcset=\"https:\/\/blogs.uef.fi\/tiedonhaku-maantiede\/wp-content\/uploads\/sites\/53\/2023\/06\/asiasanat-Primossa.png 802w, https:\/\/blogs.uef.fi\/tiedonhaku-maantiede\/wp-content\/uploads\/sites\/53\/2023\/06\/asiasanat-Primossa-300x294.png 300w, https:\/\/blogs.uef.fi\/tiedonhaku-maantiede\/wp-content\/uploads\/sites\/53\/2023\/06\/asiasanat-Primossa-768x753.png 768w\" sizes=\"auto, (max-width: 802px) 100vw, 802px\" \/><\/figure>\n\n\n\n<h2 class=\"wp-block-heading\">Selailu<\/h2>\n\n\n\n<p>Tietokannoissa voit my\u00f6s selailla (browse), esim. tietyn\u00a0<strong>lehden artikkeleita tai aihealueita.<\/strong><\/p>\n\n\n\n<p>Tietokantahakuja ja niiden tuloksia kannattaa k\u00e4ytt\u00e4\u00e4 hyv\u00e4ksi jo tutkimusty\u00f6n suunnittelu-, valmistelu- ja ideointivaiheessa. Se auttaa aiheen k\u00e4sitteiden ja hakusanojen hahmottelussa ja ker\u00e4\u00e4misess\u00e4<\/p>\n","protected":false},"excerpt":{"rendered":"<p>Tiedonhakuja voi l\u00e4hesty\u00e4 eri tavoin: \u201cQuick and simple\u201d Haetaan\u00a0yksitt\u00e4isell\u00e4 hakusanalla tai fraasilla, jotta saadaan k\u00e4sitys, kuinka yleinen\/harvinainen aihealue on. Tuloksista voi l\u00f6yty\u00e4\u00a0muutamia hyvi\u00e4\u00a0osumia omaan aiheeseen. Laajemmasta suppeampaan Aluksi valitaan tarpeeksi\u00a0suuri aihealue, ja aletaan rajata\u00a0sit\u00e4 tarkentavilla ja rajaavilla k\u00e4sitteill\u00e4 (tai esim. kielell\u00e4, julkaisuvuodella yms.) Suppeammasta laajempaan \u201cHelmenkasvatus\u201d\/j\u00e4ljityshaku L\u00e4hdet\u00e4\u00e4n liikkeelle niukoista tiedoista ja t\u00e4ydennet\u00e4\u00e4n hakua ja hakutermej\u00e4 [&hellip;]<\/p>\n","protected":false},"author":403,"featured_media":0,"parent":0,"menu_order":0,"comment_status":"closed","ping_status":"closed","template":"","meta":{"_acf_changed":false,"footnotes":""},"class_list":["post-2269","page","type-page","status-publish","hentry"],"acf":[],"yoast_head":"<!-- This site is optimized with the Yoast SEO plugin v27.1.1 - https:\/\/yoast.com\/product\/yoast-seo-wordpress\/ -->\n<title>Hakutapoja - Maantieteen ja ymp\u00e4rist\u00f6politiikan tiedonhaku<\/title>\n<meta name=\"robots\" content=\"index, follow, max-snippet:-1, max-image-preview:large, max-video-preview:-1\" \/>\n<link rel=\"canonical\" href=\"https:\/\/blogs.uef.fi\/tiedonhaku-maantiede\/hakutapoja-2\/\" \/>\n<meta property=\"og:locale\" content=\"fi_FI\" \/>\n<meta property=\"og:type\" content=\"article\" \/>\n<meta property=\"og:title\" content=\"Hakutapoja - Maantieteen ja ymp\u00e4rist\u00f6politiikan tiedonhaku\" \/>\n<meta property=\"og:description\" content=\"Tiedonhakuja voi l\u00e4hesty\u00e4 eri tavoin: \u201cQuick and simple\u201d Haetaan\u00a0yksitt\u00e4isell\u00e4 hakusanalla tai fraasilla, jotta saadaan k\u00e4sitys, kuinka yleinen\/harvinainen aihealue on. Tuloksista voi l\u00f6yty\u00e4\u00a0muutamia hyvi\u00e4\u00a0osumia omaan aiheeseen. Laajemmasta suppeampaan Aluksi valitaan tarpeeksi\u00a0suuri aihealue, ja aletaan rajata\u00a0sit\u00e4 tarkentavilla ja rajaavilla k\u00e4sitteill\u00e4 (tai esim. kielell\u00e4, julkaisuvuodella yms.) Suppeammasta laajempaan \u201cHelmenkasvatus\u201d\/j\u00e4ljityshaku L\u00e4hdet\u00e4\u00e4n liikkeelle niukoista tiedoista ja t\u00e4ydennet\u00e4\u00e4n hakua ja hakutermej\u00e4 [&hellip;]\" \/>\n<meta property=\"og:url\" content=\"https:\/\/blogs.uef.fi\/tiedonhaku-maantiede\/hakutapoja-2\/\" \/>\n<meta property=\"og:site_name\" content=\"Maantieteen ja ymp\u00e4rist\u00f6politiikan tiedonhaku\" \/>\n<meta property=\"article:modified_time\" content=\"2023-06-27T13:08:50+00:00\" \/>\n<meta property=\"og:image\" content=\"https:\/\/blogs.uef.fi\/tiedonhaku-maantiede\/wp-content\/uploads\/sites\/53\/2023\/06\/Primo.png\" \/>\n<meta name=\"twitter:card\" content=\"summary_large_image\" \/>\n<meta name=\"twitter:label1\" content=\"Arvioitu lukuaika\" \/>\n\t<meta name=\"twitter:data1\" content=\"2 minuuttia\" \/>\n<script type=\"application\/ld+json\" class=\"yoast-schema-graph\">{\"@context\":\"https:\/\/schema.org\",\"@graph\":[{\"@type\":\"WebPage\",\"@id\":\"https:\/\/blogs.uef.fi\/tiedonhaku-maantiede\/hakutapoja-2\/\",\"url\":\"https:\/\/blogs.uef.fi\/tiedonhaku-maantiede\/hakutapoja-2\/\",\"name\":\"Hakutapoja - Maantieteen ja ymp\u00e4rist\u00f6politiikan tiedonhaku\",\"isPartOf\":{\"@id\":\"https:\/\/blogs.uef.fi\/tiedonhaku-maantiede\/#website\"},\"primaryImageOfPage\":{\"@id\":\"https:\/\/blogs.uef.fi\/tiedonhaku-maantiede\/hakutapoja-2\/#primaryimage\"},\"image\":{\"@id\":\"https:\/\/blogs.uef.fi\/tiedonhaku-maantiede\/hakutapoja-2\/#primaryimage\"},\"thumbnailUrl\":\"https:\/\/blogs.uef.fi\/tiedonhaku-maantiede\/wp-content\/uploads\/sites\/53\/2023\/06\/Primo.png\",\"datePublished\":\"2023-06-27T13:08:49+00:00\",\"dateModified\":\"2023-06-27T13:08:50+00:00\",\"breadcrumb\":{\"@id\":\"https:\/\/blogs.uef.fi\/tiedonhaku-maantiede\/hakutapoja-2\/#breadcrumb\"},\"inLanguage\":\"fi\",\"potentialAction\":[{\"@type\":\"ReadAction\",\"target\":[\"https:\/\/blogs.uef.fi\/tiedonhaku-maantiede\/hakutapoja-2\/\"]}]},{\"@type\":\"ImageObject\",\"inLanguage\":\"fi\",\"@id\":\"https:\/\/blogs.uef.fi\/tiedonhaku-maantiede\/hakutapoja-2\/#primaryimage\",\"url\":\"https:\/\/blogs.uef.fi\/tiedonhaku-maantiede\/wp-content\/uploads\/sites\/53\/2023\/06\/Primo.png\",\"contentUrl\":\"https:\/\/blogs.uef.fi\/tiedonhaku-maantiede\/wp-content\/uploads\/sites\/53\/2023\/06\/Primo.png\",\"width\":817,\"height\":300,\"caption\":\"Kuva Primohausta.\"},{\"@type\":\"BreadcrumbList\",\"@id\":\"https:\/\/blogs.uef.fi\/tiedonhaku-maantiede\/hakutapoja-2\/#breadcrumb\",\"itemListElement\":[{\"@type\":\"ListItem\",\"position\":1,\"name\":\"Home\",\"item\":\"https:\/\/blogs.uef.fi\/tiedonhaku-maantiede\/\"},{\"@type\":\"ListItem\",\"position\":2,\"name\":\"Hakutapoja\"}]},{\"@type\":\"WebSite\",\"@id\":\"https:\/\/blogs.uef.fi\/tiedonhaku-maantiede\/#website\",\"url\":\"https:\/\/blogs.uef.fi\/tiedonhaku-maantiede\/\",\"name\":\"Maantieteen ja ymp\u00e4rist\u00f6politiikan tiedonhaku\",\"description\":\"\",\"potentialAction\":[{\"@type\":\"SearchAction\",\"target\":{\"@type\":\"EntryPoint\",\"urlTemplate\":\"https:\/\/blogs.uef.fi\/tiedonhaku-maantiede\/?s={search_term_string}\"},\"query-input\":{\"@type\":\"PropertyValueSpecification\",\"valueRequired\":true,\"valueName\":\"search_term_string\"}}],\"inLanguage\":\"fi\"}]}<\/script>\n<!-- \/ Yoast SEO plugin. -->","yoast_head_json":{"title":"Hakutapoja - Maantieteen ja ymp\u00e4rist\u00f6politiikan tiedonhaku","robots":{"index":"index","follow":"follow","max-snippet":"max-snippet:-1","max-image-preview":"max-image-preview:large","max-video-preview":"max-video-preview:-1"},"canonical":"https:\/\/blogs.uef.fi\/tiedonhaku-maantiede\/hakutapoja-2\/","og_locale":"fi_FI","og_type":"article","og_title":"Hakutapoja - Maantieteen ja ymp\u00e4rist\u00f6politiikan tiedonhaku","og_description":"Tiedonhakuja voi l\u00e4hesty\u00e4 eri tavoin: \u201cQuick and simple\u201d Haetaan\u00a0yksitt\u00e4isell\u00e4 hakusanalla tai fraasilla, jotta saadaan k\u00e4sitys, kuinka yleinen\/harvinainen aihealue on. Tuloksista voi l\u00f6yty\u00e4\u00a0muutamia hyvi\u00e4\u00a0osumia omaan aiheeseen. Laajemmasta suppeampaan Aluksi valitaan tarpeeksi\u00a0suuri aihealue, ja aletaan rajata\u00a0sit\u00e4 tarkentavilla ja rajaavilla k\u00e4sitteill\u00e4 (tai esim. kielell\u00e4, julkaisuvuodella yms.) Suppeammasta laajempaan \u201cHelmenkasvatus\u201d\/j\u00e4ljityshaku L\u00e4hdet\u00e4\u00e4n liikkeelle niukoista tiedoista ja t\u00e4ydennet\u00e4\u00e4n hakua ja hakutermej\u00e4 [&hellip;]","og_url":"https:\/\/blogs.uef.fi\/tiedonhaku-maantiede\/hakutapoja-2\/","og_site_name":"Maantieteen ja ymp\u00e4rist\u00f6politiikan tiedonhaku","article_modified_time":"2023-06-27T13:08:50+00:00","og_image":[{"url":"https:\/\/blogs.uef.fi\/tiedonhaku-maantiede\/wp-content\/uploads\/sites\/53\/2023\/06\/Primo.png","type":"","width":"","height":""}],"twitter_card":"summary_large_image","twitter_misc":{"Arvioitu lukuaika":"2 minuuttia"},"schema":{"@context":"https:\/\/schema.org","@graph":[{"@type":"WebPage","@id":"https:\/\/blogs.uef.fi\/tiedonhaku-maantiede\/hakutapoja-2\/","url":"https:\/\/blogs.uef.fi\/tiedonhaku-maantiede\/hakutapoja-2\/","name":"Hakutapoja - Maantieteen ja ymp\u00e4rist\u00f6politiikan tiedonhaku","isPartOf":{"@id":"https:\/\/blogs.uef.fi\/tiedonhaku-maantiede\/#website"},"primaryImageOfPage":{"@id":"https:\/\/blogs.uef.fi\/tiedonhaku-maantiede\/hakutapoja-2\/#primaryimage"},"image":{"@id":"https:\/\/blogs.uef.fi\/tiedonhaku-maantiede\/hakutapoja-2\/#primaryimage"},"thumbnailUrl":"https:\/\/blogs.uef.fi\/tiedonhaku-maantiede\/wp-content\/uploads\/sites\/53\/2023\/06\/Primo.png","datePublished":"2023-06-27T13:08:49+00:00","dateModified":"2023-06-27T13:08:50+00:00","breadcrumb":{"@id":"https:\/\/blogs.uef.fi\/tiedonhaku-maantiede\/hakutapoja-2\/#breadcrumb"},"inLanguage":"fi","potentialAction":[{"@type":"ReadAction","target":["https:\/\/blogs.uef.fi\/tiedonhaku-maantiede\/hakutapoja-2\/"]}]},{"@type":"ImageObject","inLanguage":"fi","@id":"https:\/\/blogs.uef.fi\/tiedonhaku-maantiede\/hakutapoja-2\/#primaryimage","url":"https:\/\/blogs.uef.fi\/tiedonhaku-maantiede\/wp-content\/uploads\/sites\/53\/2023\/06\/Primo.png","contentUrl":"https:\/\/blogs.uef.fi\/tiedonhaku-maantiede\/wp-content\/uploads\/sites\/53\/2023\/06\/Primo.png","width":817,"height":300,"caption":"Kuva Primohausta."},{"@type":"BreadcrumbList","@id":"https:\/\/blogs.uef.fi\/tiedonhaku-maantiede\/hakutapoja-2\/#breadcrumb","itemListElement":[{"@type":"ListItem","position":1,"name":"Home","item":"https:\/\/blogs.uef.fi\/tiedonhaku-maantiede\/"},{"@type":"ListItem","position":2,"name":"Hakutapoja"}]},{"@type":"WebSite","@id":"https:\/\/blogs.uef.fi\/tiedonhaku-maantiede\/#website","url":"https:\/\/blogs.uef.fi\/tiedonhaku-maantiede\/","name":"Maantieteen ja ymp\u00e4rist\u00f6politiikan tiedonhaku","description":"","potentialAction":[{"@type":"SearchAction","target":{"@type":"EntryPoint","urlTemplate":"https:\/\/blogs.uef.fi\/tiedonhaku-maantiede\/?s={search_term_string}"},"query-input":{"@type":"PropertyValueSpecification","valueRequired":true,"valueName":"search_term_string"}}],"inLanguage":"fi"}]}},"_links":{"self":[{"href":"https:\/\/blogs.uef.fi\/tiedonhaku-maantiede\/wp-json\/wp\/v2\/pages\/2269","targetHints":{"allow":["GET"]}}],"collection":[{"href":"https:\/\/blogs.uef.fi\/tiedonhaku-maantiede\/wp-json\/wp\/v2\/pages"}],"about":[{"href":"https:\/\/blogs.uef.fi\/tiedonhaku-maantiede\/wp-json\/wp\/v2\/types\/page"}],"author":[{"embeddable":true,"href":"https:\/\/blogs.uef.fi\/tiedonhaku-maantiede\/wp-json\/wp\/v2\/users\/403"}],"replies":[{"embeddable":true,"href":"https:\/\/blogs.uef.fi\/tiedonhaku-maantiede\/wp-json\/wp\/v2\/comments?post=2269"}],"version-history":[{"count":1,"href":"https:\/\/blogs.uef.fi\/tiedonhaku-maantiede\/wp-json\/wp\/v2\/pages\/2269\/revisions"}],"predecessor-version":[{"id":2275,"href":"https:\/\/blogs.uef.fi\/tiedonhaku-maantiede\/wp-json\/wp\/v2\/pages\/2269\/revisions\/2275"}],"wp:attachment":[{"href":"https:\/\/blogs.uef.fi\/tiedonhaku-maantiede\/wp-json\/wp\/v2\/media?parent=2269"}],"curies":[{"name":"wp","href":"https:\/\/api.w.org\/{rel}","templated":true}]}}