{"id":2200,"date":"2023-06-27T14:57:32","date_gmt":"2023-06-27T11:57:32","guid":{"rendered":"https:\/\/blogs.uef.fi\/tiedonhaku-maantiede\/?page_id=2200"},"modified":"2023-06-27T14:57:33","modified_gmt":"2023-06-27T11:57:33","slug":"julkaisuihin-viittaaminen","status":"publish","type":"page","link":"https:\/\/blogs.uef.fi\/tiedonhaku-maantiede\/julkaisuihin-viittaaminen\/","title":{"rendered":"Julkaisuihin viittaaminen"},"content":{"rendered":"\n<h2 class=\"wp-block-heading\">Mik\u00e4 on viittaamisen ja plagioinnin v\u00e4linen ero?<\/h2>\n\n\n\n<p><strong>Viittaamalla<\/strong>&nbsp;l\u00e4hteisiin kirjoittaja osoittaa, mit\u00e4 aikaisempia teorioita, metodeja ja tuloksia h\u00e4nell\u00e4 on ollut tiedossaan ja miten h\u00e4n suhteuttaa omat tuloksensa toisten tulkintoihin.<\/p>\n\n\n\n<p><strong>Viitteess\u00e4 ja l\u00e4hdeluettelossa<\/strong>&nbsp;annetaan lukijalle riitt\u00e4v\u00e4t tiedot tunnistaa ja l\u00f6yt\u00e4\u00e4 julkaisu, johon kirjoituksessa viitataan. N\u00e4in esim. tutkielman tarkastaja voi tarkistaa esitetyn paikkansapit\u00e4vyyden. Lis\u00e4ksi viitteill\u00e4 annetaan tunnustus sille, jolle tunnustus kuuluu.<\/p>\n\n\n\n<p><strong>Viittaus<\/strong>&nbsp;<strong>= referointi<\/strong>&nbsp;= toisen tekij\u00e4n ajatusten ilmaiseminen omin sanoin<br><strong>Lainaus<\/strong>&nbsp;<strong>= sitaatti<\/strong>&nbsp;= sanasta sanaan kopioitu ote tekstist\u00e4<\/p>\n\n\n\n<p>Lainaus pit\u00e4\u00e4&nbsp;<strong>merkit\u00e4 selv\u00e4sti<\/strong>, esim.&nbsp;<strong>lainausmerkein<\/strong>&nbsp;(lyhyt p\u00e4tk\u00e4) tai&nbsp;<em>sisent\u00e4m\u00e4ll\u00e4<\/em>&nbsp;(useampi virke). Suoraa lainausta k\u00e4ytet\u00e4\u00e4n vain silloin kun on olennaista esitt\u00e4\u00e4 asia juuri samoin sanoin kuin alkuper\u00e4isess\u00e4 tekstiss\u00e4. Lainaus tehd\u00e4\u00e4n mahdollisimman lyhyen\u00e4.<\/p>\n\n\n\n<p>K\u00e4ytetyt l\u00e4hteet mainitaan niin, ett\u00e4&nbsp;<strong>lainaukset ja viittaukset ovat selke\u00e4sti tunnistettavissa ja l\u00f6ydett\u00e4viss\u00e4<\/strong>&nbsp;my\u00f6hemmin.<\/p>\n\n\n\n<p>HUOM. Tiedonl\u00e4hde voi olla&nbsp;<strong>muukin kuin kirjallinen l\u00e4hde<\/strong>, esimerkiksi suullinen tieto tai haastattelu. N\u00e4m\u00e4kin l\u00e4hteet merkit\u00e4\u00e4n aina. Kullakin oppiaineella ja organisaatiolla on omat ohjeensa siit\u00e4, kuinka t\u00e4m\u00e4 tehd\u00e4\u00e4n, eik\u00e4 k\u00e4yt\u00e4nt\u00f6 ole niin vakiintunut kuin kirjallisuusl\u00e4hteiden kohdalla.<\/p>\n\n\n\n<p><strong>Plagiointi<\/strong>&nbsp;= \u201ctoisen henkil\u00f6n ty\u00f6n j\u00e4ljent\u00e4minen ja esitt\u00e4minen omanaan, henkisen omaisuuden varastaminen\u201d<br>(l\u00e4hde: Nurmi T.: Suomen kielen sanakirja, Jyv\u00e4skyl\u00e4: Gummerus, 1992).<\/p>\n\n\n\n<p>Plagiointi ei esit\u00e4 l\u00e4hdett\u00e4, josta tieto, ajatus tai selitys on oikeasti per\u00e4isin.<\/p>\n\n\n\n<p><a href=\"http:\/\/www.finlex.fi\/fi\/laki\/ajantasa\/1961\/19610404\" target=\"_blank\" rel=\"noreferrer noopener\"><strong>Tekij\u00e4noikeuslaki<\/strong><\/a>&nbsp;(1961\/404) ja -asetus s\u00e4\u00e4telev\u00e4t julkaisujen (julkaistujen teosten) k\u00e4ytt\u00f6\u00e4. Elektroninenkin aineisto on tekij\u00e4noikeuslain suojaamaa. Valokuvien ja yksityiskohtaisten karttojen kanssa pit\u00e4\u00e4 olla erityisen tarkkana. Ne ovat yleens\u00e4 itsen\u00e4isi\u00e4 kokonaisuuksia, joita ei voi k\u00e4ytt\u00e4\u00e4 sellaisenaan ilman tekij\u00e4n lupaa. Sen sijaan taulukon tiedot voi siirt\u00e4\u00e4 omaan ty\u00f6h\u00f6n, kunhan viittaus alkuper\u00e4iseen l\u00e4hteeseen on asianmukainen.<\/p>\n\n\n\n<h2 class=\"wp-block-heading\">L\u00e4hteisiin viittaaminen muodostuu kahdesta osasta:<\/h2>\n\n\n\n<ul class=\"wp-block-list\">\n<li>l\u00e4hdeviitteest\u00e4 (tekstiviitteest\u00e4) ja<\/li>\n\n\n\n<li>l\u00e4hdeluettelosta (kirjallisuusluettelosta)<\/li>\n<\/ul>\n\n\n\n<p><strong>L\u00e4hdeviite<\/strong>&nbsp;ohjaa julkaisun lopussa olevaan l\u00e4hdeluetteloon, jonka tulee sis\u00e4lt\u00e4\u00e4 tarkat tiedot k\u00e4ytetyist\u00e4 l\u00e4hteist\u00e4. Sen avulla lukija halutessaan l\u00f6yt\u00e4\u00e4 l\u00e4hteet.<\/p>\n\n\n\n<p><strong>L\u00e4hdeluetteloon<\/strong>&nbsp;merkit\u00e4\u00e4n kaikki ne l\u00e4hteet, joihin ty\u00f6ss\u00e4 on viitattu. L\u00e4hdeviitteen ja l\u00e4hdeluettelon tietojen t\u00e4ytyy vastata tarkasti toisiaan, jotta tekstiss\u00e4 mainittu l\u00e4hde l\u00f6ytyy l\u00e4hdeluettelosta helposti.<\/p>\n\n\n\n<figure class=\"wp-block-image size-full\"><img loading=\"lazy\" decoding=\"async\" width=\"642\" height=\"336\" src=\"https:\/\/blogs.uef.fi\/tiedonhaku-maantiede\/wp-content\/uploads\/sites\/53\/2023\/06\/esimerkki1.png\" alt=\"Esimerkist\u00e4 selvi\u00e4\u00e4 mist\u00e4 n\u00e4kee julkaisun vuoden, sivut, lehden nimen sek\u00e4 volyyminumeron. \" class=\"wp-image-2203\" srcset=\"https:\/\/blogs.uef.fi\/tiedonhaku-maantiede\/wp-content\/uploads\/sites\/53\/2023\/06\/esimerkki1.png 642w, https:\/\/blogs.uef.fi\/tiedonhaku-maantiede\/wp-content\/uploads\/sites\/53\/2023\/06\/esimerkki1-300x157.png 300w\" sizes=\"auto, (max-width: 642px) 100vw, 642px\" \/><\/figure>\n\n\n\n<p id=\"caption-attachment-573\">Esimerkki l\u00e4hdeluettelon viitteest\u00e4<\/p>\n\n\n\n<p>Huom.&nbsp;<strong>Tietokantojen tietueista<\/strong>&nbsp;l\u00f6ytyy samoja elementtej\u00e4 kuin l\u00e4hdeluettelon viitteist\u00e4.<\/p>\n\n\n\n<figure class=\"wp-block-image size-full\"><img loading=\"lazy\" decoding=\"async\" width=\"874\" height=\"201\" src=\"https:\/\/blogs.uef.fi\/tiedonhaku-maantiede\/wp-content\/uploads\/sites\/53\/2023\/06\/esimerkki2.png\" alt=\"Sama artikkeli tietokantaviitteen\u00e4.\" class=\"wp-image-2206\" srcset=\"https:\/\/blogs.uef.fi\/tiedonhaku-maantiede\/wp-content\/uploads\/sites\/53\/2023\/06\/esimerkki2.png 874w, https:\/\/blogs.uef.fi\/tiedonhaku-maantiede\/wp-content\/uploads\/sites\/53\/2023\/06\/esimerkki2-300x69.png 300w, https:\/\/blogs.uef.fi\/tiedonhaku-maantiede\/wp-content\/uploads\/sites\/53\/2023\/06\/esimerkki2-768x177.png 768w\" sizes=\"auto, (max-width: 874px) 100vw, 874px\" \/><\/figure>\n\n\n\n<p>Sama artikkeli tietokantaviitteen\u00e4.<\/p>\n","protected":false},"excerpt":{"rendered":"<p>Mik\u00e4 on viittaamisen ja plagioinnin v\u00e4linen ero? Viittaamalla&nbsp;l\u00e4hteisiin kirjoittaja osoittaa, mit\u00e4 aikaisempia teorioita, metodeja ja tuloksia h\u00e4nell\u00e4 on ollut tiedossaan ja miten h\u00e4n suhteuttaa omat tuloksensa toisten tulkintoihin. Viitteess\u00e4 ja l\u00e4hdeluettelossa&nbsp;annetaan lukijalle riitt\u00e4v\u00e4t tiedot tunnistaa ja l\u00f6yt\u00e4\u00e4 julkaisu, johon kirjoituksessa viitataan. N\u00e4in esim. tutkielman tarkastaja voi tarkistaa esitetyn paikkansapit\u00e4vyyden. Lis\u00e4ksi viitteill\u00e4 annetaan tunnustus sille, jolle [&hellip;]<\/p>\n","protected":false},"author":403,"featured_media":0,"parent":0,"menu_order":0,"comment_status":"closed","ping_status":"closed","template":"","meta":{"_acf_changed":false,"footnotes":""},"class_list":["post-2200","page","type-page","status-publish","hentry"],"acf":[],"yoast_head":"<!-- This site is optimized with the Yoast SEO plugin v27.3 - https:\/\/yoast.com\/product\/yoast-seo-wordpress\/ -->\n<title>Julkaisuihin viittaaminen - Maantieteen ja ymp\u00e4rist\u00f6politiikan tiedonhaku<\/title>\n<meta name=\"robots\" content=\"index, follow, max-snippet:-1, max-image-preview:large, max-video-preview:-1\" \/>\n<link rel=\"canonical\" href=\"https:\/\/blogs.uef.fi\/tiedonhaku-maantiede\/julkaisuihin-viittaaminen\/\" \/>\n<meta property=\"og:locale\" content=\"fi_FI\" \/>\n<meta property=\"og:type\" content=\"article\" \/>\n<meta property=\"og:title\" content=\"Julkaisuihin viittaaminen - Maantieteen ja ymp\u00e4rist\u00f6politiikan tiedonhaku\" \/>\n<meta property=\"og:description\" content=\"Mik\u00e4 on viittaamisen ja plagioinnin v\u00e4linen ero? Viittaamalla&nbsp;l\u00e4hteisiin kirjoittaja osoittaa, mit\u00e4 aikaisempia teorioita, metodeja ja tuloksia h\u00e4nell\u00e4 on ollut tiedossaan ja miten h\u00e4n suhteuttaa omat tuloksensa toisten tulkintoihin. Viitteess\u00e4 ja l\u00e4hdeluettelossa&nbsp;annetaan lukijalle riitt\u00e4v\u00e4t tiedot tunnistaa ja l\u00f6yt\u00e4\u00e4 julkaisu, johon kirjoituksessa viitataan. N\u00e4in esim. tutkielman tarkastaja voi tarkistaa esitetyn paikkansapit\u00e4vyyden. Lis\u00e4ksi viitteill\u00e4 annetaan tunnustus sille, jolle [&hellip;]\" \/>\n<meta property=\"og:url\" content=\"https:\/\/blogs.uef.fi\/tiedonhaku-maantiede\/julkaisuihin-viittaaminen\/\" \/>\n<meta property=\"og:site_name\" content=\"Maantieteen ja ymp\u00e4rist\u00f6politiikan tiedonhaku\" \/>\n<meta property=\"article:modified_time\" content=\"2023-06-27T11:57:33+00:00\" \/>\n<meta property=\"og:image\" content=\"https:\/\/blogs.uef.fi\/tiedonhaku-maantiede\/wp-content\/uploads\/sites\/53\/2023\/06\/esimerkki1.png\" \/>\n<meta name=\"twitter:card\" content=\"summary_large_image\" \/>\n<meta name=\"twitter:label1\" content=\"Arvioitu lukuaika\" \/>\n\t<meta name=\"twitter:data1\" content=\"3 minuuttia\" \/>\n<script type=\"application\/ld+json\" class=\"yoast-schema-graph\">{\"@context\":\"https:\\\/\\\/schema.org\",\"@graph\":[{\"@type\":\"WebPage\",\"@id\":\"https:\\\/\\\/blogs.uef.fi\\\/tiedonhaku-maantiede\\\/julkaisuihin-viittaaminen\\\/\",\"url\":\"https:\\\/\\\/blogs.uef.fi\\\/tiedonhaku-maantiede\\\/julkaisuihin-viittaaminen\\\/\",\"name\":\"Julkaisuihin viittaaminen - Maantieteen ja ymp\u00e4rist\u00f6politiikan tiedonhaku\",\"isPartOf\":{\"@id\":\"https:\\\/\\\/blogs.uef.fi\\\/tiedonhaku-maantiede\\\/#website\"},\"primaryImageOfPage\":{\"@id\":\"https:\\\/\\\/blogs.uef.fi\\\/tiedonhaku-maantiede\\\/julkaisuihin-viittaaminen\\\/#primaryimage\"},\"image\":{\"@id\":\"https:\\\/\\\/blogs.uef.fi\\\/tiedonhaku-maantiede\\\/julkaisuihin-viittaaminen\\\/#primaryimage\"},\"thumbnailUrl\":\"https:\\\/\\\/blogs.uef.fi\\\/tiedonhaku-maantiede\\\/wp-content\\\/uploads\\\/sites\\\/53\\\/2023\\\/06\\\/esimerkki1.png\",\"datePublished\":\"2023-06-27T11:57:32+00:00\",\"dateModified\":\"2023-06-27T11:57:33+00:00\",\"breadcrumb\":{\"@id\":\"https:\\\/\\\/blogs.uef.fi\\\/tiedonhaku-maantiede\\\/julkaisuihin-viittaaminen\\\/#breadcrumb\"},\"inLanguage\":\"fi\",\"potentialAction\":[{\"@type\":\"ReadAction\",\"target\":[\"https:\\\/\\\/blogs.uef.fi\\\/tiedonhaku-maantiede\\\/julkaisuihin-viittaaminen\\\/\"]}]},{\"@type\":\"ImageObject\",\"inLanguage\":\"fi\",\"@id\":\"https:\\\/\\\/blogs.uef.fi\\\/tiedonhaku-maantiede\\\/julkaisuihin-viittaaminen\\\/#primaryimage\",\"url\":\"https:\\\/\\\/blogs.uef.fi\\\/tiedonhaku-maantiede\\\/wp-content\\\/uploads\\\/sites\\\/53\\\/2023\\\/06\\\/esimerkki1.png\",\"contentUrl\":\"https:\\\/\\\/blogs.uef.fi\\\/tiedonhaku-maantiede\\\/wp-content\\\/uploads\\\/sites\\\/53\\\/2023\\\/06\\\/esimerkki1.png\",\"width\":642,\"height\":336},{\"@type\":\"BreadcrumbList\",\"@id\":\"https:\\\/\\\/blogs.uef.fi\\\/tiedonhaku-maantiede\\\/julkaisuihin-viittaaminen\\\/#breadcrumb\",\"itemListElement\":[{\"@type\":\"ListItem\",\"position\":1,\"name\":\"Home\",\"item\":\"https:\\\/\\\/blogs.uef.fi\\\/tiedonhaku-maantiede\\\/\"},{\"@type\":\"ListItem\",\"position\":2,\"name\":\"Julkaisuihin viittaaminen\"}]},{\"@type\":\"WebSite\",\"@id\":\"https:\\\/\\\/blogs.uef.fi\\\/tiedonhaku-maantiede\\\/#website\",\"url\":\"https:\\\/\\\/blogs.uef.fi\\\/tiedonhaku-maantiede\\\/\",\"name\":\"Maantieteen ja ymp\u00e4rist\u00f6politiikan tiedonhaku\",\"description\":\"\",\"potentialAction\":[{\"@type\":\"SearchAction\",\"target\":{\"@type\":\"EntryPoint\",\"urlTemplate\":\"https:\\\/\\\/blogs.uef.fi\\\/tiedonhaku-maantiede\\\/?s={search_term_string}\"},\"query-input\":{\"@type\":\"PropertyValueSpecification\",\"valueRequired\":true,\"valueName\":\"search_term_string\"}}],\"inLanguage\":\"fi\"}]}<\/script>\n<!-- \/ Yoast SEO plugin. -->","yoast_head_json":{"title":"Julkaisuihin viittaaminen - Maantieteen ja ymp\u00e4rist\u00f6politiikan tiedonhaku","robots":{"index":"index","follow":"follow","max-snippet":"max-snippet:-1","max-image-preview":"max-image-preview:large","max-video-preview":"max-video-preview:-1"},"canonical":"https:\/\/blogs.uef.fi\/tiedonhaku-maantiede\/julkaisuihin-viittaaminen\/","og_locale":"fi_FI","og_type":"article","og_title":"Julkaisuihin viittaaminen - Maantieteen ja ymp\u00e4rist\u00f6politiikan tiedonhaku","og_description":"Mik\u00e4 on viittaamisen ja plagioinnin v\u00e4linen ero? Viittaamalla&nbsp;l\u00e4hteisiin kirjoittaja osoittaa, mit\u00e4 aikaisempia teorioita, metodeja ja tuloksia h\u00e4nell\u00e4 on ollut tiedossaan ja miten h\u00e4n suhteuttaa omat tuloksensa toisten tulkintoihin. Viitteess\u00e4 ja l\u00e4hdeluettelossa&nbsp;annetaan lukijalle riitt\u00e4v\u00e4t tiedot tunnistaa ja l\u00f6yt\u00e4\u00e4 julkaisu, johon kirjoituksessa viitataan. N\u00e4in esim. tutkielman tarkastaja voi tarkistaa esitetyn paikkansapit\u00e4vyyden. Lis\u00e4ksi viitteill\u00e4 annetaan tunnustus sille, jolle [&hellip;]","og_url":"https:\/\/blogs.uef.fi\/tiedonhaku-maantiede\/julkaisuihin-viittaaminen\/","og_site_name":"Maantieteen ja ymp\u00e4rist\u00f6politiikan tiedonhaku","article_modified_time":"2023-06-27T11:57:33+00:00","og_image":[{"url":"https:\/\/blogs.uef.fi\/tiedonhaku-maantiede\/wp-content\/uploads\/sites\/53\/2023\/06\/esimerkki1.png","type":"","width":"","height":""}],"twitter_card":"summary_large_image","twitter_misc":{"Arvioitu lukuaika":"3 minuuttia"},"schema":{"@context":"https:\/\/schema.org","@graph":[{"@type":"WebPage","@id":"https:\/\/blogs.uef.fi\/tiedonhaku-maantiede\/julkaisuihin-viittaaminen\/","url":"https:\/\/blogs.uef.fi\/tiedonhaku-maantiede\/julkaisuihin-viittaaminen\/","name":"Julkaisuihin viittaaminen - Maantieteen ja ymp\u00e4rist\u00f6politiikan tiedonhaku","isPartOf":{"@id":"https:\/\/blogs.uef.fi\/tiedonhaku-maantiede\/#website"},"primaryImageOfPage":{"@id":"https:\/\/blogs.uef.fi\/tiedonhaku-maantiede\/julkaisuihin-viittaaminen\/#primaryimage"},"image":{"@id":"https:\/\/blogs.uef.fi\/tiedonhaku-maantiede\/julkaisuihin-viittaaminen\/#primaryimage"},"thumbnailUrl":"https:\/\/blogs.uef.fi\/tiedonhaku-maantiede\/wp-content\/uploads\/sites\/53\/2023\/06\/esimerkki1.png","datePublished":"2023-06-27T11:57:32+00:00","dateModified":"2023-06-27T11:57:33+00:00","breadcrumb":{"@id":"https:\/\/blogs.uef.fi\/tiedonhaku-maantiede\/julkaisuihin-viittaaminen\/#breadcrumb"},"inLanguage":"fi","potentialAction":[{"@type":"ReadAction","target":["https:\/\/blogs.uef.fi\/tiedonhaku-maantiede\/julkaisuihin-viittaaminen\/"]}]},{"@type":"ImageObject","inLanguage":"fi","@id":"https:\/\/blogs.uef.fi\/tiedonhaku-maantiede\/julkaisuihin-viittaaminen\/#primaryimage","url":"https:\/\/blogs.uef.fi\/tiedonhaku-maantiede\/wp-content\/uploads\/sites\/53\/2023\/06\/esimerkki1.png","contentUrl":"https:\/\/blogs.uef.fi\/tiedonhaku-maantiede\/wp-content\/uploads\/sites\/53\/2023\/06\/esimerkki1.png","width":642,"height":336},{"@type":"BreadcrumbList","@id":"https:\/\/blogs.uef.fi\/tiedonhaku-maantiede\/julkaisuihin-viittaaminen\/#breadcrumb","itemListElement":[{"@type":"ListItem","position":1,"name":"Home","item":"https:\/\/blogs.uef.fi\/tiedonhaku-maantiede\/"},{"@type":"ListItem","position":2,"name":"Julkaisuihin viittaaminen"}]},{"@type":"WebSite","@id":"https:\/\/blogs.uef.fi\/tiedonhaku-maantiede\/#website","url":"https:\/\/blogs.uef.fi\/tiedonhaku-maantiede\/","name":"Maantieteen ja ymp\u00e4rist\u00f6politiikan tiedonhaku","description":"","potentialAction":[{"@type":"SearchAction","target":{"@type":"EntryPoint","urlTemplate":"https:\/\/blogs.uef.fi\/tiedonhaku-maantiede\/?s={search_term_string}"},"query-input":{"@type":"PropertyValueSpecification","valueRequired":true,"valueName":"search_term_string"}}],"inLanguage":"fi"}]}},"_links":{"self":[{"href":"https:\/\/blogs.uef.fi\/tiedonhaku-maantiede\/wp-json\/wp\/v2\/pages\/2200","targetHints":{"allow":["GET"]}}],"collection":[{"href":"https:\/\/blogs.uef.fi\/tiedonhaku-maantiede\/wp-json\/wp\/v2\/pages"}],"about":[{"href":"https:\/\/blogs.uef.fi\/tiedonhaku-maantiede\/wp-json\/wp\/v2\/types\/page"}],"author":[{"embeddable":true,"href":"https:\/\/blogs.uef.fi\/tiedonhaku-maantiede\/wp-json\/wp\/v2\/users\/403"}],"replies":[{"embeddable":true,"href":"https:\/\/blogs.uef.fi\/tiedonhaku-maantiede\/wp-json\/wp\/v2\/comments?post=2200"}],"version-history":[{"count":1,"href":"https:\/\/blogs.uef.fi\/tiedonhaku-maantiede\/wp-json\/wp\/v2\/pages\/2200\/revisions"}],"predecessor-version":[{"id":2209,"href":"https:\/\/blogs.uef.fi\/tiedonhaku-maantiede\/wp-json\/wp\/v2\/pages\/2200\/revisions\/2209"}],"wp:attachment":[{"href":"https:\/\/blogs.uef.fi\/tiedonhaku-maantiede\/wp-json\/wp\/v2\/media?parent=2200"}],"curies":[{"name":"wp","href":"https:\/\/api.w.org\/{rel}","templated":true}]}}