{"id":128,"date":"2015-11-11T13:18:55","date_gmt":"2015-11-11T13:18:55","guid":{"rendered":"https:\/\/ueflibrarygeo.wordpress.com\/?page_id=128"},"modified":"2020-11-13T16:29:37","modified_gmt":"2020-11-13T14:29:37","slug":"saatavuus","status":"publish","type":"page","link":"https:\/\/blogs.uef.fi\/tiedonhaku-maantiede\/saatavuus\/","title":{"rendered":"Saatavuus"},"content":{"rendered":"<h1>Saatavuus<\/h1>\n<h2>Verkkolehtiin ja -kirjoihin on monta tiet\u00e4:<\/h2>\n<div><\/div>\n<ul>\n<li>linkki tietueessa\u00a0 joko PDF- tai HTML-tekstiin tai Full Text:iin<\/li>\n<li>linkki lehden tietoihin, esimerkiksi &#8217;View at publisher&#8217;<\/li>\n<li><strong>kuvake \u2019Find it\u2019, jota klikkamalla selvi\u00e4\u00e4, onko lehdest\u00e4 saatavana elektroninen tai painettu versio UEF kirjastossa.<\/strong><\/li>\n<\/ul>\n<p><img loading=\"lazy\" decoding=\"async\" class=\"alignleft wp-image-851 size-full\" src=\"https:\/\/blogs.uef.fi\/tiedonhaku-maantiede\/wp-content\/uploads\/sites\/53\/2020\/01\/findit.png\" alt=\"Find it -linkist\u00e4 kuva. \" width=\"54\" height=\"20\" \/><\/p>\n<p>&nbsp;<\/p>\n<p>DOI (Digital Object Identifier) linkki tietueessa<\/p>\n<p><strong>DOI<\/strong> on verkossa olevan dokumentin (artikkeli, kuva, video jne.) pysyv\u00e4 <span class=\"skimlinks-unlinked\">tunnistenumero.DOI<\/span> viittaa tiettyyn dokumenttiin sen verkko-osoitteesta riippumatta, ts. sivuston osoite voi muuttua, mutta DOI:n avulla itse dokumentti l\u00f6ytyy aina.<\/p>\n<p>DOI-tunnistetta kannattaa k\u00e4ytt\u00e4\u00e4 mm. l\u00e4hdeluettelossa verkko-osoitteen sijasta.<\/p>\n<h3>Jos n\u00e4it\u00e4 ei ole:<\/h3>\n<ul>\n<li><strong>e-lehti\u00e4<\/strong> voi hakea UEF-Primosta lehden nimen mukaan: Lehtihaku<\/li>\n<li><strong>konferenssijulkaisuja<\/strong> yms. haetaan Googlella tai UEF-Primosta (kansainv\u00e4liset artikkelit)<\/li>\n<li><strong>artikkelin<\/strong> nimell\u00e4 (tai DOI-tunnuksella) voi hakea Googlesta, samoin raportit ym. suoraan omalla nimell\u00e4\u00e4n<\/li>\n<li><strong>e-kirjat<\/strong> UEF-Primosta kirjan nimell\u00e4<\/li>\n<\/ul>\n<p><strong>Kaikista artikkeleista ja kirjoista ei ole saatavilla verkkoversiota.<\/strong> Tietokannoissa on paljon nk. viitetietoja ilman kokoteksti\u00e4. T\u00e4ll\u00f6in pit\u00e4\u00e4 etsi\u00e4 painettua julkaisua.<\/p>\n<p>HUOM! Vaikka verkkoversio olisikin olemassa, se v\u00e4ltt\u00e4m\u00e4tt\u00e4 ei tarkoita, ett\u00e4 se olisi saatavilla\u00a0 juuri omassa organisaatiossa.<\/p>\n<h2>Piraattisivustot<\/h2>\n<p>On olemassa sivustoja, jotka luvattomasti tallentavat maksullisia artikkeleita laajoiksi \u201dtietokannoiksi\u201d. Toiset pit\u00e4v\u00e4t n\u00e4it\u00e4 sivustoja sankareina, toiset roistoina. Tekij\u00e4noikeuksia ne joka tapauksessa loukkaavat.<\/p>\n<hr \/>\n<h2>Painettuja julkaisuja haetaan kirjastotietokannoista<\/h2>\n<ul>\n<li><strong>julkaisun nimell\u00e4<\/strong>, jos kyseess\u00e4 on kirja tai raportti tms.<\/li>\n<li><strong>lehden nimell\u00e4<\/strong>, jos kyseess\u00e4 on lehtiartikkeli<\/li>\n<li><strong>kokoomateoksen nimell\u00e4<\/strong>, jos kyseess\u00e4 on artikkeli kirjassa<\/li>\n<\/ul>\n<div>Onko julkaisu saatavana vai lainassa? Pit\u00e4\u00e4k\u00f6 j\u00e4tt\u00e4\u00e4 varaus?<br \/>\nTarkista tarvittaessa muut l\u00e4hiseutusi kirjastot: <strong>ammattikorkeakoulu ja kaupunginkirjasto. <\/strong><\/div>\n<div>\n<p>Muita mahdollisuuksia ovat lainaus Varastokirjastosta, tilaus Vapaakappalekokoelmasta sek\u00e4 kaukolainaus toisesta kirjastosta:<\/p>\n<\/div>\n<h3>Vapaakappaleet: kotimainen kirjallisuus ulottuville<\/h3>\n<p>It\u00e4-Suomen yliopiston kirjastolla on k\u00e4yt\u00f6ss\u00e4\u00e4n <strong>kaikki Suomessa julkaistava kirjallisuus<\/strong> ns. vapaakappalelain perusteella.<br \/>\nOikeus on ollut Joensuun yliopiston kirjastolla vuodesta 1981 l\u00e4htien.<br \/>\nSuuri osa t\u00e4st\u00e4 aineistosta ei kuulu kirjaston lainattaviin kokoelmiin, mutta on asiakkaiden <strong>saatavilla lukusalik\u00e4ytt\u00f6\u00f6n. <\/strong>Tiedot n\u00e4ist\u00e4 julkaisuista n\u00e4kyv\u00e4t UEF-Primossa (koskee tietokirjallisuutta vuodesta 2008 l\u00e4htien). Vapaakappaleet tilataan <a href=\"https:\/\/link.webropolsurveys.com\/Participation\/Public\/3861b4da-068a-4d2e-a5a8-8c9079677d76?displayId=Fin2040119&amp;surveyLocale=fi\" target=\"_blank\" rel=\"noopener noreferrer\">lomakkeella<\/a> (linkki aukeaa uuteen ikkunaan). Palvelu on maksuton.<strong><br \/>\n<\/strong><\/p>\n<p>Eri yliopistojen <strong>gradut<\/strong> eiv\u00e4t kuulu vapaakappalelain piiriin, joten niit\u00e4 ei kirjastosta l\u00f6ydy.<\/p>\n<h3>Verkossa olevat vapaakappaleaineistot:<\/h3>\n<p>Suomalaiseen verkkoarkistoon on haravoitu <strong>Internetist\u00e4 suomalaista aineistoa vuodesta 2006 alkaen<\/strong>.<br \/>\nDigitoidut aikakauslehdet ja sanomalehdet vuodesta 1930 alkaen (vanhemmat ovat vapaasti k\u00e4ytett\u00e4viss\u00e4).<br \/>\nRadio- ja tv-arkisto, l\u00e4hetyt ohjelmat 2009 alkaen.<\/p>\n<p>N\u00e4it\u00e4 aineistoja voi k\u00e4ytt\u00e4\u00e4 ainoastaan <strong>kampuskirjastossa olevalla erityisell\u00e4 ty\u00f6asemalla.<\/strong> Aineistojen sis\u00e4lt\u00f6\u00e4 voi lukea, kuunnella ja katsella. Sis\u00e4ll\u00f6st\u00e4 ei voi valmistaa digitaalista kopiota. Aineistoa voi my\u00f6s kuvata suoraan n\u00e4ytt\u00f6ruudulta ja \u00e4\u00e4nitt\u00e4\u00e4 kaiuttimien kautta.<\/p>\n<p>Verkkosivuja ja digitoituja lehti\u00e4 voi tulostaa. Tulostaminen on maksullista.<\/p>\n<p>Ty\u00f6asemassa ei ole Internet-yhteytt\u00e4. Tiedostoja ei voi tallentaa omalle tallennusv\u00e4lineelle tai l\u00e4hett\u00e4\u00e4 s\u00e4hk\u00f6postitse.<\/p>\n<h3 id=\"yui_3_17_2_3_1438857401669_150\"><strong>Lainaus varastokirjastosta<br \/>\n<\/strong><\/h3>\n<p>Varastokirjasto on oma erillinen kirjastonsa, joka palvelee toisia kirjastoja ja suoraan asiakkaitakin l\u00e4hett\u00e4m\u00e4ll\u00e4 aineistoja kaukolainaksi. Kirjaston nimi johtuu siit\u00e4, ett\u00e4 kirjastot siirt\u00e4v\u00e4t sinne ylim\u00e4\u00e4r\u00e4isi\u00e4 tai v\u00e4h\u00e4n k\u00e4ytettyj\u00e4 aineistojaan varastoitavaksi. Varastokirjastosta l\u00f6ytyy jonkin verran my\u00f6s aivan uutta aineistoa.<\/p>\n<p>Voit itse tarkistaa aineistojen saatavuuden Varastokirjastosta:<a href=\"https:\/\/vaari.finna.fi\/\" target=\"_blank\" rel=\"noopener noreferrer\"> Vaari-tietokanta<\/a> (linkki aukeaa uuteen ikkunaan).<\/p>\n<p><strong>Tilaaminen Varastokirjastosta on edullista. <\/strong>Tilaukset tehd\u00e4\u00e4n kaukopalvelun kautta:<\/p>\n<h3>Kaukolainaus : toisten kirjastojen aineistot omaan kirjastoon<\/h3>\n<p>Jos haluttua aineistoa ei l\u00f6ydy kirjastosta, voi harkita kaukolainan tilausta.<br \/>\nKaukolainauksessa kirjan voi saada lainaksi, lehtiartikkeleista saa yleens\u00e4 kopion.<br \/>\n<strong>Palvelu on maksullista.<\/strong><\/p>\n<p>Kaukolainojen tilaus hoidetaan kirjaston kaukopalvelun kautta.<br \/>\nSiell\u00e4 selvitet\u00e4\u00e4n my\u00f6s, mist\u00e4 julkaisu olisi nopeimmin ja edullisimmin saatavissa.<br \/>\nKaukolaina voidaan tilata tarvittaessa my\u00f6s ulkomailta, jolloin se maksaa enemm\u00e4n \u2013 mieti siis edelt\u00e4 k\u00e4sin, paljonko olet valmis maksamaan (tarkista kirjaston palveluhinnasto).<br \/>\n<a href=\"https:\/\/forms.office.com\/Pages\/ResponsePage.aspx?id=Lp-HhwRz8ku68mPn-D88NMfwFGq1KFhMuf7WE9FPhWhURFo1REFIMTdKTjQ0TUZRMFI1S1NRN1dDWS4u\" target=\"_blank\" rel=\"noopener noreferrer\">Kaukopalvelupyynn\u00f6n<\/a> (linkki aukeaa uuteen ikkunaan) voi tehd\u00e4 verkossa.<\/p>\n","protected":false},"excerpt":{"rendered":"<p>Saatavuus Verkkolehtiin ja -kirjoihin on monta tiet\u00e4: linkki tietueessa\u00a0 joko PDF- tai HTML-tekstiin tai Full Text:iin linkki lehden tietoihin, esimerkiksi &#8217;View at publisher&#8217; kuvake \u2019Find it\u2019, jota klikkamalla selvi\u00e4\u00e4, onko lehdest\u00e4 saatavana elektroninen tai painettu versio UEF kirjastossa. &nbsp; DOI (Digital Object Identifier) linkki tietueessa DOI on verkossa olevan dokumentin (artikkeli, kuva, video jne.) pysyv\u00e4 [&hellip;]<\/p>\n","protected":false},"author":127,"featured_media":0,"parent":0,"menu_order":0,"comment_status":"closed","ping_status":"closed","template":"","meta":{"_acf_changed":false,"footnotes":""},"class_list":["post-128","page","type-page","status-publish","hentry"],"acf":[],"yoast_head":"<!-- This site is optimized with the Yoast SEO plugin v27.1.1 - https:\/\/yoast.com\/product\/yoast-seo-wordpress\/ -->\n<title>Saatavuus - Maantieteen ja ymp\u00e4rist\u00f6politiikan tiedonhaku<\/title>\n<meta name=\"robots\" content=\"index, follow, max-snippet:-1, max-image-preview:large, max-video-preview:-1\" \/>\n<link rel=\"canonical\" href=\"https:\/\/blogs.uef.fi\/tiedonhaku-maantiede\/saatavuus\/\" \/>\n<meta property=\"og:locale\" content=\"fi_FI\" \/>\n<meta property=\"og:type\" content=\"article\" \/>\n<meta property=\"og:title\" content=\"Saatavuus - Maantieteen ja ymp\u00e4rist\u00f6politiikan tiedonhaku\" \/>\n<meta property=\"og:description\" content=\"Saatavuus Verkkolehtiin ja -kirjoihin on monta tiet\u00e4: linkki tietueessa\u00a0 joko PDF- tai HTML-tekstiin tai Full Text:iin linkki lehden tietoihin, esimerkiksi &#8217;View at publisher&#8217; kuvake \u2019Find it\u2019, jota klikkamalla selvi\u00e4\u00e4, onko lehdest\u00e4 saatavana elektroninen tai painettu versio UEF kirjastossa. &nbsp; DOI (Digital Object Identifier) linkki tietueessa DOI on verkossa olevan dokumentin (artikkeli, kuva, video jne.) pysyv\u00e4 [&hellip;]\" \/>\n<meta property=\"og:url\" content=\"https:\/\/blogs.uef.fi\/tiedonhaku-maantiede\/saatavuus\/\" \/>\n<meta property=\"og:site_name\" content=\"Maantieteen ja ymp\u00e4rist\u00f6politiikan tiedonhaku\" \/>\n<meta property=\"article:modified_time\" content=\"2020-11-13T14:29:37+00:00\" \/>\n<meta property=\"og:image\" content=\"https:\/\/blogs.uef.fi\/tiedonhaku-maantiede\/wp-content\/uploads\/sites\/53\/2020\/01\/findit.png\" \/>\n<meta name=\"twitter:card\" content=\"summary_large_image\" \/>\n<meta name=\"twitter:label1\" content=\"Arvioitu lukuaika\" \/>\n\t<meta name=\"twitter:data1\" content=\"3 minuuttia\" \/>\n<script type=\"application\/ld+json\" class=\"yoast-schema-graph\">{\"@context\":\"https:\/\/schema.org\",\"@graph\":[{\"@type\":\"WebPage\",\"@id\":\"https:\/\/blogs.uef.fi\/tiedonhaku-maantiede\/saatavuus\/\",\"url\":\"https:\/\/blogs.uef.fi\/tiedonhaku-maantiede\/saatavuus\/\",\"name\":\"Saatavuus - Maantieteen ja ymp\u00e4rist\u00f6politiikan tiedonhaku\",\"isPartOf\":{\"@id\":\"https:\/\/blogs.uef.fi\/tiedonhaku-maantiede\/#website\"},\"primaryImageOfPage\":{\"@id\":\"https:\/\/blogs.uef.fi\/tiedonhaku-maantiede\/saatavuus\/#primaryimage\"},\"image\":{\"@id\":\"https:\/\/blogs.uef.fi\/tiedonhaku-maantiede\/saatavuus\/#primaryimage\"},\"thumbnailUrl\":\"https:\/\/blogs.uef.fi\/tiedonhaku-maantiede\/wp-content\/uploads\/sites\/53\/2020\/01\/findit.png\",\"datePublished\":\"2015-11-11T13:18:55+00:00\",\"dateModified\":\"2020-11-13T14:29:37+00:00\",\"breadcrumb\":{\"@id\":\"https:\/\/blogs.uef.fi\/tiedonhaku-maantiede\/saatavuus\/#breadcrumb\"},\"inLanguage\":\"fi\",\"potentialAction\":[{\"@type\":\"ReadAction\",\"target\":[\"https:\/\/blogs.uef.fi\/tiedonhaku-maantiede\/saatavuus\/\"]}]},{\"@type\":\"ImageObject\",\"inLanguage\":\"fi\",\"@id\":\"https:\/\/blogs.uef.fi\/tiedonhaku-maantiede\/saatavuus\/#primaryimage\",\"url\":\"https:\/\/blogs.uef.fi\/tiedonhaku-maantiede\/wp-content\/uploads\/sites\/53\/2020\/01\/findit.png\",\"contentUrl\":\"https:\/\/blogs.uef.fi\/tiedonhaku-maantiede\/wp-content\/uploads\/sites\/53\/2020\/01\/findit.png\",\"width\":54,\"height\":20},{\"@type\":\"BreadcrumbList\",\"@id\":\"https:\/\/blogs.uef.fi\/tiedonhaku-maantiede\/saatavuus\/#breadcrumb\",\"itemListElement\":[{\"@type\":\"ListItem\",\"position\":1,\"name\":\"Home\",\"item\":\"https:\/\/blogs.uef.fi\/tiedonhaku-maantiede\/\"},{\"@type\":\"ListItem\",\"position\":2,\"name\":\"Saatavuus\"}]},{\"@type\":\"WebSite\",\"@id\":\"https:\/\/blogs.uef.fi\/tiedonhaku-maantiede\/#website\",\"url\":\"https:\/\/blogs.uef.fi\/tiedonhaku-maantiede\/\",\"name\":\"Maantieteen ja ymp\u00e4rist\u00f6politiikan tiedonhaku\",\"description\":\"\",\"potentialAction\":[{\"@type\":\"SearchAction\",\"target\":{\"@type\":\"EntryPoint\",\"urlTemplate\":\"https:\/\/blogs.uef.fi\/tiedonhaku-maantiede\/?s={search_term_string}\"},\"query-input\":{\"@type\":\"PropertyValueSpecification\",\"valueRequired\":true,\"valueName\":\"search_term_string\"}}],\"inLanguage\":\"fi\"}]}<\/script>\n<!-- \/ Yoast SEO plugin. -->","yoast_head_json":{"title":"Saatavuus - Maantieteen ja ymp\u00e4rist\u00f6politiikan tiedonhaku","robots":{"index":"index","follow":"follow","max-snippet":"max-snippet:-1","max-image-preview":"max-image-preview:large","max-video-preview":"max-video-preview:-1"},"canonical":"https:\/\/blogs.uef.fi\/tiedonhaku-maantiede\/saatavuus\/","og_locale":"fi_FI","og_type":"article","og_title":"Saatavuus - Maantieteen ja ymp\u00e4rist\u00f6politiikan tiedonhaku","og_description":"Saatavuus Verkkolehtiin ja -kirjoihin on monta tiet\u00e4: linkki tietueessa\u00a0 joko PDF- tai HTML-tekstiin tai Full Text:iin linkki lehden tietoihin, esimerkiksi &#8217;View at publisher&#8217; kuvake \u2019Find it\u2019, jota klikkamalla selvi\u00e4\u00e4, onko lehdest\u00e4 saatavana elektroninen tai painettu versio UEF kirjastossa. &nbsp; DOI (Digital Object Identifier) linkki tietueessa DOI on verkossa olevan dokumentin (artikkeli, kuva, video jne.) pysyv\u00e4 [&hellip;]","og_url":"https:\/\/blogs.uef.fi\/tiedonhaku-maantiede\/saatavuus\/","og_site_name":"Maantieteen ja ymp\u00e4rist\u00f6politiikan tiedonhaku","article_modified_time":"2020-11-13T14:29:37+00:00","og_image":[{"url":"https:\/\/blogs.uef.fi\/tiedonhaku-maantiede\/wp-content\/uploads\/sites\/53\/2020\/01\/findit.png","type":"","width":"","height":""}],"twitter_card":"summary_large_image","twitter_misc":{"Arvioitu lukuaika":"3 minuuttia"},"schema":{"@context":"https:\/\/schema.org","@graph":[{"@type":"WebPage","@id":"https:\/\/blogs.uef.fi\/tiedonhaku-maantiede\/saatavuus\/","url":"https:\/\/blogs.uef.fi\/tiedonhaku-maantiede\/saatavuus\/","name":"Saatavuus - Maantieteen ja ymp\u00e4rist\u00f6politiikan tiedonhaku","isPartOf":{"@id":"https:\/\/blogs.uef.fi\/tiedonhaku-maantiede\/#website"},"primaryImageOfPage":{"@id":"https:\/\/blogs.uef.fi\/tiedonhaku-maantiede\/saatavuus\/#primaryimage"},"image":{"@id":"https:\/\/blogs.uef.fi\/tiedonhaku-maantiede\/saatavuus\/#primaryimage"},"thumbnailUrl":"https:\/\/blogs.uef.fi\/tiedonhaku-maantiede\/wp-content\/uploads\/sites\/53\/2020\/01\/findit.png","datePublished":"2015-11-11T13:18:55+00:00","dateModified":"2020-11-13T14:29:37+00:00","breadcrumb":{"@id":"https:\/\/blogs.uef.fi\/tiedonhaku-maantiede\/saatavuus\/#breadcrumb"},"inLanguage":"fi","potentialAction":[{"@type":"ReadAction","target":["https:\/\/blogs.uef.fi\/tiedonhaku-maantiede\/saatavuus\/"]}]},{"@type":"ImageObject","inLanguage":"fi","@id":"https:\/\/blogs.uef.fi\/tiedonhaku-maantiede\/saatavuus\/#primaryimage","url":"https:\/\/blogs.uef.fi\/tiedonhaku-maantiede\/wp-content\/uploads\/sites\/53\/2020\/01\/findit.png","contentUrl":"https:\/\/blogs.uef.fi\/tiedonhaku-maantiede\/wp-content\/uploads\/sites\/53\/2020\/01\/findit.png","width":54,"height":20},{"@type":"BreadcrumbList","@id":"https:\/\/blogs.uef.fi\/tiedonhaku-maantiede\/saatavuus\/#breadcrumb","itemListElement":[{"@type":"ListItem","position":1,"name":"Home","item":"https:\/\/blogs.uef.fi\/tiedonhaku-maantiede\/"},{"@type":"ListItem","position":2,"name":"Saatavuus"}]},{"@type":"WebSite","@id":"https:\/\/blogs.uef.fi\/tiedonhaku-maantiede\/#website","url":"https:\/\/blogs.uef.fi\/tiedonhaku-maantiede\/","name":"Maantieteen ja ymp\u00e4rist\u00f6politiikan tiedonhaku","description":"","potentialAction":[{"@type":"SearchAction","target":{"@type":"EntryPoint","urlTemplate":"https:\/\/blogs.uef.fi\/tiedonhaku-maantiede\/?s={search_term_string}"},"query-input":{"@type":"PropertyValueSpecification","valueRequired":true,"valueName":"search_term_string"}}],"inLanguage":"fi"}]}},"_links":{"self":[{"href":"https:\/\/blogs.uef.fi\/tiedonhaku-maantiede\/wp-json\/wp\/v2\/pages\/128","targetHints":{"allow":["GET"]}}],"collection":[{"href":"https:\/\/blogs.uef.fi\/tiedonhaku-maantiede\/wp-json\/wp\/v2\/pages"}],"about":[{"href":"https:\/\/blogs.uef.fi\/tiedonhaku-maantiede\/wp-json\/wp\/v2\/types\/page"}],"author":[{"embeddable":true,"href":"https:\/\/blogs.uef.fi\/tiedonhaku-maantiede\/wp-json\/wp\/v2\/users\/127"}],"replies":[{"embeddable":true,"href":"https:\/\/blogs.uef.fi\/tiedonhaku-maantiede\/wp-json\/wp\/v2\/comments?post=128"}],"version-history":[{"count":4,"href":"https:\/\/blogs.uef.fi\/tiedonhaku-maantiede\/wp-json\/wp\/v2\/pages\/128\/revisions"}],"predecessor-version":[{"id":2065,"href":"https:\/\/blogs.uef.fi\/tiedonhaku-maantiede\/wp-json\/wp\/v2\/pages\/128\/revisions\/2065"}],"wp:attachment":[{"href":"https:\/\/blogs.uef.fi\/tiedonhaku-maantiede\/wp-json\/wp\/v2\/media?parent=128"}],"curies":[{"name":"wp","href":"https:\/\/api.w.org\/{rel}","templated":true}]}}