{"id":124,"date":"2015-11-11T13:14:49","date_gmt":"2015-11-11T13:14:49","guid":{"rendered":"https:\/\/ueflibrarygeo.wordpress.com\/?page_id=124"},"modified":"2023-06-27T12:01:31","modified_gmt":"2023-06-27T09:01:31","slug":"uef-primo","status":"publish","type":"page","link":"https:\/\/blogs.uef.fi\/tiedonhaku-maantiede\/uef-primo\/","title":{"rendered":"Aloita UEF-Primosta"},"content":{"rendered":"\n<p><a href=\"https:\/\/primo.uef.fi\" target=\"_blank\" rel=\"noopener\"><strong>UER-Primo<\/strong><\/a>(linkki aukeaa uuteen ikkunaan) <strong>on hakupalvelu,<\/strong>josta l\u00f6ytyy yhdest\u00e4 osoitteesta linkit kaikkiin kirjaston hankkimiin aineistoihin julkaisumuodosta ja -tavasta riippumatta. <strong>Aineistojen k\u00e4ytt\u00f6 yliopiston verkon ulkopuolelta<\/strong> onnistuu kirjautumalla UEF-Primoon omilla UEF-tunnuksilla. Siksi aloita aina UEF-Primosta, vaikka k\u00e4ytt\u00e4isitkin jotain yksitt\u00e4ist\u00e4 tietokantaa etk\u00e4 Primon omia hakupalveluita.<\/p>\n\n\n\n<p>UEF-Primosta haetaan sek\u00e4 kirjaston <strong>kokoelmiin kuuluvia kirjoja ja lehti\u00e4.<\/strong><br>UEF-Primosta haetaan <strong>tieteellisi\u00e4 artikkeleita.<\/strong><br>UEF-Primon kautta voidaan my\u00f6s <strong>uusia omia lainoja ja varata kirjoja.<\/strong><br>UEF-Primon kautta on <strong>p\u00e4\u00e4sy tietokantojen omiin k\u00e4ytt\u00f6liittymiin sek\u00e4 e-lehtiin.<\/strong><\/p>\n\n\n\n<figure class=\"wp-block-image aligncenter wp-image-835 size-full\"><img loading=\"lazy\" decoding=\"async\" width=\"1132\" height=\"782\" src=\"https:\/\/blogs.uef.fi\/tiedonhaku-maantiede\/wp-content\/uploads\/sites\/53\/2020\/01\/UPtietokantahaku.png\" alt=\"Primossa tietokantoihin p\u00e4\u00e4see k\u00e4siksi tietokantahaun kautta. \" class=\"wp-image-835\" srcset=\"https:\/\/blogs.uef.fi\/tiedonhaku-maantiede\/wp-content\/uploads\/sites\/53\/2020\/01\/UPtietokantahaku.png 1132w, https:\/\/blogs.uef.fi\/tiedonhaku-maantiede\/wp-content\/uploads\/sites\/53\/2020\/01\/UPtietokantahaku-300x207.png 300w, https:\/\/blogs.uef.fi\/tiedonhaku-maantiede\/wp-content\/uploads\/sites\/53\/2020\/01\/UPtietokantahaku-768x531.png 768w, https:\/\/blogs.uef.fi\/tiedonhaku-maantiede\/wp-content\/uploads\/sites\/53\/2020\/01\/UPtietokantahaku-1024x707.png 1024w, https:\/\/blogs.uef.fi\/tiedonhaku-maantiede\/wp-content\/uploads\/sites\/53\/2020\/01\/UPtietokantahaku-550x380.png 550w\" sizes=\"auto, (max-width: 1132px) 100vw, 1132px\" \/><figcaption class=\"wp-element-caption\">Tietokannan aukaiseminen UEF-Primosta<\/figcaption><\/figure>\n\n\n\n<p><strong>UEF-Primossa voi tehd\u00e4 hakua:<\/strong><\/p>\n\n\n\n<p>\u2019<strong>Kirjaston kokoelmista\u2019<\/strong>: UEF kirjaston hankkimat kirjat ja lehdet (painetut ja verkkossa olevat) sek\u00e4 tietokannat, hakuteokset ym. T\u00e4m\u00e4 on<strong> oletushakuna.<\/strong><\/p>\n\n\n\n<p><strong>\u2019Kansainv\u00e4lisist\u00e4 artikkeleista\u2019<\/strong>: haku sis\u00e4lt\u00e4\u00e4 artikkelien lis\u00e4ksi hyvin monenlaisia muitakin aineistoja, mutta artikkelit ovat haun p\u00e4\u00e4asiallisin tulosjoukko.<\/p>\n\n\n\n<p><strong>&#8217;Elektronisista aineistoista&#8217;,&nbsp;<\/strong> joka on l\u00e4hes sama kuin Kansainv\u00e4liset artikkelit, mutta lis\u00e4ksi haun piiriss\u00e4 ovat hakuteokset, tietokannat ym. kirjaston omat e-aineistot.<\/p>\n\n\n\n<p><strong>&#8217;Kaikesta&#8217;,<\/strong> mik\u00e4 sis\u00e4lt\u00e4\u00e4 kaiken edell\u00e4 mainitun.<\/p>\n\n\n\n<p>Erikseen on my\u00f6s haku kirjaston kokoelmiin kuuluvia <strong>lehti\u00e4<\/strong> sek\u00e4 <strong>tietokantoja<\/strong> varten.<\/p>\n\n\n\n<p>Primo-haut <strong>eiv\u00e4t pysty kokonaan korvaamaan varsinaisia kirjallisuustietokantoja<\/strong>, kun halutaan tehd\u00e4 syv\u00e4llisemp\u00e4\u00e4 tiedonhakua.<\/p>\n\n\n\n<h2 class=\"wp-block-heading\">UEF-PRIMOn hakuohjeet:<\/h2>\n\n\n\n<ul class=\"wp-block-list\">\n<li><strong>operaattoreita<\/strong> AND, OR ja NOT voi k\u00e4ytt\u00e4\u00e4, mutta NE PIT\u00c4\u00c4 <strong>KIRJOITTAA ISOLLA<\/strong><\/li>\n\n\n\n<li>oletusarvona <strong>sanojen v\u00e4lill\u00e4 on AND<\/strong>, jos mit\u00e4\u00e4n ei kirjoiteta<\/li>\n\n\n\n<li>fraasin merkkin\u00e4 ovat <strong>lainausmerkit<\/strong>; fraasin sis\u00e4ll\u00e4 sanoja ei voi katkaista<\/li>\n\n\n\n<li><strong>katkaisumerkki on *,<\/strong> sanan voi katkaista alusta, lopusta tai keskelt\u00e4\n<ul class=\"wp-block-list\">\n<li>sanankatkaisua tarvitaan aina, kun halutaan taivutusmuotoja tai johdannaisia, Primossa ei ole mink\u00e4\u00e4nlaista sana-automatiikkaa<\/li>\n<\/ul>\n<\/li>\n\n\n\n<li>eri <strong>kirjoitusmuotoja<\/strong> Primo ei tunnista (color\/colour)<\/li>\n\n\n\n<li><strong>kirjoitusvirheit\u00e4<\/strong> Primo ei osaa korjata<\/li>\n\n\n\n<li>hakutuloksia voi <strong>rajata<\/strong> j\u00e4lkik\u00e4teen mm. aiheen, vuoden, jne. perusteella<\/li>\n\n\n\n<li>tulosta voi <strong>lajitella<\/strong> mm. relevanssin, julkaisuvuoden ja tekij\u00e4n mukaan<\/li>\n<\/ul>\n\n\n\n<h3 class=\"wp-block-heading\"><span style=\"color: #800080\">Vinkki:<\/span><\/h3>\n\n\n\n<p>UEF-Primon painetut aineistot sis\u00e4ltyv\u00e4t&nbsp; <a href=\"http:\/\/finna.fi\" target=\"_blank\" rel=\"noopener noreferrer\">kansalliseen Finnaan<\/a> (linkki aukeaa uuteen ikkunaan), samoin kuin muidenkin kotimaisten kirjastojen aineistot. T\u00e4m\u00e4n lis\u00e4ksi Finnassa on tiedot kaikista Suomessa julkaistuista kirjoista ja kartoista sek\u00e4 kotimaisista artikkeleista.<\/p>\n","protected":false},"excerpt":{"rendered":"<p>UER-Primo(linkki aukeaa uuteen ikkunaan) on hakupalvelu,josta l\u00f6ytyy yhdest\u00e4 osoitteesta linkit kaikkiin kirjaston hankkimiin aineistoihin julkaisumuodosta ja -tavasta riippumatta. Aineistojen k\u00e4ytt\u00f6 yliopiston verkon ulkopuolelta onnistuu kirjautumalla UEF-Primoon omilla UEF-tunnuksilla. Siksi aloita aina UEF-Primosta, vaikka k\u00e4ytt\u00e4isitkin jotain yksitt\u00e4ist\u00e4 tietokantaa etk\u00e4 Primon omia hakupalveluita. UEF-Primosta haetaan sek\u00e4 kirjaston kokoelmiin kuuluvia kirjoja ja lehti\u00e4.UEF-Primosta haetaan tieteellisi\u00e4 artikkeleita.UEF-Primon kautta voidaan [&hellip;]<\/p>\n","protected":false},"author":127,"featured_media":0,"parent":0,"menu_order":0,"comment_status":"closed","ping_status":"closed","template":"","meta":{"_acf_changed":false,"footnotes":""},"class_list":["post-124","page","type-page","status-publish","hentry"],"acf":[],"yoast_head":"<!-- This site is optimized with the Yoast SEO plugin v27.1.1 - https:\/\/yoast.com\/product\/yoast-seo-wordpress\/ -->\n<title>Aloita UEF-Primosta - Maantieteen ja ymp\u00e4rist\u00f6politiikan tiedonhaku<\/title>\n<meta name=\"robots\" content=\"index, follow, max-snippet:-1, max-image-preview:large, max-video-preview:-1\" \/>\n<link rel=\"canonical\" href=\"https:\/\/blogs.uef.fi\/tiedonhaku-maantiede\/uef-primo\/\" \/>\n<meta property=\"og:locale\" content=\"fi_FI\" \/>\n<meta property=\"og:type\" content=\"article\" \/>\n<meta property=\"og:title\" content=\"Aloita UEF-Primosta - Maantieteen ja ymp\u00e4rist\u00f6politiikan tiedonhaku\" \/>\n<meta property=\"og:description\" content=\"UER-Primo(linkki aukeaa uuteen ikkunaan) on hakupalvelu,josta l\u00f6ytyy yhdest\u00e4 osoitteesta linkit kaikkiin kirjaston hankkimiin aineistoihin julkaisumuodosta ja -tavasta riippumatta. Aineistojen k\u00e4ytt\u00f6 yliopiston verkon ulkopuolelta onnistuu kirjautumalla UEF-Primoon omilla UEF-tunnuksilla. Siksi aloita aina UEF-Primosta, vaikka k\u00e4ytt\u00e4isitkin jotain yksitt\u00e4ist\u00e4 tietokantaa etk\u00e4 Primon omia hakupalveluita. UEF-Primosta haetaan sek\u00e4 kirjaston kokoelmiin kuuluvia kirjoja ja lehti\u00e4.UEF-Primosta haetaan tieteellisi\u00e4 artikkeleita.UEF-Primon kautta voidaan [&hellip;]\" \/>\n<meta property=\"og:url\" content=\"https:\/\/blogs.uef.fi\/tiedonhaku-maantiede\/uef-primo\/\" \/>\n<meta property=\"og:site_name\" content=\"Maantieteen ja ymp\u00e4rist\u00f6politiikan tiedonhaku\" \/>\n<meta property=\"article:modified_time\" content=\"2023-06-27T09:01:31+00:00\" \/>\n<meta property=\"og:image\" content=\"https:\/\/blogs.uef.fi\/tiedonhaku-maantiede\/wp-content\/uploads\/sites\/53\/2020\/01\/UPtietokantahaku.png\" \/>\n<meta name=\"twitter:card\" content=\"summary_large_image\" \/>\n<meta name=\"twitter:label1\" content=\"Arvioitu lukuaika\" \/>\n\t<meta name=\"twitter:data1\" content=\"2 minuuttia\" \/>\n<script type=\"application\/ld+json\" class=\"yoast-schema-graph\">{\"@context\":\"https:\/\/schema.org\",\"@graph\":[{\"@type\":\"WebPage\",\"@id\":\"https:\/\/blogs.uef.fi\/tiedonhaku-maantiede\/uef-primo\/\",\"url\":\"https:\/\/blogs.uef.fi\/tiedonhaku-maantiede\/uef-primo\/\",\"name\":\"Aloita UEF-Primosta - Maantieteen ja ymp\u00e4rist\u00f6politiikan tiedonhaku\",\"isPartOf\":{\"@id\":\"https:\/\/blogs.uef.fi\/tiedonhaku-maantiede\/#website\"},\"primaryImageOfPage\":{\"@id\":\"https:\/\/blogs.uef.fi\/tiedonhaku-maantiede\/uef-primo\/#primaryimage\"},\"image\":{\"@id\":\"https:\/\/blogs.uef.fi\/tiedonhaku-maantiede\/uef-primo\/#primaryimage\"},\"thumbnailUrl\":\"https:\/\/blogs.uef.fi\/tiedonhaku-maantiede\/wp-content\/uploads\/sites\/53\/2020\/01\/UPtietokantahaku.png\",\"datePublished\":\"2015-11-11T13:14:49+00:00\",\"dateModified\":\"2023-06-27T09:01:31+00:00\",\"breadcrumb\":{\"@id\":\"https:\/\/blogs.uef.fi\/tiedonhaku-maantiede\/uef-primo\/#breadcrumb\"},\"inLanguage\":\"fi\",\"potentialAction\":[{\"@type\":\"ReadAction\",\"target\":[\"https:\/\/blogs.uef.fi\/tiedonhaku-maantiede\/uef-primo\/\"]}]},{\"@type\":\"ImageObject\",\"inLanguage\":\"fi\",\"@id\":\"https:\/\/blogs.uef.fi\/tiedonhaku-maantiede\/uef-primo\/#primaryimage\",\"url\":\"https:\/\/blogs.uef.fi\/tiedonhaku-maantiede\/wp-content\/uploads\/sites\/53\/2020\/01\/UPtietokantahaku.png\",\"contentUrl\":\"https:\/\/blogs.uef.fi\/tiedonhaku-maantiede\/wp-content\/uploads\/sites\/53\/2020\/01\/UPtietokantahaku.png\",\"width\":1132,\"height\":782},{\"@type\":\"BreadcrumbList\",\"@id\":\"https:\/\/blogs.uef.fi\/tiedonhaku-maantiede\/uef-primo\/#breadcrumb\",\"itemListElement\":[{\"@type\":\"ListItem\",\"position\":1,\"name\":\"Home\",\"item\":\"https:\/\/blogs.uef.fi\/tiedonhaku-maantiede\/\"},{\"@type\":\"ListItem\",\"position\":2,\"name\":\"Aloita UEF-Primosta\"}]},{\"@type\":\"WebSite\",\"@id\":\"https:\/\/blogs.uef.fi\/tiedonhaku-maantiede\/#website\",\"url\":\"https:\/\/blogs.uef.fi\/tiedonhaku-maantiede\/\",\"name\":\"Maantieteen ja ymp\u00e4rist\u00f6politiikan tiedonhaku\",\"description\":\"\",\"potentialAction\":[{\"@type\":\"SearchAction\",\"target\":{\"@type\":\"EntryPoint\",\"urlTemplate\":\"https:\/\/blogs.uef.fi\/tiedonhaku-maantiede\/?s={search_term_string}\"},\"query-input\":{\"@type\":\"PropertyValueSpecification\",\"valueRequired\":true,\"valueName\":\"search_term_string\"}}],\"inLanguage\":\"fi\"}]}<\/script>\n<!-- \/ Yoast SEO plugin. -->","yoast_head_json":{"title":"Aloita UEF-Primosta - Maantieteen ja ymp\u00e4rist\u00f6politiikan tiedonhaku","robots":{"index":"index","follow":"follow","max-snippet":"max-snippet:-1","max-image-preview":"max-image-preview:large","max-video-preview":"max-video-preview:-1"},"canonical":"https:\/\/blogs.uef.fi\/tiedonhaku-maantiede\/uef-primo\/","og_locale":"fi_FI","og_type":"article","og_title":"Aloita UEF-Primosta - Maantieteen ja ymp\u00e4rist\u00f6politiikan tiedonhaku","og_description":"UER-Primo(linkki aukeaa uuteen ikkunaan) on hakupalvelu,josta l\u00f6ytyy yhdest\u00e4 osoitteesta linkit kaikkiin kirjaston hankkimiin aineistoihin julkaisumuodosta ja -tavasta riippumatta. Aineistojen k\u00e4ytt\u00f6 yliopiston verkon ulkopuolelta onnistuu kirjautumalla UEF-Primoon omilla UEF-tunnuksilla. Siksi aloita aina UEF-Primosta, vaikka k\u00e4ytt\u00e4isitkin jotain yksitt\u00e4ist\u00e4 tietokantaa etk\u00e4 Primon omia hakupalveluita. UEF-Primosta haetaan sek\u00e4 kirjaston kokoelmiin kuuluvia kirjoja ja lehti\u00e4.UEF-Primosta haetaan tieteellisi\u00e4 artikkeleita.UEF-Primon kautta voidaan [&hellip;]","og_url":"https:\/\/blogs.uef.fi\/tiedonhaku-maantiede\/uef-primo\/","og_site_name":"Maantieteen ja ymp\u00e4rist\u00f6politiikan tiedonhaku","article_modified_time":"2023-06-27T09:01:31+00:00","og_image":[{"url":"https:\/\/blogs.uef.fi\/tiedonhaku-maantiede\/wp-content\/uploads\/sites\/53\/2020\/01\/UPtietokantahaku.png","type":"","width":"","height":""}],"twitter_card":"summary_large_image","twitter_misc":{"Arvioitu lukuaika":"2 minuuttia"},"schema":{"@context":"https:\/\/schema.org","@graph":[{"@type":"WebPage","@id":"https:\/\/blogs.uef.fi\/tiedonhaku-maantiede\/uef-primo\/","url":"https:\/\/blogs.uef.fi\/tiedonhaku-maantiede\/uef-primo\/","name":"Aloita UEF-Primosta - Maantieteen ja ymp\u00e4rist\u00f6politiikan tiedonhaku","isPartOf":{"@id":"https:\/\/blogs.uef.fi\/tiedonhaku-maantiede\/#website"},"primaryImageOfPage":{"@id":"https:\/\/blogs.uef.fi\/tiedonhaku-maantiede\/uef-primo\/#primaryimage"},"image":{"@id":"https:\/\/blogs.uef.fi\/tiedonhaku-maantiede\/uef-primo\/#primaryimage"},"thumbnailUrl":"https:\/\/blogs.uef.fi\/tiedonhaku-maantiede\/wp-content\/uploads\/sites\/53\/2020\/01\/UPtietokantahaku.png","datePublished":"2015-11-11T13:14:49+00:00","dateModified":"2023-06-27T09:01:31+00:00","breadcrumb":{"@id":"https:\/\/blogs.uef.fi\/tiedonhaku-maantiede\/uef-primo\/#breadcrumb"},"inLanguage":"fi","potentialAction":[{"@type":"ReadAction","target":["https:\/\/blogs.uef.fi\/tiedonhaku-maantiede\/uef-primo\/"]}]},{"@type":"ImageObject","inLanguage":"fi","@id":"https:\/\/blogs.uef.fi\/tiedonhaku-maantiede\/uef-primo\/#primaryimage","url":"https:\/\/blogs.uef.fi\/tiedonhaku-maantiede\/wp-content\/uploads\/sites\/53\/2020\/01\/UPtietokantahaku.png","contentUrl":"https:\/\/blogs.uef.fi\/tiedonhaku-maantiede\/wp-content\/uploads\/sites\/53\/2020\/01\/UPtietokantahaku.png","width":1132,"height":782},{"@type":"BreadcrumbList","@id":"https:\/\/blogs.uef.fi\/tiedonhaku-maantiede\/uef-primo\/#breadcrumb","itemListElement":[{"@type":"ListItem","position":1,"name":"Home","item":"https:\/\/blogs.uef.fi\/tiedonhaku-maantiede\/"},{"@type":"ListItem","position":2,"name":"Aloita UEF-Primosta"}]},{"@type":"WebSite","@id":"https:\/\/blogs.uef.fi\/tiedonhaku-maantiede\/#website","url":"https:\/\/blogs.uef.fi\/tiedonhaku-maantiede\/","name":"Maantieteen ja ymp\u00e4rist\u00f6politiikan tiedonhaku","description":"","potentialAction":[{"@type":"SearchAction","target":{"@type":"EntryPoint","urlTemplate":"https:\/\/blogs.uef.fi\/tiedonhaku-maantiede\/?s={search_term_string}"},"query-input":{"@type":"PropertyValueSpecification","valueRequired":true,"valueName":"search_term_string"}}],"inLanguage":"fi"}]}},"_links":{"self":[{"href":"https:\/\/blogs.uef.fi\/tiedonhaku-maantiede\/wp-json\/wp\/v2\/pages\/124","targetHints":{"allow":["GET"]}}],"collection":[{"href":"https:\/\/blogs.uef.fi\/tiedonhaku-maantiede\/wp-json\/wp\/v2\/pages"}],"about":[{"href":"https:\/\/blogs.uef.fi\/tiedonhaku-maantiede\/wp-json\/wp\/v2\/types\/page"}],"author":[{"embeddable":true,"href":"https:\/\/blogs.uef.fi\/tiedonhaku-maantiede\/wp-json\/wp\/v2\/users\/127"}],"replies":[{"embeddable":true,"href":"https:\/\/blogs.uef.fi\/tiedonhaku-maantiede\/wp-json\/wp\/v2\/comments?post=124"}],"version-history":[{"count":3,"href":"https:\/\/blogs.uef.fi\/tiedonhaku-maantiede\/wp-json\/wp\/v2\/pages\/124\/revisions"}],"predecessor-version":[{"id":2026,"href":"https:\/\/blogs.uef.fi\/tiedonhaku-maantiede\/wp-json\/wp\/v2\/pages\/124\/revisions\/2026"}],"wp:attachment":[{"href":"https:\/\/blogs.uef.fi\/tiedonhaku-maantiede\/wp-json\/wp\/v2\/media?parent=124"}],"curies":[{"name":"wp","href":"https:\/\/api.w.org\/{rel}","templated":true}]}}