{"id":61,"date":"2021-08-05T10:19:48","date_gmt":"2021-08-05T07:19:48","guid":{"rendered":"https:\/\/blogs.uef.fi\/tiedonhaku-logopedia\/?page_id=61"},"modified":"2023-06-27T10:02:08","modified_gmt":"2023-06-27T07:02:08","slug":"tiedonhaku-prosessina","status":"publish","type":"page","link":"https:\/\/blogs.uef.fi\/tiedonhaku-logopedia\/tiedonhaku-prosessina\/","title":{"rendered":"Tiedonhaku prosessina"},"content":{"rendered":"\n<p>Tiedonhakua prosessina voidaan kuvata monella tavoin. Prosessi alkaa aiheen m\u00e4\u00e4rittelyst\u00e4 ja p\u00e4\u00e4ttyy l\u00f6ydetyn tiedon arviointiin ja k\u00e4ytt\u00f6\u00f6n. Tiedonhakuprosessin alku- ja p\u00e4\u00e4tepisteen v\u00e4lille mahtuu monenlaisia polkuja, joskus sivupolkujakin.  Usein laadukkaaseen tiedonhakuun kuuluu palaaminen taaksep\u00e4in tiedonhakuprosessin edelliseen vaiheeseen. <\/p>\n\n\n\n<figure class=\"wp-block-gallery has-nested-images columns-default is-cropped wp-block-gallery-1 is-layout-flex wp-block-gallery-is-layout-flex\">\n<figure class=\"wp-block-image size-large\"><img loading=\"lazy\" decoding=\"async\" width=\"861\" height=\"738\" data-id=\"772\" src=\"https:\/\/blogs.uef.fi\/tiedonhaku-logopedia\/wp-content\/uploads\/sites\/157\/2021\/09\/tiedonhakuprosessi-kuva.jpg\" alt=\"Tiedonhakuprosessissa on selke\u00e4t osa-alueet. \" class=\"wp-image-772\" srcset=\"https:\/\/blogs.uef.fi\/tiedonhaku-logopedia\/wp-content\/uploads\/sites\/157\/2021\/09\/tiedonhakuprosessi-kuva.jpg 861w, https:\/\/blogs.uef.fi\/tiedonhaku-logopedia\/wp-content\/uploads\/sites\/157\/2021\/09\/tiedonhakuprosessi-kuva-300x257.jpg 300w, https:\/\/blogs.uef.fi\/tiedonhaku-logopedia\/wp-content\/uploads\/sites\/157\/2021\/09\/tiedonhakuprosessi-kuva-768x658.jpg 768w\" sizes=\"auto, (max-width: 861px) 100vw, 861px\" \/><\/figure>\n<\/figure>\n\n\n\n<div class=\"wp-block-group is-layout-flow wp-block-group-is-layout-flow\">\n<div class=\"wp-block-columns is-layout-flex wp-container-core-columns-is-layout-9d6595d7 wp-block-columns-is-layout-flex\">\n<div class=\"wp-block-column is-layout-flow wp-block-column-is-layout-flow\" style=\"flex-basis:100%\">\n<div class=\"wp-block-group is-layout-flow wp-block-group-is-layout-flow\">\n<div class=\"wp-block-columns is-layout-flex wp-container-core-columns-is-layout-9d6595d7 wp-block-columns-is-layout-flex\">\n<div class=\"wp-block-column is-layout-flow wp-block-column-is-layout-flow\" style=\"flex-basis:100%\"><\/div>\n<\/div>\n<\/div>\n<\/div>\n<\/div>\n\n\n\n<p>Tiedonhakuprosessin polveilevuus voi her\u00e4tt\u00e4\u00e4, tutkitustikin, tunteita laidasta laitaan. T\u00e4ll\u00f6in esimerkiksi seuraavat asiat voivat auttaa: <\/p>\n\n\n\n<ul class=\"wp-block-list\">\n<li>itsens\u00e4 paikallistaminen tiedonhakuprosessissa<\/li>\n\n\n\n<li>tiedonhakuprosessin n\u00e4kyv\u00e4ksi tekeminen esimerkiksi <a href=\"https:\/\/blogs.uef.fi\/tiedonhaku-logopedia\/apukeinoja-tiedonhaun-suunnitteluun\/\">hakusuunnitelman tai hakup\u00e4iv\u00e4kirjan avulla<\/a><\/li>\n\n\n\n<li>omien tietojen ja taitojen kartuttaminen tiedonhausta<\/li>\n\n\n\n<li>neuvon kysyminen esimerkiksi kaverilta, kirjastolta tai tieteenalasi henkil\u00f6kunnalta<\/li>\n<\/ul>\n\n\n\n<p>L\u00e4hde: Mukaillen Tampereen yliopiston kirjasto, https:\/\/libguides.tuni.fi\/tiedonhaun-opas<\/p>\n<\/div>\n\n\n\n<p><\/p>\n","protected":false},"excerpt":{"rendered":"<p>Tiedonhakua prosessina voidaan kuvata monella tavoin. Prosessi alkaa aiheen m\u00e4\u00e4rittelyst\u00e4 ja p\u00e4\u00e4ttyy l\u00f6ydetyn tiedon arviointiin ja k\u00e4ytt\u00f6\u00f6n. Tiedonhakuprosessin alku- ja p\u00e4\u00e4tepisteen v\u00e4lille mahtuu monenlaisia polkuja, joskus sivupolkujakin. Usein laadukkaaseen tiedonhakuun kuuluu palaaminen taaksep\u00e4in tiedonhakuprosessin edelliseen vaiheeseen. Tiedonhakuprosessin polveilevuus voi her\u00e4tt\u00e4\u00e4, tutkitustikin, tunteita laidasta laitaan. T\u00e4ll\u00f6in esimerkiksi seuraavat asiat voivat auttaa: L\u00e4hde: Mukaillen Tampereen yliopiston kirjasto, [&hellip;]<\/p>\n","protected":false},"author":403,"featured_media":0,"parent":0,"menu_order":0,"comment_status":"closed","ping_status":"closed","template":"","meta":{"_acf_changed":false,"footnotes":""},"class_list":["post-61","page","type-page","status-publish","hentry"],"acf":[],"yoast_head":"<!-- This site is optimized with the Yoast SEO plugin v27.3 - https:\/\/yoast.com\/product\/yoast-seo-wordpress\/ -->\n<title>Tiedonhaku prosessina - Logopedian tiedonhaku<\/title>\n<meta name=\"robots\" content=\"index, follow, max-snippet:-1, max-image-preview:large, max-video-preview:-1\" \/>\n<link rel=\"canonical\" href=\"https:\/\/blogs.uef.fi\/tiedonhaku-logopedia\/tiedonhaku-prosessina\/\" \/>\n<meta property=\"og:locale\" content=\"fi_FI\" \/>\n<meta property=\"og:type\" content=\"article\" \/>\n<meta property=\"og:title\" content=\"Tiedonhaku prosessina - Logopedian tiedonhaku\" \/>\n<meta property=\"og:description\" content=\"Tiedonhakua prosessina voidaan kuvata monella tavoin. Prosessi alkaa aiheen m\u00e4\u00e4rittelyst\u00e4 ja p\u00e4\u00e4ttyy l\u00f6ydetyn tiedon arviointiin ja k\u00e4ytt\u00f6\u00f6n. Tiedonhakuprosessin alku- ja p\u00e4\u00e4tepisteen v\u00e4lille mahtuu monenlaisia polkuja, joskus sivupolkujakin. Usein laadukkaaseen tiedonhakuun kuuluu palaaminen taaksep\u00e4in tiedonhakuprosessin edelliseen vaiheeseen. Tiedonhakuprosessin polveilevuus voi her\u00e4tt\u00e4\u00e4, tutkitustikin, tunteita laidasta laitaan. T\u00e4ll\u00f6in esimerkiksi seuraavat asiat voivat auttaa: L\u00e4hde: Mukaillen Tampereen yliopiston kirjasto, [&hellip;]\" \/>\n<meta property=\"og:url\" content=\"https:\/\/blogs.uef.fi\/tiedonhaku-logopedia\/tiedonhaku-prosessina\/\" \/>\n<meta property=\"og:site_name\" content=\"Logopedian tiedonhaku\" \/>\n<meta property=\"article:modified_time\" content=\"2023-06-27T07:02:08+00:00\" \/>\n<meta property=\"og:image\" content=\"https:\/\/blogs.uef.fi\/tiedonhaku-logopedia\/wp-content\/uploads\/sites\/157\/2021\/09\/tiedonhakuprosessi-kuva.jpg\" \/>\n<meta name=\"twitter:card\" content=\"summary_large_image\" \/>\n<meta name=\"twitter:label1\" content=\"Arvioitu lukuaika\" \/>\n\t<meta name=\"twitter:data1\" content=\"1 minuutti\" \/>\n<script type=\"application\/ld+json\" class=\"yoast-schema-graph\">{\"@context\":\"https:\\\/\\\/schema.org\",\"@graph\":[{\"@type\":\"WebPage\",\"@id\":\"https:\\\/\\\/blogs.uef.fi\\\/tiedonhaku-logopedia\\\/tiedonhaku-prosessina\\\/\",\"url\":\"https:\\\/\\\/blogs.uef.fi\\\/tiedonhaku-logopedia\\\/tiedonhaku-prosessina\\\/\",\"name\":\"Tiedonhaku prosessina - Logopedian tiedonhaku\",\"isPartOf\":{\"@id\":\"https:\\\/\\\/blogs.uef.fi\\\/tiedonhaku-logopedia\\\/#website\"},\"primaryImageOfPage\":{\"@id\":\"https:\\\/\\\/blogs.uef.fi\\\/tiedonhaku-logopedia\\\/tiedonhaku-prosessina\\\/#primaryimage\"},\"image\":{\"@id\":\"https:\\\/\\\/blogs.uef.fi\\\/tiedonhaku-logopedia\\\/tiedonhaku-prosessina\\\/#primaryimage\"},\"thumbnailUrl\":\"https:\\\/\\\/blogs.uef.fi\\\/tiedonhaku-logopedia\\\/wp-content\\\/uploads\\\/sites\\\/157\\\/2021\\\/09\\\/tiedonhakuprosessi-kuva.jpg\",\"datePublished\":\"2021-08-05T07:19:48+00:00\",\"dateModified\":\"2023-06-27T07:02:08+00:00\",\"breadcrumb\":{\"@id\":\"https:\\\/\\\/blogs.uef.fi\\\/tiedonhaku-logopedia\\\/tiedonhaku-prosessina\\\/#breadcrumb\"},\"inLanguage\":\"fi\",\"potentialAction\":[{\"@type\":\"ReadAction\",\"target\":[\"https:\\\/\\\/blogs.uef.fi\\\/tiedonhaku-logopedia\\\/tiedonhaku-prosessina\\\/\"]}]},{\"@type\":\"ImageObject\",\"inLanguage\":\"fi\",\"@id\":\"https:\\\/\\\/blogs.uef.fi\\\/tiedonhaku-logopedia\\\/tiedonhaku-prosessina\\\/#primaryimage\",\"url\":\"https:\\\/\\\/blogs.uef.fi\\\/tiedonhaku-logopedia\\\/wp-content\\\/uploads\\\/sites\\\/157\\\/2021\\\/09\\\/tiedonhakuprosessi-kuva.jpg\",\"contentUrl\":\"https:\\\/\\\/blogs.uef.fi\\\/tiedonhaku-logopedia\\\/wp-content\\\/uploads\\\/sites\\\/157\\\/2021\\\/09\\\/tiedonhakuprosessi-kuva.jpg\",\"width\":861,\"height\":738,\"caption\":\"Tiedonhakuprosessissa on selke\u00e4t osa-alueet.\"},{\"@type\":\"BreadcrumbList\",\"@id\":\"https:\\\/\\\/blogs.uef.fi\\\/tiedonhaku-logopedia\\\/tiedonhaku-prosessina\\\/#breadcrumb\",\"itemListElement\":[{\"@type\":\"ListItem\",\"position\":1,\"name\":\"Home\",\"item\":\"https:\\\/\\\/blogs.uef.fi\\\/tiedonhaku-logopedia\\\/\"},{\"@type\":\"ListItem\",\"position\":2,\"name\":\"Tiedonhaku prosessina\"}]},{\"@type\":\"WebSite\",\"@id\":\"https:\\\/\\\/blogs.uef.fi\\\/tiedonhaku-logopedia\\\/#website\",\"url\":\"https:\\\/\\\/blogs.uef.fi\\\/tiedonhaku-logopedia\\\/\",\"name\":\"Logopedian tiedonhaku\",\"description\":\"\",\"potentialAction\":[{\"@type\":\"SearchAction\",\"target\":{\"@type\":\"EntryPoint\",\"urlTemplate\":\"https:\\\/\\\/blogs.uef.fi\\\/tiedonhaku-logopedia\\\/?s={search_term_string}\"},\"query-input\":{\"@type\":\"PropertyValueSpecification\",\"valueRequired\":true,\"valueName\":\"search_term_string\"}}],\"inLanguage\":\"fi\"}]}<\/script>\n<!-- \/ Yoast SEO plugin. -->","yoast_head_json":{"title":"Tiedonhaku prosessina - Logopedian tiedonhaku","robots":{"index":"index","follow":"follow","max-snippet":"max-snippet:-1","max-image-preview":"max-image-preview:large","max-video-preview":"max-video-preview:-1"},"canonical":"https:\/\/blogs.uef.fi\/tiedonhaku-logopedia\/tiedonhaku-prosessina\/","og_locale":"fi_FI","og_type":"article","og_title":"Tiedonhaku prosessina - Logopedian tiedonhaku","og_description":"Tiedonhakua prosessina voidaan kuvata monella tavoin. Prosessi alkaa aiheen m\u00e4\u00e4rittelyst\u00e4 ja p\u00e4\u00e4ttyy l\u00f6ydetyn tiedon arviointiin ja k\u00e4ytt\u00f6\u00f6n. Tiedonhakuprosessin alku- ja p\u00e4\u00e4tepisteen v\u00e4lille mahtuu monenlaisia polkuja, joskus sivupolkujakin. Usein laadukkaaseen tiedonhakuun kuuluu palaaminen taaksep\u00e4in tiedonhakuprosessin edelliseen vaiheeseen. Tiedonhakuprosessin polveilevuus voi her\u00e4tt\u00e4\u00e4, tutkitustikin, tunteita laidasta laitaan. T\u00e4ll\u00f6in esimerkiksi seuraavat asiat voivat auttaa: L\u00e4hde: Mukaillen Tampereen yliopiston kirjasto, [&hellip;]","og_url":"https:\/\/blogs.uef.fi\/tiedonhaku-logopedia\/tiedonhaku-prosessina\/","og_site_name":"Logopedian tiedonhaku","article_modified_time":"2023-06-27T07:02:08+00:00","og_image":[{"url":"https:\/\/blogs.uef.fi\/tiedonhaku-logopedia\/wp-content\/uploads\/sites\/157\/2021\/09\/tiedonhakuprosessi-kuva.jpg","type":"","width":"","height":""}],"twitter_card":"summary_large_image","twitter_misc":{"Arvioitu lukuaika":"1 minuutti"},"schema":{"@context":"https:\/\/schema.org","@graph":[{"@type":"WebPage","@id":"https:\/\/blogs.uef.fi\/tiedonhaku-logopedia\/tiedonhaku-prosessina\/","url":"https:\/\/blogs.uef.fi\/tiedonhaku-logopedia\/tiedonhaku-prosessina\/","name":"Tiedonhaku prosessina - Logopedian tiedonhaku","isPartOf":{"@id":"https:\/\/blogs.uef.fi\/tiedonhaku-logopedia\/#website"},"primaryImageOfPage":{"@id":"https:\/\/blogs.uef.fi\/tiedonhaku-logopedia\/tiedonhaku-prosessina\/#primaryimage"},"image":{"@id":"https:\/\/blogs.uef.fi\/tiedonhaku-logopedia\/tiedonhaku-prosessina\/#primaryimage"},"thumbnailUrl":"https:\/\/blogs.uef.fi\/tiedonhaku-logopedia\/wp-content\/uploads\/sites\/157\/2021\/09\/tiedonhakuprosessi-kuva.jpg","datePublished":"2021-08-05T07:19:48+00:00","dateModified":"2023-06-27T07:02:08+00:00","breadcrumb":{"@id":"https:\/\/blogs.uef.fi\/tiedonhaku-logopedia\/tiedonhaku-prosessina\/#breadcrumb"},"inLanguage":"fi","potentialAction":[{"@type":"ReadAction","target":["https:\/\/blogs.uef.fi\/tiedonhaku-logopedia\/tiedonhaku-prosessina\/"]}]},{"@type":"ImageObject","inLanguage":"fi","@id":"https:\/\/blogs.uef.fi\/tiedonhaku-logopedia\/tiedonhaku-prosessina\/#primaryimage","url":"https:\/\/blogs.uef.fi\/tiedonhaku-logopedia\/wp-content\/uploads\/sites\/157\/2021\/09\/tiedonhakuprosessi-kuva.jpg","contentUrl":"https:\/\/blogs.uef.fi\/tiedonhaku-logopedia\/wp-content\/uploads\/sites\/157\/2021\/09\/tiedonhakuprosessi-kuva.jpg","width":861,"height":738,"caption":"Tiedonhakuprosessissa on selke\u00e4t osa-alueet."},{"@type":"BreadcrumbList","@id":"https:\/\/blogs.uef.fi\/tiedonhaku-logopedia\/tiedonhaku-prosessina\/#breadcrumb","itemListElement":[{"@type":"ListItem","position":1,"name":"Home","item":"https:\/\/blogs.uef.fi\/tiedonhaku-logopedia\/"},{"@type":"ListItem","position":2,"name":"Tiedonhaku prosessina"}]},{"@type":"WebSite","@id":"https:\/\/blogs.uef.fi\/tiedonhaku-logopedia\/#website","url":"https:\/\/blogs.uef.fi\/tiedonhaku-logopedia\/","name":"Logopedian tiedonhaku","description":"","potentialAction":[{"@type":"SearchAction","target":{"@type":"EntryPoint","urlTemplate":"https:\/\/blogs.uef.fi\/tiedonhaku-logopedia\/?s={search_term_string}"},"query-input":{"@type":"PropertyValueSpecification","valueRequired":true,"valueName":"search_term_string"}}],"inLanguage":"fi"}]}},"_links":{"self":[{"href":"https:\/\/blogs.uef.fi\/tiedonhaku-logopedia\/wp-json\/wp\/v2\/pages\/61","targetHints":{"allow":["GET"]}}],"collection":[{"href":"https:\/\/blogs.uef.fi\/tiedonhaku-logopedia\/wp-json\/wp\/v2\/pages"}],"about":[{"href":"https:\/\/blogs.uef.fi\/tiedonhaku-logopedia\/wp-json\/wp\/v2\/types\/page"}],"author":[{"embeddable":true,"href":"https:\/\/blogs.uef.fi\/tiedonhaku-logopedia\/wp-json\/wp\/v2\/users\/403"}],"replies":[{"embeddable":true,"href":"https:\/\/blogs.uef.fi\/tiedonhaku-logopedia\/wp-json\/wp\/v2\/comments?post=61"}],"version-history":[{"count":3,"href":"https:\/\/blogs.uef.fi\/tiedonhaku-logopedia\/wp-json\/wp\/v2\/pages\/61\/revisions"}],"predecessor-version":[{"id":1128,"href":"https:\/\/blogs.uef.fi\/tiedonhaku-logopedia\/wp-json\/wp\/v2\/pages\/61\/revisions\/1128"}],"wp:attachment":[{"href":"https:\/\/blogs.uef.fi\/tiedonhaku-logopedia\/wp-json\/wp\/v2\/media?parent=61"}],"curies":[{"name":"wp","href":"https:\/\/api.w.org\/{rel}","templated":true}]}}