{"id":536,"date":"2021-08-09T16:27:40","date_gmt":"2021-08-09T13:27:40","guid":{"rendered":"https:\/\/blogs.uef.fi\/tiedonhaku-logopedia\/?page_id=536"},"modified":"2021-09-06T11:08:49","modified_gmt":"2021-09-06T08:08:49","slug":"vinkkeja-tiedonhakuun","status":"publish","type":"page","link":"https:\/\/blogs.uef.fi\/tiedonhaku-logopedia\/vinkkeja-tiedonhakuun\/","title":{"rendered":"Vinkkej\u00e4 tiedonhakuun"},"content":{"rendered":"\n<h2 class=\"wp-block-heading\">Tiedonhakijan muistilista<\/h2>\n\n\n\n<ul class=\"wp-block-list\"><li>Aloita helposta ja siirry vaikeampaa<\/li><li>Kokeilen ensin yksitt\u00e4isi\u00e4 hakusanoja ja tee hakulauseita vasta t\u00e4m\u00e4n j\u00e4lkeen<\/li><li>Mieti miksi hakukone antaa sinulle kulloisenkin hakutuloksen<\/li><li>Tarkista hakusanasi kirjoitusvirheilta. Mieti onko hakusanoillesi esim. k\u00e4ytt\u00f6kelpoisia synonyymej\u00e4. <\/li><li>Tarkista oletko k\u00e4ytt\u00e4nyt loogisesti Boolen operaattoreita. <ul><li>Huomioi, ett\u00e4 NOT-operaattorin k\u00e4yt\u00f6ss\u00e4 kannattaa k\u00e4ytt\u00e4\u00e4 varovaisuutta: se rajaa helposti haun ulkopuolelle k\u00e4ytt\u00f6kelpoisia teoksia.  <\/li><\/ul><\/li><\/ul>\n","protected":false},"excerpt":{"rendered":"<p>Tiedonhakijan muistilista Aloita helposta ja siirry vaikeampaa Kokeilen ensin yksitt\u00e4isi\u00e4 hakusanoja ja tee hakulauseita vasta t\u00e4m\u00e4n j\u00e4lkeen Mieti miksi hakukone antaa sinulle kulloisenkin hakutuloksen Tarkista hakusanasi kirjoitusvirheilta. Mieti onko hakusanoillesi esim. k\u00e4ytt\u00f6kelpoisia synonyymej\u00e4. Tarkista oletko k\u00e4ytt\u00e4nyt loogisesti Boolen operaattoreita. Huomioi, ett\u00e4 NOT-operaattorin k\u00e4yt\u00f6ss\u00e4 kannattaa k\u00e4ytt\u00e4\u00e4 varovaisuutta: se rajaa helposti haun ulkopuolelle k\u00e4ytt\u00f6kelpoisia teoksia.<\/p>\n","protected":false},"author":403,"featured_media":0,"parent":0,"menu_order":0,"comment_status":"closed","ping_status":"closed","template":"","meta":{"_acf_changed":false,"footnotes":""},"class_list":["post-536","page","type-page","status-publish","hentry"],"acf":[],"yoast_head":"<!-- This site is optimized with the Yoast SEO plugin v27.1.1 - https:\/\/yoast.com\/product\/yoast-seo-wordpress\/ -->\n<title>Vinkkej\u00e4 tiedonhakuun - Logopedian tiedonhaku<\/title>\n<meta name=\"robots\" content=\"index, follow, max-snippet:-1, max-image-preview:large, max-video-preview:-1\" \/>\n<link rel=\"canonical\" href=\"https:\/\/blogs.uef.fi\/tiedonhaku-logopedia\/vinkkeja-tiedonhakuun\/\" \/>\n<meta property=\"og:locale\" content=\"fi_FI\" \/>\n<meta property=\"og:type\" content=\"article\" \/>\n<meta property=\"og:title\" content=\"Vinkkej\u00e4 tiedonhakuun - Logopedian tiedonhaku\" \/>\n<meta property=\"og:description\" content=\"Tiedonhakijan muistilista Aloita helposta ja siirry vaikeampaa Kokeilen ensin yksitt\u00e4isi\u00e4 hakusanoja ja tee hakulauseita vasta t\u00e4m\u00e4n j\u00e4lkeen Mieti miksi hakukone antaa sinulle kulloisenkin hakutuloksen Tarkista hakusanasi kirjoitusvirheilta. Mieti onko hakusanoillesi esim. k\u00e4ytt\u00f6kelpoisia synonyymej\u00e4. Tarkista oletko k\u00e4ytt\u00e4nyt loogisesti Boolen operaattoreita. Huomioi, ett\u00e4 NOT-operaattorin k\u00e4yt\u00f6ss\u00e4 kannattaa k\u00e4ytt\u00e4\u00e4 varovaisuutta: se rajaa helposti haun ulkopuolelle k\u00e4ytt\u00f6kelpoisia teoksia.\" \/>\n<meta property=\"og:url\" content=\"https:\/\/blogs.uef.fi\/tiedonhaku-logopedia\/vinkkeja-tiedonhakuun\/\" \/>\n<meta property=\"og:site_name\" content=\"Logopedian tiedonhaku\" \/>\n<meta property=\"article:modified_time\" content=\"2021-09-06T08:08:49+00:00\" \/>\n<meta name=\"twitter:card\" content=\"summary_large_image\" \/>\n<script type=\"application\/ld+json\" class=\"yoast-schema-graph\">{\"@context\":\"https:\/\/schema.org\",\"@graph\":[{\"@type\":\"WebPage\",\"@id\":\"https:\/\/blogs.uef.fi\/tiedonhaku-logopedia\/vinkkeja-tiedonhakuun\/\",\"url\":\"https:\/\/blogs.uef.fi\/tiedonhaku-logopedia\/vinkkeja-tiedonhakuun\/\",\"name\":\"Vinkkej\u00e4 tiedonhakuun - Logopedian tiedonhaku\",\"isPartOf\":{\"@id\":\"https:\/\/blogs.uef.fi\/tiedonhaku-logopedia\/#website\"},\"datePublished\":\"2021-08-09T13:27:40+00:00\",\"dateModified\":\"2021-09-06T08:08:49+00:00\",\"breadcrumb\":{\"@id\":\"https:\/\/blogs.uef.fi\/tiedonhaku-logopedia\/vinkkeja-tiedonhakuun\/#breadcrumb\"},\"inLanguage\":\"fi\",\"potentialAction\":[{\"@type\":\"ReadAction\",\"target\":[\"https:\/\/blogs.uef.fi\/tiedonhaku-logopedia\/vinkkeja-tiedonhakuun\/\"]}]},{\"@type\":\"BreadcrumbList\",\"@id\":\"https:\/\/blogs.uef.fi\/tiedonhaku-logopedia\/vinkkeja-tiedonhakuun\/#breadcrumb\",\"itemListElement\":[{\"@type\":\"ListItem\",\"position\":1,\"name\":\"Home\",\"item\":\"https:\/\/blogs.uef.fi\/tiedonhaku-logopedia\/\"},{\"@type\":\"ListItem\",\"position\":2,\"name\":\"Vinkkej\u00e4 tiedonhakuun\"}]},{\"@type\":\"WebSite\",\"@id\":\"https:\/\/blogs.uef.fi\/tiedonhaku-logopedia\/#website\",\"url\":\"https:\/\/blogs.uef.fi\/tiedonhaku-logopedia\/\",\"name\":\"Logopedian tiedonhaku\",\"description\":\"\",\"potentialAction\":[{\"@type\":\"SearchAction\",\"target\":{\"@type\":\"EntryPoint\",\"urlTemplate\":\"https:\/\/blogs.uef.fi\/tiedonhaku-logopedia\/?s={search_term_string}\"},\"query-input\":{\"@type\":\"PropertyValueSpecification\",\"valueRequired\":true,\"valueName\":\"search_term_string\"}}],\"inLanguage\":\"fi\"}]}<\/script>\n<!-- \/ Yoast SEO plugin. -->","yoast_head_json":{"title":"Vinkkej\u00e4 tiedonhakuun - Logopedian tiedonhaku","robots":{"index":"index","follow":"follow","max-snippet":"max-snippet:-1","max-image-preview":"max-image-preview:large","max-video-preview":"max-video-preview:-1"},"canonical":"https:\/\/blogs.uef.fi\/tiedonhaku-logopedia\/vinkkeja-tiedonhakuun\/","og_locale":"fi_FI","og_type":"article","og_title":"Vinkkej\u00e4 tiedonhakuun - Logopedian tiedonhaku","og_description":"Tiedonhakijan muistilista Aloita helposta ja siirry vaikeampaa Kokeilen ensin yksitt\u00e4isi\u00e4 hakusanoja ja tee hakulauseita vasta t\u00e4m\u00e4n j\u00e4lkeen Mieti miksi hakukone antaa sinulle kulloisenkin hakutuloksen Tarkista hakusanasi kirjoitusvirheilta. Mieti onko hakusanoillesi esim. k\u00e4ytt\u00f6kelpoisia synonyymej\u00e4. Tarkista oletko k\u00e4ytt\u00e4nyt loogisesti Boolen operaattoreita. Huomioi, ett\u00e4 NOT-operaattorin k\u00e4yt\u00f6ss\u00e4 kannattaa k\u00e4ytt\u00e4\u00e4 varovaisuutta: se rajaa helposti haun ulkopuolelle k\u00e4ytt\u00f6kelpoisia teoksia.","og_url":"https:\/\/blogs.uef.fi\/tiedonhaku-logopedia\/vinkkeja-tiedonhakuun\/","og_site_name":"Logopedian tiedonhaku","article_modified_time":"2021-09-06T08:08:49+00:00","twitter_card":"summary_large_image","schema":{"@context":"https:\/\/schema.org","@graph":[{"@type":"WebPage","@id":"https:\/\/blogs.uef.fi\/tiedonhaku-logopedia\/vinkkeja-tiedonhakuun\/","url":"https:\/\/blogs.uef.fi\/tiedonhaku-logopedia\/vinkkeja-tiedonhakuun\/","name":"Vinkkej\u00e4 tiedonhakuun - Logopedian tiedonhaku","isPartOf":{"@id":"https:\/\/blogs.uef.fi\/tiedonhaku-logopedia\/#website"},"datePublished":"2021-08-09T13:27:40+00:00","dateModified":"2021-09-06T08:08:49+00:00","breadcrumb":{"@id":"https:\/\/blogs.uef.fi\/tiedonhaku-logopedia\/vinkkeja-tiedonhakuun\/#breadcrumb"},"inLanguage":"fi","potentialAction":[{"@type":"ReadAction","target":["https:\/\/blogs.uef.fi\/tiedonhaku-logopedia\/vinkkeja-tiedonhakuun\/"]}]},{"@type":"BreadcrumbList","@id":"https:\/\/blogs.uef.fi\/tiedonhaku-logopedia\/vinkkeja-tiedonhakuun\/#breadcrumb","itemListElement":[{"@type":"ListItem","position":1,"name":"Home","item":"https:\/\/blogs.uef.fi\/tiedonhaku-logopedia\/"},{"@type":"ListItem","position":2,"name":"Vinkkej\u00e4 tiedonhakuun"}]},{"@type":"WebSite","@id":"https:\/\/blogs.uef.fi\/tiedonhaku-logopedia\/#website","url":"https:\/\/blogs.uef.fi\/tiedonhaku-logopedia\/","name":"Logopedian tiedonhaku","description":"","potentialAction":[{"@type":"SearchAction","target":{"@type":"EntryPoint","urlTemplate":"https:\/\/blogs.uef.fi\/tiedonhaku-logopedia\/?s={search_term_string}"},"query-input":{"@type":"PropertyValueSpecification","valueRequired":true,"valueName":"search_term_string"}}],"inLanguage":"fi"}]}},"_links":{"self":[{"href":"https:\/\/blogs.uef.fi\/tiedonhaku-logopedia\/wp-json\/wp\/v2\/pages\/536","targetHints":{"allow":["GET"]}}],"collection":[{"href":"https:\/\/blogs.uef.fi\/tiedonhaku-logopedia\/wp-json\/wp\/v2\/pages"}],"about":[{"href":"https:\/\/blogs.uef.fi\/tiedonhaku-logopedia\/wp-json\/wp\/v2\/types\/page"}],"author":[{"embeddable":true,"href":"https:\/\/blogs.uef.fi\/tiedonhaku-logopedia\/wp-json\/wp\/v2\/users\/403"}],"replies":[{"embeddable":true,"href":"https:\/\/blogs.uef.fi\/tiedonhaku-logopedia\/wp-json\/wp\/v2\/comments?post=536"}],"version-history":[{"count":2,"href":"https:\/\/blogs.uef.fi\/tiedonhaku-logopedia\/wp-json\/wp\/v2\/pages\/536\/revisions"}],"predecessor-version":[{"id":829,"href":"https:\/\/blogs.uef.fi\/tiedonhaku-logopedia\/wp-json\/wp\/v2\/pages\/536\/revisions\/829"}],"wp:attachment":[{"href":"https:\/\/blogs.uef.fi\/tiedonhaku-logopedia\/wp-json\/wp\/v2\/media?parent=536"}],"curies":[{"name":"wp","href":"https:\/\/api.w.org\/{rel}","templated":true}]}}