{"id":145,"date":"2021-08-05T11:26:27","date_gmt":"2021-08-05T08:26:27","guid":{"rendered":"https:\/\/blogs.uef.fi\/tiedonhaku-logopedia\/?page_id=145"},"modified":"2023-06-27T10:08:48","modified_gmt":"2023-06-27T07:08:48","slug":"lisaa-tuloksia","status":"publish","type":"page","link":"https:\/\/blogs.uef.fi\/tiedonhaku-logopedia\/lisaa-tuloksia\/","title":{"rendered":"L\u00e4hteiden arviointi"},"content":{"rendered":"\n<p>Tietokantahakujen tulokset ovat tieteellisi\u00e4, valikoituja ja luotettavia julkaisuja. Jotkut tietokannat sis\u00e4lt\u00e4v\u00e4t muutakin kuin tieteellist\u00e4 aineistoa, mutta useimmiten tarjolla on mahdollisuus rajata tulokset vain <strong>vertaisarvioituihin<\/strong> julkaisuihin.<\/p>\n\n\n\n<figure class=\"wp-block-image size-large is-style-default\"><img loading=\"lazy\" decoding=\"async\" width=\"241\" height=\"302\" src=\"https:\/\/blogs.uef.fi\/tiedonhaku-logopedia\/wp-content\/uploads\/sites\/157\/2021\/08\/Primo-vertaisarvioidut-1.jpg\" alt=\"Primossa on vertaisarvioidut kausijulkaisut rajausmahdollisuus. \" class=\"wp-image-643\" srcset=\"https:\/\/blogs.uef.fi\/tiedonhaku-logopedia\/wp-content\/uploads\/sites\/157\/2021\/08\/Primo-vertaisarvioidut-1.jpg 241w, https:\/\/blogs.uef.fi\/tiedonhaku-logopedia\/wp-content\/uploads\/sites\/157\/2021\/08\/Primo-vertaisarvioidut-1-239x300.jpg 239w\" sizes=\"auto, (max-width: 241px) 100vw, 241px\" \/><\/figure>\n\n\n\n<p>Arvioitavia n\u00e4k\u00f6kulmia ovat esim.<\/p>\n\n\n\n<ul class=\"wp-block-list\">\n<li>luotettavuus<\/li>\n\n\n\n<li>tavoitteet ja kohderyhm\u00e4<\/li>\n\n\n\n<li>tekij\u00e4n\/tuottajan\/julkaisijan\/kustajan tausta (asiantuntemus)<\/li>\n\n\n\n<li>onko informaatio suodatettu\/arvioitu<\/li>\n\n\n\n<li>paikkansapit\u00e4vyys<\/li>\n\n\n\n<li>puolueettomuus<\/li>\n\n\n\n<li>tuoreis, ajankohtaisuus, l\u00e4hteen ik\u00e4 <\/li>\n\n\n\n<li>kattavuus<\/li>\n<\/ul>\n\n\n\n<p><\/p>\n\n\n\n<p>Internetl\u00e4hteiss\u00e4 sivun osoite, tekij\u00e4n tiedot, l\u00e4hteet ja julkaisup\u00e4iv\u00e4m\u00e4\u00e4r\u00e4 auttavat alkuun. <\/p>\n\n\n\n<h2 class=\"wp-block-heading\">Varo saalistajalehti\u00e4<\/h2>\n\n\n\n<p>Julkaisumaksujen per\u00e4ss\u00e4 liikkuvien predator- eli saalistajalehtien artikkeleiden taso on heikko, osa saattaa olla jopa plagiaatteja muiden tutkijoiden t\u00f6ist\u00e4. Alla on muutamia keinoja tarkistaa lehden tieteellisyys: <\/p>\n\n\n\n<ul class=\"wp-block-list\">\n<li><a href=\"https:\/\/www.tsv.fi\/julkaisufoorumi\/haku.php\">Jufo -luokitus<\/a><\/li>\n\n\n\n<li>googleta p\u00e4\u00e4kirjoittaja ja selvit\u00e4 h\u00e4nen taustatietonsa<\/li>\n\n\n\n<li>onko lehti <a href=\"https:\/\/doaj.org\/\">The Directory of Open Access Journals<\/a> -listalla. Tarkkaile listan tuloksia kriittisesti, sill\u00e4 joitakin saalistajia on p\u00e4\u00e4tynyt listaukseen. <\/li>\n<\/ul>\n","protected":false},"excerpt":{"rendered":"<p>Tietokantahakujen tulokset ovat tieteellisi\u00e4, valikoituja ja luotettavia julkaisuja. Jotkut tietokannat sis\u00e4lt\u00e4v\u00e4t muutakin kuin tieteellist\u00e4 aineistoa, mutta useimmiten tarjolla on mahdollisuus rajata tulokset vain vertaisarvioituihin julkaisuihin. Arvioitavia n\u00e4k\u00f6kulmia ovat esim. Internetl\u00e4hteiss\u00e4 sivun osoite, tekij\u00e4n tiedot, l\u00e4hteet ja julkaisup\u00e4iv\u00e4m\u00e4\u00e4r\u00e4 auttavat alkuun. Varo saalistajalehti\u00e4 Julkaisumaksujen per\u00e4ss\u00e4 liikkuvien predator- eli saalistajalehtien artikkeleiden taso on heikko, osa saattaa olla jopa [&hellip;]<\/p>\n","protected":false},"author":403,"featured_media":0,"parent":0,"menu_order":0,"comment_status":"closed","ping_status":"closed","template":"","meta":{"_acf_changed":false,"footnotes":""},"class_list":["post-145","page","type-page","status-publish","hentry"],"acf":[],"yoast_head":"<!-- This site is optimized with the Yoast SEO plugin v27.1.1 - https:\/\/yoast.com\/product\/yoast-seo-wordpress\/ -->\n<title>L\u00e4hteiden arviointi - Logopedian tiedonhaku<\/title>\n<meta name=\"robots\" content=\"index, follow, max-snippet:-1, max-image-preview:large, max-video-preview:-1\" \/>\n<link rel=\"canonical\" href=\"https:\/\/blogs.uef.fi\/tiedonhaku-logopedia\/lisaa-tuloksia\/\" \/>\n<meta property=\"og:locale\" content=\"fi_FI\" \/>\n<meta property=\"og:type\" content=\"article\" \/>\n<meta property=\"og:title\" content=\"L\u00e4hteiden arviointi - Logopedian tiedonhaku\" \/>\n<meta property=\"og:description\" content=\"Tietokantahakujen tulokset ovat tieteellisi\u00e4, valikoituja ja luotettavia julkaisuja. Jotkut tietokannat sis\u00e4lt\u00e4v\u00e4t muutakin kuin tieteellist\u00e4 aineistoa, mutta useimmiten tarjolla on mahdollisuus rajata tulokset vain vertaisarvioituihin julkaisuihin. Arvioitavia n\u00e4k\u00f6kulmia ovat esim. Internetl\u00e4hteiss\u00e4 sivun osoite, tekij\u00e4n tiedot, l\u00e4hteet ja julkaisup\u00e4iv\u00e4m\u00e4\u00e4r\u00e4 auttavat alkuun. Varo saalistajalehti\u00e4 Julkaisumaksujen per\u00e4ss\u00e4 liikkuvien predator- eli saalistajalehtien artikkeleiden taso on heikko, osa saattaa olla jopa [&hellip;]\" \/>\n<meta property=\"og:url\" content=\"https:\/\/blogs.uef.fi\/tiedonhaku-logopedia\/lisaa-tuloksia\/\" \/>\n<meta property=\"og:site_name\" content=\"Logopedian tiedonhaku\" \/>\n<meta property=\"article:modified_time\" content=\"2023-06-27T07:08:48+00:00\" \/>\n<meta property=\"og:image\" content=\"https:\/\/blogs.uef.fi\/tiedonhaku-logopedia\/wp-content\/uploads\/sites\/157\/2021\/08\/Primo-vertaisarvioidut-1.jpg\" \/>\n<meta name=\"twitter:card\" content=\"summary_large_image\" \/>\n<meta name=\"twitter:label1\" content=\"Arvioitu lukuaika\" \/>\n\t<meta name=\"twitter:data1\" content=\"1 minuutti\" \/>\n<script type=\"application\/ld+json\" class=\"yoast-schema-graph\">{\"@context\":\"https:\/\/schema.org\",\"@graph\":[{\"@type\":\"WebPage\",\"@id\":\"https:\/\/blogs.uef.fi\/tiedonhaku-logopedia\/lisaa-tuloksia\/\",\"url\":\"https:\/\/blogs.uef.fi\/tiedonhaku-logopedia\/lisaa-tuloksia\/\",\"name\":\"L\u00e4hteiden arviointi - Logopedian tiedonhaku\",\"isPartOf\":{\"@id\":\"https:\/\/blogs.uef.fi\/tiedonhaku-logopedia\/#website\"},\"primaryImageOfPage\":{\"@id\":\"https:\/\/blogs.uef.fi\/tiedonhaku-logopedia\/lisaa-tuloksia\/#primaryimage\"},\"image\":{\"@id\":\"https:\/\/blogs.uef.fi\/tiedonhaku-logopedia\/lisaa-tuloksia\/#primaryimage\"},\"thumbnailUrl\":\"https:\/\/blogs.uef.fi\/tiedonhaku-logopedia\/wp-content\/uploads\/sites\/157\/2021\/08\/Primo-vertaisarvioidut-1.jpg\",\"datePublished\":\"2021-08-05T08:26:27+00:00\",\"dateModified\":\"2023-06-27T07:08:48+00:00\",\"breadcrumb\":{\"@id\":\"https:\/\/blogs.uef.fi\/tiedonhaku-logopedia\/lisaa-tuloksia\/#breadcrumb\"},\"inLanguage\":\"fi\",\"potentialAction\":[{\"@type\":\"ReadAction\",\"target\":[\"https:\/\/blogs.uef.fi\/tiedonhaku-logopedia\/lisaa-tuloksia\/\"]}]},{\"@type\":\"ImageObject\",\"inLanguage\":\"fi\",\"@id\":\"https:\/\/blogs.uef.fi\/tiedonhaku-logopedia\/lisaa-tuloksia\/#primaryimage\",\"url\":\"https:\/\/blogs.uef.fi\/tiedonhaku-logopedia\/wp-content\/uploads\/sites\/157\/2021\/08\/Primo-vertaisarvioidut-1.jpg\",\"contentUrl\":\"https:\/\/blogs.uef.fi\/tiedonhaku-logopedia\/wp-content\/uploads\/sites\/157\/2021\/08\/Primo-vertaisarvioidut-1.jpg\",\"width\":241,\"height\":302,\"caption\":\"Primossa voi rajata hakuja koskemaan vertaisarvioitua aineistoa.\"},{\"@type\":\"BreadcrumbList\",\"@id\":\"https:\/\/blogs.uef.fi\/tiedonhaku-logopedia\/lisaa-tuloksia\/#breadcrumb\",\"itemListElement\":[{\"@type\":\"ListItem\",\"position\":1,\"name\":\"Home\",\"item\":\"https:\/\/blogs.uef.fi\/tiedonhaku-logopedia\/\"},{\"@type\":\"ListItem\",\"position\":2,\"name\":\"L\u00e4hteiden arviointi\"}]},{\"@type\":\"WebSite\",\"@id\":\"https:\/\/blogs.uef.fi\/tiedonhaku-logopedia\/#website\",\"url\":\"https:\/\/blogs.uef.fi\/tiedonhaku-logopedia\/\",\"name\":\"Logopedian tiedonhaku\",\"description\":\"\",\"potentialAction\":[{\"@type\":\"SearchAction\",\"target\":{\"@type\":\"EntryPoint\",\"urlTemplate\":\"https:\/\/blogs.uef.fi\/tiedonhaku-logopedia\/?s={search_term_string}\"},\"query-input\":{\"@type\":\"PropertyValueSpecification\",\"valueRequired\":true,\"valueName\":\"search_term_string\"}}],\"inLanguage\":\"fi\"}]}<\/script>\n<!-- \/ Yoast SEO plugin. -->","yoast_head_json":{"title":"L\u00e4hteiden arviointi - Logopedian tiedonhaku","robots":{"index":"index","follow":"follow","max-snippet":"max-snippet:-1","max-image-preview":"max-image-preview:large","max-video-preview":"max-video-preview:-1"},"canonical":"https:\/\/blogs.uef.fi\/tiedonhaku-logopedia\/lisaa-tuloksia\/","og_locale":"fi_FI","og_type":"article","og_title":"L\u00e4hteiden arviointi - Logopedian tiedonhaku","og_description":"Tietokantahakujen tulokset ovat tieteellisi\u00e4, valikoituja ja luotettavia julkaisuja. Jotkut tietokannat sis\u00e4lt\u00e4v\u00e4t muutakin kuin tieteellist\u00e4 aineistoa, mutta useimmiten tarjolla on mahdollisuus rajata tulokset vain vertaisarvioituihin julkaisuihin. Arvioitavia n\u00e4k\u00f6kulmia ovat esim. Internetl\u00e4hteiss\u00e4 sivun osoite, tekij\u00e4n tiedot, l\u00e4hteet ja julkaisup\u00e4iv\u00e4m\u00e4\u00e4r\u00e4 auttavat alkuun. Varo saalistajalehti\u00e4 Julkaisumaksujen per\u00e4ss\u00e4 liikkuvien predator- eli saalistajalehtien artikkeleiden taso on heikko, osa saattaa olla jopa [&hellip;]","og_url":"https:\/\/blogs.uef.fi\/tiedonhaku-logopedia\/lisaa-tuloksia\/","og_site_name":"Logopedian tiedonhaku","article_modified_time":"2023-06-27T07:08:48+00:00","og_image":[{"url":"https:\/\/blogs.uef.fi\/tiedonhaku-logopedia\/wp-content\/uploads\/sites\/157\/2021\/08\/Primo-vertaisarvioidut-1.jpg","type":"","width":"","height":""}],"twitter_card":"summary_large_image","twitter_misc":{"Arvioitu lukuaika":"1 minuutti"},"schema":{"@context":"https:\/\/schema.org","@graph":[{"@type":"WebPage","@id":"https:\/\/blogs.uef.fi\/tiedonhaku-logopedia\/lisaa-tuloksia\/","url":"https:\/\/blogs.uef.fi\/tiedonhaku-logopedia\/lisaa-tuloksia\/","name":"L\u00e4hteiden arviointi - Logopedian tiedonhaku","isPartOf":{"@id":"https:\/\/blogs.uef.fi\/tiedonhaku-logopedia\/#website"},"primaryImageOfPage":{"@id":"https:\/\/blogs.uef.fi\/tiedonhaku-logopedia\/lisaa-tuloksia\/#primaryimage"},"image":{"@id":"https:\/\/blogs.uef.fi\/tiedonhaku-logopedia\/lisaa-tuloksia\/#primaryimage"},"thumbnailUrl":"https:\/\/blogs.uef.fi\/tiedonhaku-logopedia\/wp-content\/uploads\/sites\/157\/2021\/08\/Primo-vertaisarvioidut-1.jpg","datePublished":"2021-08-05T08:26:27+00:00","dateModified":"2023-06-27T07:08:48+00:00","breadcrumb":{"@id":"https:\/\/blogs.uef.fi\/tiedonhaku-logopedia\/lisaa-tuloksia\/#breadcrumb"},"inLanguage":"fi","potentialAction":[{"@type":"ReadAction","target":["https:\/\/blogs.uef.fi\/tiedonhaku-logopedia\/lisaa-tuloksia\/"]}]},{"@type":"ImageObject","inLanguage":"fi","@id":"https:\/\/blogs.uef.fi\/tiedonhaku-logopedia\/lisaa-tuloksia\/#primaryimage","url":"https:\/\/blogs.uef.fi\/tiedonhaku-logopedia\/wp-content\/uploads\/sites\/157\/2021\/08\/Primo-vertaisarvioidut-1.jpg","contentUrl":"https:\/\/blogs.uef.fi\/tiedonhaku-logopedia\/wp-content\/uploads\/sites\/157\/2021\/08\/Primo-vertaisarvioidut-1.jpg","width":241,"height":302,"caption":"Primossa voi rajata hakuja koskemaan vertaisarvioitua aineistoa."},{"@type":"BreadcrumbList","@id":"https:\/\/blogs.uef.fi\/tiedonhaku-logopedia\/lisaa-tuloksia\/#breadcrumb","itemListElement":[{"@type":"ListItem","position":1,"name":"Home","item":"https:\/\/blogs.uef.fi\/tiedonhaku-logopedia\/"},{"@type":"ListItem","position":2,"name":"L\u00e4hteiden arviointi"}]},{"@type":"WebSite","@id":"https:\/\/blogs.uef.fi\/tiedonhaku-logopedia\/#website","url":"https:\/\/blogs.uef.fi\/tiedonhaku-logopedia\/","name":"Logopedian tiedonhaku","description":"","potentialAction":[{"@type":"SearchAction","target":{"@type":"EntryPoint","urlTemplate":"https:\/\/blogs.uef.fi\/tiedonhaku-logopedia\/?s={search_term_string}"},"query-input":{"@type":"PropertyValueSpecification","valueRequired":true,"valueName":"search_term_string"}}],"inLanguage":"fi"}]}},"_links":{"self":[{"href":"https:\/\/blogs.uef.fi\/tiedonhaku-logopedia\/wp-json\/wp\/v2\/pages\/145","targetHints":{"allow":["GET"]}}],"collection":[{"href":"https:\/\/blogs.uef.fi\/tiedonhaku-logopedia\/wp-json\/wp\/v2\/pages"}],"about":[{"href":"https:\/\/blogs.uef.fi\/tiedonhaku-logopedia\/wp-json\/wp\/v2\/types\/page"}],"author":[{"embeddable":true,"href":"https:\/\/blogs.uef.fi\/tiedonhaku-logopedia\/wp-json\/wp\/v2\/users\/403"}],"replies":[{"embeddable":true,"href":"https:\/\/blogs.uef.fi\/tiedonhaku-logopedia\/wp-json\/wp\/v2\/comments?post=145"}],"version-history":[{"count":3,"href":"https:\/\/blogs.uef.fi\/tiedonhaku-logopedia\/wp-json\/wp\/v2\/pages\/145\/revisions"}],"predecessor-version":[{"id":1164,"href":"https:\/\/blogs.uef.fi\/tiedonhaku-logopedia\/wp-json\/wp\/v2\/pages\/145\/revisions\/1164"}],"wp:attachment":[{"href":"https:\/\/blogs.uef.fi\/tiedonhaku-logopedia\/wp-json\/wp\/v2\/media?parent=145"}],"curies":[{"name":"wp","href":"https:\/\/api.w.org\/{rel}","templated":true}]}}