{"id":61,"date":"2020-05-08T13:48:51","date_gmt":"2020-05-08T13:48:51","guid":{"rendered":"https:\/\/blogs.uef.fi\/tiedonhaku-kauppatieteet\/?page_id=61"},"modified":"2025-06-30T11:39:42","modified_gmt":"2025-06-30T09:39:42","slug":"tieteellinen-julkaiseminen","status":"publish","type":"page","link":"https:\/\/blogs.uef.fi\/tiedonhaku-kauppatieteet\/tieteellinen-julkaiseminen\/","title":{"rendered":"Tieteellinen julkaiseminen"},"content":{"rendered":"\n<div class=\"links-block\">\n\n            <h3>Tieteelliset julkaisut ja l\u00e4hteiden arviointi<\/h3>\n    \n    <ul class=\"link-list\">\n        \n            \n            <li class=\"link-list-item\">\n                <a href=\"https:\/\/sites.uef.fi\/tiedonhaku-kirjasto\/mika-on-tieteellinen-julkaisu\/\" class=\"link-reset link hover-scale-down\">\n                    <svg\n        width=\"43\" height=\"25\"\n        viewBox=\"0 0 43 25\"\n        xmlns=\"http:\/\/www.w3.org\/2000\/svg\">\n    <path\n        d=\"M30.027 0 43 12.5 30.027 25 27 22.083 34.351 15H0v-5h34.351L27 2.917z\"\n        fill=\"currentColor\"\n        fill-rule=\"evenodd\"\/>\n<\/svg>                    <div>Mik\u00e4 on tieteellinen julkaisu?<\/div>\n                <\/a>\n                <div class=\"link-info\">\n                                            <div class=\"link-info-type\">Tieteelliset, ammatilliset, yleistajuiset julkaisut. Tieteellisen julkaisun rakenne. Vertaisarviointi.<\/div>\n                                    <\/div>\n            <\/li>\n\n        \n            <li class=\"link-list-item\">\n                <a href=\"https:\/\/sites.uef.fi\/tiedonhaku-kirjasto\/tieteelliset-julkaisut-eri-aloilla\/\" class=\"link-reset link hover-scale-down\">\n                    <svg\n        width=\"43\" height=\"25\"\n        viewBox=\"0 0 43 25\"\n        xmlns=\"http:\/\/www.w3.org\/2000\/svg\">\n    <path\n        d=\"M30.027 0 43 12.5 30.027 25 27 22.083 34.351 15H0v-5h34.351L27 2.917z\"\n        fill=\"currentColor\"\n        fill-rule=\"evenodd\"\/>\n<\/svg>                    <div>Tieteelliset julkaisut eri aloilla<\/div>\n                <\/a>\n                <div class=\"link-info\">\n                                            <div class=\"link-info-type\">Julkaisutyypit: Tieteellinen lehdet ja artikkelit. Kirjat. Julkaisusarjat\/sarjajulkaisut. Konferenssijulkaisut.<\/div>\n                                    <\/div>\n            <\/li>\n\n        \n            <li class=\"link-list-item\">\n                <a href=\"https:\/\/sites.uef.fi\/tiedonhaku-kirjasto\/open-access-eli-avoin-julkaiseminen\/\" class=\"link-reset link hover-scale-down\">\n                    <svg\n        width=\"43\" height=\"25\"\n        viewBox=\"0 0 43 25\"\n        xmlns=\"http:\/\/www.w3.org\/2000\/svg\">\n    <path\n        d=\"M30.027 0 43 12.5 30.027 25 27 22.083 34.351 15H0v-5h34.351L27 2.917z\"\n        fill=\"currentColor\"\n        fill-rule=\"evenodd\"\/>\n<\/svg>                    <div>Open access eli avoin jukaiseminen<\/div>\n                <\/a>\n                <div class=\"link-info\">\n                                    <\/div>\n            <\/li>\n\n        \n            <li class=\"link-list-item\">\n                <a href=\"https:\/\/sites.uef.fi\/tiedonhaku-kirjasto\/julkaisun-luotettavuuden-ja-tieteellisen-tason-arviointi\/\" class=\"link-reset link hover-scale-down\">\n                    <svg\n        width=\"43\" height=\"25\"\n        viewBox=\"0 0 43 25\"\n        xmlns=\"http:\/\/www.w3.org\/2000\/svg\">\n    <path\n        d=\"M30.027 0 43 12.5 30.027 25 27 22.083 34.351 15H0v-5h34.351L27 2.917z\"\n        fill=\"currentColor\"\n        fill-rule=\"evenodd\"\/>\n<\/svg>                    <div>Julkaisun luotettavuuden ja tieteellisen tason arviointi<\/div>\n                <\/a>\n                <div class=\"link-info\">\n                                    <\/div>\n            <\/li>\n\n                <\/ul>\n<\/div>\n\n\n<h2 class=\"wp-block-heading\">Tutustu oman alasi julkaisukulttuuriin<\/h2>\n\n\n\n<p><strong><a href=\"https:\/\/tiedejatutkimus.fi\/fi\/\" target=\"_blank\" rel=\"noreferrer noopener\">Tiedejatutkimus.fi<\/a> <\/strong>-portaalista voit hakea kaikkien Suomen tutkimusorganisaatioiden julkaisuja.<br><a href=\"https:\/\/tiedejatutkimus.fi\/fi\/results\/publications\/?target=&amp;page=1&amp;field=512\" target=\"_blank\" rel=\"noreferrer noopener\">Liiketaloustieteen julkaisut<\/a> [aukeaa uuteen v\u00e4lilehteen]<br><br>&gt; Kavenna vasemmasta laidasta esimerkiksi julkaisutyypeill\u00e4, vertaisarvioinnilla, tieteellisyydell\u00e4\/ammatillisuudella\/yleistajuisuudella (julkaisun yleis\u00f6), kielell\u00e4, yliopistolla, julkaisuvuodella.<\/p>\n\n\n\n<h2 class=\"wp-block-heading\">Kauppatieteiden tieteellisi\u00e4 lehti\u00e4<\/h2>\n\n\n\n<p>Esimerkiksi [alla linkit aukeavat uuteen v\u00e4lilehteen UEF-Primoon]<\/p>\n\n\n\n<ul class=\"wp-block-list\">\n<li><a href=\"https:\/\/primo.uef.fi\/permalink\/358FIN_UOEF\/g1i500\/alma9914835675305966\" target=\"_blank\" rel=\"noreferrer noopener\">Academy of management journal<\/a><\/li>\n\n\n\n<li><a href=\"https:\/\/primo.uef.fi\/permalink\/358FIN_UOEF\/g1i500\/alma9914835674805966\" target=\"_blank\" rel=\"noreferrer noopener\">Accounting review<\/a><\/li>\n\n\n\n<li><a href=\"https:\/\/primo.uef.fi\/permalink\/358FIN_UOEF\/g1i500\/alma9914866723705966\" target=\"_blank\" rel=\"noreferrer noopener\">Entrepreneurship: Theory and Practice<\/a><\/li>\n\n\n\n<li><a href=\"https:\/\/primo.uef.fi\/permalink\/358FIN_UOEF\/g1i500\/alma9914832079105966\" target=\"_blank\" rel=\"noreferrer noopener\">Journal of International Business Studies (JIBS)<\/a><\/li>\n\n\n\n<li><a href=\"https:\/\/primo.uef.fi\/permalink\/358FIN_UOEF\/g1i500\/alma9914825301705966\" target=\"_blank\" rel=\"noreferrer noopener\">Journal of finance<\/a><\/li>\n\n\n\n<li><a href=\"https:\/\/primo.uef.fi\/permalink\/358FIN_UOEF\/g1i500\/alma9914825299105966\" target=\"_blank\" rel=\"noreferrer noopener\">Journal of marketing<\/a><\/li>\n\n\n\n<li><a href=\"https:\/\/primo.uef.fi\/permalink\/358FIN_UOEF\/g1i500\/alma9914834244905966\" target=\"_blank\" rel=\"noreferrer noopener\">Organization studies<\/a><\/li>\n\n\n\n<li><a href=\"https:\/\/primo.uef.fi\/permalink\/358FIN_UOEF\/g1i500\/alma9914832168705966\" target=\"_blank\" rel=\"noreferrer noopener\">Strategic management journal<\/a><\/li>\n<\/ul>\n\n\n\n<p>N\u00e4m\u00e4 ja monet muut l\u00f6yd\u00e4t&nbsp;<a href=\"https:\/\/primo.uef.fi\/discovery\/jsearch?vid=358FIN_UOEF:VU1\" target=\"_blank\" rel=\"noreferrer noopener\"> <strong>UEF-Primon<\/strong><\/a> kautta [aukeaa uuteen ikkunaan].<br>Kirjoita lehtihakuun lehden nimi (ei artikkelia) \u2013 tai selaa aihealueittain. Kirjaudu UEF-k\u00e4ytt\u00e4j\u00e4tunnuksillasi.<\/p>\n\n\n\n<p>Tieteellisten lehtien suuria kustantajia ovat Elsevier, Emerald, Wiley, Sage, Springer, Taylor &amp; Francis, Cambridge University Press. Opettele tunnistamaan n\u00e4m\u00e4 hakutuloksissasi.<\/p>\n\n\n\n<p>Kauppatieteen lehti\u00e4 arvioivat ja rankkaavat Julkaisufoorumin (JUFO) ja impact factor (JCR) -lukujen lis\u00e4ksi lis\u00e4ksi ainakin <\/p>\n\n\n\n<ul class=\"wp-block-list\">\n<li><a href=\"https:\/\/www.ft.com\/content\/3405a512-5cbb-11e1-8f1f-00144feabdc0\" target=\"_blank\" rel=\"noreferrer noopener\">FT50<\/a> (Financial Times)<\/li>\n\n\n\n<li><a href=\"https:\/\/charteredabs.org\/academic-journal-guide-2021\/\" target=\"_blank\" rel=\"noreferrer noopener\">Academic journal guid<\/a><a href=\"https:\/\/charteredabs.org\/academic-journal-guide-2018\/\" target=\"_blank\" rel=\"noreferrer noopener\">e<\/a> (CABS, Chartered Association of Business Schools, UK; rekister\u00f6idy)<\/li>\n\n\n\n<li><a href=\"https:\/\/harzing.com\/resources\/journal-quality-list\" target=\"_blank\" rel=\"noreferrer noopener\">Journal quality list<\/a> collation of journal rankings from a variety of sources\u201d \/ Anne-Will Harzing <\/li>\n<\/ul>\n\n\n\n<h3 class=\"wp-block-heading\"><strong>Artikkeleiden hakuun<\/strong><\/h3>\n\n\n\n<p>Tieteellisten lehtien artikkeleita l\u00f6yd\u00e4t esimerkiksi <br><a href=\"https:\/\/scholar.google.fi\" target=\"_blank\" rel=\"noreferrer noopener\">Google Scholarilla<\/a> <br><a href=\"https:\/\/primo.uef.fi\/discovery\/search?vid=358FIN_UOEF:VU1\" target=\"_blank\" rel=\"noreferrer noopener\">UEF-Primon<\/a> kansainv\u00e4listen artikkeleiden haulla (kirjoita jotain, niin saat esiin valinnan) <br><a href=\"https:\/\/primo.uef.fi\/permalink\/358FIN_UOEF\/mhajq\/alma9911698053705966\" target=\"_blank\" rel=\"noreferrer noopener\">Business Source Elite (Ebsco)<\/a> -tietokannan kautta.<br><br>Ole tarkkana varsinkin Google Scholarin tulosten tieteellisyyden arvioinnissa. UEF-Primossa ja Business Sourcessa haun saa rajattua vain vertaisarviointia k\u00e4ytt\u00e4vien lehtien artikkeleihin (peer reviewed).<\/p>\n\n\n\n<p><\/p>\n\n\n\n<p><\/p>\n","protected":false},"excerpt":{"rendered":"<p>Tutustu oman alasi julkaisukulttuuriin Tiedejatutkimus.fi -portaalista voit hakea kaikkien Suomen tutkimusorganisaatioiden julkaisuja.Liiketaloustieteen julkaisut [aukeaa uuteen v\u00e4lilehteen] &gt; Kavenna vasemmasta laidasta esimerkiksi julkaisutyypeill\u00e4, vertaisarvioinnilla, tieteellisyydell\u00e4\/ammatillisuudella\/yleistajuisuudella (julkaisun yleis\u00f6), kielell\u00e4, yliopistolla, julkaisuvuodella. Kauppatieteiden tieteellisi\u00e4 lehti\u00e4 Esimerkiksi [alla linkit aukeavat uuteen v\u00e4lilehteen UEF-Primoon] N\u00e4m\u00e4 ja monet muut l\u00f6yd\u00e4t&nbsp; UEF-Primon kautta [aukeaa uuteen ikkunaan].Kirjoita lehtihakuun lehden nimi (ei artikkelia) \u2013 [&hellip;]<\/p>\n","protected":false},"author":190,"featured_media":0,"parent":0,"menu_order":1,"comment_status":"closed","ping_status":"closed","template":"","meta":{"_acf_changed":false,"footnotes":""},"class_list":["post-61","page","type-page","status-publish","hentry"],"acf":[],"yoast_head":"<!-- This site is optimized with the Yoast SEO plugin v27.1.1 - https:\/\/yoast.com\/product\/yoast-seo-wordpress\/ -->\n<title>Tieteellinen julkaiseminen - Tiedonhaku - Kauppatieteet<\/title>\n<meta name=\"robots\" content=\"index, follow, max-snippet:-1, max-image-preview:large, max-video-preview:-1\" \/>\n<link rel=\"canonical\" href=\"https:\/\/blogs.uef.fi\/tiedonhaku-kauppatieteet\/tieteellinen-julkaiseminen\/\" \/>\n<meta property=\"og:locale\" content=\"fi_FI\" \/>\n<meta property=\"og:type\" content=\"article\" \/>\n<meta property=\"og:title\" content=\"Tieteellinen julkaiseminen - Tiedonhaku - Kauppatieteet\" \/>\n<meta property=\"og:description\" content=\"Tutustu oman alasi julkaisukulttuuriin Tiedejatutkimus.fi -portaalista voit hakea kaikkien Suomen tutkimusorganisaatioiden julkaisuja.Liiketaloustieteen julkaisut [aukeaa uuteen v\u00e4lilehteen] &gt; Kavenna vasemmasta laidasta esimerkiksi julkaisutyypeill\u00e4, vertaisarvioinnilla, tieteellisyydell\u00e4\/ammatillisuudella\/yleistajuisuudella (julkaisun yleis\u00f6), kielell\u00e4, yliopistolla, julkaisuvuodella. Kauppatieteiden tieteellisi\u00e4 lehti\u00e4 Esimerkiksi [alla linkit aukeavat uuteen v\u00e4lilehteen UEF-Primoon] N\u00e4m\u00e4 ja monet muut l\u00f6yd\u00e4t&nbsp; UEF-Primon kautta [aukeaa uuteen ikkunaan].Kirjoita lehtihakuun lehden nimi (ei artikkelia) \u2013 [&hellip;]\" \/>\n<meta property=\"og:url\" content=\"https:\/\/blogs.uef.fi\/tiedonhaku-kauppatieteet\/tieteellinen-julkaiseminen\/\" \/>\n<meta property=\"og:site_name\" content=\"Tiedonhaku - Kauppatieteet\" \/>\n<meta property=\"article:modified_time\" content=\"2025-06-30T09:39:42+00:00\" \/>\n<meta name=\"twitter:card\" content=\"summary_large_image\" \/>\n<meta name=\"twitter:label1\" content=\"Arvioitu lukuaika\" \/>\n\t<meta name=\"twitter:data1\" content=\"2 minuuttia\" \/>\n<script type=\"application\/ld+json\" class=\"yoast-schema-graph\">{\"@context\":\"https:\/\/schema.org\",\"@graph\":[{\"@type\":\"WebPage\",\"@id\":\"https:\/\/blogs.uef.fi\/tiedonhaku-kauppatieteet\/tieteellinen-julkaiseminen\/\",\"url\":\"https:\/\/blogs.uef.fi\/tiedonhaku-kauppatieteet\/tieteellinen-julkaiseminen\/\",\"name\":\"Tieteellinen julkaiseminen - Tiedonhaku - Kauppatieteet\",\"isPartOf\":{\"@id\":\"https:\/\/blogs.uef.fi\/tiedonhaku-kauppatieteet\/#website\"},\"datePublished\":\"2020-05-08T13:48:51+00:00\",\"dateModified\":\"2025-06-30T09:39:42+00:00\",\"breadcrumb\":{\"@id\":\"https:\/\/blogs.uef.fi\/tiedonhaku-kauppatieteet\/tieteellinen-julkaiseminen\/#breadcrumb\"},\"inLanguage\":\"fi\",\"potentialAction\":[{\"@type\":\"ReadAction\",\"target\":[\"https:\/\/blogs.uef.fi\/tiedonhaku-kauppatieteet\/tieteellinen-julkaiseminen\/\"]}]},{\"@type\":\"BreadcrumbList\",\"@id\":\"https:\/\/blogs.uef.fi\/tiedonhaku-kauppatieteet\/tieteellinen-julkaiseminen\/#breadcrumb\",\"itemListElement\":[{\"@type\":\"ListItem\",\"position\":1,\"name\":\"Home\",\"item\":\"https:\/\/blogs.uef.fi\/tiedonhaku-kauppatieteet\/\"},{\"@type\":\"ListItem\",\"position\":2,\"name\":\"Tieteellinen julkaiseminen\"}]},{\"@type\":\"WebSite\",\"@id\":\"https:\/\/blogs.uef.fi\/tiedonhaku-kauppatieteet\/#website\",\"url\":\"https:\/\/blogs.uef.fi\/tiedonhaku-kauppatieteet\/\",\"name\":\"Tiedonhaku - Kauppatieteet\",\"description\":\"\",\"potentialAction\":[{\"@type\":\"SearchAction\",\"target\":{\"@type\":\"EntryPoint\",\"urlTemplate\":\"https:\/\/blogs.uef.fi\/tiedonhaku-kauppatieteet\/?s={search_term_string}\"},\"query-input\":{\"@type\":\"PropertyValueSpecification\",\"valueRequired\":true,\"valueName\":\"search_term_string\"}}],\"inLanguage\":\"fi\"}]}<\/script>\n<!-- \/ Yoast SEO plugin. -->","yoast_head_json":{"title":"Tieteellinen julkaiseminen - Tiedonhaku - Kauppatieteet","robots":{"index":"index","follow":"follow","max-snippet":"max-snippet:-1","max-image-preview":"max-image-preview:large","max-video-preview":"max-video-preview:-1"},"canonical":"https:\/\/blogs.uef.fi\/tiedonhaku-kauppatieteet\/tieteellinen-julkaiseminen\/","og_locale":"fi_FI","og_type":"article","og_title":"Tieteellinen julkaiseminen - Tiedonhaku - Kauppatieteet","og_description":"Tutustu oman alasi julkaisukulttuuriin Tiedejatutkimus.fi -portaalista voit hakea kaikkien Suomen tutkimusorganisaatioiden julkaisuja.Liiketaloustieteen julkaisut [aukeaa uuteen v\u00e4lilehteen] &gt; Kavenna vasemmasta laidasta esimerkiksi julkaisutyypeill\u00e4, vertaisarvioinnilla, tieteellisyydell\u00e4\/ammatillisuudella\/yleistajuisuudella (julkaisun yleis\u00f6), kielell\u00e4, yliopistolla, julkaisuvuodella. Kauppatieteiden tieteellisi\u00e4 lehti\u00e4 Esimerkiksi [alla linkit aukeavat uuteen v\u00e4lilehteen UEF-Primoon] N\u00e4m\u00e4 ja monet muut l\u00f6yd\u00e4t&nbsp; UEF-Primon kautta [aukeaa uuteen ikkunaan].Kirjoita lehtihakuun lehden nimi (ei artikkelia) \u2013 [&hellip;]","og_url":"https:\/\/blogs.uef.fi\/tiedonhaku-kauppatieteet\/tieteellinen-julkaiseminen\/","og_site_name":"Tiedonhaku - Kauppatieteet","article_modified_time":"2025-06-30T09:39:42+00:00","twitter_card":"summary_large_image","twitter_misc":{"Arvioitu lukuaika":"2 minuuttia"},"schema":{"@context":"https:\/\/schema.org","@graph":[{"@type":"WebPage","@id":"https:\/\/blogs.uef.fi\/tiedonhaku-kauppatieteet\/tieteellinen-julkaiseminen\/","url":"https:\/\/blogs.uef.fi\/tiedonhaku-kauppatieteet\/tieteellinen-julkaiseminen\/","name":"Tieteellinen julkaiseminen - Tiedonhaku - Kauppatieteet","isPartOf":{"@id":"https:\/\/blogs.uef.fi\/tiedonhaku-kauppatieteet\/#website"},"datePublished":"2020-05-08T13:48:51+00:00","dateModified":"2025-06-30T09:39:42+00:00","breadcrumb":{"@id":"https:\/\/blogs.uef.fi\/tiedonhaku-kauppatieteet\/tieteellinen-julkaiseminen\/#breadcrumb"},"inLanguage":"fi","potentialAction":[{"@type":"ReadAction","target":["https:\/\/blogs.uef.fi\/tiedonhaku-kauppatieteet\/tieteellinen-julkaiseminen\/"]}]},{"@type":"BreadcrumbList","@id":"https:\/\/blogs.uef.fi\/tiedonhaku-kauppatieteet\/tieteellinen-julkaiseminen\/#breadcrumb","itemListElement":[{"@type":"ListItem","position":1,"name":"Home","item":"https:\/\/blogs.uef.fi\/tiedonhaku-kauppatieteet\/"},{"@type":"ListItem","position":2,"name":"Tieteellinen julkaiseminen"}]},{"@type":"WebSite","@id":"https:\/\/blogs.uef.fi\/tiedonhaku-kauppatieteet\/#website","url":"https:\/\/blogs.uef.fi\/tiedonhaku-kauppatieteet\/","name":"Tiedonhaku - Kauppatieteet","description":"","potentialAction":[{"@type":"SearchAction","target":{"@type":"EntryPoint","urlTemplate":"https:\/\/blogs.uef.fi\/tiedonhaku-kauppatieteet\/?s={search_term_string}"},"query-input":{"@type":"PropertyValueSpecification","valueRequired":true,"valueName":"search_term_string"}}],"inLanguage":"fi"}]}},"_links":{"self":[{"href":"https:\/\/blogs.uef.fi\/tiedonhaku-kauppatieteet\/wp-json\/wp\/v2\/pages\/61","targetHints":{"allow":["GET"]}}],"collection":[{"href":"https:\/\/blogs.uef.fi\/tiedonhaku-kauppatieteet\/wp-json\/wp\/v2\/pages"}],"about":[{"href":"https:\/\/blogs.uef.fi\/tiedonhaku-kauppatieteet\/wp-json\/wp\/v2\/types\/page"}],"author":[{"embeddable":true,"href":"https:\/\/blogs.uef.fi\/tiedonhaku-kauppatieteet\/wp-json\/wp\/v2\/users\/190"}],"replies":[{"embeddable":true,"href":"https:\/\/blogs.uef.fi\/tiedonhaku-kauppatieteet\/wp-json\/wp\/v2\/comments?post=61"}],"version-history":[{"count":2,"href":"https:\/\/blogs.uef.fi\/tiedonhaku-kauppatieteet\/wp-json\/wp\/v2\/pages\/61\/revisions"}],"predecessor-version":[{"id":3298,"href":"https:\/\/blogs.uef.fi\/tiedonhaku-kauppatieteet\/wp-json\/wp\/v2\/pages\/61\/revisions\/3298"}],"wp:attachment":[{"href":"https:\/\/blogs.uef.fi\/tiedonhaku-kauppatieteet\/wp-json\/wp\/v2\/media?parent=61"}],"curies":[{"name":"wp","href":"https:\/\/api.w.org\/{rel}","templated":true}]}}