{"id":290,"date":"2020-06-03T11:03:25","date_gmt":"2020-06-03T11:03:25","guid":{"rendered":"https:\/\/blogs.uef.fi\/tiedonhaku-kauppatieteet\/?page_id=290"},"modified":"2023-07-07T10:22:49","modified_gmt":"2023-07-07T10:22:49","slug":"web-lahteen-arviointi","status":"publish","type":"page","link":"https:\/\/blogs.uef.fi\/tiedonhaku-kauppatieteet\/tieteellinen-julkaiseminen\/web-lahteen-arviointi\/","title":{"rendered":"L\u00e4hteen luotettavuus ja tieteellisyys"},"content":{"rendered":"\n<h2 class=\"wp-block-heading\"><\/h2>\n\n\n\n<ul class=\"wp-block-list\">\n<li><strong>Tekij\u00e4(t)<\/strong><br>&#8211; Alan asiantuntija? Annetaanko tekij\u00e4n p\u00e4tevyydest\u00e4 tietoa?<br>&#8211; L\u00f6ytyyk\u00f6 tieto tekij\u00e4n taustayhteis\u00f6st\u00e4? L\u00f6ytyyk\u00f6 tekij\u00e4n tai organisaation yhteystietoja? Ovatko yhteystiedot aitoja?<br>&#8211; Mit\u00e4 muuta h\u00e4n on kirjoittanut, julkaissut?<br>&#8211; Kuinka tunnettu ja arvostettu tekij\u00e4 on ao. asiassa? N\u00e4kyyk\u00f6 h\u00e4n toisten teosten l\u00e4hdeviittauksissa? Viittausm\u00e4\u00e4r\u00e4t?<\/li>\n<\/ul>\n\n\n\n<ul class=\"wp-block-list\">\n<li><strong>Julkaisija<\/strong>: tekij\u00e4n taustaorganisaatio tai lehti\/julkaisukanava\/kustantaja<br>&#8211; Tunnettu asiantuntijaorganisaatio?<br>&#8211; Alalla maineikas ja luottamusta nauttiva organisaatio?<br>&#8211; Tieteellist\u00e4 vertaisarviointia (peer reviewed) k\u00e4ytt\u00e4v\u00e4 verkkolehti? (usein Journal of&#8230;)<br><em>Linkki: Julkaisufoorumi<\/em><\/li>\n\n\n\n<li><strong>Julkaisutyyppi<\/strong><br>&#8211; Opinn\u00e4ytety\u00f6? amk-opinn\u00e4ytety\u00f6? pro-gradu? v\u00e4it\u00f6skirja? Mit\u00e4 saat k\u00e4ytt\u00e4\u00e4 l\u00e4htein\u00e4?<br>&#8211; Web-sivu vai artikkeli tieteellisess\u00e4 lehdess\u00e4?<br>&#8211; Kirja, raportti, selvitys vai artikkeli?<\/li>\n\n\n\n<li><strong>Tieteellisyys<br><\/strong>&#8211; T\u00e4ytt\u00e4\u00e4k\u00f6 julkaisu rakenteeltaan tieteellisyyden kriteerit? (esim. viitteet ja l\u00e4hteet\u2026)<br>&#8211; Ole varovainen opinn\u00e4ytet\u00f6iden kanssa (amk-opinn\u00e4ytety\u00f6t, pro gradut\u2026)! eiv\u00e4t tieteellisi\u00e4 julkaisuja.<br>&#8211; L\u00f6ytyyk\u00f6 tieto julkaisun k\u00e4ytt\u00e4m\u00e4st\u00e4 vertaisarvioinnista (peer review\/referee) julkaisuprosessissaan? Se on yleens\u00e4 lehte\u00e4\/julkaisukanavaa koskevat tieto, ei jokaiselle artikkelille erikseen. Linkki: Onko l\u00e4hde tieteellinen?<\/li>\n\n\n\n<li>Luotettavuus ja objektiivisuus<br>&#8211; Kuinka luotettavaa ja virheet\u00f6nt\u00e4 esitetty informaatio on?<br>&#8211; L\u00f6ytyyk\u00f6 muualta tietoa tukevaa materiaalia?<br>&#8211; Onko tieto toimitettua ja arvioitua?<br>&#8211; Onko sivulla mainittu l\u00e4hteit\u00e4, joihin esitetty tieto perustuu?<br>&#8211; Miksi sivu on julkaistu? Onko tarkoitus myyd\u00e4, viihdytt\u00e4\u00e4, vaikuttaa?<br>&#8211; Onko esitetty informaatio puolueetonta ja v\u00e4\u00e4ristelem\u00e4t\u00f6nt\u00e4?<br>&#8211; Onko tieto ajan tasalla?<\/li>\n<\/ul>\n\n\n\n<p><\/p>\n","protected":false},"excerpt":{"rendered":"","protected":false},"author":190,"featured_media":0,"parent":61,"menu_order":4,"comment_status":"closed","ping_status":"closed","template":"","meta":{"_acf_changed":false,"footnotes":""},"class_list":["post-290","page","type-page","status-publish","hentry"],"acf":[],"yoast_head":"<!-- This site is optimized with the Yoast SEO plugin v27.1.1 - https:\/\/yoast.com\/product\/yoast-seo-wordpress\/ -->\n<title>L\u00e4hteen luotettavuus ja tieteellisyys - Tiedonhaku - Kauppatieteet<\/title>\n<meta name=\"robots\" content=\"index, follow, max-snippet:-1, max-image-preview:large, max-video-preview:-1\" \/>\n<link rel=\"canonical\" href=\"https:\/\/blogs.uef.fi\/tiedonhaku-kauppatieteet\/tieteellinen-julkaiseminen\/web-lahteen-arviointi\/\" \/>\n<meta property=\"og:locale\" content=\"fi_FI\" \/>\n<meta property=\"og:type\" content=\"article\" \/>\n<meta property=\"og:title\" content=\"L\u00e4hteen luotettavuus ja tieteellisyys - Tiedonhaku - Kauppatieteet\" \/>\n<meta property=\"og:url\" content=\"https:\/\/blogs.uef.fi\/tiedonhaku-kauppatieteet\/tieteellinen-julkaiseminen\/web-lahteen-arviointi\/\" \/>\n<meta property=\"og:site_name\" content=\"Tiedonhaku - Kauppatieteet\" \/>\n<meta property=\"article:modified_time\" content=\"2023-07-07T10:22:49+00:00\" \/>\n<meta name=\"twitter:card\" content=\"summary_large_image\" \/>\n<meta name=\"twitter:label1\" content=\"Arvioitu lukuaika\" \/>\n\t<meta name=\"twitter:data1\" content=\"2 minuuttia\" \/>\n<script type=\"application\/ld+json\" class=\"yoast-schema-graph\">{\"@context\":\"https:\/\/schema.org\",\"@graph\":[{\"@type\":\"WebPage\",\"@id\":\"https:\/\/blogs.uef.fi\/tiedonhaku-kauppatieteet\/tieteellinen-julkaiseminen\/web-lahteen-arviointi\/\",\"url\":\"https:\/\/blogs.uef.fi\/tiedonhaku-kauppatieteet\/tieteellinen-julkaiseminen\/web-lahteen-arviointi\/\",\"name\":\"L\u00e4hteen luotettavuus ja tieteellisyys - Tiedonhaku - Kauppatieteet\",\"isPartOf\":{\"@id\":\"https:\/\/blogs.uef.fi\/tiedonhaku-kauppatieteet\/#website\"},\"datePublished\":\"2020-06-03T11:03:25+00:00\",\"dateModified\":\"2023-07-07T10:22:49+00:00\",\"breadcrumb\":{\"@id\":\"https:\/\/blogs.uef.fi\/tiedonhaku-kauppatieteet\/tieteellinen-julkaiseminen\/web-lahteen-arviointi\/#breadcrumb\"},\"inLanguage\":\"fi\",\"potentialAction\":[{\"@type\":\"ReadAction\",\"target\":[\"https:\/\/blogs.uef.fi\/tiedonhaku-kauppatieteet\/tieteellinen-julkaiseminen\/web-lahteen-arviointi\/\"]}]},{\"@type\":\"BreadcrumbList\",\"@id\":\"https:\/\/blogs.uef.fi\/tiedonhaku-kauppatieteet\/tieteellinen-julkaiseminen\/web-lahteen-arviointi\/#breadcrumb\",\"itemListElement\":[{\"@type\":\"ListItem\",\"position\":1,\"name\":\"Home\",\"item\":\"https:\/\/blogs.uef.fi\/tiedonhaku-kauppatieteet\/\"},{\"@type\":\"ListItem\",\"position\":2,\"name\":\"Tieteellinen julkaiseminen\",\"item\":\"https:\/\/blogs.uef.fi\/tiedonhaku-kauppatieteet\/tieteellinen-julkaiseminen\/\"},{\"@type\":\"ListItem\",\"position\":3,\"name\":\"L\u00e4hteen luotettavuus ja tieteellisyys\"}]},{\"@type\":\"WebSite\",\"@id\":\"https:\/\/blogs.uef.fi\/tiedonhaku-kauppatieteet\/#website\",\"url\":\"https:\/\/blogs.uef.fi\/tiedonhaku-kauppatieteet\/\",\"name\":\"Tiedonhaku - Kauppatieteet\",\"description\":\"\",\"potentialAction\":[{\"@type\":\"SearchAction\",\"target\":{\"@type\":\"EntryPoint\",\"urlTemplate\":\"https:\/\/blogs.uef.fi\/tiedonhaku-kauppatieteet\/?s={search_term_string}\"},\"query-input\":{\"@type\":\"PropertyValueSpecification\",\"valueRequired\":true,\"valueName\":\"search_term_string\"}}],\"inLanguage\":\"fi\"}]}<\/script>\n<!-- \/ Yoast SEO plugin. -->","yoast_head_json":{"title":"L\u00e4hteen luotettavuus ja tieteellisyys - Tiedonhaku - Kauppatieteet","robots":{"index":"index","follow":"follow","max-snippet":"max-snippet:-1","max-image-preview":"max-image-preview:large","max-video-preview":"max-video-preview:-1"},"canonical":"https:\/\/blogs.uef.fi\/tiedonhaku-kauppatieteet\/tieteellinen-julkaiseminen\/web-lahteen-arviointi\/","og_locale":"fi_FI","og_type":"article","og_title":"L\u00e4hteen luotettavuus ja tieteellisyys - Tiedonhaku - Kauppatieteet","og_url":"https:\/\/blogs.uef.fi\/tiedonhaku-kauppatieteet\/tieteellinen-julkaiseminen\/web-lahteen-arviointi\/","og_site_name":"Tiedonhaku - Kauppatieteet","article_modified_time":"2023-07-07T10:22:49+00:00","twitter_card":"summary_large_image","twitter_misc":{"Arvioitu lukuaika":"2 minuuttia"},"schema":{"@context":"https:\/\/schema.org","@graph":[{"@type":"WebPage","@id":"https:\/\/blogs.uef.fi\/tiedonhaku-kauppatieteet\/tieteellinen-julkaiseminen\/web-lahteen-arviointi\/","url":"https:\/\/blogs.uef.fi\/tiedonhaku-kauppatieteet\/tieteellinen-julkaiseminen\/web-lahteen-arviointi\/","name":"L\u00e4hteen luotettavuus ja tieteellisyys - Tiedonhaku - Kauppatieteet","isPartOf":{"@id":"https:\/\/blogs.uef.fi\/tiedonhaku-kauppatieteet\/#website"},"datePublished":"2020-06-03T11:03:25+00:00","dateModified":"2023-07-07T10:22:49+00:00","breadcrumb":{"@id":"https:\/\/blogs.uef.fi\/tiedonhaku-kauppatieteet\/tieteellinen-julkaiseminen\/web-lahteen-arviointi\/#breadcrumb"},"inLanguage":"fi","potentialAction":[{"@type":"ReadAction","target":["https:\/\/blogs.uef.fi\/tiedonhaku-kauppatieteet\/tieteellinen-julkaiseminen\/web-lahteen-arviointi\/"]}]},{"@type":"BreadcrumbList","@id":"https:\/\/blogs.uef.fi\/tiedonhaku-kauppatieteet\/tieteellinen-julkaiseminen\/web-lahteen-arviointi\/#breadcrumb","itemListElement":[{"@type":"ListItem","position":1,"name":"Home","item":"https:\/\/blogs.uef.fi\/tiedonhaku-kauppatieteet\/"},{"@type":"ListItem","position":2,"name":"Tieteellinen julkaiseminen","item":"https:\/\/blogs.uef.fi\/tiedonhaku-kauppatieteet\/tieteellinen-julkaiseminen\/"},{"@type":"ListItem","position":3,"name":"L\u00e4hteen luotettavuus ja tieteellisyys"}]},{"@type":"WebSite","@id":"https:\/\/blogs.uef.fi\/tiedonhaku-kauppatieteet\/#website","url":"https:\/\/blogs.uef.fi\/tiedonhaku-kauppatieteet\/","name":"Tiedonhaku - Kauppatieteet","description":"","potentialAction":[{"@type":"SearchAction","target":{"@type":"EntryPoint","urlTemplate":"https:\/\/blogs.uef.fi\/tiedonhaku-kauppatieteet\/?s={search_term_string}"},"query-input":{"@type":"PropertyValueSpecification","valueRequired":true,"valueName":"search_term_string"}}],"inLanguage":"fi"}]}},"_links":{"self":[{"href":"https:\/\/blogs.uef.fi\/tiedonhaku-kauppatieteet\/wp-json\/wp\/v2\/pages\/290","targetHints":{"allow":["GET"]}}],"collection":[{"href":"https:\/\/blogs.uef.fi\/tiedonhaku-kauppatieteet\/wp-json\/wp\/v2\/pages"}],"about":[{"href":"https:\/\/blogs.uef.fi\/tiedonhaku-kauppatieteet\/wp-json\/wp\/v2\/types\/page"}],"author":[{"embeddable":true,"href":"https:\/\/blogs.uef.fi\/tiedonhaku-kauppatieteet\/wp-json\/wp\/v2\/users\/190"}],"replies":[{"embeddable":true,"href":"https:\/\/blogs.uef.fi\/tiedonhaku-kauppatieteet\/wp-json\/wp\/v2\/comments?post=290"}],"version-history":[{"count":1,"href":"https:\/\/blogs.uef.fi\/tiedonhaku-kauppatieteet\/wp-json\/wp\/v2\/pages\/290\/revisions"}],"predecessor-version":[{"id":3170,"href":"https:\/\/blogs.uef.fi\/tiedonhaku-kauppatieteet\/wp-json\/wp\/v2\/pages\/290\/revisions\/3170"}],"up":[{"embeddable":true,"href":"https:\/\/blogs.uef.fi\/tiedonhaku-kauppatieteet\/wp-json\/wp\/v2\/pages\/61"}],"wp:attachment":[{"href":"https:\/\/blogs.uef.fi\/tiedonhaku-kauppatieteet\/wp-json\/wp\/v2\/media?parent=290"}],"curies":[{"name":"wp","href":"https:\/\/api.w.org\/{rel}","templated":true}]}}