{"id":1020,"date":"2020-07-02T09:06:49","date_gmt":"2020-07-02T09:06:49","guid":{"rendered":"https:\/\/blogs.uef.fi\/tiedonhaku-kauppatieteet\/?page_id=1020"},"modified":"2025-06-18T13:27:27","modified_gmt":"2025-06-18T11:27:27","slug":"miten-saan-tekstin-auki-full-text","status":"publish","type":"page","link":"https:\/\/blogs.uef.fi\/tiedonhaku-kauppatieteet\/miten-saan-tekstin-auki-full-text\/","title":{"rendered":"Eik\u00f6 teksti aukea Googlella?"},"content":{"rendered":"\n<p>Kokeile <a href=\"https:\/\/primo.uef.fi\/\" target=\"_blank\" rel=\"noopener\">UEF-Primon kautta<\/a>! [aukeaa uuteen v\u00e4lilehteen] <br>Kirjaudu UEF-k\u00e4ytt\u00e4j\u00e4tunnuksillasi.<\/p>\n\n\n\n<ul class=\"wp-block-list\">\n<li>Oletko etsim\u00e4ss\u00e4 kirjaa, raporttia, opinn\u00e4ytety\u00f6t\u00e4, artikkelia lehdest\u00e4, artikkelia kirjasta (kokoomateoksesta)&#8230;? <\/li>\n\n\n\n<li>Haetko siis artikkelin nimell\u00e4, lehden nimell\u00e4 vai kirjan nimell\u00e4? <\/li>\n\n\n\n<li>Valitse UEF-Primossa oikea hakuvaihtoehto.<\/li>\n<\/ul>\n\n\n\n<p>Tietokantahakujen tuloksissa on linkit, jotka viev\u00e4t kokotekstin saatavuuden tarkistamiseen. Esim. Business source Ebscossa&nbsp; &#8221;full text availability at uef&#8221; -linkki, Scopuksessa find it -kuvake.<br>\u00c4l\u00e4 k\u00e4yt\u00e4 haussa full text tai open access -rajauksia, sill\u00e4 tuloksen ulkopuolelle j\u00e4\u00e4 silloin UEF:ssa saatavissa olevia, hyv\u00e4tasoisten lehtien artikkeleita.<\/p>\n\n\n\n<h2 class=\"wp-block-heading\">Esimerkki 1: Usein etsitty kotimainen lehti: Verotus<\/h2>\n\n\n\n<p><a href=\"https:\/\/primo.uef.fi\/permalink\/358FIN_UOEF\/1aabkvo\/alma998520443705966\" target=\"_blank\" rel=\"noopener\">Verotus-lehden s\u00e4hk\u00f6inen arkisto<\/a> Edilexin tai AlmaTalentin Verkkokirjahyllyn kautta. [aukeaa uuteen v\u00e4lilehteen UEF-Primoon]<br>Kirjaudu UEF-k\u00e4ytt\u00e4j\u00e4tunnuksillasi.<br>Huom! Verkkokirjahyllyss\u00e4 viive uusimpien lehtien ilmestymisess\u00e4 verkkoon.<\/p>\n\n\n\n<p>On tavallista, ett\u00e4 kustantaja pit\u00e4\u00e4 viivett\u00e4 (embargo) uusimpien artikkeleiden verkkoon aukeamiselle. 12 kk on tyypillisin aika.<\/p>\n\n\n\n<h2 class=\"wp-block-heading\">Esimerkki 2: Kansainv\u00e4lisen lehtiartikkelin j\u00e4ljitt\u00e4minen:<\/h2>\n\n\n\n<p>Cuevas, J. M., Julkunen, S., &amp; Gabrielsson, M. (2015). Power symmetry and the development of trust in interdependent relationships: The mediating role of goal congruence. Industrial Marketing Management, 48, 149-159.<\/p>\n\n\n\n<h4 class=\"wp-block-heading\"><strong>Artikkelin nimell\u00e4 ja\/tai tekij\u00f6ill\u00e4<\/strong><\/h4>\n\n\n\n<p>-&gt; UEF-Primo -&gt; pudotusvalikosta kansainv\u00e4liset artikkelit<br>Hae esim.<br><a href=\"https:\/\/primo.uef.fi\/discovery\/search?query=any,contains,cuevas%20julkunen%20gabrielsson&amp;tab=CentralIndex&amp;search_scope=CentralIndex&amp;vid=358FIN_UOEF:VU1&amp;lang=fi&amp;offset=0\" target=\"_blank\" rel=\"noopener noreferrer\">&#8211; Tekij\u00f6ill\u00e4<\/a> [aukeaa uuteen v\u00e4lilehteen UEF-Primo-hakuun] -&gt; Saatavilla verkossa -&gt; ElsevierSD&#8230;<br>&#8211; <a href=\"https:\/\/primo.uef.fi\/discovery\/search?query=any,contains,%22power%20symmetry%22%20trust&amp;tab=CentralIndex&amp;search_scope=CentralIndex&amp;vid=358FIN_UOEF:VU1&amp;lang=fi&amp;offset=0\" target=\"_blank\" rel=\"noopener noreferrer\">Sanoilla artikkelin nimess\u00e4<\/a> [aukeaa uuteen v\u00e4lilehteen UEF-Primo-hakuun] -&gt; Saatavilla verkossa -&gt; ElsevierSD&#8230;<\/p>\n\n\n\n<h4 class=\"wp-block-heading\">L<strong>ehden nimell\u00e4<\/strong><\/h4>\n\n\n\n<p>-&gt; UEF-Primon lehtihaku (yl\u00e4palkista):<br>Esimerkin lehdell\u00e4, <a href=\"https:\/\/primo.uef.fi\/discovery\/jsearch?query=any,contains,Industrial%20Marketing%20Management&amp;tab=jsearch_slot&amp;vid=358FIN_UOEF:VU1&amp;offset=0&amp;journals=any,Industrial%20Marketing%20Management\" target=\"_blank\" rel=\"noopener noreferrer\">Industrial Marketing Management <\/a>[aukeaa uuteen v\u00e4lilehteen UEF-Primossa]<br>Sis\u00e4\u00e4n lehden p\u00e4\u00e4sivulle Saatavilla verkossa -&gt; Elsevier SD&#8230; (tarkista, ett\u00e4 saatavuusvuodet kattavat etsim\u00e4si artikkelin julkaisuajan)<\/p>\n\n\n\n<p>Artikkeli l\u00f6ytyy lehden sivuilta joko selaamalla vuosittain ja numeroittain<br>tai hakemalla &#8221;search in this journal&#8221; hakukent\u00e4st\u00e4 tekij\u00f6iden sukunimill\u00e4, artikkelin otsikon sanoilla tms.<\/p>\n\n\n\n<p><a href=\"https:\/\/primo.uef.fi\/discovery\/search?query=any,contains,doi.org~2F10.1016~2Fj.indmarman.2015.03.015&amp;tab=CentralIndex&amp;search_scope=CentralIndex&amp;vid=358FIN_UOEF:VU1&amp;offset=0\" target=\"_blank\" rel=\"noopener\"><strong>DOI-numerolla<\/strong><\/a> haku toimii my\u00f6s UEF-Primossa.<\/p>\n\n\n\n<p>Esimerkiss\u00e4 kyseess\u00e4 on Elsevier-kustantajan lehti.<br><strong>Muita tiedekustantajien<\/strong> linkkej\u00e4 voivat olla esim.<\/p>\n\n\n\n<ul class=\"wp-block-list\">\n<li>Wiley Online Library, esim. <a href=\"https:\/\/primo.uef.fi\/permalink\/358FIN_UOEF\/g1i500\/alma9914825301705966\" target=\"_blank\" rel=\"noopener\">Journal of finance<\/a> [aukeaa uuteen v\u00e4lilehteen UEF-Primoon]<a href=\"https:\/\/primo.uef.fi\/permalink\/358FIN_UOEF\/g1i500\/alma9914825301705966\" target=\"_blank\" rel=\"noopener\"><br><\/a><\/li>\n\n\n\n<li>Taylor &amp; Francis, esim. <a href=\"https:\/\/primo.uef.fi\/permalink\/358FIN_UOEF\/g1i500\/alma9914835675005966\" target=\"_blank\" rel=\"noopener\">Accounting and business research<\/a> [aukeaa uuteen v\u00e4lilehteen UEF-Primoon]<\/li>\n\n\n\n<li>Sage, esim. <a href=\"https:\/\/primo.uef.fi\/permalink\/358FIN_UOEF\/g1i500\/alma9914834248805966\" target=\"_blank\" rel=\"noopener\">Journal of management&nbsp;<\/a>[aukeaa uuteen v\u00e4lilehteen UEF-Primoon]<\/li>\n\n\n\n<li>Springer, esim.<a href=\"https:\/\/primo.uef.fi\/permalink\/358FIN_UOEF\/g1i500\/alma9914832079105966\" target=\"_blank\" rel=\"noopener\"> Journal of international business studies&nbsp;<\/a>[aukeaa uuteen v\u00e4lilehteen UEF-Primoon]<\/li>\n\n\n\n<li>Emerald, esim. <a href=\"https:\/\/primo.uef.fi\/permalink\/358FIN_UOEF\/g1i500\/alma9914829880705966\" target=\"_blank\" rel=\"noopener\">European journal of marketing&nbsp;<\/a>[aukeaa uuteen v\u00e4lilehteen UEF-Primoon]<\/li>\n<\/ul>\n\n\n\n<p>Linkit voivat vied\u00e4 my\u00f6s Ebsco Business Source -tietokantaan, sill\u00e4 osa lehdist\u00e4 on siell\u00e4 kokotekstin\u00e4, mutta vain osa.<\/p>\n\n\n\n<p>Lehden verkkosaatavuudessa voi olla useampikin linkki. Tarkista silloin kunkin linkin kohdalta saatavissa olevat julkaisuvuodet.<\/p>\n\n\n\n<p>Esimerkiksi<\/p>\n\n\n\n<figure class=\"wp-block-image aligncenter\"><img loading=\"lazy\" decoding=\"async\" width=\"300\" height=\"189\" src=\"https:\/\/blogs.uef.fi\/tiedonhaku-kauppatieteet\/wp-content\/uploads\/sites\/105\/2020\/09\/useampi_full_text_linkki-300x189.png\" alt=\"Useampi full text linkki\" class=\"wp-image-1421\" srcset=\"https:\/\/blogs.uef.fi\/tiedonhaku-kauppatieteet\/wp-content\/uploads\/sites\/105\/2020\/09\/useampi_full_text_linkki-300x189.png 300w, https:\/\/blogs.uef.fi\/tiedonhaku-kauppatieteet\/wp-content\/uploads\/sites\/105\/2020\/09\/useampi_full_text_linkki.png 555w\" sizes=\"auto, (max-width: 300px) 100vw, 300px\" \/><\/figure>\n\n\n\n<p><br><\/p>\n\n\n\n<p>Lue: <a href=\"https:\/\/www.uef.fi\/fi\/kirjasto\/elektronisten-aineistojen-etakaytto\" target=\"_blank\" rel=\"noopener noreferrer\">Elektronisten aineistojen et\u00e4k\u00e4ytt\u00f6 <\/a>[aukeaa uuteen v\u00e4lilehteen]<\/p>\n\n\n\n<h2 class=\"wp-block-heading\">Kopiotilaukset, kaukopalvelu ja muut kanavat<\/h2>\n\n\n\n<p>Kaikkeen ei UEF-k\u00e4ytt\u00e4j\u00e4tunnuksillakaan ole p\u00e4\u00e4sy\u00e4. Ellei l\u00f6ydy UEF-Primon kautta eik\u00e4 vapaasti verkosta, voit tilata artikkelikopion kaukopalvelun kautta, <a href=\"https:\/\/www.uef.fi\/fi\/kirjasto\/asiakkaana#accordion-8593\" target=\"_blank\" rel=\"noopener\">UEF-kirjaston kaukopalvelu <\/a>[aukeaa uuteen v\u00e4lilehteen]<br>Se on maksullista, mutta edullisempaa kuin esim. kustantajien sivuilta tilaten. Kannattanee k\u00e4ytt\u00e4\u00e4 sijainniltaan l\u00e4himm\u00e4n kirjaston kaukopalvelua.<\/p>\n\n\n\n<p>Ennen turvautumista maksulliseen kaukopalvelutilaukseen kannattaa kokeilla muutamia uusia artikkelien saantitapoja.<br>Ne perustuvat avoimiin julkaisuarkistoihin, joiden m\u00e4\u00e4r\u00e4 lis\u00e4\u00e4ntyy jatkuvasti. Arkistoja yll\u00e4pit\u00e4v\u00e4t ennen kaikkea yliopistot ja muut tutkimusorganisaatiot. Artikkelit arkistoihin tulevat tekij\u00e4noikeuksien n\u00e4k\u00f6kulmasta laillisesti, kuten esimerkiksi rinnakkaistallennuksen kautta.<br>Kirjaston blogissa: <a href=\"https:\/\/blogs.uef.fi\/ueflibrary\/ilmaisia-artikkeleita-laillisesti-free-articles-legally\/\" target=\"_blank\" rel=\"noopener\">Ilmaisia artikkeleita laillisesti<\/a> [aukeaa uuteen v\u00e4lilehteen]<\/p>\n\n\n\n<h2 class=\"wp-block-heading\">Kun artikkeli ei aukea vapaasti verkosta eik\u00e4 UEF-Primon kautta k\u00e4ytt\u00e4j\u00e4tunnuksin kirjautuneena, keinot:<\/h2>\n\n\n\n<ul class=\"wp-block-list\">\n<li>tee kopiopyynt\u00f6 k\u00e4ytt\u00e4m\u00e4si kirjaston kaukopalveluun (voi siis olla muu kuin UEF-kirjasto; maksut vaihtelevat)<\/li>\n\n\n\n<li>matkustat sellaiseen kirjastoon, jossa on p\u00e4\u00e4sy<\/li>\n\n\n\n<li>l\u00e4het\u00e4t s\u00e4hk\u00f6postia tekij\u00e4lle (tai pyynn\u00f6n ResearchGaten tms. portaalin kautta, jos artikkelin linkki vie sinne)<\/li>\n\n\n\n<li>tilaat maksullisen artikkelin kustantajan sivulla olevan linkin kautta (kallista! paljon edullisempaa k\u00e4ytt\u00e4\u00e4 kaukopalvelua)<\/li>\n\n\n\n<li>jokin muu, mik\u00e4? (kaverit muualla?)<\/li>\n<\/ul>\n\n\n\n<p>Verkkolehtiin ja -kirjoihin on siis monta tiet\u00e4.<\/p>\n","protected":false},"excerpt":{"rendered":"<p>Kokeile UEF-Primon kautta! [aukeaa uuteen v\u00e4lilehteen] Kirjaudu UEF-k\u00e4ytt\u00e4j\u00e4tunnuksillasi. Tietokantahakujen tuloksissa on linkit, jotka viev\u00e4t kokotekstin saatavuuden tarkistamiseen. Esim. Business source Ebscossa&nbsp; &#8221;full text availability at uef&#8221; -linkki, Scopuksessa find it -kuvake.\u00c4l\u00e4 k\u00e4yt\u00e4 haussa full text tai open access -rajauksia, sill\u00e4 tuloksen ulkopuolelle j\u00e4\u00e4 silloin UEF:ssa saatavissa olevia, hyv\u00e4tasoisten lehtien artikkeleita. Esimerkki 1: Usein etsitty kotimainen [&hellip;]<\/p>\n","protected":false},"author":135,"featured_media":0,"parent":0,"menu_order":0,"comment_status":"closed","ping_status":"closed","template":"","meta":{"_acf_changed":false,"footnotes":""},"class_list":["post-1020","page","type-page","status-publish","hentry"],"acf":[],"yoast_head":"<!-- This site is optimized with the Yoast SEO plugin v27.1.1 - https:\/\/yoast.com\/product\/yoast-seo-wordpress\/ -->\n<title>Eik\u00f6 teksti aukea Googlella? - Tiedonhaku - Kauppatieteet<\/title>\n<meta name=\"robots\" content=\"index, follow, max-snippet:-1, max-image-preview:large, max-video-preview:-1\" \/>\n<link rel=\"canonical\" href=\"https:\/\/blogs.uef.fi\/tiedonhaku-kauppatieteet\/miten-saan-tekstin-auki-full-text\/\" \/>\n<meta property=\"og:locale\" content=\"fi_FI\" \/>\n<meta property=\"og:type\" content=\"article\" \/>\n<meta property=\"og:title\" content=\"Eik\u00f6 teksti aukea Googlella? - Tiedonhaku - Kauppatieteet\" \/>\n<meta property=\"og:description\" content=\"Kokeile UEF-Primon kautta! [aukeaa uuteen v\u00e4lilehteen] Kirjaudu UEF-k\u00e4ytt\u00e4j\u00e4tunnuksillasi. Tietokantahakujen tuloksissa on linkit, jotka viev\u00e4t kokotekstin saatavuuden tarkistamiseen. Esim. Business source Ebscossa&nbsp; &#8221;full text availability at uef&#8221; -linkki, Scopuksessa find it -kuvake.\u00c4l\u00e4 k\u00e4yt\u00e4 haussa full text tai open access -rajauksia, sill\u00e4 tuloksen ulkopuolelle j\u00e4\u00e4 silloin UEF:ssa saatavissa olevia, hyv\u00e4tasoisten lehtien artikkeleita. Esimerkki 1: Usein etsitty kotimainen [&hellip;]\" \/>\n<meta property=\"og:url\" content=\"https:\/\/blogs.uef.fi\/tiedonhaku-kauppatieteet\/miten-saan-tekstin-auki-full-text\/\" \/>\n<meta property=\"og:site_name\" content=\"Tiedonhaku - Kauppatieteet\" \/>\n<meta property=\"article:modified_time\" content=\"2025-06-18T11:27:27+00:00\" \/>\n<meta property=\"og:image\" content=\"https:\/\/blogs.uef.fi\/tiedonhaku-kauppatieteet\/wp-content\/uploads\/sites\/105\/2020\/09\/useampi_full_text_linkki.png\" \/>\n\t<meta property=\"og:image:width\" content=\"555\" \/>\n\t<meta property=\"og:image:height\" content=\"349\" \/>\n\t<meta property=\"og:image:type\" content=\"image\/png\" \/>\n<meta name=\"twitter:card\" content=\"summary_large_image\" \/>\n<meta name=\"twitter:label1\" content=\"Arvioitu lukuaika\" \/>\n\t<meta name=\"twitter:data1\" content=\"4 minuuttia\" \/>\n<script type=\"application\/ld+json\" class=\"yoast-schema-graph\">{\"@context\":\"https:\/\/schema.org\",\"@graph\":[{\"@type\":\"WebPage\",\"@id\":\"https:\/\/blogs.uef.fi\/tiedonhaku-kauppatieteet\/miten-saan-tekstin-auki-full-text\/\",\"url\":\"https:\/\/blogs.uef.fi\/tiedonhaku-kauppatieteet\/miten-saan-tekstin-auki-full-text\/\",\"name\":\"Eik\u00f6 teksti aukea Googlella? - Tiedonhaku - Kauppatieteet\",\"isPartOf\":{\"@id\":\"https:\/\/blogs.uef.fi\/tiedonhaku-kauppatieteet\/#website\"},\"primaryImageOfPage\":{\"@id\":\"https:\/\/blogs.uef.fi\/tiedonhaku-kauppatieteet\/miten-saan-tekstin-auki-full-text\/#primaryimage\"},\"image\":{\"@id\":\"https:\/\/blogs.uef.fi\/tiedonhaku-kauppatieteet\/miten-saan-tekstin-auki-full-text\/#primaryimage\"},\"thumbnailUrl\":\"https:\/\/blogs.uef.fi\/tiedonhaku-kauppatieteet\/wp-content\/uploads\/sites\/105\/2020\/09\/useampi_full_text_linkki-300x189.png\",\"datePublished\":\"2020-07-02T09:06:49+00:00\",\"dateModified\":\"2025-06-18T11:27:27+00:00\",\"breadcrumb\":{\"@id\":\"https:\/\/blogs.uef.fi\/tiedonhaku-kauppatieteet\/miten-saan-tekstin-auki-full-text\/#breadcrumb\"},\"inLanguage\":\"fi\",\"potentialAction\":[{\"@type\":\"ReadAction\",\"target\":[\"https:\/\/blogs.uef.fi\/tiedonhaku-kauppatieteet\/miten-saan-tekstin-auki-full-text\/\"]}]},{\"@type\":\"ImageObject\",\"inLanguage\":\"fi\",\"@id\":\"https:\/\/blogs.uef.fi\/tiedonhaku-kauppatieteet\/miten-saan-tekstin-auki-full-text\/#primaryimage\",\"url\":\"https:\/\/blogs.uef.fi\/tiedonhaku-kauppatieteet\/wp-content\/uploads\/sites\/105\/2020\/09\/useampi_full_text_linkki.png\",\"contentUrl\":\"https:\/\/blogs.uef.fi\/tiedonhaku-kauppatieteet\/wp-content\/uploads\/sites\/105\/2020\/09\/useampi_full_text_linkki.png\",\"width\":555,\"height\":349,\"caption\":\"Useampi full text linkki\"},{\"@type\":\"BreadcrumbList\",\"@id\":\"https:\/\/blogs.uef.fi\/tiedonhaku-kauppatieteet\/miten-saan-tekstin-auki-full-text\/#breadcrumb\",\"itemListElement\":[{\"@type\":\"ListItem\",\"position\":1,\"name\":\"Home\",\"item\":\"https:\/\/blogs.uef.fi\/tiedonhaku-kauppatieteet\/\"},{\"@type\":\"ListItem\",\"position\":2,\"name\":\"Eik\u00f6 teksti aukea Googlella?\"}]},{\"@type\":\"WebSite\",\"@id\":\"https:\/\/blogs.uef.fi\/tiedonhaku-kauppatieteet\/#website\",\"url\":\"https:\/\/blogs.uef.fi\/tiedonhaku-kauppatieteet\/\",\"name\":\"Tiedonhaku - Kauppatieteet\",\"description\":\"\",\"potentialAction\":[{\"@type\":\"SearchAction\",\"target\":{\"@type\":\"EntryPoint\",\"urlTemplate\":\"https:\/\/blogs.uef.fi\/tiedonhaku-kauppatieteet\/?s={search_term_string}\"},\"query-input\":{\"@type\":\"PropertyValueSpecification\",\"valueRequired\":true,\"valueName\":\"search_term_string\"}}],\"inLanguage\":\"fi\"}]}<\/script>\n<!-- \/ Yoast SEO plugin. -->","yoast_head_json":{"title":"Eik\u00f6 teksti aukea Googlella? - Tiedonhaku - Kauppatieteet","robots":{"index":"index","follow":"follow","max-snippet":"max-snippet:-1","max-image-preview":"max-image-preview:large","max-video-preview":"max-video-preview:-1"},"canonical":"https:\/\/blogs.uef.fi\/tiedonhaku-kauppatieteet\/miten-saan-tekstin-auki-full-text\/","og_locale":"fi_FI","og_type":"article","og_title":"Eik\u00f6 teksti aukea Googlella? - Tiedonhaku - Kauppatieteet","og_description":"Kokeile UEF-Primon kautta! [aukeaa uuteen v\u00e4lilehteen] Kirjaudu UEF-k\u00e4ytt\u00e4j\u00e4tunnuksillasi. Tietokantahakujen tuloksissa on linkit, jotka viev\u00e4t kokotekstin saatavuuden tarkistamiseen. Esim. Business source Ebscossa&nbsp; &#8221;full text availability at uef&#8221; -linkki, Scopuksessa find it -kuvake.\u00c4l\u00e4 k\u00e4yt\u00e4 haussa full text tai open access -rajauksia, sill\u00e4 tuloksen ulkopuolelle j\u00e4\u00e4 silloin UEF:ssa saatavissa olevia, hyv\u00e4tasoisten lehtien artikkeleita. Esimerkki 1: Usein etsitty kotimainen [&hellip;]","og_url":"https:\/\/blogs.uef.fi\/tiedonhaku-kauppatieteet\/miten-saan-tekstin-auki-full-text\/","og_site_name":"Tiedonhaku - Kauppatieteet","article_modified_time":"2025-06-18T11:27:27+00:00","og_image":[{"width":555,"height":349,"url":"https:\/\/blogs.uef.fi\/tiedonhaku-kauppatieteet\/wp-content\/uploads\/sites\/105\/2020\/09\/useampi_full_text_linkki.png","type":"image\/png"}],"twitter_card":"summary_large_image","twitter_misc":{"Arvioitu lukuaika":"4 minuuttia"},"schema":{"@context":"https:\/\/schema.org","@graph":[{"@type":"WebPage","@id":"https:\/\/blogs.uef.fi\/tiedonhaku-kauppatieteet\/miten-saan-tekstin-auki-full-text\/","url":"https:\/\/blogs.uef.fi\/tiedonhaku-kauppatieteet\/miten-saan-tekstin-auki-full-text\/","name":"Eik\u00f6 teksti aukea Googlella? - Tiedonhaku - Kauppatieteet","isPartOf":{"@id":"https:\/\/blogs.uef.fi\/tiedonhaku-kauppatieteet\/#website"},"primaryImageOfPage":{"@id":"https:\/\/blogs.uef.fi\/tiedonhaku-kauppatieteet\/miten-saan-tekstin-auki-full-text\/#primaryimage"},"image":{"@id":"https:\/\/blogs.uef.fi\/tiedonhaku-kauppatieteet\/miten-saan-tekstin-auki-full-text\/#primaryimage"},"thumbnailUrl":"https:\/\/blogs.uef.fi\/tiedonhaku-kauppatieteet\/wp-content\/uploads\/sites\/105\/2020\/09\/useampi_full_text_linkki-300x189.png","datePublished":"2020-07-02T09:06:49+00:00","dateModified":"2025-06-18T11:27:27+00:00","breadcrumb":{"@id":"https:\/\/blogs.uef.fi\/tiedonhaku-kauppatieteet\/miten-saan-tekstin-auki-full-text\/#breadcrumb"},"inLanguage":"fi","potentialAction":[{"@type":"ReadAction","target":["https:\/\/blogs.uef.fi\/tiedonhaku-kauppatieteet\/miten-saan-tekstin-auki-full-text\/"]}]},{"@type":"ImageObject","inLanguage":"fi","@id":"https:\/\/blogs.uef.fi\/tiedonhaku-kauppatieteet\/miten-saan-tekstin-auki-full-text\/#primaryimage","url":"https:\/\/blogs.uef.fi\/tiedonhaku-kauppatieteet\/wp-content\/uploads\/sites\/105\/2020\/09\/useampi_full_text_linkki.png","contentUrl":"https:\/\/blogs.uef.fi\/tiedonhaku-kauppatieteet\/wp-content\/uploads\/sites\/105\/2020\/09\/useampi_full_text_linkki.png","width":555,"height":349,"caption":"Useampi full text linkki"},{"@type":"BreadcrumbList","@id":"https:\/\/blogs.uef.fi\/tiedonhaku-kauppatieteet\/miten-saan-tekstin-auki-full-text\/#breadcrumb","itemListElement":[{"@type":"ListItem","position":1,"name":"Home","item":"https:\/\/blogs.uef.fi\/tiedonhaku-kauppatieteet\/"},{"@type":"ListItem","position":2,"name":"Eik\u00f6 teksti aukea Googlella?"}]},{"@type":"WebSite","@id":"https:\/\/blogs.uef.fi\/tiedonhaku-kauppatieteet\/#website","url":"https:\/\/blogs.uef.fi\/tiedonhaku-kauppatieteet\/","name":"Tiedonhaku - Kauppatieteet","description":"","potentialAction":[{"@type":"SearchAction","target":{"@type":"EntryPoint","urlTemplate":"https:\/\/blogs.uef.fi\/tiedonhaku-kauppatieteet\/?s={search_term_string}"},"query-input":{"@type":"PropertyValueSpecification","valueRequired":true,"valueName":"search_term_string"}}],"inLanguage":"fi"}]}},"_links":{"self":[{"href":"https:\/\/blogs.uef.fi\/tiedonhaku-kauppatieteet\/wp-json\/wp\/v2\/pages\/1020","targetHints":{"allow":["GET"]}}],"collection":[{"href":"https:\/\/blogs.uef.fi\/tiedonhaku-kauppatieteet\/wp-json\/wp\/v2\/pages"}],"about":[{"href":"https:\/\/blogs.uef.fi\/tiedonhaku-kauppatieteet\/wp-json\/wp\/v2\/types\/page"}],"author":[{"embeddable":true,"href":"https:\/\/blogs.uef.fi\/tiedonhaku-kauppatieteet\/wp-json\/wp\/v2\/users\/135"}],"replies":[{"embeddable":true,"href":"https:\/\/blogs.uef.fi\/tiedonhaku-kauppatieteet\/wp-json\/wp\/v2\/comments?post=1020"}],"version-history":[{"count":1,"href":"https:\/\/blogs.uef.fi\/tiedonhaku-kauppatieteet\/wp-json\/wp\/v2\/pages\/1020\/revisions"}],"predecessor-version":[{"id":3573,"href":"https:\/\/blogs.uef.fi\/tiedonhaku-kauppatieteet\/wp-json\/wp\/v2\/pages\/1020\/revisions\/3573"}],"wp:attachment":[{"href":"https:\/\/blogs.uef.fi\/tiedonhaku-kauppatieteet\/wp-json\/wp\/v2\/media?parent=1020"}],"curies":[{"name":"wp","href":"https:\/\/api.w.org\/{rel}","templated":true}]}}