{"id":837,"date":"2015-07-30T09:30:14","date_gmt":"2015-07-30T09:30:14","guid":{"rendered":"http:\/\/ueflibraryfys.wordpress.com\/?page_id=1"},"modified":"2026-03-06T10:04:22","modified_gmt":"2026-03-06T08:04:22","slug":"about","status":"publish","type":"page","link":"https:\/\/blogs.uef.fi\/tiedonhaku-fysiikka\/","title":{"rendered":"Opiskele tieteellisen tiedon hakua fysiikan ja tekniikan alalla"},"content":{"rendered":"\n<p><strong>Fysiikan ja tekniikan tiedonhaku<\/strong> \u2013oppimateriaali k\u00e4sittelee tekstein, esimerkein ja videoin tiedonhankintaa <strong>opiskelu- ja tutkimustarkoituksiin<\/strong> akateemisessa maailmassa. My\u00f6s opiskelun j\u00e4lkeen <strong>ty\u00f6el\u00e4m\u00e4ss\u00e4<\/strong> hyvist\u00e4 tiedonhankintataidoista on paljon etua!<\/p>\n\n\n\n<p>T\u00e4ss\u00e4 materiaalissa tutustut<\/p>\n\n\n\n<ul class=\"wp-block-list\">\n<li>tiedonhaun periaatteisiin hakuaiheen analysoinnin kautta<\/li>\n\n\n\n<li>keskeisiin tieteellisen tiedon l\u00e4hteisiin<\/li>\n\n\n\n<li>yleisiin tiedonhaun tekniikoihin, joita voit soveltaa kaikenlaisessa tiedonhaussa<\/li>\n<\/ul>\n\n\n\n<p>Osa tiedonl\u00e4hteist\u00e4 on tarjolla vain yliopistoyhteis\u00f6n j\u00e4senille, mutta yh\u00e4 enemm\u00e4n tietoa l\u00f6ytyy my\u00f6s kaikille avoimista tiedonl\u00e4hteist\u00e4.<\/p>\n\n\n\n<h2 class=\"wp-block-heading\">Tieteellisen tiedonhankinnan erityispiirteit\u00e4 ovat:<\/h2>\n\n\n\n<ul class=\"wp-block-list\">\n<li>ymm\u00e4rrys, kuinka tieteellist\u00e4 tietoa julkaistaan<\/li>\n\n\n\n<li>tiet\u00e4mys, mist\u00e4 ja miten tieteellist\u00e4 tietoa kannattaa hakea<\/li>\n\n\n\n<li>varmuus, ett\u00e4 noudattaa tiedon hy\u00f6dynt\u00e4misess\u00e4 oikeudellisia ja eettisi\u00e4 ohjeita<\/li>\n<\/ul>\n\n\n\n<figure class=\"wp-block-image aligncenter size-full is-resized wp-image-284\"><img loading=\"lazy\" decoding=\"async\" width=\"1004\" height=\"533\" src=\"https:\/\/blogs.uef.fi\/tiedonhaku-fysiikka\/wp-content\/uploads\/sites\/49\/2015\/08\/idea.png\" alt=\"Kaaviokuva, jonka keski\u00f6ss\u00e4 tieteelliset julkaisut. Polku: oma aihe \u2013 hakusanat \u2013 hakulauseet \u2013 hakukoneet \/ tieteelliset julkaisut \u2013 tulokset \u2013 tallentaminen \u2013 k\u00e4ytt\u00f6.\" class=\"wp-image-284\" style=\"width:753px\" srcset=\"https:\/\/blogs.uef.fi\/tiedonhaku-fysiikka\/wp-content\/uploads\/sites\/49\/2015\/08\/idea.png 1004w, https:\/\/blogs.uef.fi\/tiedonhaku-fysiikka\/wp-content\/uploads\/sites\/49\/2015\/08\/idea-300x159.png 300w, https:\/\/blogs.uef.fi\/tiedonhaku-fysiikka\/wp-content\/uploads\/sites\/49\/2015\/08\/idea-768x408.png 768w\" sizes=\"auto, (max-width: 1004px) 100vw, 1004px\" \/><figcaption class=\"wp-element-caption\"><em>Kurssin sis\u00e4lt\u00f6 tiivistettyn\u00e4.<\/em><\/figcaption><\/figure>\n\n\n\n<p>Materiaali sis\u00e4lt\u00e4\u00e4 runsaasti kuvakaappauksia sek\u00e4 joitakin taulukoita. Siksi sit\u00e4 on suositeltavaa lukea tietokoneella, ei puhelimella.<\/p>\n\n\n\n<p><strong><br><\/strong>T\u00e4m\u00e4 oppimateriaali liitty UEF kirjaston kursseihin<a href=\"https:\/\/opas.peppi.uef.fi\/fi\/opintojakso\/8020210\/92137?period=2025-2026\" target=\"_blank\" rel=\"noreferrer noopener\"> Fysiikan tiedonhaku 8020210 (1 op)<\/a> ja <a href=\"https:\/\/opas.peppi.uef.fi\/fi\/opintojakso\/8020390\/83524?period=2025-2026\" target=\"_blank\" rel=\"noreferrer noopener\">Tekniikan tiedonhaku 8020390 (1 op)<\/a> (linkki aukeaa uuteen ikkunaan). Opintojakson suorittaja: kurssiin liittyv\u00e4t teht\u00e4v\u00e4t ja ohjeet ovat UEF eLearnissa. Avaimen saat opettajalta kurssin alettua.<\/p>\n\n\n\n<p>Navigoi oppimateriaalissa oikean yl\u00e4kulman hampurilasvalikoista tai aloita kurssi t\u00e4st\u00e4: <\/p>\n\n\n\n<p class=\"has-text-align-left\"> <a href=\"https:\/\/blogs.uef.fi\/tiedonhaku-fysiikka\/tieteelliset-julkaisut\/tieteellinen-julkaiseminen\/\">Tieteellinen julkaiseminen.<\/a><\/p>\n\n\n\n<p><a href=\"http:\/\/creativecommons.org\/licenses\/by\/4.0\/\" rel=\"license\"><img decoding=\"async\" style=\"border-width: 0\" src=\"https:\/\/i.creativecommons.org\/l\/by\/4.0\/80x15.png\" alt=\"Creative Commons -lisenssi\"><\/a><br>T\u00e4m\u00e4 teos on lisensoitu <a href=\"http:\/\/creativecommons.org\/licenses\/by\/4.0\/\">Creative Commons Nime\u00e4 4.0 Kansainv\u00e4linen -lisenssill\u00e4<\/a>.<\/p>\n\n\n\n<p><strong>Viittausohje<\/strong>: It\u00e4-Suomen yliopiston kirjasto. Fysiikan ja tekniikan tiedonhaku [verkkosivusto]. Saatavilla: https:\/\/blogs.uef.fi\/tiedonhaku-fysiikka\/.<\/p>\n\n\n\n<p><strong>Kurssin tekij\u00e4:<\/strong> Laura Parikka, tietoasiantuntija It\u00e4-Suomen yliopiston kirjasto<br>Kiitokset: kirjaston opetus- ja tietopalvelut<\/p>\n\n\n\n<p>P\u00e4ivitetty viimeksi: 6.3.2026. Materiaali on julkaistu vuonna 2015.<\/p>\n\n\n\n<figure class=\"wp-block-image aligncenter\"><img loading=\"lazy\" decoding=\"async\" width=\"240\" height=\"225\" src=\"https:\/\/blogs.uef.fi\/tiedonhaku-fysiikka\/wp-content\/uploads\/sites\/49\/2015\/09\/uef-tunnus_mustalla.jpg?w=150\" alt=\"UEF-tunnus_mustalla\" class=\"wp-image-443\" \/><\/figure>\n","protected":false},"excerpt":{"rendered":"<p>Fysiikan ja tekniikan tiedonhaku \u2013oppimateriaali k\u00e4sittelee tekstein, esimerkein ja videoin tiedonhankintaa opiskelu- ja tutkimustarkoituksiin akateemisessa maailmassa. My\u00f6s opiskelun j\u00e4lkeen ty\u00f6el\u00e4m\u00e4ss\u00e4 hyvist\u00e4 tiedonhankintataidoista on paljon etua! T\u00e4ss\u00e4 materiaalissa tutustut Osa tiedonl\u00e4hteist\u00e4 on tarjolla vain yliopistoyhteis\u00f6n j\u00e4senille, mutta yh\u00e4 enemm\u00e4n tietoa l\u00f6ytyy my\u00f6s kaikille avoimista tiedonl\u00e4hteist\u00e4. Tieteellisen tiedonhankinnan erityispiirteit\u00e4 ovat: Materiaali sis\u00e4lt\u00e4\u00e4 runsaasti kuvakaappauksia sek\u00e4 joitakin taulukoita. [&hellip;]<\/p>\n","protected":false},"author":127,"featured_media":1495,"parent":0,"menu_order":0,"comment_status":"closed","ping_status":"closed","template":"","meta":{"_acf_changed":false,"footnotes":""},"class_list":["post-837","page","type-page","status-publish","has-post-thumbnail","hentry"],"acf":[],"yoast_head":"<!-- This site is optimized with the Yoast SEO plugin v27.3 - https:\/\/yoast.com\/product\/yoast-seo-wordpress\/ -->\n<title>Opiskele tieteellisen tiedon hakua fysiikan ja tekniikan alalla - Fysiikan ja tekniikan tiedonhaku<\/title>\n<meta name=\"robots\" content=\"index, follow, max-snippet:-1, max-image-preview:large, max-video-preview:-1\" \/>\n<link rel=\"canonical\" href=\"https:\/\/blogs.uef.fi\/tiedonhaku-fysiikka\/\" \/>\n<meta property=\"og:locale\" content=\"fi_FI\" \/>\n<meta property=\"og:type\" content=\"article\" \/>\n<meta property=\"og:title\" content=\"Opiskele tieteellisen tiedon hakua fysiikan ja tekniikan alalla - Fysiikan ja tekniikan tiedonhaku\" \/>\n<meta property=\"og:description\" content=\"Fysiikan ja tekniikan tiedonhaku \u2013oppimateriaali k\u00e4sittelee tekstein, esimerkein ja videoin tiedonhankintaa opiskelu- ja tutkimustarkoituksiin akateemisessa maailmassa. My\u00f6s opiskelun j\u00e4lkeen ty\u00f6el\u00e4m\u00e4ss\u00e4 hyvist\u00e4 tiedonhankintataidoista on paljon etua! T\u00e4ss\u00e4 materiaalissa tutustut Osa tiedonl\u00e4hteist\u00e4 on tarjolla vain yliopistoyhteis\u00f6n j\u00e4senille, mutta yh\u00e4 enemm\u00e4n tietoa l\u00f6ytyy my\u00f6s kaikille avoimista tiedonl\u00e4hteist\u00e4. Tieteellisen tiedonhankinnan erityispiirteit\u00e4 ovat: Materiaali sis\u00e4lt\u00e4\u00e4 runsaasti kuvakaappauksia sek\u00e4 joitakin taulukoita. [&hellip;]\" \/>\n<meta property=\"og:url\" content=\"https:\/\/blogs.uef.fi\/tiedonhaku-fysiikka\/\" \/>\n<meta property=\"og:site_name\" content=\"Fysiikan ja tekniikan tiedonhaku\" \/>\n<meta property=\"article:modified_time\" content=\"2026-03-06T08:04:22+00:00\" \/>\n<meta property=\"og:image\" content=\"https:\/\/blogs.uef.fi\/tiedonhaku-fysiikka\/wp-content\/uploads\/sites\/49\/2020\/09\/WordPress_FYS_pisara-scaled.jpg\" \/>\n\t<meta property=\"og:image:width\" content=\"2560\" \/>\n\t<meta property=\"og:image:height\" content=\"1134\" \/>\n\t<meta property=\"og:image:type\" content=\"image\/jpeg\" \/>\n<meta name=\"twitter:card\" content=\"summary_large_image\" \/>\n<meta name=\"twitter:label1\" content=\"Arvioitu lukuaika\" \/>\n\t<meta name=\"twitter:data1\" content=\"3 minuuttia\" \/>\n<script type=\"application\/ld+json\" class=\"yoast-schema-graph\">{\"@context\":\"https:\\\/\\\/schema.org\",\"@graph\":[{\"@type\":\"WebPage\",\"@id\":\"https:\\\/\\\/blogs.uef.fi\\\/tiedonhaku-fysiikka\\\/\",\"url\":\"https:\\\/\\\/blogs.uef.fi\\\/tiedonhaku-fysiikka\\\/\",\"name\":\"Opiskele tieteellisen tiedon hakua fysiikan ja tekniikan alalla - Fysiikan ja tekniikan tiedonhaku\",\"isPartOf\":{\"@id\":\"https:\\\/\\\/blogs.uef.fi\\\/tiedonhaku-fysiikka\\\/#website\"},\"primaryImageOfPage\":{\"@id\":\"https:\\\/\\\/blogs.uef.fi\\\/tiedonhaku-fysiikka\\\/#primaryimage\"},\"image\":{\"@id\":\"https:\\\/\\\/blogs.uef.fi\\\/tiedonhaku-fysiikka\\\/#primaryimage\"},\"thumbnailUrl\":\"https:\\\/\\\/blogs.uef.fi\\\/tiedonhaku-fysiikka\\\/wp-content\\\/uploads\\\/sites\\\/49\\\/2020\\\/09\\\/WordPress_FYS_pisara-scaled.jpg\",\"datePublished\":\"2015-07-30T09:30:14+00:00\",\"dateModified\":\"2026-03-06T08:04:22+00:00\",\"breadcrumb\":{\"@id\":\"https:\\\/\\\/blogs.uef.fi\\\/tiedonhaku-fysiikka\\\/#breadcrumb\"},\"inLanguage\":\"fi\",\"potentialAction\":[{\"@type\":\"ReadAction\",\"target\":[\"https:\\\/\\\/blogs.uef.fi\\\/tiedonhaku-fysiikka\\\/\"]}]},{\"@type\":\"ImageObject\",\"inLanguage\":\"fi\",\"@id\":\"https:\\\/\\\/blogs.uef.fi\\\/tiedonhaku-fysiikka\\\/#primaryimage\",\"url\":\"https:\\\/\\\/blogs.uef.fi\\\/tiedonhaku-fysiikka\\\/wp-content\\\/uploads\\\/sites\\\/49\\\/2020\\\/09\\\/WordPress_FYS_pisara-scaled.jpg\",\"contentUrl\":\"https:\\\/\\\/blogs.uef.fi\\\/tiedonhaku-fysiikka\\\/wp-content\\\/uploads\\\/sites\\\/49\\\/2020\\\/09\\\/WordPress_FYS_pisara-scaled.jpg\",\"width\":2560,\"height\":1134},{\"@type\":\"BreadcrumbList\",\"@id\":\"https:\\\/\\\/blogs.uef.fi\\\/tiedonhaku-fysiikka\\\/#breadcrumb\",\"itemListElement\":[{\"@type\":\"ListItem\",\"position\":1,\"name\":\"Home\",\"item\":\"https:\\\/\\\/blogs.uef.fi\\\/tiedonhaku-fysiikka\\\/\"},{\"@type\":\"ListItem\",\"position\":2,\"name\":\"Opiskele tieteellisen tiedon hakua fysiikan ja tekniikan alalla\"}]},{\"@type\":\"WebSite\",\"@id\":\"https:\\\/\\\/blogs.uef.fi\\\/tiedonhaku-fysiikka\\\/#website\",\"url\":\"https:\\\/\\\/blogs.uef.fi\\\/tiedonhaku-fysiikka\\\/\",\"name\":\"Fysiikan ja tekniikan tiedonhaku\",\"description\":\"\",\"potentialAction\":[{\"@type\":\"SearchAction\",\"target\":{\"@type\":\"EntryPoint\",\"urlTemplate\":\"https:\\\/\\\/blogs.uef.fi\\\/tiedonhaku-fysiikka\\\/?s={search_term_string}\"},\"query-input\":{\"@type\":\"PropertyValueSpecification\",\"valueRequired\":true,\"valueName\":\"search_term_string\"}}],\"inLanguage\":\"fi\"}]}<\/script>\n<!-- \/ Yoast SEO plugin. -->","yoast_head_json":{"title":"Opiskele tieteellisen tiedon hakua fysiikan ja tekniikan alalla - Fysiikan ja tekniikan tiedonhaku","robots":{"index":"index","follow":"follow","max-snippet":"max-snippet:-1","max-image-preview":"max-image-preview:large","max-video-preview":"max-video-preview:-1"},"canonical":"https:\/\/blogs.uef.fi\/tiedonhaku-fysiikka\/","og_locale":"fi_FI","og_type":"article","og_title":"Opiskele tieteellisen tiedon hakua fysiikan ja tekniikan alalla - Fysiikan ja tekniikan tiedonhaku","og_description":"Fysiikan ja tekniikan tiedonhaku \u2013oppimateriaali k\u00e4sittelee tekstein, esimerkein ja videoin tiedonhankintaa opiskelu- ja tutkimustarkoituksiin akateemisessa maailmassa. My\u00f6s opiskelun j\u00e4lkeen ty\u00f6el\u00e4m\u00e4ss\u00e4 hyvist\u00e4 tiedonhankintataidoista on paljon etua! T\u00e4ss\u00e4 materiaalissa tutustut Osa tiedonl\u00e4hteist\u00e4 on tarjolla vain yliopistoyhteis\u00f6n j\u00e4senille, mutta yh\u00e4 enemm\u00e4n tietoa l\u00f6ytyy my\u00f6s kaikille avoimista tiedonl\u00e4hteist\u00e4. Tieteellisen tiedonhankinnan erityispiirteit\u00e4 ovat: Materiaali sis\u00e4lt\u00e4\u00e4 runsaasti kuvakaappauksia sek\u00e4 joitakin taulukoita. [&hellip;]","og_url":"https:\/\/blogs.uef.fi\/tiedonhaku-fysiikka\/","og_site_name":"Fysiikan ja tekniikan tiedonhaku","article_modified_time":"2026-03-06T08:04:22+00:00","og_image":[{"width":2560,"height":1134,"url":"https:\/\/blogs.uef.fi\/tiedonhaku-fysiikka\/wp-content\/uploads\/sites\/49\/2020\/09\/WordPress_FYS_pisara-scaled.jpg","type":"image\/jpeg"}],"twitter_card":"summary_large_image","twitter_misc":{"Arvioitu lukuaika":"3 minuuttia"},"schema":{"@context":"https:\/\/schema.org","@graph":[{"@type":"WebPage","@id":"https:\/\/blogs.uef.fi\/tiedonhaku-fysiikka\/","url":"https:\/\/blogs.uef.fi\/tiedonhaku-fysiikka\/","name":"Opiskele tieteellisen tiedon hakua fysiikan ja tekniikan alalla - Fysiikan ja tekniikan tiedonhaku","isPartOf":{"@id":"https:\/\/blogs.uef.fi\/tiedonhaku-fysiikka\/#website"},"primaryImageOfPage":{"@id":"https:\/\/blogs.uef.fi\/tiedonhaku-fysiikka\/#primaryimage"},"image":{"@id":"https:\/\/blogs.uef.fi\/tiedonhaku-fysiikka\/#primaryimage"},"thumbnailUrl":"https:\/\/blogs.uef.fi\/tiedonhaku-fysiikka\/wp-content\/uploads\/sites\/49\/2020\/09\/WordPress_FYS_pisara-scaled.jpg","datePublished":"2015-07-30T09:30:14+00:00","dateModified":"2026-03-06T08:04:22+00:00","breadcrumb":{"@id":"https:\/\/blogs.uef.fi\/tiedonhaku-fysiikka\/#breadcrumb"},"inLanguage":"fi","potentialAction":[{"@type":"ReadAction","target":["https:\/\/blogs.uef.fi\/tiedonhaku-fysiikka\/"]}]},{"@type":"ImageObject","inLanguage":"fi","@id":"https:\/\/blogs.uef.fi\/tiedonhaku-fysiikka\/#primaryimage","url":"https:\/\/blogs.uef.fi\/tiedonhaku-fysiikka\/wp-content\/uploads\/sites\/49\/2020\/09\/WordPress_FYS_pisara-scaled.jpg","contentUrl":"https:\/\/blogs.uef.fi\/tiedonhaku-fysiikka\/wp-content\/uploads\/sites\/49\/2020\/09\/WordPress_FYS_pisara-scaled.jpg","width":2560,"height":1134},{"@type":"BreadcrumbList","@id":"https:\/\/blogs.uef.fi\/tiedonhaku-fysiikka\/#breadcrumb","itemListElement":[{"@type":"ListItem","position":1,"name":"Home","item":"https:\/\/blogs.uef.fi\/tiedonhaku-fysiikka\/"},{"@type":"ListItem","position":2,"name":"Opiskele tieteellisen tiedon hakua fysiikan ja tekniikan alalla"}]},{"@type":"WebSite","@id":"https:\/\/blogs.uef.fi\/tiedonhaku-fysiikka\/#website","url":"https:\/\/blogs.uef.fi\/tiedonhaku-fysiikka\/","name":"Fysiikan ja tekniikan tiedonhaku","description":"","potentialAction":[{"@type":"SearchAction","target":{"@type":"EntryPoint","urlTemplate":"https:\/\/blogs.uef.fi\/tiedonhaku-fysiikka\/?s={search_term_string}"},"query-input":{"@type":"PropertyValueSpecification","valueRequired":true,"valueName":"search_term_string"}}],"inLanguage":"fi"}]}},"_links":{"self":[{"href":"https:\/\/blogs.uef.fi\/tiedonhaku-fysiikka\/wp-json\/wp\/v2\/pages\/837","targetHints":{"allow":["GET"]}}],"collection":[{"href":"https:\/\/blogs.uef.fi\/tiedonhaku-fysiikka\/wp-json\/wp\/v2\/pages"}],"about":[{"href":"https:\/\/blogs.uef.fi\/tiedonhaku-fysiikka\/wp-json\/wp\/v2\/types\/page"}],"author":[{"embeddable":true,"href":"https:\/\/blogs.uef.fi\/tiedonhaku-fysiikka\/wp-json\/wp\/v2\/users\/127"}],"replies":[{"embeddable":true,"href":"https:\/\/blogs.uef.fi\/tiedonhaku-fysiikka\/wp-json\/wp\/v2\/comments?post=837"}],"version-history":[{"count":2,"href":"https:\/\/blogs.uef.fi\/tiedonhaku-fysiikka\/wp-json\/wp\/v2\/pages\/837\/revisions"}],"predecessor-version":[{"id":4509,"href":"https:\/\/blogs.uef.fi\/tiedonhaku-fysiikka\/wp-json\/wp\/v2\/pages\/837\/revisions\/4509"}],"wp:featuredmedia":[{"embeddable":true,"href":"https:\/\/blogs.uef.fi\/tiedonhaku-fysiikka\/wp-json\/wp\/v2\/media\/1495"}],"wp:attachment":[{"href":"https:\/\/blogs.uef.fi\/tiedonhaku-fysiikka\/wp-json\/wp\/v2\/media?parent=837"}],"curies":[{"name":"wp","href":"https:\/\/api.w.org\/{rel}","templated":true}]}}