{"id":199,"date":"2015-08-05T07:16:54","date_gmt":"2015-08-05T07:16:54","guid":{"rendered":"https:\/\/ueflibraryfys.wordpress.com\/?page_id=199"},"modified":"2024-01-18T15:39:20","modified_gmt":"2024-01-18T13:39:20","slug":"sarjojen-ja-kokousjulkaisujen-hakeminen","status":"publish","type":"page","link":"https:\/\/blogs.uef.fi\/tiedonhaku-fysiikka\/hakukoneet\/sarjojen-ja-kokousjulkaisujen-hakeminen\/","title":{"rendered":"Sarjojen ja kokousjulkaisujen hakeminen"},"content":{"rendered":"\n<p>Peruslinja nykyisin on, ett\u00e4 julkaisut ovat <strong>vapaasti verkossa luettavissa.<\/strong> Verkkojulkaiseminen yleistyi kuitenkin vaihtelevasti 2000-luvulla, eik\u00e4 vanhempia aineistoja ole tuotu takautuvasti verkkoon. <strong>Vanhemmat aineistot<\/strong> l\u00f6ytyv\u00e4t painettuina kirjastoista.<\/p>\n\n\n\n<h2 class=\"wp-block-heading\">Uudet sarjajulkaisut l\u00f6ytyv\u00e4t helpoiten yleisill\u00e4 hakukoneilla<\/h2>\n\n\n\n<p>Muista silti, ett\u00e4 esim. Google k\u00e4ytt\u00e4\u00e4 <strong>tulosten j\u00e4rjest\u00e4miseen<\/strong> paitsi itse tekstiss\u00e4 esiintyvi\u00e4 sanoja, my\u00f6s viittauksia sivujen kesken ja sivujen k\u00e4ytt\u00f6astetta (=kuinka usein linkki\u00e4 on klikattu).<\/p>\n\n\n\n<p>Jos kyseess\u00e4 on suhteellisen v\u00e4h\u00e4n k\u00e4ytetty julkaisu, voi k\u00e4yd\u00e4 niin, ett\u00e4 hakutuloslajittelu ei nosta hyv\u00e4\u00e4k\u00e4\u00e4n aineistoa niin korkealle kuin sis\u00e4ll\u00f6n perusteella kuuluisi. Kannattaa siis selailla tuloslistaa pidemm\u00e4lle.<\/p>\n\n\n\n<p>Julkaisujen selaaminen suoraan haluamansa <strong>organisaation kotisivuilta<\/strong> on k\u00e4tev\u00e4\u00e4, jos haluaa v\u00e4ltt\u00e4\u00e4 hakukoneiden tuoman sekalaisen s\u00e4l\u00e4n.<\/p>\n\n\n\n<h2 class=\"wp-block-heading\">Hae vanhempia sarjoja kirjastotietokannoista<\/h2>\n\n\n\n<p><strong>Erityisesti v\u00e4h\u00e4n vanhempia sarjoja kannattaa hakea UEF-Primosta.<\/strong> K\u00e4yt\u00e4 hakuna oletushakua (haku kirjaston kokoelmista). Voit kirjoittaa hakuun sarjan nimen tai yksitt\u00e4isen osan nimen.<\/p>\n\n\n\n<p>Uusiakin sarjajulkaisuja kirjastoissa on edelleen painettuna, mutta ei yht\u00e4 kattavasti kuin aiemmin. Vain ja ainoastaan verkossa julkaistua aineistoa, jota ovat mm. erilaiset raportit ym. selvitykset, ei yleens\u00e4 tallenneta UEF-Primoon.<\/p>\n\n\n\n<p>Sarjajulkaisua voi hakea:<\/p>\n\n\n\n<ul class=\"wp-block-list\">\n<li><strong>sarjan<\/strong> nimell\u00e4<\/li>\n\n\n\n<li><strong>osan ja tekij\u00e4n<\/strong> nimell\u00e4<\/li>\n\n\n\n<li><strong>aiheenmukaisesti<\/strong> samoin kuin kirjoja<\/li>\n<\/ul>\n\n\n\n<h3 class=\"wp-block-heading\">Sarjat kirjaston kokoelmissa<\/h3>\n\n\n\n<p>Osa sarjoista on kirjastossa sijoitettu yhten\u00e4isin\u00e4 sarjoina ns. <strong>sarjahyllyihin.<\/strong> Osa sarjojen osista taas on <strong>hajautettu<\/strong> aiheen mukaan eri hyllyihin.<\/p>\n\n\n\n<h2 class=\"wp-block-heading\">Kokousjulkaisujen (konferenssit, proceedings) hakeminen<\/h2>\n\n\n\n<p>Kokousjulkaisutkin ovat usein<strong> sarjoja;<\/strong> tietty konferenssi j\u00e4rjestet\u00e4\u00e4n vuosittain tai muutaman vuoden v\u00e4lein.<\/p>\n\n\n\n<p>Konferenssijulkaisut sis\u00e4lt\u00e4v\u00e4t <strong>lyhyit\u00e4 artikkeleita:<\/strong> tiivistelmi\u00e4 pidetyist\u00e4 <strong>esitelmist\u00e4 sek\u00e4 postereista. <\/strong>Julkaisu voi olla painettu tai elektroninen.<\/p>\n\n\n\n<p>Kokousjulkaisuja haetaan kuten sarjajulkaisujakin:<\/p>\n\n\n\n<ul class=\"wp-block-list\">\n<li><strong>hakukoneilla netist\u00e4<\/strong><\/li>\n\n\n\n<li><strong>konferenssien kotisivuilta <\/strong><\/li>\n\n\n\n<li><strong>kirjasto- ja kirjallisuustietokannoista.<\/strong><\/li>\n<\/ul>\n\n\n\n<p>Fysiikan ja tekniikan alan konferenssijulkaisuja l\u00f6ytyy erityisen paljon&nbsp;<strong>IEEE Xplore- tietokannasta.<\/strong><\/p>\n\n\n\n<figure class=\"wp-block-image alignnone size-full wp-image-2071\"><img loading=\"lazy\" decoding=\"async\" width=\"1636\" height=\"500\" src=\"https:\/\/blogs.uef.fi\/tiedonhaku-fysiikka\/wp-content\/uploads\/sites\/49\/2021\/09\/FYSieee_konferenssi.png\" alt=\"Kuvakaappaus. Haun tulos, joka on yhteens\u00e4 64 osumaa, on esitetty jaettuna julkaisutyypeitt\u00e4in: Conferences 55, Journals 9.\" class=\"wp-image-2071\" style=\"object-fit:cover\" srcset=\"https:\/\/blogs.uef.fi\/tiedonhaku-fysiikka\/wp-content\/uploads\/sites\/49\/2021\/09\/FYSieee_konferenssi.png 1636w, https:\/\/blogs.uef.fi\/tiedonhaku-fysiikka\/wp-content\/uploads\/sites\/49\/2021\/09\/FYSieee_konferenssi-300x92.png 300w, https:\/\/blogs.uef.fi\/tiedonhaku-fysiikka\/wp-content\/uploads\/sites\/49\/2021\/09\/FYSieee_konferenssi-1024x313.png 1024w, https:\/\/blogs.uef.fi\/tiedonhaku-fysiikka\/wp-content\/uploads\/sites\/49\/2021\/09\/FYSieee_konferenssi-768x235.png 768w, https:\/\/blogs.uef.fi\/tiedonhaku-fysiikka\/wp-content\/uploads\/sites\/49\/2021\/09\/FYSieee_konferenssi-1536x469.png 1536w\" sizes=\"auto, (max-width: 1636px) 100vw, 1636px\" \/><figcaption class=\"wp-element-caption\"><em>Esimerkkitapauksessa suurin osa tuloksista on konferenssiartikkeleita ja vain pieni osa tieteellisten lehtien artikkeleita.<\/em><\/figcaption><\/figure>\n\n\n\n<p class=\"has-text-align-right\">Seuraava sivu: <a href=\"https:\/\/blogs.uef.fi\/tiedonhaku-fysiikka\/vaitoskirjojen-ja-gradujen-hakeminen\/\">Opinn\u00e4ytteiden hakeminen<\/a><\/p>\n","protected":false},"excerpt":{"rendered":"<p>Peruslinja nykyisin on, ett\u00e4 julkaisut ovat vapaasti verkossa luettavissa. Verkkojulkaiseminen yleistyi kuitenkin vaihtelevasti 2000-luvulla, eik\u00e4 vanhempia aineistoja ole tuotu takautuvasti verkkoon. Vanhemmat aineistot l\u00f6ytyv\u00e4t painettuina kirjastoista. Uudet sarjajulkaisut l\u00f6ytyv\u00e4t helpoiten yleisill\u00e4 hakukoneilla Muista silti, ett\u00e4 esim. Google k\u00e4ytt\u00e4\u00e4 tulosten j\u00e4rjest\u00e4miseen paitsi itse tekstiss\u00e4 esiintyvi\u00e4 sanoja, my\u00f6s viittauksia sivujen kesken ja sivujen k\u00e4ytt\u00f6astetta (=kuinka usein linkki\u00e4 [&hellip;]<\/p>\n","protected":false},"author":127,"featured_media":0,"parent":949,"menu_order":5,"comment_status":"closed","ping_status":"closed","template":"","meta":{"_acf_changed":false,"footnotes":""},"class_list":["post-199","page","type-page","status-publish","hentry"],"acf":[],"yoast_head":"<!-- This site is optimized with the Yoast SEO plugin v27.3 - https:\/\/yoast.com\/product\/yoast-seo-wordpress\/ -->\n<title>Sarjojen ja kokousjulkaisujen hakeminen - Fysiikan ja tekniikan tiedonhaku<\/title>\n<meta name=\"robots\" content=\"index, follow, max-snippet:-1, max-image-preview:large, max-video-preview:-1\" \/>\n<link rel=\"canonical\" href=\"https:\/\/blogs.uef.fi\/tiedonhaku-fysiikka\/hakukoneet\/sarjojen-ja-kokousjulkaisujen-hakeminen\/\" \/>\n<meta property=\"og:locale\" content=\"fi_FI\" \/>\n<meta property=\"og:type\" content=\"article\" \/>\n<meta property=\"og:title\" content=\"Sarjojen ja kokousjulkaisujen hakeminen - Fysiikan ja tekniikan tiedonhaku\" \/>\n<meta property=\"og:description\" content=\"Peruslinja nykyisin on, ett\u00e4 julkaisut ovat vapaasti verkossa luettavissa. Verkkojulkaiseminen yleistyi kuitenkin vaihtelevasti 2000-luvulla, eik\u00e4 vanhempia aineistoja ole tuotu takautuvasti verkkoon. Vanhemmat aineistot l\u00f6ytyv\u00e4t painettuina kirjastoista. Uudet sarjajulkaisut l\u00f6ytyv\u00e4t helpoiten yleisill\u00e4 hakukoneilla Muista silti, ett\u00e4 esim. Google k\u00e4ytt\u00e4\u00e4 tulosten j\u00e4rjest\u00e4miseen paitsi itse tekstiss\u00e4 esiintyvi\u00e4 sanoja, my\u00f6s viittauksia sivujen kesken ja sivujen k\u00e4ytt\u00f6astetta (=kuinka usein linkki\u00e4 [&hellip;]\" \/>\n<meta property=\"og:url\" content=\"https:\/\/blogs.uef.fi\/tiedonhaku-fysiikka\/hakukoneet\/sarjojen-ja-kokousjulkaisujen-hakeminen\/\" \/>\n<meta property=\"og:site_name\" content=\"Fysiikan ja tekniikan tiedonhaku\" \/>\n<meta property=\"article:modified_time\" content=\"2024-01-18T13:39:20+00:00\" \/>\n<meta property=\"og:image\" content=\"https:\/\/blogs.uef.fi\/tiedonhaku-fysiikka\/wp-content\/uploads\/sites\/49\/2021\/09\/FYSieee_konferenssi.png\" \/>\n<meta name=\"twitter:card\" content=\"summary_large_image\" \/>\n<meta name=\"twitter:label1\" content=\"Arvioitu lukuaika\" \/>\n\t<meta name=\"twitter:data1\" content=\"2 minuuttia\" \/>\n<script type=\"application\/ld+json\" class=\"yoast-schema-graph\">{\"@context\":\"https:\\\/\\\/schema.org\",\"@graph\":[{\"@type\":\"WebPage\",\"@id\":\"https:\\\/\\\/blogs.uef.fi\\\/tiedonhaku-fysiikka\\\/hakukoneet\\\/sarjojen-ja-kokousjulkaisujen-hakeminen\\\/\",\"url\":\"https:\\\/\\\/blogs.uef.fi\\\/tiedonhaku-fysiikka\\\/hakukoneet\\\/sarjojen-ja-kokousjulkaisujen-hakeminen\\\/\",\"name\":\"Sarjojen ja kokousjulkaisujen hakeminen - Fysiikan ja tekniikan tiedonhaku\",\"isPartOf\":{\"@id\":\"https:\\\/\\\/blogs.uef.fi\\\/tiedonhaku-fysiikka\\\/#website\"},\"primaryImageOfPage\":{\"@id\":\"https:\\\/\\\/blogs.uef.fi\\\/tiedonhaku-fysiikka\\\/hakukoneet\\\/sarjojen-ja-kokousjulkaisujen-hakeminen\\\/#primaryimage\"},\"image\":{\"@id\":\"https:\\\/\\\/blogs.uef.fi\\\/tiedonhaku-fysiikka\\\/hakukoneet\\\/sarjojen-ja-kokousjulkaisujen-hakeminen\\\/#primaryimage\"},\"thumbnailUrl\":\"https:\\\/\\\/blogs.uef.fi\\\/tiedonhaku-fysiikka\\\/wp-content\\\/uploads\\\/sites\\\/49\\\/2021\\\/09\\\/FYSieee_konferenssi.png\",\"datePublished\":\"2015-08-05T07:16:54+00:00\",\"dateModified\":\"2024-01-18T13:39:20+00:00\",\"breadcrumb\":{\"@id\":\"https:\\\/\\\/blogs.uef.fi\\\/tiedonhaku-fysiikka\\\/hakukoneet\\\/sarjojen-ja-kokousjulkaisujen-hakeminen\\\/#breadcrumb\"},\"inLanguage\":\"fi\",\"potentialAction\":[{\"@type\":\"ReadAction\",\"target\":[\"https:\\\/\\\/blogs.uef.fi\\\/tiedonhaku-fysiikka\\\/hakukoneet\\\/sarjojen-ja-kokousjulkaisujen-hakeminen\\\/\"]}]},{\"@type\":\"ImageObject\",\"inLanguage\":\"fi\",\"@id\":\"https:\\\/\\\/blogs.uef.fi\\\/tiedonhaku-fysiikka\\\/hakukoneet\\\/sarjojen-ja-kokousjulkaisujen-hakeminen\\\/#primaryimage\",\"url\":\"https:\\\/\\\/blogs.uef.fi\\\/tiedonhaku-fysiikka\\\/wp-content\\\/uploads\\\/sites\\\/49\\\/2021\\\/09\\\/FYSieee_konferenssi.png\",\"contentUrl\":\"https:\\\/\\\/blogs.uef.fi\\\/tiedonhaku-fysiikka\\\/wp-content\\\/uploads\\\/sites\\\/49\\\/2021\\\/09\\\/FYSieee_konferenssi.png\",\"width\":1636,\"height\":500},{\"@type\":\"BreadcrumbList\",\"@id\":\"https:\\\/\\\/blogs.uef.fi\\\/tiedonhaku-fysiikka\\\/hakukoneet\\\/sarjojen-ja-kokousjulkaisujen-hakeminen\\\/#breadcrumb\",\"itemListElement\":[{\"@type\":\"ListItem\",\"position\":1,\"name\":\"Home\",\"item\":\"https:\\\/\\\/blogs.uef.fi\\\/tiedonhaku-fysiikka\\\/\"},{\"@type\":\"ListItem\",\"position\":2,\"name\":\"Hakukoneet\",\"item\":\"https:\\\/\\\/blogs.uef.fi\\\/tiedonhaku-fysiikka\\\/hakukoneet\\\/\"},{\"@type\":\"ListItem\",\"position\":3,\"name\":\"Sarjojen ja kokousjulkaisujen hakeminen\"}]},{\"@type\":\"WebSite\",\"@id\":\"https:\\\/\\\/blogs.uef.fi\\\/tiedonhaku-fysiikka\\\/#website\",\"url\":\"https:\\\/\\\/blogs.uef.fi\\\/tiedonhaku-fysiikka\\\/\",\"name\":\"Fysiikan ja tekniikan tiedonhaku\",\"description\":\"\",\"potentialAction\":[{\"@type\":\"SearchAction\",\"target\":{\"@type\":\"EntryPoint\",\"urlTemplate\":\"https:\\\/\\\/blogs.uef.fi\\\/tiedonhaku-fysiikka\\\/?s={search_term_string}\"},\"query-input\":{\"@type\":\"PropertyValueSpecification\",\"valueRequired\":true,\"valueName\":\"search_term_string\"}}],\"inLanguage\":\"fi\"}]}<\/script>\n<!-- \/ Yoast SEO plugin. -->","yoast_head_json":{"title":"Sarjojen ja kokousjulkaisujen hakeminen - Fysiikan ja tekniikan tiedonhaku","robots":{"index":"index","follow":"follow","max-snippet":"max-snippet:-1","max-image-preview":"max-image-preview:large","max-video-preview":"max-video-preview:-1"},"canonical":"https:\/\/blogs.uef.fi\/tiedonhaku-fysiikka\/hakukoneet\/sarjojen-ja-kokousjulkaisujen-hakeminen\/","og_locale":"fi_FI","og_type":"article","og_title":"Sarjojen ja kokousjulkaisujen hakeminen - Fysiikan ja tekniikan tiedonhaku","og_description":"Peruslinja nykyisin on, ett\u00e4 julkaisut ovat vapaasti verkossa luettavissa. Verkkojulkaiseminen yleistyi kuitenkin vaihtelevasti 2000-luvulla, eik\u00e4 vanhempia aineistoja ole tuotu takautuvasti verkkoon. Vanhemmat aineistot l\u00f6ytyv\u00e4t painettuina kirjastoista. Uudet sarjajulkaisut l\u00f6ytyv\u00e4t helpoiten yleisill\u00e4 hakukoneilla Muista silti, ett\u00e4 esim. Google k\u00e4ytt\u00e4\u00e4 tulosten j\u00e4rjest\u00e4miseen paitsi itse tekstiss\u00e4 esiintyvi\u00e4 sanoja, my\u00f6s viittauksia sivujen kesken ja sivujen k\u00e4ytt\u00f6astetta (=kuinka usein linkki\u00e4 [&hellip;]","og_url":"https:\/\/blogs.uef.fi\/tiedonhaku-fysiikka\/hakukoneet\/sarjojen-ja-kokousjulkaisujen-hakeminen\/","og_site_name":"Fysiikan ja tekniikan tiedonhaku","article_modified_time":"2024-01-18T13:39:20+00:00","og_image":[{"url":"https:\/\/blogs.uef.fi\/tiedonhaku-fysiikka\/wp-content\/uploads\/sites\/49\/2021\/09\/FYSieee_konferenssi.png","type":"","width":"","height":""}],"twitter_card":"summary_large_image","twitter_misc":{"Arvioitu lukuaika":"2 minuuttia"},"schema":{"@context":"https:\/\/schema.org","@graph":[{"@type":"WebPage","@id":"https:\/\/blogs.uef.fi\/tiedonhaku-fysiikka\/hakukoneet\/sarjojen-ja-kokousjulkaisujen-hakeminen\/","url":"https:\/\/blogs.uef.fi\/tiedonhaku-fysiikka\/hakukoneet\/sarjojen-ja-kokousjulkaisujen-hakeminen\/","name":"Sarjojen ja kokousjulkaisujen hakeminen - Fysiikan ja tekniikan tiedonhaku","isPartOf":{"@id":"https:\/\/blogs.uef.fi\/tiedonhaku-fysiikka\/#website"},"primaryImageOfPage":{"@id":"https:\/\/blogs.uef.fi\/tiedonhaku-fysiikka\/hakukoneet\/sarjojen-ja-kokousjulkaisujen-hakeminen\/#primaryimage"},"image":{"@id":"https:\/\/blogs.uef.fi\/tiedonhaku-fysiikka\/hakukoneet\/sarjojen-ja-kokousjulkaisujen-hakeminen\/#primaryimage"},"thumbnailUrl":"https:\/\/blogs.uef.fi\/tiedonhaku-fysiikka\/wp-content\/uploads\/sites\/49\/2021\/09\/FYSieee_konferenssi.png","datePublished":"2015-08-05T07:16:54+00:00","dateModified":"2024-01-18T13:39:20+00:00","breadcrumb":{"@id":"https:\/\/blogs.uef.fi\/tiedonhaku-fysiikka\/hakukoneet\/sarjojen-ja-kokousjulkaisujen-hakeminen\/#breadcrumb"},"inLanguage":"fi","potentialAction":[{"@type":"ReadAction","target":["https:\/\/blogs.uef.fi\/tiedonhaku-fysiikka\/hakukoneet\/sarjojen-ja-kokousjulkaisujen-hakeminen\/"]}]},{"@type":"ImageObject","inLanguage":"fi","@id":"https:\/\/blogs.uef.fi\/tiedonhaku-fysiikka\/hakukoneet\/sarjojen-ja-kokousjulkaisujen-hakeminen\/#primaryimage","url":"https:\/\/blogs.uef.fi\/tiedonhaku-fysiikka\/wp-content\/uploads\/sites\/49\/2021\/09\/FYSieee_konferenssi.png","contentUrl":"https:\/\/blogs.uef.fi\/tiedonhaku-fysiikka\/wp-content\/uploads\/sites\/49\/2021\/09\/FYSieee_konferenssi.png","width":1636,"height":500},{"@type":"BreadcrumbList","@id":"https:\/\/blogs.uef.fi\/tiedonhaku-fysiikka\/hakukoneet\/sarjojen-ja-kokousjulkaisujen-hakeminen\/#breadcrumb","itemListElement":[{"@type":"ListItem","position":1,"name":"Home","item":"https:\/\/blogs.uef.fi\/tiedonhaku-fysiikka\/"},{"@type":"ListItem","position":2,"name":"Hakukoneet","item":"https:\/\/blogs.uef.fi\/tiedonhaku-fysiikka\/hakukoneet\/"},{"@type":"ListItem","position":3,"name":"Sarjojen ja kokousjulkaisujen hakeminen"}]},{"@type":"WebSite","@id":"https:\/\/blogs.uef.fi\/tiedonhaku-fysiikka\/#website","url":"https:\/\/blogs.uef.fi\/tiedonhaku-fysiikka\/","name":"Fysiikan ja tekniikan tiedonhaku","description":"","potentialAction":[{"@type":"SearchAction","target":{"@type":"EntryPoint","urlTemplate":"https:\/\/blogs.uef.fi\/tiedonhaku-fysiikka\/?s={search_term_string}"},"query-input":{"@type":"PropertyValueSpecification","valueRequired":true,"valueName":"search_term_string"}}],"inLanguage":"fi"}]}},"_links":{"self":[{"href":"https:\/\/blogs.uef.fi\/tiedonhaku-fysiikka\/wp-json\/wp\/v2\/pages\/199","targetHints":{"allow":["GET"]}}],"collection":[{"href":"https:\/\/blogs.uef.fi\/tiedonhaku-fysiikka\/wp-json\/wp\/v2\/pages"}],"about":[{"href":"https:\/\/blogs.uef.fi\/tiedonhaku-fysiikka\/wp-json\/wp\/v2\/types\/page"}],"author":[{"embeddable":true,"href":"https:\/\/blogs.uef.fi\/tiedonhaku-fysiikka\/wp-json\/wp\/v2\/users\/127"}],"replies":[{"embeddable":true,"href":"https:\/\/blogs.uef.fi\/tiedonhaku-fysiikka\/wp-json\/wp\/v2\/comments?post=199"}],"version-history":[{"count":2,"href":"https:\/\/blogs.uef.fi\/tiedonhaku-fysiikka\/wp-json\/wp\/v2\/pages\/199\/revisions"}],"predecessor-version":[{"id":4074,"href":"https:\/\/blogs.uef.fi\/tiedonhaku-fysiikka\/wp-json\/wp\/v2\/pages\/199\/revisions\/4074"}],"up":[{"embeddable":true,"href":"https:\/\/blogs.uef.fi\/tiedonhaku-fysiikka\/wp-json\/wp\/v2\/pages\/949"}],"wp:attachment":[{"href":"https:\/\/blogs.uef.fi\/tiedonhaku-fysiikka\/wp-json\/wp\/v2\/media?parent=199"}],"curies":[{"name":"wp","href":"https:\/\/api.w.org\/{rel}","templated":true}]}}