{"id":84,"date":"2017-06-14T12:01:23","date_gmt":"2017-06-14T12:01:23","guid":{"rendered":"https:\/\/englanninkielentiedonhaku.wordpress.com\/?page_id=84"},"modified":"2026-04-27T15:34:44","modified_gmt":"2026-04-27T12:34:44","slug":"2-3-maksulliset-tietokannat","status":"publish","type":"page","link":"https:\/\/blogs.uef.fi\/tiedonhaku-englanti\/2-osio-tieteellisen-tiedon-etsiminen\/2-3-maksulliset-tietokannat\/","title":{"rendered":"2.2. Tieteellisen tiedon etsiminen: avoin verkko ja suljetut tietokannat"},"content":{"rendered":"\n<p>Kattava ja systemaattinen l\u00e4hteiden l\u00f6yt\u00e4minen tarvitsee kattavan ja systemaattisen tiedonhaun. Tieteellisen ty\u00f6n \u2013 my\u00f6s opinn\u00e4ytety\u00f6n \u2013 pohjaksi selvitet\u00e4\u00e4n aiheenmukaisella haulla mahdollisimman tarkkaan, mit\u00e4 aiheesta on julkaistu ja saatavilla. Koska avoimen verkon hakukoneet (esim. Google) eiv\u00e4t viel\u00e4 p\u00e4\u00e4se k\u00e4siksi maksullisiin tietokantoihin, joutuu tieteellisi\u00e4 l\u00e4hteit\u00e4 etsim\u00e4\u00e4n muualtakin kuin avoimesta verkosta. Erilaisia hakukoneita ja tietokantoja kannattaakin k\u00e4ytt\u00e4\u00e4 rinnakkain. T\u00e4ll\u00e4 videolla (kesto 9 min.) puhun tieteellisen tiedon etsimisest\u00e4. Millaisia erilaisia hakukoneita ja tietokantoja on olemassa? Miten esim. Google eroaa tieteellisist\u00e4 artikkelitietokannoista? Millaista on systemaattinen tiedonhaku?<\/p>\n\n\n\n<p>Hyv\u00e4 tiet\u00e4\u00e4: videon lopussa puhutaan hyvin lyhyk\u00e4isesti teko\u00e4lyst\u00e4 tiedonhaussa. Syvemmin aiheeseen pureudutaan 5. osiossa.<\/p>\n\n\n<div class=\"embed-container\">\n    <iframe loading=\"lazy\" title=\"Tieteellisen tiedon etsiminen (2025)\" width=\"640\" height=\"360\" src=\"https:\/\/www.youtube.com\/embed\/d-XvYrfvbwo?feature=oembed&#038;controls=1&#038;hd=1&#038;autohide=1\" frameborder=\"0\" allow=\"accelerometer; autoplay; clipboard-write; encrypted-media; gyroscope; picture-in-picture; web-share\" referrerpolicy=\"strict-origin-when-cross-origin\" allowfullscreen frameborder=\"0\"><\/iframe><\/div>\n\n\n<p>Saavutettavuusvinkki: Video kannattaa katsoa koko ruudun kokoisena. Jotta videon laatu pysyy hyv\u00e4n\u00e4, valitse videon oikesta alalaidasta rattaan kuva ja sielt\u00e4 \u201dlaatu \/ quality\u201d 720pHD tai 1080pHD. Jos haluat videoon tekstityksen, paina videon alavalikosta l\u00f6ytyv\u00e4\u00e4 CC-tekstitysnappia.<\/p>\n\n\n\n<p>P\u00e4ivitetty: 4\/2026<\/p>\n\n\n\n<p>Siirry seuraavaan osioon <a href=\"https:\/\/blogs.uef.fi\/tiedonhaku-englanti\/3-osio-oma-tutkimusaihe-hakusanoiksi\/\">3. Hakusanat<\/a><\/p>\n","protected":false},"excerpt":{"rendered":"<p>Kattava ja systemaattinen l\u00e4hteiden l\u00f6yt\u00e4minen tarvitsee kattavan ja systemaattisen tiedonhaun. Tieteellisen ty\u00f6n \u2013 my\u00f6s opinn\u00e4ytety\u00f6n \u2013 pohjaksi selvitet\u00e4\u00e4n aiheenmukaisella haulla mahdollisimman tarkkaan, mit\u00e4 aiheesta on julkaistu ja saatavilla. Koska avoimen verkon hakukoneet (esim. Google) eiv\u00e4t viel\u00e4 p\u00e4\u00e4se k\u00e4siksi maksullisiin tietokantoihin, joutuu tieteellisi\u00e4 l\u00e4hteit\u00e4 etsim\u00e4\u00e4n muualtakin kuin avoimesta verkosta. Erilaisia hakukoneita ja tietokantoja kannattaakin k\u00e4ytt\u00e4\u00e4 rinnakkain. [&hellip;]<\/p>\n","protected":false},"author":129,"featured_media":0,"parent":29,"menu_order":0,"comment_status":"closed","ping_status":"closed","template":"","meta":{"_acf_changed":false,"footnotes":""},"class_list":["post-84","page","type-page","status-publish","hentry"],"acf":[],"yoast_head":"<!-- This site is optimized with the Yoast SEO plugin v27.3 - https:\/\/yoast.com\/product\/yoast-seo-wordpress\/ -->\n<title>2.2. Tieteellisen tiedon etsiminen: avoin verkko ja suljetut tietokannat - Englannin kielen tiedonhaku<\/title>\n<meta name=\"robots\" content=\"index, follow, max-snippet:-1, max-image-preview:large, max-video-preview:-1\" \/>\n<link rel=\"canonical\" href=\"https:\/\/blogs.uef.fi\/tiedonhaku-englanti\/2-osio-tieteellisen-tiedon-etsiminen\/2-3-maksulliset-tietokannat\/\" \/>\n<meta property=\"og:locale\" content=\"fi_FI\" \/>\n<meta property=\"og:type\" content=\"article\" \/>\n<meta property=\"og:title\" content=\"2.2. Tieteellisen tiedon etsiminen: avoin verkko ja suljetut tietokannat - Englannin kielen tiedonhaku\" \/>\n<meta property=\"og:description\" content=\"Kattava ja systemaattinen l\u00e4hteiden l\u00f6yt\u00e4minen tarvitsee kattavan ja systemaattisen tiedonhaun. Tieteellisen ty\u00f6n \u2013 my\u00f6s opinn\u00e4ytety\u00f6n \u2013 pohjaksi selvitet\u00e4\u00e4n aiheenmukaisella haulla mahdollisimman tarkkaan, mit\u00e4 aiheesta on julkaistu ja saatavilla. Koska avoimen verkon hakukoneet (esim. Google) eiv\u00e4t viel\u00e4 p\u00e4\u00e4se k\u00e4siksi maksullisiin tietokantoihin, joutuu tieteellisi\u00e4 l\u00e4hteit\u00e4 etsim\u00e4\u00e4n muualtakin kuin avoimesta verkosta. Erilaisia hakukoneita ja tietokantoja kannattaakin k\u00e4ytt\u00e4\u00e4 rinnakkain. [&hellip;]\" \/>\n<meta property=\"og:url\" content=\"https:\/\/blogs.uef.fi\/tiedonhaku-englanti\/2-osio-tieteellisen-tiedon-etsiminen\/2-3-maksulliset-tietokannat\/\" \/>\n<meta property=\"og:site_name\" content=\"Englannin kielen tiedonhaku\" \/>\n<meta property=\"article:modified_time\" content=\"2026-04-27T12:34:44+00:00\" \/>\n<meta name=\"twitter:card\" content=\"summary_large_image\" \/>\n<meta name=\"twitter:label1\" content=\"Arvioitu lukuaika\" \/>\n\t<meta name=\"twitter:data1\" content=\"1 minuutti\" \/>\n<script type=\"application\/ld+json\" class=\"yoast-schema-graph\">{\"@context\":\"https:\\\/\\\/schema.org\",\"@graph\":[{\"@type\":\"WebPage\",\"@id\":\"https:\\\/\\\/blogs.uef.fi\\\/tiedonhaku-englanti\\\/2-osio-tieteellisen-tiedon-etsiminen\\\/2-3-maksulliset-tietokannat\\\/\",\"url\":\"https:\\\/\\\/blogs.uef.fi\\\/tiedonhaku-englanti\\\/2-osio-tieteellisen-tiedon-etsiminen\\\/2-3-maksulliset-tietokannat\\\/\",\"name\":\"2.2. Tieteellisen tiedon etsiminen: avoin verkko ja suljetut tietokannat - Englannin kielen tiedonhaku\",\"isPartOf\":{\"@id\":\"https:\\\/\\\/blogs.uef.fi\\\/tiedonhaku-englanti\\\/#website\"},\"datePublished\":\"2017-06-14T12:01:23+00:00\",\"dateModified\":\"2026-04-27T12:34:44+00:00\",\"breadcrumb\":{\"@id\":\"https:\\\/\\\/blogs.uef.fi\\\/tiedonhaku-englanti\\\/2-osio-tieteellisen-tiedon-etsiminen\\\/2-3-maksulliset-tietokannat\\\/#breadcrumb\"},\"inLanguage\":\"fi\",\"potentialAction\":[{\"@type\":\"ReadAction\",\"target\":[\"https:\\\/\\\/blogs.uef.fi\\\/tiedonhaku-englanti\\\/2-osio-tieteellisen-tiedon-etsiminen\\\/2-3-maksulliset-tietokannat\\\/\"]}]},{\"@type\":\"BreadcrumbList\",\"@id\":\"https:\\\/\\\/blogs.uef.fi\\\/tiedonhaku-englanti\\\/2-osio-tieteellisen-tiedon-etsiminen\\\/2-3-maksulliset-tietokannat\\\/#breadcrumb\",\"itemListElement\":[{\"@type\":\"ListItem\",\"position\":1,\"name\":\"Home\",\"item\":\"https:\\\/\\\/blogs.uef.fi\\\/tiedonhaku-englanti\\\/\"},{\"@type\":\"ListItem\",\"position\":2,\"name\":\"2. Tieteellisen tiedon etsiminen\",\"item\":\"https:\\\/\\\/blogs.uef.fi\\\/tiedonhaku-englanti\\\/2-osio-tieteellisen-tiedon-etsiminen\\\/\"},{\"@type\":\"ListItem\",\"position\":3,\"name\":\"2.2. Tieteellisen tiedon etsiminen: avoin verkko ja suljetut tietokannat\"}]},{\"@type\":\"WebSite\",\"@id\":\"https:\\\/\\\/blogs.uef.fi\\\/tiedonhaku-englanti\\\/#website\",\"url\":\"https:\\\/\\\/blogs.uef.fi\\\/tiedonhaku-englanti\\\/\",\"name\":\"Englannin kielen tiedonhaku\",\"description\":\"\",\"potentialAction\":[{\"@type\":\"SearchAction\",\"target\":{\"@type\":\"EntryPoint\",\"urlTemplate\":\"https:\\\/\\\/blogs.uef.fi\\\/tiedonhaku-englanti\\\/?s={search_term_string}\"},\"query-input\":{\"@type\":\"PropertyValueSpecification\",\"valueRequired\":true,\"valueName\":\"search_term_string\"}}],\"inLanguage\":\"fi\"}]}<\/script>\n<!-- \/ Yoast SEO plugin. -->","yoast_head_json":{"title":"2.2. Tieteellisen tiedon etsiminen: avoin verkko ja suljetut tietokannat - Englannin kielen tiedonhaku","robots":{"index":"index","follow":"follow","max-snippet":"max-snippet:-1","max-image-preview":"max-image-preview:large","max-video-preview":"max-video-preview:-1"},"canonical":"https:\/\/blogs.uef.fi\/tiedonhaku-englanti\/2-osio-tieteellisen-tiedon-etsiminen\/2-3-maksulliset-tietokannat\/","og_locale":"fi_FI","og_type":"article","og_title":"2.2. Tieteellisen tiedon etsiminen: avoin verkko ja suljetut tietokannat - Englannin kielen tiedonhaku","og_description":"Kattava ja systemaattinen l\u00e4hteiden l\u00f6yt\u00e4minen tarvitsee kattavan ja systemaattisen tiedonhaun. Tieteellisen ty\u00f6n \u2013 my\u00f6s opinn\u00e4ytety\u00f6n \u2013 pohjaksi selvitet\u00e4\u00e4n aiheenmukaisella haulla mahdollisimman tarkkaan, mit\u00e4 aiheesta on julkaistu ja saatavilla. Koska avoimen verkon hakukoneet (esim. Google) eiv\u00e4t viel\u00e4 p\u00e4\u00e4se k\u00e4siksi maksullisiin tietokantoihin, joutuu tieteellisi\u00e4 l\u00e4hteit\u00e4 etsim\u00e4\u00e4n muualtakin kuin avoimesta verkosta. Erilaisia hakukoneita ja tietokantoja kannattaakin k\u00e4ytt\u00e4\u00e4 rinnakkain. [&hellip;]","og_url":"https:\/\/blogs.uef.fi\/tiedonhaku-englanti\/2-osio-tieteellisen-tiedon-etsiminen\/2-3-maksulliset-tietokannat\/","og_site_name":"Englannin kielen tiedonhaku","article_modified_time":"2026-04-27T12:34:44+00:00","twitter_card":"summary_large_image","twitter_misc":{"Arvioitu lukuaika":"1 minuutti"},"schema":{"@context":"https:\/\/schema.org","@graph":[{"@type":"WebPage","@id":"https:\/\/blogs.uef.fi\/tiedonhaku-englanti\/2-osio-tieteellisen-tiedon-etsiminen\/2-3-maksulliset-tietokannat\/","url":"https:\/\/blogs.uef.fi\/tiedonhaku-englanti\/2-osio-tieteellisen-tiedon-etsiminen\/2-3-maksulliset-tietokannat\/","name":"2.2. Tieteellisen tiedon etsiminen: avoin verkko ja suljetut tietokannat - Englannin kielen tiedonhaku","isPartOf":{"@id":"https:\/\/blogs.uef.fi\/tiedonhaku-englanti\/#website"},"datePublished":"2017-06-14T12:01:23+00:00","dateModified":"2026-04-27T12:34:44+00:00","breadcrumb":{"@id":"https:\/\/blogs.uef.fi\/tiedonhaku-englanti\/2-osio-tieteellisen-tiedon-etsiminen\/2-3-maksulliset-tietokannat\/#breadcrumb"},"inLanguage":"fi","potentialAction":[{"@type":"ReadAction","target":["https:\/\/blogs.uef.fi\/tiedonhaku-englanti\/2-osio-tieteellisen-tiedon-etsiminen\/2-3-maksulliset-tietokannat\/"]}]},{"@type":"BreadcrumbList","@id":"https:\/\/blogs.uef.fi\/tiedonhaku-englanti\/2-osio-tieteellisen-tiedon-etsiminen\/2-3-maksulliset-tietokannat\/#breadcrumb","itemListElement":[{"@type":"ListItem","position":1,"name":"Home","item":"https:\/\/blogs.uef.fi\/tiedonhaku-englanti\/"},{"@type":"ListItem","position":2,"name":"2. Tieteellisen tiedon etsiminen","item":"https:\/\/blogs.uef.fi\/tiedonhaku-englanti\/2-osio-tieteellisen-tiedon-etsiminen\/"},{"@type":"ListItem","position":3,"name":"2.2. Tieteellisen tiedon etsiminen: avoin verkko ja suljetut tietokannat"}]},{"@type":"WebSite","@id":"https:\/\/blogs.uef.fi\/tiedonhaku-englanti\/#website","url":"https:\/\/blogs.uef.fi\/tiedonhaku-englanti\/","name":"Englannin kielen tiedonhaku","description":"","potentialAction":[{"@type":"SearchAction","target":{"@type":"EntryPoint","urlTemplate":"https:\/\/blogs.uef.fi\/tiedonhaku-englanti\/?s={search_term_string}"},"query-input":{"@type":"PropertyValueSpecification","valueRequired":true,"valueName":"search_term_string"}}],"inLanguage":"fi"}]}},"_links":{"self":[{"href":"https:\/\/blogs.uef.fi\/tiedonhaku-englanti\/wp-json\/wp\/v2\/pages\/84","targetHints":{"allow":["GET"]}}],"collection":[{"href":"https:\/\/blogs.uef.fi\/tiedonhaku-englanti\/wp-json\/wp\/v2\/pages"}],"about":[{"href":"https:\/\/blogs.uef.fi\/tiedonhaku-englanti\/wp-json\/wp\/v2\/types\/page"}],"author":[{"embeddable":true,"href":"https:\/\/blogs.uef.fi\/tiedonhaku-englanti\/wp-json\/wp\/v2\/users\/129"}],"replies":[{"embeddable":true,"href":"https:\/\/blogs.uef.fi\/tiedonhaku-englanti\/wp-json\/wp\/v2\/comments?post=84"}],"version-history":[{"count":2,"href":"https:\/\/blogs.uef.fi\/tiedonhaku-englanti\/wp-json\/wp\/v2\/pages\/84\/revisions"}],"predecessor-version":[{"id":1945,"href":"https:\/\/blogs.uef.fi\/tiedonhaku-englanti\/wp-json\/wp\/v2\/pages\/84\/revisions\/1945"}],"up":[{"embeddable":true,"href":"https:\/\/blogs.uef.fi\/tiedonhaku-englanti\/wp-json\/wp\/v2\/pages\/29"}],"wp:attachment":[{"href":"https:\/\/blogs.uef.fi\/tiedonhaku-englanti\/wp-json\/wp\/v2\/media?parent=84"}],"curies":[{"name":"wp","href":"https:\/\/api.w.org\/{rel}","templated":true}]}}