{"id":222,"date":"2017-09-12T09:38:34","date_gmt":"2017-09-12T09:38:34","guid":{"rendered":"https:\/\/englanninkielentiedonhaku.wordpress.com\/?page_id=222"},"modified":"2022-08-15T15:12:53","modified_gmt":"2022-08-15T12:12:53","slug":"kirjallisuudentutkimus-mla-intl-bibliography","status":"publish","type":"page","link":"https:\/\/blogs.uef.fi\/tiedonhaku-englanti\/kirjallisuudentutkimus-mla-intl-bibliography\/","title":{"rendered":"Kirjallisuudentutkimus: MLA Intl Bibliography"},"content":{"rendered":"<p><a href=\"https:\/\/primo.uef.fi\/permalink\/358FIN_UOEF\/1jnohnf\/alma9911699083705966\" target=\"_blank\" rel=\"noopener noreferrer\">MLA International Bibliography<\/a> (linkki avautuu uuteen ikkunaan) keskittyy erityisesti (englanninkielisen) kirjallisuuden tutkimukseen sek\u00e4 folkloristiikkaan ja nykykieliin. Jos tutkit tietyn kirjailijan tietty\u00e4 teosta, kannattaa t\u00e4st\u00e4 tietokannast\u00e4 k\u00e4yd\u00e4 kurkistamassa, mit\u00e4 kirjailijan ja teoksen nimell\u00e4 tehty haku tuo tullessaan (esim. <em>Toni Morrison AND Beloved <\/em>kohdistettuna vaikkapa Abstract-kentt\u00e4\u00e4n).<\/p>\n<p>Voi tutustua tietokantaan videon (kesto 3:04) &#8221;What is the MLA International Bibliography?&#8221; avulla linkist\u00e4 <a href=\"https:\/\/vimeo.com\/album\/4319619\/video\/181051526\" target=\"_blank\" rel=\"noopener noreferrer\">https:\/\/vimeo.com\/album\/4319619\/video\/181051526 (avautuu uuteen ikkunaan)<\/a><\/p>\n<p>Videolla &#8221;Keyword Search vs. Subject Search in the MLA International Bibliography&#8221; (kesto 4:33) puolestaan kerrotaan tietokannan sana- ja asiasanahauista: <a href=\"https:\/\/vimeo.com\/album\/4319619\/video\/187387419\" target=\"_blank\" rel=\"noopener noreferrer\">https:\/\/vimeo.com\/album\/4319619\/video\/187387419 (avautuu uuteen ikkunaan)<\/a><\/p>\n<p><img loading=\"lazy\" decoding=\"async\" class=\"alignnone size-full wp-image-276\" src=\"https:\/\/blogs.uef.fi\/tiedonhaku-englanti\/wp-content\/uploads\/sites\/65\/2017\/09\/mla.png\" alt=\"mla\" width=\"711\" height=\"200\" srcset=\"https:\/\/blogs.uef.fi\/tiedonhaku-englanti\/wp-content\/uploads\/sites\/65\/2017\/09\/mla.png 711w, https:\/\/blogs.uef.fi\/tiedonhaku-englanti\/wp-content\/uploads\/sites\/65\/2017\/09\/mla-300x84.png 300w\" sizes=\"auto, (max-width: 711px) 100vw, 711px\" \/><\/p>\n<p>(8\/2022)<\/p>\n","protected":false},"excerpt":{"rendered":"<p>MLA International Bibliography (linkki avautuu uuteen ikkunaan) keskittyy erityisesti (englanninkielisen) kirjallisuuden tutkimukseen sek\u00e4 folkloristiikkaan ja nykykieliin. Jos tutkit tietyn kirjailijan tietty\u00e4 teosta, kannattaa t\u00e4st\u00e4 tietokannast\u00e4 k\u00e4yd\u00e4 kurkistamassa, mit\u00e4 kirjailijan ja teoksen nimell\u00e4 tehty haku tuo tullessaan (esim. Toni Morrison AND Beloved kohdistettuna vaikkapa Abstract-kentt\u00e4\u00e4n). Voi tutustua tietokantaan videon (kesto 3:04) &#8221;What is the MLA International [&hellip;]<\/p>\n","protected":false},"author":129,"featured_media":0,"parent":0,"menu_order":0,"comment_status":"closed","ping_status":"closed","template":"","meta":{"_acf_changed":false,"footnotes":""},"class_list":["post-222","page","type-page","status-publish","hentry"],"acf":[],"yoast_head":"<!-- This site is optimized with the Yoast SEO plugin v27.1.1 - https:\/\/yoast.com\/product\/yoast-seo-wordpress\/ -->\n<title>Kirjallisuudentutkimus: MLA Intl Bibliography - Englannin kielen tiedonhaku<\/title>\n<meta name=\"robots\" content=\"index, follow, max-snippet:-1, max-image-preview:large, max-video-preview:-1\" \/>\n<link rel=\"canonical\" href=\"https:\/\/blogs.uef.fi\/tiedonhaku-englanti\/kirjallisuudentutkimus-mla-intl-bibliography\/\" \/>\n<meta property=\"og:locale\" content=\"fi_FI\" \/>\n<meta property=\"og:type\" content=\"article\" \/>\n<meta property=\"og:title\" content=\"Kirjallisuudentutkimus: MLA Intl Bibliography - Englannin kielen tiedonhaku\" \/>\n<meta property=\"og:description\" content=\"MLA International Bibliography (linkki avautuu uuteen ikkunaan) keskittyy erityisesti (englanninkielisen) kirjallisuuden tutkimukseen sek\u00e4 folkloristiikkaan ja nykykieliin. Jos tutkit tietyn kirjailijan tietty\u00e4 teosta, kannattaa t\u00e4st\u00e4 tietokannast\u00e4 k\u00e4yd\u00e4 kurkistamassa, mit\u00e4 kirjailijan ja teoksen nimell\u00e4 tehty haku tuo tullessaan (esim. Toni Morrison AND Beloved kohdistettuna vaikkapa Abstract-kentt\u00e4\u00e4n). Voi tutustua tietokantaan videon (kesto 3:04) &#8221;What is the MLA International [&hellip;]\" \/>\n<meta property=\"og:url\" content=\"https:\/\/blogs.uef.fi\/tiedonhaku-englanti\/kirjallisuudentutkimus-mla-intl-bibliography\/\" \/>\n<meta property=\"og:site_name\" content=\"Englannin kielen tiedonhaku\" \/>\n<meta property=\"article:modified_time\" content=\"2022-08-15T12:12:53+00:00\" \/>\n<meta property=\"og:image\" content=\"https:\/\/blogs.uef.fi\/tiedonhaku-englanti\/wp-content\/uploads\/sites\/65\/2017\/09\/mla.png\" \/>\n<meta name=\"twitter:card\" content=\"summary_large_image\" \/>\n<meta name=\"twitter:label1\" content=\"Arvioitu lukuaika\" \/>\n\t<meta name=\"twitter:data1\" content=\"1 minuutti\" \/>\n<script type=\"application\/ld+json\" class=\"yoast-schema-graph\">{\"@context\":\"https:\/\/schema.org\",\"@graph\":[{\"@type\":\"WebPage\",\"@id\":\"https:\/\/blogs.uef.fi\/tiedonhaku-englanti\/kirjallisuudentutkimus-mla-intl-bibliography\/\",\"url\":\"https:\/\/blogs.uef.fi\/tiedonhaku-englanti\/kirjallisuudentutkimus-mla-intl-bibliography\/\",\"name\":\"Kirjallisuudentutkimus: MLA Intl Bibliography - Englannin kielen tiedonhaku\",\"isPartOf\":{\"@id\":\"https:\/\/blogs.uef.fi\/tiedonhaku-englanti\/#website\"},\"primaryImageOfPage\":{\"@id\":\"https:\/\/blogs.uef.fi\/tiedonhaku-englanti\/kirjallisuudentutkimus-mla-intl-bibliography\/#primaryimage\"},\"image\":{\"@id\":\"https:\/\/blogs.uef.fi\/tiedonhaku-englanti\/kirjallisuudentutkimus-mla-intl-bibliography\/#primaryimage\"},\"thumbnailUrl\":\"https:\/\/blogs.uef.fi\/tiedonhaku-englanti\/wp-content\/uploads\/sites\/65\/2017\/09\/mla.png\",\"datePublished\":\"2017-09-12T09:38:34+00:00\",\"dateModified\":\"2022-08-15T12:12:53+00:00\",\"breadcrumb\":{\"@id\":\"https:\/\/blogs.uef.fi\/tiedonhaku-englanti\/kirjallisuudentutkimus-mla-intl-bibliography\/#breadcrumb\"},\"inLanguage\":\"fi\",\"potentialAction\":[{\"@type\":\"ReadAction\",\"target\":[\"https:\/\/blogs.uef.fi\/tiedonhaku-englanti\/kirjallisuudentutkimus-mla-intl-bibliography\/\"]}]},{\"@type\":\"ImageObject\",\"inLanguage\":\"fi\",\"@id\":\"https:\/\/blogs.uef.fi\/tiedonhaku-englanti\/kirjallisuudentutkimus-mla-intl-bibliography\/#primaryimage\",\"url\":\"https:\/\/blogs.uef.fi\/tiedonhaku-englanti\/wp-content\/uploads\/sites\/65\/2017\/09\/mla.png\",\"contentUrl\":\"https:\/\/blogs.uef.fi\/tiedonhaku-englanti\/wp-content\/uploads\/sites\/65\/2017\/09\/mla.png\",\"width\":711,\"height\":200,\"caption\":\"MLA International Bibligraphy -tietokannan k\u00e4ytt\u00f6liittym\u00e4.\"},{\"@type\":\"BreadcrumbList\",\"@id\":\"https:\/\/blogs.uef.fi\/tiedonhaku-englanti\/kirjallisuudentutkimus-mla-intl-bibliography\/#breadcrumb\",\"itemListElement\":[{\"@type\":\"ListItem\",\"position\":1,\"name\":\"Home\",\"item\":\"https:\/\/blogs.uef.fi\/tiedonhaku-englanti\/\"},{\"@type\":\"ListItem\",\"position\":2,\"name\":\"Kirjallisuudentutkimus: MLA Intl Bibliography\"}]},{\"@type\":\"WebSite\",\"@id\":\"https:\/\/blogs.uef.fi\/tiedonhaku-englanti\/#website\",\"url\":\"https:\/\/blogs.uef.fi\/tiedonhaku-englanti\/\",\"name\":\"Englannin kielen tiedonhaku\",\"description\":\"\",\"potentialAction\":[{\"@type\":\"SearchAction\",\"target\":{\"@type\":\"EntryPoint\",\"urlTemplate\":\"https:\/\/blogs.uef.fi\/tiedonhaku-englanti\/?s={search_term_string}\"},\"query-input\":{\"@type\":\"PropertyValueSpecification\",\"valueRequired\":true,\"valueName\":\"search_term_string\"}}],\"inLanguage\":\"fi\"}]}<\/script>\n<!-- \/ Yoast SEO plugin. -->","yoast_head_json":{"title":"Kirjallisuudentutkimus: MLA Intl Bibliography - Englannin kielen tiedonhaku","robots":{"index":"index","follow":"follow","max-snippet":"max-snippet:-1","max-image-preview":"max-image-preview:large","max-video-preview":"max-video-preview:-1"},"canonical":"https:\/\/blogs.uef.fi\/tiedonhaku-englanti\/kirjallisuudentutkimus-mla-intl-bibliography\/","og_locale":"fi_FI","og_type":"article","og_title":"Kirjallisuudentutkimus: MLA Intl Bibliography - Englannin kielen tiedonhaku","og_description":"MLA International Bibliography (linkki avautuu uuteen ikkunaan) keskittyy erityisesti (englanninkielisen) kirjallisuuden tutkimukseen sek\u00e4 folkloristiikkaan ja nykykieliin. Jos tutkit tietyn kirjailijan tietty\u00e4 teosta, kannattaa t\u00e4st\u00e4 tietokannast\u00e4 k\u00e4yd\u00e4 kurkistamassa, mit\u00e4 kirjailijan ja teoksen nimell\u00e4 tehty haku tuo tullessaan (esim. Toni Morrison AND Beloved kohdistettuna vaikkapa Abstract-kentt\u00e4\u00e4n). Voi tutustua tietokantaan videon (kesto 3:04) &#8221;What is the MLA International [&hellip;]","og_url":"https:\/\/blogs.uef.fi\/tiedonhaku-englanti\/kirjallisuudentutkimus-mla-intl-bibliography\/","og_site_name":"Englannin kielen tiedonhaku","article_modified_time":"2022-08-15T12:12:53+00:00","og_image":[{"url":"https:\/\/blogs.uef.fi\/tiedonhaku-englanti\/wp-content\/uploads\/sites\/65\/2017\/09\/mla.png","type":"","width":"","height":""}],"twitter_card":"summary_large_image","twitter_misc":{"Arvioitu lukuaika":"1 minuutti"},"schema":{"@context":"https:\/\/schema.org","@graph":[{"@type":"WebPage","@id":"https:\/\/blogs.uef.fi\/tiedonhaku-englanti\/kirjallisuudentutkimus-mla-intl-bibliography\/","url":"https:\/\/blogs.uef.fi\/tiedonhaku-englanti\/kirjallisuudentutkimus-mla-intl-bibliography\/","name":"Kirjallisuudentutkimus: MLA Intl Bibliography - Englannin kielen tiedonhaku","isPartOf":{"@id":"https:\/\/blogs.uef.fi\/tiedonhaku-englanti\/#website"},"primaryImageOfPage":{"@id":"https:\/\/blogs.uef.fi\/tiedonhaku-englanti\/kirjallisuudentutkimus-mla-intl-bibliography\/#primaryimage"},"image":{"@id":"https:\/\/blogs.uef.fi\/tiedonhaku-englanti\/kirjallisuudentutkimus-mla-intl-bibliography\/#primaryimage"},"thumbnailUrl":"https:\/\/blogs.uef.fi\/tiedonhaku-englanti\/wp-content\/uploads\/sites\/65\/2017\/09\/mla.png","datePublished":"2017-09-12T09:38:34+00:00","dateModified":"2022-08-15T12:12:53+00:00","breadcrumb":{"@id":"https:\/\/blogs.uef.fi\/tiedonhaku-englanti\/kirjallisuudentutkimus-mla-intl-bibliography\/#breadcrumb"},"inLanguage":"fi","potentialAction":[{"@type":"ReadAction","target":["https:\/\/blogs.uef.fi\/tiedonhaku-englanti\/kirjallisuudentutkimus-mla-intl-bibliography\/"]}]},{"@type":"ImageObject","inLanguage":"fi","@id":"https:\/\/blogs.uef.fi\/tiedonhaku-englanti\/kirjallisuudentutkimus-mla-intl-bibliography\/#primaryimage","url":"https:\/\/blogs.uef.fi\/tiedonhaku-englanti\/wp-content\/uploads\/sites\/65\/2017\/09\/mla.png","contentUrl":"https:\/\/blogs.uef.fi\/tiedonhaku-englanti\/wp-content\/uploads\/sites\/65\/2017\/09\/mla.png","width":711,"height":200,"caption":"MLA International Bibligraphy -tietokannan k\u00e4ytt\u00f6liittym\u00e4."},{"@type":"BreadcrumbList","@id":"https:\/\/blogs.uef.fi\/tiedonhaku-englanti\/kirjallisuudentutkimus-mla-intl-bibliography\/#breadcrumb","itemListElement":[{"@type":"ListItem","position":1,"name":"Home","item":"https:\/\/blogs.uef.fi\/tiedonhaku-englanti\/"},{"@type":"ListItem","position":2,"name":"Kirjallisuudentutkimus: MLA Intl Bibliography"}]},{"@type":"WebSite","@id":"https:\/\/blogs.uef.fi\/tiedonhaku-englanti\/#website","url":"https:\/\/blogs.uef.fi\/tiedonhaku-englanti\/","name":"Englannin kielen tiedonhaku","description":"","potentialAction":[{"@type":"SearchAction","target":{"@type":"EntryPoint","urlTemplate":"https:\/\/blogs.uef.fi\/tiedonhaku-englanti\/?s={search_term_string}"},"query-input":{"@type":"PropertyValueSpecification","valueRequired":true,"valueName":"search_term_string"}}],"inLanguage":"fi"}]}},"_links":{"self":[{"href":"https:\/\/blogs.uef.fi\/tiedonhaku-englanti\/wp-json\/wp\/v2\/pages\/222","targetHints":{"allow":["GET"]}}],"collection":[{"href":"https:\/\/blogs.uef.fi\/tiedonhaku-englanti\/wp-json\/wp\/v2\/pages"}],"about":[{"href":"https:\/\/blogs.uef.fi\/tiedonhaku-englanti\/wp-json\/wp\/v2\/types\/page"}],"author":[{"embeddable":true,"href":"https:\/\/blogs.uef.fi\/tiedonhaku-englanti\/wp-json\/wp\/v2\/users\/129"}],"replies":[{"embeddable":true,"href":"https:\/\/blogs.uef.fi\/tiedonhaku-englanti\/wp-json\/wp\/v2\/comments?post=222"}],"version-history":[{"count":2,"href":"https:\/\/blogs.uef.fi\/tiedonhaku-englanti\/wp-json\/wp\/v2\/pages\/222\/revisions"}],"predecessor-version":[{"id":979,"href":"https:\/\/blogs.uef.fi\/tiedonhaku-englanti\/wp-json\/wp\/v2\/pages\/222\/revisions\/979"}],"wp:attachment":[{"href":"https:\/\/blogs.uef.fi\/tiedonhaku-englanti\/wp-json\/wp\/v2\/media?parent=222"}],"curies":[{"name":"wp","href":"https:\/\/api.w.org\/{rel}","templated":true}]}}