{"id":198,"date":"2017-06-16T08:06:00","date_gmt":"2017-06-16T08:06:00","guid":{"rendered":"https:\/\/biotiedonhaku.wordpress.com\/?page_id=198"},"modified":"2024-09-12T15:20:58","modified_gmt":"2024-09-12T12:20:58","slug":"hakusanat","status":"publish","type":"page","link":"https:\/\/blogs.uef.fi\/tiedonhaku-biologia\/hakutekniikka\/hakusanat\/","title":{"rendered":"2.2 Hakusanat"},"content":{"rendered":"\n<p><\/p>\n\n\n\n<p>Tiedonhakua varten aiheen keskeiset<strong> k\u00e4sitteet<\/strong> tulee k\u00e4\u00e4nt\u00e4\u00e4 tai muokata <strong>hakusanoiksi<\/strong>.<\/p>\n\n\n\n<p><strong>K\u00e4site itsess\u00e4\u00e4n<\/strong> on usein ensimm\u00e4inen <strong>hyv\u00e4 hakusana<\/strong>. Ei silti kannata tyyty\u00e4 vain siihen, paljon olennaista tietoa voi menn\u00e4 ohi, jos hakee vain yhdell\u00e4 sanalla.<\/p>\n\n\n\n<p><strong>Hakusanat ovat hakukoneelle l\u00e4hinn\u00e4 merkkijonoja<\/strong> ja hakijan pit\u00e4\u00e4 itse m\u00e4\u00e4ritt\u00e4\u00e4 merkkijonot, joita haetaan.<\/p>\n\n\n\n<h2 class=\"wp-block-heading\">Vaihtoehtoisia hakutermej\u00e4 voi kartoittaa systemaattisesti:<\/h2>\n\n\n\n<ul class=\"wp-block-list\">\n<li><strong>kieli<\/strong> on ensimm\u00e4inen kysymys. Englantia ja suomea ainakin tarvitaan<\/li>\n\n\n\n<li><strong>synonyymi<\/strong> ja muu l\u00e4heinen ilmaus: <em>sienijuuri \u2013 mykorritsa<\/em><\/li>\n\n\n\n<li><strong>vastakkainen<\/strong> k\u00e4site voi olla hy\u00f6dyksi: <em>peto -saalis<\/em><\/li>\n\n\n\n<li><strong>laajempi<\/strong> kokonaisuus, johon k\u00e4site liittyy: <em>mets\u00e4kasvillisuus \u2013 lehto<\/em><\/li>\n\n\n\n<li><strong>tarkempi<\/strong> osa-alue, jonka k\u00e4site sis\u00e4lt\u00e4\u00e4: <em>eoseeni &#8211; terti\u00e4\u00e4rikausi<\/em><\/li>\n\n\n\n<li><strong>l\u00e4hik\u00e4site:&nbsp;<\/strong><em>aarnimets\u00e4t &#8211; luonnonmets\u00e4t<\/em><\/li>\n\n\n\n<li><strong>kirjoitusmuodon<\/strong> vaihtelu: <em>color \u2013 colour;&nbsp; neandertalin ihminen &#8211; neandertalinihminen &#8211; neandertalilainen<\/em><\/li>\n\n\n\n<li><strong>lyhenteet<\/strong>: <em>REDD \u2013 Reducing Emissions from Deforestation and Forest Degradation<\/em><\/li>\n<\/ul>\n\n\n\n<figure class=\"wp-block-image size-full is-resized\"><img loading=\"lazy\" decoding=\"async\" width=\"918\" height=\"524\" src=\"https:\/\/blogs.uef.fi\/tiedonhaku-biologia\/wp-content\/uploads\/sites\/59\/2021\/10\/METhakusanoja.jpg\" alt=\"Teksti\u00e4. Pakkaskest\u00e4vyys: liittyv\u00e4t sanat: pakkasenkest\u00e4vyys, kylm\u00e4nkest\u00e4vyys, talvenkest\u00e4vyys. Lis\u00e4ksi liittyv\u00e4t sanat: pakkanen + kest\u00e4vyys. Pakkanen: liittyv\u00e4t sanat: kylmyys, talvi, englanniksi: frost, cold, winter. Kest\u00e4vyys: liittyv\u00e4t sanat englanniksi: hardiness, tolerance, resistance.\" class=\"wp-image-1563\" style=\"width:600px;height:undefinedpx\" srcset=\"https:\/\/blogs.uef.fi\/tiedonhaku-biologia\/wp-content\/uploads\/sites\/59\/2021\/10\/METhakusanoja.jpg 918w, https:\/\/blogs.uef.fi\/tiedonhaku-biologia\/wp-content\/uploads\/sites\/59\/2021\/10\/METhakusanoja-300x171.jpg 300w, https:\/\/blogs.uef.fi\/tiedonhaku-biologia\/wp-content\/uploads\/sites\/59\/2021\/10\/METhakusanoja-768x438.jpg 768w\" sizes=\"auto, (max-width: 918px) 100vw, 918px\" \/><figcaption class=\"wp-element-caption\"><em>Esimerkki erilaisista sanoista, jotka kuitenkin viittaavat samaan asiaan.<\/em><\/figcaption><\/figure>\n\n\n\n<p>HUOM. Lyhenteiden k\u00e4ytt\u00f6\u00e4 kannattaa v\u00e4ltt\u00e4\u00e4, jos ne ovat moniselitteisi\u00e4 (esim. lyhenne ALS tarkoittaa ainakin k\u00e4sitteit\u00e4 \u201cAirborne Laser Scanning\u201d, \u201d<span class=\"st\">Amyotrofinen lateraaliskleroosi<\/span>\u201d, \u201cAngular Leaf Spot\u201d ja \u201cAcetolactate synthase\u201d).<br>Pidemm\u00e4n tekstin joukosta aukikirjoitettu muoto yleens\u00e4 l\u00f6ytyy. Mutta jos haku kohdistuu vain otsikkoon, voi olla tarpeen kokeilla my\u00f6s lyhenteell\u00e4.<\/p>\n\n\n\n<figure class=\"wp-block-image size-full is-resized\"><img loading=\"lazy\" decoding=\"async\" width=\"1187\" height=\"567\" src=\"https:\/\/blogs.uef.fi\/tiedonhaku-biologia\/wp-content\/uploads\/sites\/59\/2022\/10\/BIO_lyhenne.png\" alt=\"Teksti\u00e4. Artikkelin otsikko: Target-site point mutation conferring resistance to ALS herbicides in italian ryegrass (Lolium multiflorum L.).\" class=\"wp-image-2122\" style=\"width:512px\" srcset=\"https:\/\/blogs.uef.fi\/tiedonhaku-biologia\/wp-content\/uploads\/sites\/59\/2022\/10\/BIO_lyhenne.png 1187w, https:\/\/blogs.uef.fi\/tiedonhaku-biologia\/wp-content\/uploads\/sites\/59\/2022\/10\/BIO_lyhenne-300x143.png 300w, https:\/\/blogs.uef.fi\/tiedonhaku-biologia\/wp-content\/uploads\/sites\/59\/2022\/10\/BIO_lyhenne-1024x489.png 1024w, https:\/\/blogs.uef.fi\/tiedonhaku-biologia\/wp-content\/uploads\/sites\/59\/2022\/10\/BIO_lyhenne-768x367.png 768w\" sizes=\"auto, (max-width: 1187px) 100vw, 1187px\" \/><figcaption class=\"wp-element-caption\"><em>Otsikossa esiintyv\u00e4 lyhenne ALS tarkoittaa t\u00e4ss\u00e4 acetolactate synthase&#8217;a.<\/em><\/figcaption><\/figure>\n\n\n\n<h2 class=\"wp-block-heading\">Apuneuvoja hakusanojen m\u00e4\u00e4rittelyyn<strong><br><\/strong><\/h2>\n\n\n\n<ul class=\"wp-block-list\">\n<li><strong>Sanakirjat<\/strong> (esim. MOT sanakirjasto), k\u00e4sikirjat, hakuteokset (esim. Wikipedia)<\/li>\n\n\n\n<li><strong>Teko\u00e4lysovellukset <\/strong>(esim. Copilot)<\/li>\n\n\n\n<li><strong>Oppikirjat<\/strong><\/li>\n\n\n\n<li><strong>Sis\u00e4llysluettelot ja l\u00e4hdeluettelot<\/strong> jo l\u00f6ydetyist\u00e4 julkaisuista<\/li>\n\n\n\n<li><strong>Asiasanastot<\/strong><\/li>\n\n\n\n<li><strong>Asiasanat (aihetta kuvaavat sanat) ja muut tiedot tietokannoissa<\/strong> jo l\u00f6ytyneiden julkaisujen tiedoissa<\/li>\n<\/ul>\n\n\n\n<figure class=\"wp-block-image size-full is-resized\"><img loading=\"lazy\" decoding=\"async\" width=\"805\" height=\"562\" src=\"https:\/\/blogs.uef.fi\/tiedonhaku-biologia\/wp-content\/uploads\/sites\/59\/2021\/10\/MET_UPtietue.jpg\" alt=\"Kuvakaappaus tietokannan viitteest\u00e4. Korostettuna otsikon sanan \u2019mets\u00e4tuotteista\u2019. Aiheet: mets\u00e4ntuotteet, ker\u00e4ilytuotteet, erikoispuulajit, joulukuuset, polttopuu, luontomatkailu, mets\u00e4t, el\u00e4mysmatkailu, sivuansiot, mets\u00e4talous, sivutuotteet, puuntuotanto, monik\u00e4ytt\u00f6.\" class=\"wp-image-1566\" style=\"width:500px;height:undefinedpx\" srcset=\"https:\/\/blogs.uef.fi\/tiedonhaku-biologia\/wp-content\/uploads\/sites\/59\/2021\/10\/MET_UPtietue.jpg 805w, https:\/\/blogs.uef.fi\/tiedonhaku-biologia\/wp-content\/uploads\/sites\/59\/2021\/10\/MET_UPtietue-300x209.jpg 300w, https:\/\/blogs.uef.fi\/tiedonhaku-biologia\/wp-content\/uploads\/sites\/59\/2021\/10\/MET_UPtietue-768x536.jpg 768w\" sizes=\"auto, (max-width: 805px) 100vw, 805px\" \/><figcaption class=\"wp-element-caption\"><em>Kuva UEF-Primon tietueesta.<\/em><\/figcaption><\/figure>\n\n\n\n<h2 class=\"wp-block-heading\">Hakusanoja kertyy ajan kanssa<\/h2>\n\n\n\n<p>Potentiaalisia hakusanoja kertyy sit\u00e4 mukaa kun tiedonhaku etenee. Kun uusia hyvi\u00e4 tuloksia l\u00f6ytyy, l\u00f6ytyy usein my\u00f6s uusia hakusanoja.<\/p>\n\n\n\n<p>Kun termej\u00e4 alkaa kerty\u00e4 enemm\u00e4n, on hyv\u00e4 idea koota sanoja vaikkapa <strong>taulukkoon<\/strong>, jotta kokonaisuus \u2013 p\u00e4\u00e4k\u00e4sitteet ja niihin liittyv\u00e4t termit \u2013 pysyy hallinnassa.<\/p>\n\n\n\n<div class=\"links-block\">\n\n    \n    <ul class=\"link-list\">\n        \n            \n            <li class=\"link-list-item\">\n                <a href=\"https:\/\/uef.cloud.panopto.eu\/Panopto\/Pages\/Viewer.aspx?id=7e60e686-33de-4ac1-ab0c-b09700778a21\" class=\"link-reset link hover-scale-down\">\n                    <svg\n        width=\"43\" height=\"25\"\n        viewBox=\"0 0 43 25\"\n        xmlns=\"http:\/\/www.w3.org\/2000\/svg\">\n    <path\n        d=\"M30.027 0 43 12.5 30.027 25 27 22.083 34.351 15H0v-5h34.351L27 2.917z\"\n        fill=\"currentColor\"\n        fill-rule=\"evenodd\"\/>\n<\/svg>                    <div>Katso video hakusanojen m\u00e4\u00e4rittelysta ja merkityksest\u00e4 hakutuloksen kannalta (3:55)<\/div>\n                <\/a>\n                <div class=\"link-info\">\n                                    <\/div>\n            <\/li>\n\n                <\/ul>\n<\/div>\n\n\n<h2 class=\"wp-block-heading\">Miksi erilaisia hakusanoja tarvitaan?<\/h2>\n\n\n\n<p>Hakuj\u00e4rjestelm\u00e4ss\u00e4 hakusana toimii kuten yksinkertainen merkkijono.&nbsp;Tiedonhakijan t\u00e4ytyy itse m\u00e4\u00e4ritell\u00e4 ne merkkijonot, joita tietokannasta haetaan. Esimerkiksi jos julkaisuissa puhutaan vain <em>geenitekniikasta<\/em>, hakusana <em>geeniteknologia<\/em> ei l\u00f6yd\u00e4 julkaisua.<\/p>\n\n\n\n<p>Tiedon l\u00f6ytyminen perustuu siis tiettyjen merkkijonojen esiintymiseen dokumenteissa tai niit\u00e4 kuvailevissa tietokannan tiedoissa (metatiedoissa). K\u00e4\u00e4nt\u00e4en, dokumentin sis\u00e4lt\u00f6 voi olla aiheenmukainen, mutta jos k\u00e4ytetty\u00e4 hakusanaa ei sen tiedoista l\u00f6ydy, itse dokumenttikin j\u00e4\u00e4 l\u00f6ytym\u00e4tt\u00e4.<\/p>\n\n\n\n<p>Hakusana voi joissakin hakuj\u00e4rjestelmiss\u00e4 olla my\u00f6s l\u00e4ht\u00f6kohta, jonka avulla j\u00e4rjestelm\u00e4 l\u00f6yt\u00e4\u00e4 sanasta erilaisia taivutusmuotoja ja johdannaisia. J\u00e4rjestelm\u00e4 ei kuitenkaan silloinkaan varsinaisesti ymm\u00e4rr\u00e4 tai hae k\u00e4sitteit\u00e4. T\u00e4m\u00e4n johdosta hakutuloksiin tulee my\u00f6s aiheeseen liittym\u00e4tt\u00f6mi\u00e4 osumia, jos haettu merkkijono t\u00e4sm\u00e4\u00e4.<\/p>\n\n\n\n<p class=\"has-text-align-right\">Seuraava sivu: <a href=\"https:\/\/blogs.uef.fi\/tiedonhaku-biologia\/hakutekniikka\/asiasanahaku\/\">Asiasanahaku<\/a><\/p>\n\n\n\n<h2 class=\"wp-block-heading\">&nbsp;<\/h2>\n","protected":false},"excerpt":{"rendered":"<p>Tiedonhakua varten aiheen keskeiset k\u00e4sitteet tulee k\u00e4\u00e4nt\u00e4\u00e4 tai muokata hakusanoiksi. K\u00e4site itsess\u00e4\u00e4n on usein ensimm\u00e4inen hyv\u00e4 hakusana. Ei silti kannata tyyty\u00e4 vain siihen, paljon olennaista tietoa voi menn\u00e4 ohi, jos hakee vain yhdell\u00e4 sanalla. Hakusanat ovat hakukoneelle l\u00e4hinn\u00e4 merkkijonoja ja hakijan pit\u00e4\u00e4 itse m\u00e4\u00e4ritt\u00e4\u00e4 merkkijonot, joita haetaan. Vaihtoehtoisia hakutermej\u00e4 voi kartoittaa systemaattisesti: HUOM. Lyhenteiden k\u00e4ytt\u00f6\u00e4 [&hellip;]<\/p>\n","protected":false},"author":190,"featured_media":0,"parent":79,"menu_order":0,"comment_status":"closed","ping_status":"closed","template":"","meta":{"_acf_changed":false,"footnotes":""},"class_list":["post-198","page","type-page","status-publish","hentry"],"acf":[],"yoast_head":"<!-- This site is optimized with the Yoast SEO plugin v27.1.1 - https:\/\/yoast.com\/product\/yoast-seo-wordpress\/ -->\n<title>2.2 Hakusanat - Biologian tiedonhaku \/\/ UEF Kirjasto<\/title>\n<meta name=\"robots\" content=\"index, follow, max-snippet:-1, max-image-preview:large, max-video-preview:-1\" \/>\n<link rel=\"canonical\" href=\"https:\/\/blogs.uef.fi\/tiedonhaku-biologia\/hakutekniikka\/hakusanat\/\" \/>\n<meta property=\"og:locale\" content=\"fi_FI\" \/>\n<meta property=\"og:type\" content=\"article\" \/>\n<meta property=\"og:title\" content=\"2.2 Hakusanat - Biologian tiedonhaku \/\/ UEF Kirjasto\" \/>\n<meta property=\"og:description\" content=\"Tiedonhakua varten aiheen keskeiset k\u00e4sitteet tulee k\u00e4\u00e4nt\u00e4\u00e4 tai muokata hakusanoiksi. K\u00e4site itsess\u00e4\u00e4n on usein ensimm\u00e4inen hyv\u00e4 hakusana. Ei silti kannata tyyty\u00e4 vain siihen, paljon olennaista tietoa voi menn\u00e4 ohi, jos hakee vain yhdell\u00e4 sanalla. Hakusanat ovat hakukoneelle l\u00e4hinn\u00e4 merkkijonoja ja hakijan pit\u00e4\u00e4 itse m\u00e4\u00e4ritt\u00e4\u00e4 merkkijonot, joita haetaan. Vaihtoehtoisia hakutermej\u00e4 voi kartoittaa systemaattisesti: HUOM. Lyhenteiden k\u00e4ytt\u00f6\u00e4 [&hellip;]\" \/>\n<meta property=\"og:url\" content=\"https:\/\/blogs.uef.fi\/tiedonhaku-biologia\/hakutekniikka\/hakusanat\/\" \/>\n<meta property=\"og:site_name\" content=\"Biologian tiedonhaku \/\/ UEF Kirjasto\" \/>\n<meta property=\"article:modified_time\" content=\"2024-09-12T12:20:58+00:00\" \/>\n<meta property=\"og:image\" content=\"https:\/\/blogs.uef.fi\/tiedonhaku-biologia\/wp-content\/uploads\/sites\/59\/2021\/10\/METhakusanoja.jpg\" \/>\n<meta name=\"twitter:card\" content=\"summary_large_image\" \/>\n<meta name=\"twitter:label1\" content=\"Arvioitu lukuaika\" \/>\n\t<meta name=\"twitter:data1\" content=\"3 minuuttia\" \/>\n<script type=\"application\/ld+json\" class=\"yoast-schema-graph\">{\"@context\":\"https:\/\/schema.org\",\"@graph\":[{\"@type\":\"WebPage\",\"@id\":\"https:\/\/blogs.uef.fi\/tiedonhaku-biologia\/hakutekniikka\/hakusanat\/\",\"url\":\"https:\/\/blogs.uef.fi\/tiedonhaku-biologia\/hakutekniikka\/hakusanat\/\",\"name\":\"2.2 Hakusanat - Biologian tiedonhaku \/\/ UEF Kirjasto\",\"isPartOf\":{\"@id\":\"https:\/\/blogs.uef.fi\/tiedonhaku-biologia\/#website\"},\"primaryImageOfPage\":{\"@id\":\"https:\/\/blogs.uef.fi\/tiedonhaku-biologia\/hakutekniikka\/hakusanat\/#primaryimage\"},\"image\":{\"@id\":\"https:\/\/blogs.uef.fi\/tiedonhaku-biologia\/hakutekniikka\/hakusanat\/#primaryimage\"},\"thumbnailUrl\":\"https:\/\/blogs.uef.fi\/tiedonhaku-biologia\/wp-content\/uploads\/sites\/59\/2021\/10\/METhakusanoja.jpg\",\"datePublished\":\"2017-06-16T08:06:00+00:00\",\"dateModified\":\"2024-09-12T12:20:58+00:00\",\"breadcrumb\":{\"@id\":\"https:\/\/blogs.uef.fi\/tiedonhaku-biologia\/hakutekniikka\/hakusanat\/#breadcrumb\"},\"inLanguage\":\"fi\",\"potentialAction\":[{\"@type\":\"ReadAction\",\"target\":[\"https:\/\/blogs.uef.fi\/tiedonhaku-biologia\/hakutekniikka\/hakusanat\/\"]}]},{\"@type\":\"ImageObject\",\"inLanguage\":\"fi\",\"@id\":\"https:\/\/blogs.uef.fi\/tiedonhaku-biologia\/hakutekniikka\/hakusanat\/#primaryimage\",\"url\":\"https:\/\/blogs.uef.fi\/tiedonhaku-biologia\/wp-content\/uploads\/sites\/59\/2021\/10\/METhakusanoja.jpg\",\"contentUrl\":\"https:\/\/blogs.uef.fi\/tiedonhaku-biologia\/wp-content\/uploads\/sites\/59\/2021\/10\/METhakusanoja.jpg\",\"width\":918,\"height\":524,\"caption\":\"Teksti\u00e4. Pakkaskest\u00e4vyys: liittyv\u00e4t sanat: pakkasenkest\u00e4vyys, kylm\u00e4nkest\u00e4vyys, talvenkest\u00e4vyys. Lis\u00e4ksi liittyv\u00e4t sanat: pakkanen + kest\u00e4vyys. Pakkanen: liittyv\u00e4t sanat: kylmyys, talvi, englanniksi: frost, cold, winter. Kest\u00e4vyys: liittyv\u00e4t sanat englanniksi: hardiness, tolerance, resistance.\"},{\"@type\":\"BreadcrumbList\",\"@id\":\"https:\/\/blogs.uef.fi\/tiedonhaku-biologia\/hakutekniikka\/hakusanat\/#breadcrumb\",\"itemListElement\":[{\"@type\":\"ListItem\",\"position\":1,\"name\":\"Home\",\"item\":\"https:\/\/blogs.uef.fi\/tiedonhaku-biologia\/\"},{\"@type\":\"ListItem\",\"position\":2,\"name\":\"2. Hakutekniikka\",\"item\":\"https:\/\/blogs.uef.fi\/tiedonhaku-biologia\/hakutekniikka\/\"},{\"@type\":\"ListItem\",\"position\":3,\"name\":\"2.2 Hakusanat\"}]},{\"@type\":\"WebSite\",\"@id\":\"https:\/\/blogs.uef.fi\/tiedonhaku-biologia\/#website\",\"url\":\"https:\/\/blogs.uef.fi\/tiedonhaku-biologia\/\",\"name\":\"Biologian tiedonhaku \/\/ UEF Kirjasto\",\"description\":\"Biologian tiedonhaku on kattava oppimateriaali tiedonhakuun biologeille. Se sis\u00e4lt\u00e4\u00e4 yleiset tiedonhaun tekniikat sek\u00e4 biologian tiedonl\u00e4hteet ohjeineen ja esimerkkeineen.\",\"potentialAction\":[{\"@type\":\"SearchAction\",\"target\":{\"@type\":\"EntryPoint\",\"urlTemplate\":\"https:\/\/blogs.uef.fi\/tiedonhaku-biologia\/?s={search_term_string}\"},\"query-input\":{\"@type\":\"PropertyValueSpecification\",\"valueRequired\":true,\"valueName\":\"search_term_string\"}}],\"inLanguage\":\"fi\"}]}<\/script>\n<!-- \/ Yoast SEO plugin. -->","yoast_head_json":{"title":"2.2 Hakusanat - Biologian tiedonhaku \/\/ UEF Kirjasto","robots":{"index":"index","follow":"follow","max-snippet":"max-snippet:-1","max-image-preview":"max-image-preview:large","max-video-preview":"max-video-preview:-1"},"canonical":"https:\/\/blogs.uef.fi\/tiedonhaku-biologia\/hakutekniikka\/hakusanat\/","og_locale":"fi_FI","og_type":"article","og_title":"2.2 Hakusanat - Biologian tiedonhaku \/\/ UEF Kirjasto","og_description":"Tiedonhakua varten aiheen keskeiset k\u00e4sitteet tulee k\u00e4\u00e4nt\u00e4\u00e4 tai muokata hakusanoiksi. K\u00e4site itsess\u00e4\u00e4n on usein ensimm\u00e4inen hyv\u00e4 hakusana. Ei silti kannata tyyty\u00e4 vain siihen, paljon olennaista tietoa voi menn\u00e4 ohi, jos hakee vain yhdell\u00e4 sanalla. Hakusanat ovat hakukoneelle l\u00e4hinn\u00e4 merkkijonoja ja hakijan pit\u00e4\u00e4 itse m\u00e4\u00e4ritt\u00e4\u00e4 merkkijonot, joita haetaan. Vaihtoehtoisia hakutermej\u00e4 voi kartoittaa systemaattisesti: HUOM. Lyhenteiden k\u00e4ytt\u00f6\u00e4 [&hellip;]","og_url":"https:\/\/blogs.uef.fi\/tiedonhaku-biologia\/hakutekniikka\/hakusanat\/","og_site_name":"Biologian tiedonhaku \/\/ UEF Kirjasto","article_modified_time":"2024-09-12T12:20:58+00:00","og_image":[{"url":"https:\/\/blogs.uef.fi\/tiedonhaku-biologia\/wp-content\/uploads\/sites\/59\/2021\/10\/METhakusanoja.jpg","type":"","width":"","height":""}],"twitter_card":"summary_large_image","twitter_misc":{"Arvioitu lukuaika":"3 minuuttia"},"schema":{"@context":"https:\/\/schema.org","@graph":[{"@type":"WebPage","@id":"https:\/\/blogs.uef.fi\/tiedonhaku-biologia\/hakutekniikka\/hakusanat\/","url":"https:\/\/blogs.uef.fi\/tiedonhaku-biologia\/hakutekniikka\/hakusanat\/","name":"2.2 Hakusanat - Biologian tiedonhaku \/\/ UEF Kirjasto","isPartOf":{"@id":"https:\/\/blogs.uef.fi\/tiedonhaku-biologia\/#website"},"primaryImageOfPage":{"@id":"https:\/\/blogs.uef.fi\/tiedonhaku-biologia\/hakutekniikka\/hakusanat\/#primaryimage"},"image":{"@id":"https:\/\/blogs.uef.fi\/tiedonhaku-biologia\/hakutekniikka\/hakusanat\/#primaryimage"},"thumbnailUrl":"https:\/\/blogs.uef.fi\/tiedonhaku-biologia\/wp-content\/uploads\/sites\/59\/2021\/10\/METhakusanoja.jpg","datePublished":"2017-06-16T08:06:00+00:00","dateModified":"2024-09-12T12:20:58+00:00","breadcrumb":{"@id":"https:\/\/blogs.uef.fi\/tiedonhaku-biologia\/hakutekniikka\/hakusanat\/#breadcrumb"},"inLanguage":"fi","potentialAction":[{"@type":"ReadAction","target":["https:\/\/blogs.uef.fi\/tiedonhaku-biologia\/hakutekniikka\/hakusanat\/"]}]},{"@type":"ImageObject","inLanguage":"fi","@id":"https:\/\/blogs.uef.fi\/tiedonhaku-biologia\/hakutekniikka\/hakusanat\/#primaryimage","url":"https:\/\/blogs.uef.fi\/tiedonhaku-biologia\/wp-content\/uploads\/sites\/59\/2021\/10\/METhakusanoja.jpg","contentUrl":"https:\/\/blogs.uef.fi\/tiedonhaku-biologia\/wp-content\/uploads\/sites\/59\/2021\/10\/METhakusanoja.jpg","width":918,"height":524,"caption":"Teksti\u00e4. Pakkaskest\u00e4vyys: liittyv\u00e4t sanat: pakkasenkest\u00e4vyys, kylm\u00e4nkest\u00e4vyys, talvenkest\u00e4vyys. Lis\u00e4ksi liittyv\u00e4t sanat: pakkanen + kest\u00e4vyys. Pakkanen: liittyv\u00e4t sanat: kylmyys, talvi, englanniksi: frost, cold, winter. Kest\u00e4vyys: liittyv\u00e4t sanat englanniksi: hardiness, tolerance, resistance."},{"@type":"BreadcrumbList","@id":"https:\/\/blogs.uef.fi\/tiedonhaku-biologia\/hakutekniikka\/hakusanat\/#breadcrumb","itemListElement":[{"@type":"ListItem","position":1,"name":"Home","item":"https:\/\/blogs.uef.fi\/tiedonhaku-biologia\/"},{"@type":"ListItem","position":2,"name":"2. Hakutekniikka","item":"https:\/\/blogs.uef.fi\/tiedonhaku-biologia\/hakutekniikka\/"},{"@type":"ListItem","position":3,"name":"2.2 Hakusanat"}]},{"@type":"WebSite","@id":"https:\/\/blogs.uef.fi\/tiedonhaku-biologia\/#website","url":"https:\/\/blogs.uef.fi\/tiedonhaku-biologia\/","name":"Biologian tiedonhaku \/\/ UEF Kirjasto","description":"Biologian tiedonhaku on kattava oppimateriaali tiedonhakuun biologeille. Se sis\u00e4lt\u00e4\u00e4 yleiset tiedonhaun tekniikat sek\u00e4 biologian tiedonl\u00e4hteet ohjeineen ja esimerkkeineen.","potentialAction":[{"@type":"SearchAction","target":{"@type":"EntryPoint","urlTemplate":"https:\/\/blogs.uef.fi\/tiedonhaku-biologia\/?s={search_term_string}"},"query-input":{"@type":"PropertyValueSpecification","valueRequired":true,"valueName":"search_term_string"}}],"inLanguage":"fi"}]}},"_links":{"self":[{"href":"https:\/\/blogs.uef.fi\/tiedonhaku-biologia\/wp-json\/wp\/v2\/pages\/198","targetHints":{"allow":["GET"]}}],"collection":[{"href":"https:\/\/blogs.uef.fi\/tiedonhaku-biologia\/wp-json\/wp\/v2\/pages"}],"about":[{"href":"https:\/\/blogs.uef.fi\/tiedonhaku-biologia\/wp-json\/wp\/v2\/types\/page"}],"author":[{"embeddable":true,"href":"https:\/\/blogs.uef.fi\/tiedonhaku-biologia\/wp-json\/wp\/v2\/users\/190"}],"replies":[{"embeddable":true,"href":"https:\/\/blogs.uef.fi\/tiedonhaku-biologia\/wp-json\/wp\/v2\/comments?post=198"}],"version-history":[{"count":2,"href":"https:\/\/blogs.uef.fi\/tiedonhaku-biologia\/wp-json\/wp\/v2\/pages\/198\/revisions"}],"predecessor-version":[{"id":3187,"href":"https:\/\/blogs.uef.fi\/tiedonhaku-biologia\/wp-json\/wp\/v2\/pages\/198\/revisions\/3187"}],"up":[{"embeddable":true,"href":"https:\/\/blogs.uef.fi\/tiedonhaku-biologia\/wp-json\/wp\/v2\/pages\/79"}],"wp:attachment":[{"href":"https:\/\/blogs.uef.fi\/tiedonhaku-biologia\/wp-json\/wp\/v2\/media?parent=198"}],"curies":[{"name":"wp","href":"https:\/\/api.w.org\/{rel}","templated":true}]}}