{"id":53,"date":"2018-10-12T14:02:37","date_gmt":"2018-10-12T11:02:37","guid":{"rendered":"https:\/\/blogs.uef.fi\/rufiar\/?page_id=53"},"modified":"2023-11-28T09:54:07","modified_gmt":"2023-11-28T07:54:07","slug":"past-events","status":"publish","type":"page","link":"https:\/\/blogs.uef.fi\/rufiar\/events\/past-events\/","title":{"rendered":"Past Events"},"content":{"rendered":"\n<h1 class=\"wp-block-heading\">Researchers \/ Letters \/ Emotions<\/h1>\n\n\n\n<p>April 8th\u00ad\u20139th, 2019<br>University of Eastern Finland, Joensuu campus, Futura building, room F101<\/p>\n\n\n\n<p>The growing interest in using letters and diaries as research material in the humanities and the social sciences raises also new questions about interpretation of such materials. Together with other forms of \u201cpersonal documents\u201d (Stanley 2013), letters and diaries present also a special challenge for ethics of interpretation. How to deal with emotional aspects of correspondence? What about academic objectivity? The project \u201cRussia as a field and an archive \u2013 Constructing Finnishness among ethnographers of 19<sup>th<\/sup>&#8211; and 20<sup>th<\/sup>-century Finland\u201d warmly welcomes researchers interested in these topics to participate in this seminar on using personal documents as a source for disciplinary histories or personal lives in a wider sense.<\/p>\n\n\n\n<h2 class=\"wp-block-heading\">Programme<\/h2>\n\n\n\n<p><strong>Monday 8th of April<\/strong><\/p>\n\n\n\n<p><strong>&nbsp;<\/strong>12:15 &#8211; 13:00 Jyrki P\u00f6ys\u00e4: Personal documents as a source in studies of academic lives<\/p>\n\n\n\n<p>13:00 &#8211; 14:00 Leonid Chekin: Famous Danish linguist Rasmus Rask in Finland<\/p>\n\n\n\n<p>14:00 &#8211; 14:15 Coffee break<\/p>\n\n\n\n<p>14:15 \u2013 14:45 P\u00e4ivi Laine: First Finnish ethnographer A.J. Sj\u00f6gren\u2019s networks in St. Petersburg<\/p>\n\n\n\n<p>14:45 \u2013 15:15 Tiina Sepp\u00e4: Darker sides of the correspondence of Samuli Paulaharju<\/p>\n\n\n\n<p>15:15 \u2013 15:45 Elina Niiranen: Personality missing? &#8211; diaries of Pertti Virtaranta, devoted researcher of Karelia<\/p>\n\n\n\n<p>15:45 \u2013 16:00 Coffee break<\/p>\n\n\n\n<p>16:00 \u2013 16:30 Leila Virtanen: The letters of Elli-Kaija K\u00f6ng\u00e4s-Maranda &#8211; a place for introspection<\/p>\n\n\n\n<p>16:30 \u2013 17:00 Discussion<\/p>\n\n\n\n<p><strong>Tuesday 9th of April<\/strong><\/p>\n\n\n\n<p>9:15- 11:45 Workshop<\/p>\n\n\n\n<p>11.45 \u2013 13:15 Lunch<\/p>\n\n\n\n<p>13:15 \u2013 14:15 Taina Kinnunen: Touch biographies as an archive of affectivities<\/p>\n\n\n\n<p>14:15 \u2013 15:00 Leena Kurvet-K\u00e4osaar: Tracing&nbsp;strategies of intimacy in family letters &#8211; a pursuit of an epistolary melody<\/p>\n\n\n\n<p>15:00 \u2013 15:15 Coffee break<\/p>\n\n\n\n<p>15:15- 16:00 Lisa Svanfeldt-Winter: Navigating expectations and academic models to make it in folklore studies 1918\u20131932<\/p>\n\n\n\n<p>16:00 \u2013 16:45 Tuulikki Kurki: Soviet Finnish writers\u2019 correspondence<\/p>\n\n\n\n<p>16:45 \u2013 17:00 Closing discussion<\/p>\n\n\n\n<h1 class=\"wp-block-heading\">&#8212;&#8212;&#8212;&#8212;&#8212;&#8212;&#8212;&#8212;&#8212;&#8212;&#8212;&#8212;&#8212;&#8212;&#8212;&#8212;&#8212;&#8212;&#8212;&#8212;&#8212;&#8212;-<\/h1>\n\n\n\n<h1 class=\"wp-block-heading\"><img loading=\"lazy\" decoding=\"async\" class=\"size-medium wp-image-85 aligncenter\" src=\"https:\/\/blogs.uef.fi\/rufiar\/wp-content\/uploads\/sites\/81\/2018\/10\/rufiar_ragusa-300x225.jpg\" alt=\"\" width=\"300\" height=\"225\" srcset=\"https:\/\/blogs.uef.fi\/rufiar\/wp-content\/uploads\/sites\/81\/2018\/10\/rufiar_ragusa-300x225.jpg 300w, https:\/\/blogs.uef.fi\/rufiar\/wp-content\/uploads\/sites\/81\/2018\/10\/rufiar_ragusa-768x576.jpg 768w, https:\/\/blogs.uef.fi\/rufiar\/wp-content\/uploads\/sites\/81\/2018\/10\/rufiar_ragusa-1024x768.jpg 1024w, https:\/\/blogs.uef.fi\/rufiar\/wp-content\/uploads\/sites\/81\/2018\/10\/rufiar_ragusa-507x380.jpg 507w, https:\/\/blogs.uef.fi\/rufiar\/wp-content\/uploads\/sites\/81\/2018\/10\/rufiar_ragusa.jpg 1600w\" sizes=\"auto, (max-width: 300px) 100vw, 300px\" \/>Panel (Life) narratives and encounters in the field and archive<br>at the ISFNR Interim Conferece, Ragusa, Italy. June 12-16, 2018<\/h1>\n\n\n\n<h2 class=\"wp-block-heading\">Panel Abstract<\/h2>\n\n\n\n<p>Archives, sites of ethnographic field documents and other records of human lives, serve a crucial function in folk narrative research. Yet folklorists are quick to recognize that these oft-treasured texts can be dismissed as pale textual representations of the communicative events which they describe. The field context constitutes more than simply a site for the inscription and documentation of ethnographic texts\u2014to be sure, field work always involves multimodal human encounters, the very stuff of \u201cbeing there.\u201d &nbsp;These encounters ultimately place multiple aspects of both the researcher\u2019s and the informant\u2019s lives face-to-face. &nbsp;Corporeality, feelings, and emotions all leave their mark on the texts inscribed.<\/p>\n\n\n\n<p>This panel explores the possibility of broadening and deepening our understanding of archived life narratives by examining the textual traces of the lives of both the researchers\/collectors and the informants\/tradition bearers. The approach seeks new methodological opportunities for paying attention not only to narrative units themselves, but also to the ideological, experiential, and ontological backgrounds of those who were involved in fieldwork. In this panel, it is our standpoint that archival research, the study of documents created in the past, even when it is undertaken long after the original encounters took place, invariably requires serious attention to the material aspects beyond the archival texts in interpretation of the documents.<\/p>\n\n\n\n<h2 class=\"wp-block-heading\">Individual Paper Abstracts<\/h2>\n\n\n\n<h3 class=\"wp-block-heading\">Karina Lukin: Recording Narratives, Recording Linguistic Ideologies<\/h3>\n\n\n\n<p>The image of the slow-witted native is a recurring motif in the history of folklore studies, ethnography, and linguistics. This is also the case in Finnish research history within which numerous minorities or indigenous peoples designated as &#8220;related peoples&#8221; have been studied. Depictions of these people, living mostly in Russia, have been imbued with both glory and respect as well as with disgust and denigration, representations which have thus served to magnify the researchers\u2019 own understandings and interpretations and downplay possible perspectives of the informants. Nonetheless, the interpretations of both parties have had an indelible impact on the nature of the narratives that have been collected and archived.<\/p>\n\n\n\n<p>This paper aims at reading the researchers\u2019 descriptions of the fieldwork contexts anew, highlighting the point of view of the informants, and not those of the researcher, who then had the authority to describe the context. I will focus on both M. A. Castr\u00e9n\u2019s and Toivo Lehtisalo\u2019s descriptions of their encounters with their Nenets informants.&nbsp; The encounters will be read as meetings between two differing linguistic ideologies, encounters which have had a considerable influence on the conduct of both parties and the interpretations they have made regarding the communicative situation.<\/p>\n\n\n\n<h3 class=\"wp-block-heading\">Elina Niiranen: Linguistic strategies and nationalist features in cross-cultural Finnish-Karelian fieldwork<\/h3>\n\n\n\n<p>Finnish researchers have long viewed Karelians, who lived in Russian Karelia and later in the Soviet Union, through the lens of the Finnish nationalistic project. This perspective has shaped the fieldwork done by Finnish folklorists, musicologists, and linguists among Karelians during the 20<sup>th<\/sup> century and at the beginning of 21<sup>st<\/sup> century. For Finnish researchers, Karelian culture has represented a connection to the origins of Finnish culture and their ancestral roots. This perception of Karelia has thus informed the cross-cultural contacts between Finnish researchers and Karelian informants, making them complicated and charged. Moreover, political tensions between Finland and the Soviet Union also affected interactions between Finns and Soviet Karelians. Attitudes and ideologies underlying behavior and linguistic strategies used have consequences on the collected data and interpretations made by researchers. My paper focuses on the work of the Finnish linguist Pertti Virtaranta (1918-1997). Although he identified more strongly with Finno-Ugrists than he did with nationalists, nationalistic features can be discerned in the fieldwork he did among Karelians from1950 to the 1990s. &nbsp;&nbsp;He was known as a very capable and experienced fieldworker who has had a significant influence on Karelian research in both Finland and in the Soviet Union. In this paper, I pay careful attention to Virtaranta\u2019s inclination to collect linguistic material in authentic speech situations.<\/p>\n\n\n\n<h3 class=\"wp-block-heading\">Jyrki P\u00f6ys\u00e4: Narrated lives of 19<sup>th<\/sup>-century Finnish ethnographers and linguists<\/h3>\n\n\n\n<p>The history of Finnish humanities, especially the so-called national sciences (history, archeology, linguistics, ethnography, folklore studies) portrays the lives of certain key academic figures in a glorified manner. Indeed, they have been canonized as mythological heroes of the building of the nation. The exemplary life-narratives were written for the public audience with a pedagogic and nationalistic purposes in mind and disseminated with the help of voluntary cultural organizations and schools. In my paper, I present two examples of such national glorification, the lives of ethnographers\/linguists Anders. J. Sj\u00f6gren (1795-1855) and Matthias A. Castr\u00e9n (1813-1852). In 19<sup>th<\/sup>-century Finland, both men occupied special positions regarding to nation building: Castr\u00e9n, as first professor of Finnish language in the University of Helsinki, and Sj\u00f6gren, as academician in the Russian Academy of Sciences in St. Petersburg. The narrated lives of both men share many of the same thematic features: both experience poverty in childhood, are exceptionally talented and hard-working in school and university, carry out heroic travels in the northern areas of the Russian Empire, suffer severe hardship and disease, but nonetheless persist in their search for ways to promote Finnish culture and society within the Russian Empire, of which Finland was an autonomous part until 1917. Yet there are also interesting differences between these two life stories: while Castr\u00e9n was regarded as a Finnish scholar (though also his travels were funded by the Russian Academy of Sciences), Sj\u00f6gren\u2019s loyalty to Finland was questioned, for example, by Johan V. Snellman (1906-1881), an important political figure and leader of the \u201cFennomans\u201d (a political movement for the Finnish language and nation). Although the ambiguity surrounding Sj\u00f6gren&#8217;s position as a Finnish and a Russian academician has been later removed from his public image in Finland, it remains an important factor to keep in mind when reading Sj\u00f6gren\u2019s detailed, life-long diaries and autobiography written in 1845 (See: Branch 1968).&nbsp; In my paper, I study the <em>narrative positionings<\/em> (See: Bamberg 2003) of these key figures on the basis of \u201cdocuments of life\u201d (Ken Plummer, Liz Stanley) and public life histories written for academic and public audiences.<\/p>\n\n\n\n<h3 class=\"wp-block-heading\">Tiina Sepp\u00e4: The Making of the National Narrative. Material and Immaterial Conditions<\/h3>\n\n\n\n<p>This presentation considers the material and immaterial conditions, that is, the everyday life underlying the collection of folklore materials and the production of a national narrative in Finland. In addition, it brings to light the quotidian and even dreary aspects of the nation-building process, which is still performed and represented as a noble and unifying project of the Finns.<\/p>\n\n\n\n<p>The material and immaterial conditions of the grand narrative of Finland are foremost conditions of individuals, the agents and actors working for the national, idealistic purposes. Moreover, the national narrative includes and conceals numerous cultural encounters: not only between ethnographers and their informants\u2014such as rune singers &#8211; but also between ethnographers and academia, in other words, encounters between different social classes, cultural understandings, world views and economic conditions. In this presentation, I focus on one case: famous ethnographer and folklore collector, as well as writer, Samuli Paulaharju.<\/p>\n\n\n\n<p>The primary sources of the study are the archived biographical materials: letters exchanged between the archives and the collectors, field notes and autobiographical sources, for example, diaries. The archive material is primarily housed in the folklore archives of the Finnish Literature Society. My overall aim is to focus on all the material and personal factors that have influenced the ethnographer\u2019s work, among other things, family and close relationships and other affective life experiences. These also surface in the<\/p>\n\n\n\n<h1 class=\"wp-block-heading\"><img loading=\"lazy\" decoding=\"async\" class=\"size-medium wp-image-121 aligncenter\" src=\"https:\/\/blogs.uef.fi\/rufiar\/wp-content\/uploads\/sites\/81\/2018\/10\/suomealoytamassa-300x225.jpg\" alt=\"\" width=\"300\" height=\"225\" srcset=\"https:\/\/blogs.uef.fi\/rufiar\/wp-content\/uploads\/sites\/81\/2018\/10\/suomealoytamassa-300x225.jpg 300w, https:\/\/blogs.uef.fi\/rufiar\/wp-content\/uploads\/sites\/81\/2018\/10\/suomealoytamassa-768x576.jpg 768w, https:\/\/blogs.uef.fi\/rufiar\/wp-content\/uploads\/sites\/81\/2018\/10\/suomealoytamassa-1024x768.jpg 1024w, https:\/\/blogs.uef.fi\/rufiar\/wp-content\/uploads\/sites\/81\/2018\/10\/suomealoytamassa-507x380.jpg 507w, https:\/\/blogs.uef.fi\/rufiar\/wp-content\/uploads\/sites\/81\/2018\/10\/suomealoytamassa.jpg 1600w\" sizes=\"auto, (max-width: 300px) 100vw, 300px\" \/>SUOMEA L\u00d6YT\u00c4M\u00c4SS\u00c4 \u2013 MATKALLA KANSALLISTEN TIETEIDEN ID\u00c4SS\u00c4<\/h1>\n\n\n\n<p>Seminaari It\u00e4-Suomen yliopiston Joensuun kampuksella 27.4.2018<br>12:15-12.30 Jyrki P\u00f6ys\u00e4 (dos., It\u00e4-Suomen yliopisto)<br>Tervehdyssanat ja hankkeen esittely<br>12:30-13:30 Johanna Laakso (prof., Univ. Wien, Institut f\u00fcr Europ\u00e4ische und Vergleichende Sprach- und Literaturwissenschaft, Abteilung Finno-Ugristik)<br>Miehet ja naiset Suomea l\u00f6yt\u00e4m\u00e4ss\u00e4<br>13:30-14:30 Eila Stepanova (FT, Helsingin yliopisto, Tutkijakollegium)<br>Itkij\u00e4n ja ker\u00e4\u00e4j\u00e4n kohtaaminen kent\u00e4ll\u00e4<br>14:30-15:00 Kahvitauko<br>15:00-15:30 Tiina Sepp\u00e4 (FT, It\u00e4-Suomen yliopisto)<br>\u201dT\u00e4m\u00e4 vasta on miehen el\u00e4m\u00e4\u00e4!\u201d \u2013 Samuli Paulaharju heimosodan py\u00f6rteiss\u00e4<br>15:30-16:00 Helena Lonkila (FT, Jyv\u00e4skyl\u00e4n yliopisto)<br>Arkiston ja maisemassa liikkumisen yhteys \u2013 kulttuurisemioottinen n\u00e4k\u00f6kulma<br>16:00-16:15 Tauko<br>16:15-16:45 Elina Niiranen (FT, Tampereen yliopisto)<br>Yst\u00e4vyytt\u00e4, yhteisty\u00f6t\u00e4 ja avunantoa &#8211; Pertti ja Helmi Virtaranta kent\u00e4ll\u00e4 Neuvostoliitossa<br>16:45-17:15 Karina Lukin (FT, Helsingin yliopisto)<br>Paino sanalla suomi \u2013 Castr\u00e9nin hiljaiset informantit<br>17:15-17:30<\/p>\n\n\n\n<p><strong>The project Russia as a Field and Archive in collaboration with the Academy of Finland:<\/strong><\/p>\n\n\n\n<figure class=\"wp-block-image size-full\"><img loading=\"lazy\" decoding=\"async\" width=\"300\" height=\"85\" src=\"https:\/\/blogs.uef.fi\/rufiar\/wp-content\/uploads\/sites\/81\/2018\/10\/AoF_balanced-300x85.jpg\" alt=\"\" class=\"wp-image-151\" \/><\/figure>\n","protected":false},"excerpt":{"rendered":"<p>Researchers \/ Letters \/ Emotions April 8th\u00ad\u20139th, 2019University of Eastern Finland, Joensuu campus, Futura building, room F101 The growing interest in using letters and diaries as research material in the humanities and the social sciences raises also new questions about interpretation of such materials. Together with other forms of \u201cpersonal documents\u201d (Stanley 2013), letters and [&hellip;]<\/p>\n","protected":false},"author":231,"featured_media":0,"parent":25,"menu_order":0,"comment_status":"closed","ping_status":"closed","template":"","meta":{"_acf_changed":false,"footnotes":""},"class_list":["post-53","page","type-page","status-publish","hentry"],"acf":[],"yoast_head":"<!-- This site is optimized with the Yoast SEO plugin v27.1.1 - https:\/\/yoast.com\/product\/yoast-seo-wordpress\/ -->\n<title>Past Events - Russia as a field and an archive<\/title>\n<meta name=\"robots\" content=\"index, follow, max-snippet:-1, max-image-preview:large, max-video-preview:-1\" \/>\n<link rel=\"canonical\" href=\"https:\/\/blogs.uef.fi\/rufiar\/events\/past-events\/\" \/>\n<meta property=\"og:locale\" content=\"en_US\" \/>\n<meta property=\"og:type\" content=\"article\" \/>\n<meta property=\"og:title\" content=\"Past Events - Russia as a field and an archive\" \/>\n<meta property=\"og:description\" content=\"Researchers \/ Letters \/ Emotions April 8th\u00ad\u20139th, 2019University of Eastern Finland, Joensuu campus, Futura building, room F101 The growing interest in using letters and diaries as research material in the humanities and the social sciences raises also new questions about interpretation of such materials. Together with other forms of \u201cpersonal documents\u201d (Stanley 2013), letters and [&hellip;]\" \/>\n<meta property=\"og:url\" content=\"https:\/\/blogs.uef.fi\/rufiar\/events\/past-events\/\" \/>\n<meta property=\"og:site_name\" content=\"Russia as a field and an archive\" \/>\n<meta property=\"article:modified_time\" content=\"2023-11-28T07:54:07+00:00\" \/>\n<meta property=\"og:image\" content=\"https:\/\/blogs.uef.fi\/rufiar\/wp-content\/uploads\/sites\/81\/2018\/10\/rufiar_ragusa-300x225.jpg\" \/>\n<meta name=\"twitter:card\" content=\"summary_large_image\" \/>\n<meta name=\"twitter:label1\" content=\"Est. reading time\" \/>\n\t<meta name=\"twitter:data1\" content=\"9 minutes\" \/>\n<script type=\"application\/ld+json\" class=\"yoast-schema-graph\">{\"@context\":\"https:\/\/schema.org\",\"@graph\":[{\"@type\":\"WebPage\",\"@id\":\"https:\/\/blogs.uef.fi\/rufiar\/events\/past-events\/\",\"url\":\"https:\/\/blogs.uef.fi\/rufiar\/events\/past-events\/\",\"name\":\"Past Events - Russia as a field and an archive\",\"isPartOf\":{\"@id\":\"https:\/\/blogs.uef.fi\/rufiar\/#website\"},\"primaryImageOfPage\":{\"@id\":\"https:\/\/blogs.uef.fi\/rufiar\/events\/past-events\/#primaryimage\"},\"image\":{\"@id\":\"https:\/\/blogs.uef.fi\/rufiar\/events\/past-events\/#primaryimage\"},\"thumbnailUrl\":\"https:\/\/blogs.uef.fi\/rufiar\/wp-content\/uploads\/sites\/81\/2018\/10\/rufiar_ragusa-300x225.jpg\",\"datePublished\":\"2018-10-12T11:02:37+00:00\",\"dateModified\":\"2023-11-28T07:54:07+00:00\",\"breadcrumb\":{\"@id\":\"https:\/\/blogs.uef.fi\/rufiar\/events\/past-events\/#breadcrumb\"},\"inLanguage\":\"en-US\",\"potentialAction\":[{\"@type\":\"ReadAction\",\"target\":[\"https:\/\/blogs.uef.fi\/rufiar\/events\/past-events\/\"]}]},{\"@type\":\"ImageObject\",\"inLanguage\":\"en-US\",\"@id\":\"https:\/\/blogs.uef.fi\/rufiar\/events\/past-events\/#primaryimage\",\"url\":\"https:\/\/blogs.uef.fi\/rufiar\/wp-content\/uploads\/sites\/81\/2018\/10\/rufiar_ragusa.jpg\",\"contentUrl\":\"https:\/\/blogs.uef.fi\/rufiar\/wp-content\/uploads\/sites\/81\/2018\/10\/rufiar_ragusa.jpg\",\"width\":1600,\"height\":1200},{\"@type\":\"BreadcrumbList\",\"@id\":\"https:\/\/blogs.uef.fi\/rufiar\/events\/past-events\/#breadcrumb\",\"itemListElement\":[{\"@type\":\"ListItem\",\"position\":1,\"name\":\"Home\",\"item\":\"https:\/\/blogs.uef.fi\/rufiar\/\"},{\"@type\":\"ListItem\",\"position\":2,\"name\":\"Events\",\"item\":\"https:\/\/blogs.uef.fi\/rufiar\/events\/\"},{\"@type\":\"ListItem\",\"position\":3,\"name\":\"Past Events\"}]},{\"@type\":\"WebSite\",\"@id\":\"https:\/\/blogs.uef.fi\/rufiar\/#website\",\"url\":\"https:\/\/blogs.uef.fi\/rufiar\/\",\"name\":\"Russia as a field and an archive\",\"description\":\"\",\"potentialAction\":[{\"@type\":\"SearchAction\",\"target\":{\"@type\":\"EntryPoint\",\"urlTemplate\":\"https:\/\/blogs.uef.fi\/rufiar\/?s={search_term_string}\"},\"query-input\":{\"@type\":\"PropertyValueSpecification\",\"valueRequired\":true,\"valueName\":\"search_term_string\"}}],\"inLanguage\":\"en-US\"}]}<\/script>\n<!-- \/ Yoast SEO plugin. -->","yoast_head_json":{"title":"Past Events - Russia as a field and an archive","robots":{"index":"index","follow":"follow","max-snippet":"max-snippet:-1","max-image-preview":"max-image-preview:large","max-video-preview":"max-video-preview:-1"},"canonical":"https:\/\/blogs.uef.fi\/rufiar\/events\/past-events\/","og_locale":"en_US","og_type":"article","og_title":"Past Events - Russia as a field and an archive","og_description":"Researchers \/ Letters \/ Emotions April 8th\u00ad\u20139th, 2019University of Eastern Finland, Joensuu campus, Futura building, room F101 The growing interest in using letters and diaries as research material in the humanities and the social sciences raises also new questions about interpretation of such materials. Together with other forms of \u201cpersonal documents\u201d (Stanley 2013), letters and [&hellip;]","og_url":"https:\/\/blogs.uef.fi\/rufiar\/events\/past-events\/","og_site_name":"Russia as a field and an archive","article_modified_time":"2023-11-28T07:54:07+00:00","og_image":[{"url":"https:\/\/blogs.uef.fi\/rufiar\/wp-content\/uploads\/sites\/81\/2018\/10\/rufiar_ragusa-300x225.jpg","type":"","width":"","height":""}],"twitter_card":"summary_large_image","twitter_misc":{"Est. reading time":"9 minutes"},"schema":{"@context":"https:\/\/schema.org","@graph":[{"@type":"WebPage","@id":"https:\/\/blogs.uef.fi\/rufiar\/events\/past-events\/","url":"https:\/\/blogs.uef.fi\/rufiar\/events\/past-events\/","name":"Past Events - Russia as a field and an archive","isPartOf":{"@id":"https:\/\/blogs.uef.fi\/rufiar\/#website"},"primaryImageOfPage":{"@id":"https:\/\/blogs.uef.fi\/rufiar\/events\/past-events\/#primaryimage"},"image":{"@id":"https:\/\/blogs.uef.fi\/rufiar\/events\/past-events\/#primaryimage"},"thumbnailUrl":"https:\/\/blogs.uef.fi\/rufiar\/wp-content\/uploads\/sites\/81\/2018\/10\/rufiar_ragusa-300x225.jpg","datePublished":"2018-10-12T11:02:37+00:00","dateModified":"2023-11-28T07:54:07+00:00","breadcrumb":{"@id":"https:\/\/blogs.uef.fi\/rufiar\/events\/past-events\/#breadcrumb"},"inLanguage":"en-US","potentialAction":[{"@type":"ReadAction","target":["https:\/\/blogs.uef.fi\/rufiar\/events\/past-events\/"]}]},{"@type":"ImageObject","inLanguage":"en-US","@id":"https:\/\/blogs.uef.fi\/rufiar\/events\/past-events\/#primaryimage","url":"https:\/\/blogs.uef.fi\/rufiar\/wp-content\/uploads\/sites\/81\/2018\/10\/rufiar_ragusa.jpg","contentUrl":"https:\/\/blogs.uef.fi\/rufiar\/wp-content\/uploads\/sites\/81\/2018\/10\/rufiar_ragusa.jpg","width":1600,"height":1200},{"@type":"BreadcrumbList","@id":"https:\/\/blogs.uef.fi\/rufiar\/events\/past-events\/#breadcrumb","itemListElement":[{"@type":"ListItem","position":1,"name":"Home","item":"https:\/\/blogs.uef.fi\/rufiar\/"},{"@type":"ListItem","position":2,"name":"Events","item":"https:\/\/blogs.uef.fi\/rufiar\/events\/"},{"@type":"ListItem","position":3,"name":"Past Events"}]},{"@type":"WebSite","@id":"https:\/\/blogs.uef.fi\/rufiar\/#website","url":"https:\/\/blogs.uef.fi\/rufiar\/","name":"Russia as a field and an archive","description":"","potentialAction":[{"@type":"SearchAction","target":{"@type":"EntryPoint","urlTemplate":"https:\/\/blogs.uef.fi\/rufiar\/?s={search_term_string}"},"query-input":{"@type":"PropertyValueSpecification","valueRequired":true,"valueName":"search_term_string"}}],"inLanguage":"en-US"}]}},"_links":{"self":[{"href":"https:\/\/blogs.uef.fi\/rufiar\/wp-json\/wp\/v2\/pages\/53","targetHints":{"allow":["GET"]}}],"collection":[{"href":"https:\/\/blogs.uef.fi\/rufiar\/wp-json\/wp\/v2\/pages"}],"about":[{"href":"https:\/\/blogs.uef.fi\/rufiar\/wp-json\/wp\/v2\/types\/page"}],"author":[{"embeddable":true,"href":"https:\/\/blogs.uef.fi\/rufiar\/wp-json\/wp\/v2\/users\/231"}],"replies":[{"embeddable":true,"href":"https:\/\/blogs.uef.fi\/rufiar\/wp-json\/wp\/v2\/comments?post=53"}],"version-history":[{"count":2,"href":"https:\/\/blogs.uef.fi\/rufiar\/wp-json\/wp\/v2\/pages\/53\/revisions"}],"predecessor-version":[{"id":645,"href":"https:\/\/blogs.uef.fi\/rufiar\/wp-json\/wp\/v2\/pages\/53\/revisions\/645"}],"up":[{"embeddable":true,"href":"https:\/\/blogs.uef.fi\/rufiar\/wp-json\/wp\/v2\/pages\/25"}],"wp:attachment":[{"href":"https:\/\/blogs.uef.fi\/rufiar\/wp-json\/wp\/v2\/media?parent=53"}],"curies":[{"name":"wp","href":"https:\/\/api.w.org\/{rel}","templated":true}]}}