{"version":"1.0","provider_name":"Puheenvuoroja","provider_url":"https:\/\/blogs.uef.fi\/puheenvuoroja","title":"Vitutus \u2013 alitutkittu affekti ja tunne - Puheenvuoroja","type":"rich","width":600,"height":338,"html":"<blockquote class=\"wp-embedded-content\" data-secret=\"bCrJ8F1RXH\"><a href=\"https:\/\/blogs.uef.fi\/puheenvuoroja\/2024\/04\/02\/vitutus-alitutkittu-affekti-ja-tunne\/\">Vitutus \u2013 alitutkittu affekti ja tunne<\/a><\/blockquote><iframe sandbox=\"allow-scripts\" security=\"restricted\" src=\"https:\/\/blogs.uef.fi\/puheenvuoroja\/2024\/04\/02\/vitutus-alitutkittu-affekti-ja-tunne\/embed\/#?secret=bCrJ8F1RXH\" width=\"600\" height=\"338\" title=\"&#8221;Vitutus \u2013 alitutkittu affekti ja tunne&#8221; &#8212; Puheenvuoroja\" data-secret=\"bCrJ8F1RXH\" frameborder=\"0\" marginwidth=\"0\" marginheight=\"0\" scrolling=\"no\" class=\"wp-embedded-content\"><\/iframe><script type=\"text\/javascript\">\n\/* <![CDATA[ *\/\n\/*! This file is auto-generated *\/\n!function(d,l){\"use strict\";l.querySelector&&d.addEventListener&&\"undefined\"!=typeof URL&&(d.wp=d.wp||{},d.wp.receiveEmbedMessage||(d.wp.receiveEmbedMessage=function(e){var t=e.data;if((t||t.secret||t.message||t.value)&&!\/[^a-zA-Z0-9]\/.test(t.secret)){for(var s,r,n,a=l.querySelectorAll('iframe[data-secret=\"'+t.secret+'\"]'),o=l.querySelectorAll('blockquote[data-secret=\"'+t.secret+'\"]'),c=new RegExp(\"^https?:$\",\"i\"),i=0;i<o.length;i++)o[i].style.display=\"none\";for(i=0;i<a.length;i++)s=a[i],e.source===s.contentWindow&&(s.removeAttribute(\"style\"),\"height\"===t.message?(1e3<(r=parseInt(t.value,10))?r=1e3:~~r<200&&(r=200),s.height=r):\"link\"===t.message&&(r=new URL(s.getAttribute(\"src\")),n=new URL(t.value),c.test(n.protocol))&&n.host===r.host&&l.activeElement===s&&(d.top.location.href=t.value))}},d.addEventListener(\"message\",d.wp.receiveEmbedMessage,!1),l.addEventListener(\"DOMContentLoaded\",function(){for(var e,t,s=l.querySelectorAll(\"iframe.wp-embedded-content\"),r=0;r<s.length;r++)(t=(e=s[r]).getAttribute(\"data-secret\"))||(t=Math.random().toString(36).substring(2,12),e.src+=\"#?secret=\"+t,e.setAttribute(\"data-secret\",t)),e.contentWindow.postMessage({message:\"ready\",secret:t},\"*\")},!1)))}(window,document);\n\/\/# sourceURL=https:\/\/blogs.uef.fi\/puheenvuoroja\/wp-includes\/js\/wp-embed.min.js\n\/* ]]> *\/\n<\/script>\n","description":"Ruma ja ep\u00e4tieteellinen substantiivi, verbimuotoisena kuvaa subjektin affektiivista olosuhdetta, jopa tunnetta. Verbiss\u00e4 on voimaa ja j\u00e4m\u00e4kkyytt\u00e4, ja vaikka se onkin ep\u00e4korrekti ilmaisu, niin sille ei ole helppo l\u00f6yt\u00e4\u00e4 korvaavaa synonyymi\u00e4, jolla olisi yht\u00e4 dynaaminen ja vahva ilmaisuvoima. Jos esimerkiksi Li Andersson olisi kev\u00e4\u00e4n 2023 eduskuntavaalien pettymyksen j\u00e4lkeen kuvannut tuntemuksiaan ilmaisulla \u201dpotuttaa tai harmittaa kuin pient\u00e4 [&hellip;]"}

Ruma ja epätieteellinen substantiivi, verbimuotoisena kuvaa subjektin affektiivista olosuhdetta, jopa tunnetta. Verbissä on voimaa ja jämäkkyyttä, ja vaikka se onkin epäkorrekti ilmaisu, niin sille ei ole helppo löytää korvaavaa synonyymiä, jolla olisi yhtä dynaaminen ja vahva ilmaisuvoima. Jos esimerkiksi Li Andersson olisi kevään 2023 eduskuntavaalien pettymyksen jälkeen kuvannut tuntemuksiaan ilmaisulla ”potuttaa tai harmittaa kuin pientä [&hellip;]
