{"version":"1.0","provider_name":"Puheenvuoroja","provider_url":"https:\/\/blogs.uef.fi\/puheenvuoroja","title":"Miksi sijaisopettaja katosi luokasta? - Puheenvuoroja","type":"rich","width":600,"height":338,"html":"<blockquote class=\"wp-embedded-content\" data-secret=\"wWX2UVE5Wl\"><a href=\"https:\/\/blogs.uef.fi\/puheenvuoroja\/2021\/06\/16\/miksi-sijaisopettaja-katosi-luokasta\/\">Miksi sijaisopettaja katosi luokasta?<\/a><\/blockquote><iframe sandbox=\"allow-scripts\" security=\"restricted\" src=\"https:\/\/blogs.uef.fi\/puheenvuoroja\/2021\/06\/16\/miksi-sijaisopettaja-katosi-luokasta\/embed\/#?secret=wWX2UVE5Wl\" width=\"600\" height=\"338\" title=\"&#8221;Miksi sijaisopettaja katosi luokasta?&#8221; &#8212; Puheenvuoroja\" data-secret=\"wWX2UVE5Wl\" frameborder=\"0\" marginwidth=\"0\" marginheight=\"0\" scrolling=\"no\" class=\"wp-embedded-content\"><\/iframe><script type=\"text\/javascript\">\n\/* <![CDATA[ *\/\n\/*! This file is auto-generated *\/\n!function(d,l){\"use strict\";l.querySelector&&d.addEventListener&&\"undefined\"!=typeof URL&&(d.wp=d.wp||{},d.wp.receiveEmbedMessage||(d.wp.receiveEmbedMessage=function(e){var t=e.data;if((t||t.secret||t.message||t.value)&&!\/[^a-zA-Z0-9]\/.test(t.secret)){for(var s,r,n,a=l.querySelectorAll('iframe[data-secret=\"'+t.secret+'\"]'),o=l.querySelectorAll('blockquote[data-secret=\"'+t.secret+'\"]'),c=new RegExp(\"^https?:$\",\"i\"),i=0;i<o.length;i++)o[i].style.display=\"none\";for(i=0;i<a.length;i++)s=a[i],e.source===s.contentWindow&&(s.removeAttribute(\"style\"),\"height\"===t.message?(1e3<(r=parseInt(t.value,10))?r=1e3:~~r<200&&(r=200),s.height=r):\"link\"===t.message&&(r=new URL(s.getAttribute(\"src\")),n=new URL(t.value),c.test(n.protocol))&&n.host===r.host&&l.activeElement===s&&(d.top.location.href=t.value))}},d.addEventListener(\"message\",d.wp.receiveEmbedMessage,!1),l.addEventListener(\"DOMContentLoaded\",function(){for(var e,t,s=l.querySelectorAll(\"iframe.wp-embedded-content\"),r=0;r<s.length;r++)(t=(e=s[r]).getAttribute(\"data-secret\"))||(t=Math.random().toString(36).substring(2,12),e.src+=\"#?secret=\"+t,e.setAttribute(\"data-secret\",t)),e.contentWindow.postMessage({message:\"ready\",secret:t},\"*\")},!1)))}(window,document);\n\/\/# sourceURL=https:\/\/blogs.uef.fi\/puheenvuoroja\/wp-includes\/js\/wp-embed.min.js\n\/* ]]> *\/\n<\/script>\n","description":"Luokanopettajaopiskelijat Joensuussa, Raumalla ja Turussa ker\u00e4siv\u00e4t syksyll\u00e4 2020 er\u00e4\u00e4n kasvatustieteen opintojakson yhteydess\u00e4 koulua ja koulunk\u00e4ynti\u00e4 koskevia muistoja vanhemmiltaan, sukulaisiltaan tai tuttaviltaan ja syvensiv\u00e4t samalla omaa opettajuuttaan ja k\u00e4ytt\u00f6teoriaansa. Ei tietenk\u00e4\u00e4n ole sattumaa, ett\u00e4 ajoitimme muistelukeruun suomalaisen oppivelvollisuuskoulun 100-vuotisjuhlan yhteyteen. Keruu tuotti meille tietoa muun muassa eri sukupolvien koulukokemuksista, koulukotilapsuudesta, koulumatkoista, koulujen vaihdoista, v\u00e4litunneista, koulukaverien merkityksest\u00e4, [&hellip;]","thumbnail_url":"https:\/\/blogs.uef.fi\/puheenvuoroja\/wp-content\/uploads\/sites\/6\/2021\/02\/Pellikka-Ismo_105x155_6307.jpg","thumbnail_width":106,"thumbnail_height":155}

Luokanopettajaopiskelijat Joensuussa, Raumalla ja Turussa keräsivät syksyllä 2020 erään kasvatustieteen opintojakson yhteydessä koulua ja koulunkäyntiä koskevia muistoja vanhemmiltaan, sukulaisiltaan tai tuttaviltaan ja syvensivät samalla omaa opettajuuttaan ja käyttöteoriaansa. Ei tietenkään ole sattumaa, että ajoitimme muistelukeruun suomalaisen oppivelvollisuuskoulun 100-vuotisjuhlan yhteyteen. Keruu tuotti meille tietoa muun muassa eri sukupolvien koulukokemuksista, koulukotilapsuudesta, koulumatkoista, koulujen vaihdoista, välitunneista, koulukaverien merkityksestä, [&hellip;]
