{"version":"1.0","provider_name":"Puheenvuoroja","provider_url":"https:\/\/blogs.uef.fi\/puheenvuoroja","title":"Tiede on empirian ja ideologian kokonaisuus - Puheenvuoroja","type":"rich","width":600,"height":338,"html":"<blockquote class=\"wp-embedded-content\" data-secret=\"TwRR1ybaEs\"><a href=\"https:\/\/blogs.uef.fi\/puheenvuoroja\/2021\/04\/15\/tiede-on-empirian-ja-ideologian-kokonaisuus\/\">Tiede on empirian ja ideologian kokonaisuus<\/a><\/blockquote><iframe sandbox=\"allow-scripts\" security=\"restricted\" src=\"https:\/\/blogs.uef.fi\/puheenvuoroja\/2021\/04\/15\/tiede-on-empirian-ja-ideologian-kokonaisuus\/embed\/#?secret=TwRR1ybaEs\" width=\"600\" height=\"338\" title=\"&#8221;Tiede on empirian ja ideologian kokonaisuus&#8221; &#8212; Puheenvuoroja\" data-secret=\"TwRR1ybaEs\" frameborder=\"0\" marginwidth=\"0\" marginheight=\"0\" scrolling=\"no\" class=\"wp-embedded-content\"><\/iframe><script type=\"text\/javascript\">\n\/* <![CDATA[ *\/\n\/*! This file is auto-generated *\/\n!function(d,l){\"use strict\";l.querySelector&&d.addEventListener&&\"undefined\"!=typeof URL&&(d.wp=d.wp||{},d.wp.receiveEmbedMessage||(d.wp.receiveEmbedMessage=function(e){var t=e.data;if((t||t.secret||t.message||t.value)&&!\/[^a-zA-Z0-9]\/.test(t.secret)){for(var s,r,n,a=l.querySelectorAll('iframe[data-secret=\"'+t.secret+'\"]'),o=l.querySelectorAll('blockquote[data-secret=\"'+t.secret+'\"]'),c=new RegExp(\"^https?:$\",\"i\"),i=0;i<o.length;i++)o[i].style.display=\"none\";for(i=0;i<a.length;i++)s=a[i],e.source===s.contentWindow&&(s.removeAttribute(\"style\"),\"height\"===t.message?(1e3<(r=parseInt(t.value,10))?r=1e3:~~r<200&&(r=200),s.height=r):\"link\"===t.message&&(r=new URL(s.getAttribute(\"src\")),n=new URL(t.value),c.test(n.protocol))&&n.host===r.host&&l.activeElement===s&&(d.top.location.href=t.value))}},d.addEventListener(\"message\",d.wp.receiveEmbedMessage,!1),l.addEventListener(\"DOMContentLoaded\",function(){for(var e,t,s=l.querySelectorAll(\"iframe.wp-embedded-content\"),r=0;r<s.length;r++)(t=(e=s[r]).getAttribute(\"data-secret\"))||(t=Math.random().toString(36).substring(2,12),e.src+=\"#?secret=\"+t,e.setAttribute(\"data-secret\",t)),e.contentWindow.postMessage({message:\"ready\",secret:t},\"*\")},!1)))}(window,document);\n\/\/# sourceURL=https:\/\/blogs.uef.fi\/puheenvuoroja\/wp-includes\/js\/wp-embed.min.js\n\/* ]]> *\/\n<\/script>\n","description":"Helsingin Sanomien p\u00e4\u00e4kirjoitus Professorin kirja paljastaa vasemmistoradikaalien likaiset temput (HS 3.4.2021) on pahoittanut monien yhteiskuntatieteilij\u00f6iden ja humanistien mielen. P\u00e4\u00e4kirjoituksessa linjataan: \u201dMit\u00e4 kauemmas tieteen ytimest\u00e4 edet\u00e4\u00e4n yhteiskunnallisille, humanistisille ja lopulta taiteellisille aloille, sit\u00e4 v\u00e4hemm\u00e4n akateemisessa kilpailussa on empiriaa ja sit\u00e4 enemm\u00e4n ideologiaa.\u201d On hienoa, ett\u00e4 Helsingin Sanomat on kiinnostunut tieteenfilosofian peruskysymyksist\u00e4. T\u00e4m\u00e4 on nykykeskustelussa tervetullutta. Tiede [&hellip;]"}

Helsingin Sanomien pääkirjoitus Professorin kirja paljastaa vasemmistoradikaalien likaiset temput (HS 3.4.2021) on pahoittanut monien yhteiskuntatieteilijöiden ja humanistien mielen. Pääkirjoituksessa linjataan: ”Mitä kauemmas tieteen ytimestä edetään yhteiskunnallisille, humanistisille ja lopulta taiteellisille aloille, sitä vähemmän akateemisessa kilpailussa on empiriaa ja sitä enemmän ideologiaa.” On hienoa, että Helsingin Sanomat on kiinnostunut tieteenfilosofian peruskysymyksistä. Tämä on nykykeskustelussa tervetullutta. Tiede [&hellip;]
