{"id":466,"date":"2020-03-19T13:43:12","date_gmt":"2020-03-19T13:43:12","guid":{"rendered":"https:\/\/blogs.uef.fi\/oppimisanalytiikanriskiarvio\/?page_id=466"},"modified":"2023-09-18T14:42:07","modified_gmt":"2023-09-18T11:42:07","slug":"paatosten-vaikutukset","status":"publish","type":"page","link":"https:\/\/blogs.uef.fi\/oppimisanalytiikanriskiarvio\/potentiaalisten-riskien-tunnistaminen\/v-kasittelyn-tarkoitukset\/paatosten-vaikutukset\/","title":{"rendered":"P\u00e4\u00e4t\u00f6sten vaikutukset"},"content":{"rendered":"\n<p>P\u00e4\u00e4t\u00f6ksenteolla tulee olla my\u00f6s rekister\u00f6ity\u00e4 koskevia oikeusvaikutuksia tai vastaavalla tavalla merkitt\u00e4vi\u00e4 vaikutuksia.<\/p>\n\n\n\n<p>Tietosuoja-asetuksen tarkoittama p\u00e4\u00e4t\u00f6ksen m\u00e4\u00e4ritelm\u00e4 on laaja. Kyseess\u00e4 ei siis ole aina hallintop\u00e4\u00e4t\u00f6s.<\/p>\n\n\n\n<p>My\u00f6s esim. automaattiseen k\u00e4sittelyyn perustuva opintojaksolle hyv\u00e4ksyminen voi olla automaattista p\u00e4\u00e4t\u00f6ksentekoa, jos t\u00e4llaisella p\u00e4\u00e4t\u00f6ksell\u00e4 on oikeusvaikutuksia tai vastaavalla tavalla merkitt\u00e4vi\u00e4 vaikutuksia opiskelijalle.<\/p>\n\n\n\n<p>Yliopistoymp\u00e4rist\u00f6ss\u00e4 oikeusvaikutuksia voi olla esim. opiskelijaksi ottamisella, tutkinnon my\u00f6nt\u00e4misell\u00e4, opintosuorituksen arvioinnilla, sek\u00e4 opintojaksolle p\u00e4\u00e4sy\u00e4 koskevilla p\u00e4\u00e4t\u00f6ksill\u00e4<\/p>\n","protected":false},"excerpt":{"rendered":"<p>P\u00e4\u00e4t\u00f6ksenteolla tulee olla my\u00f6s rekister\u00f6ity\u00e4 koskevia oikeusvaikutuksia tai vastaavalla tavalla merkitt\u00e4vi\u00e4 vaikutuksia. Tietosuoja-asetuksen tarkoittama p\u00e4\u00e4t\u00f6ksen m\u00e4\u00e4ritelm\u00e4 on laaja. Kyseess\u00e4 ei siis ole aina hallintop\u00e4\u00e4t\u00f6s. My\u00f6s esim. automaattiseen k\u00e4sittelyyn perustuva opintojaksolle hyv\u00e4ksyminen voi olla automaattista p\u00e4\u00e4t\u00f6ksentekoa, jos t\u00e4llaisella p\u00e4\u00e4t\u00f6ksell\u00e4 on oikeusvaikutuksia tai vastaavalla tavalla merkitt\u00e4vi\u00e4 vaikutuksia opiskelijalle. Yliopistoymp\u00e4rist\u00f6ss\u00e4 oikeusvaikutuksia voi olla esim. opiskelijaksi ottamisella, tutkinnon my\u00f6nt\u00e4misell\u00e4, [&hellip;]<\/p>\n","protected":false},"author":343,"featured_media":0,"parent":146,"menu_order":0,"comment_status":"closed","ping_status":"closed","template":"","meta":{"_acf_changed":false,"footnotes":""},"class_list":["post-466","page","type-page","status-publish","hentry"],"acf":[],"yoast_head":"<!-- This site is optimized with the Yoast SEO plugin v27.1.1 - https:\/\/yoast.com\/product\/yoast-seo-wordpress\/ -->\n<title>P\u00e4\u00e4t\u00f6sten vaikutukset - Oppimisanalytiikan riskiarvioty\u00f6kalu<\/title>\n<meta name=\"robots\" content=\"index, follow, max-snippet:-1, max-image-preview:large, max-video-preview:-1\" \/>\n<link rel=\"canonical\" href=\"https:\/\/blogs.uef.fi\/oppimisanalytiikanriskiarvio\/potentiaalisten-riskien-tunnistaminen\/v-kasittelyn-tarkoitukset\/paatosten-vaikutukset\/\" \/>\n<meta property=\"og:locale\" content=\"fi_FI\" \/>\n<meta property=\"og:type\" content=\"article\" \/>\n<meta property=\"og:title\" content=\"P\u00e4\u00e4t\u00f6sten vaikutukset - Oppimisanalytiikan riskiarvioty\u00f6kalu\" \/>\n<meta property=\"og:description\" content=\"P\u00e4\u00e4t\u00f6ksenteolla tulee olla my\u00f6s rekister\u00f6ity\u00e4 koskevia oikeusvaikutuksia tai vastaavalla tavalla merkitt\u00e4vi\u00e4 vaikutuksia. Tietosuoja-asetuksen tarkoittama p\u00e4\u00e4t\u00f6ksen m\u00e4\u00e4ritelm\u00e4 on laaja. Kyseess\u00e4 ei siis ole aina hallintop\u00e4\u00e4t\u00f6s. My\u00f6s esim. automaattiseen k\u00e4sittelyyn perustuva opintojaksolle hyv\u00e4ksyminen voi olla automaattista p\u00e4\u00e4t\u00f6ksentekoa, jos t\u00e4llaisella p\u00e4\u00e4t\u00f6ksell\u00e4 on oikeusvaikutuksia tai vastaavalla tavalla merkitt\u00e4vi\u00e4 vaikutuksia opiskelijalle. Yliopistoymp\u00e4rist\u00f6ss\u00e4 oikeusvaikutuksia voi olla esim. opiskelijaksi ottamisella, tutkinnon my\u00f6nt\u00e4misell\u00e4, [&hellip;]\" \/>\n<meta property=\"og:url\" content=\"https:\/\/blogs.uef.fi\/oppimisanalytiikanriskiarvio\/potentiaalisten-riskien-tunnistaminen\/v-kasittelyn-tarkoitukset\/paatosten-vaikutukset\/\" \/>\n<meta property=\"og:site_name\" content=\"Oppimisanalytiikan riskiarvioty\u00f6kalu\" \/>\n<meta property=\"article:modified_time\" content=\"2023-09-18T11:42:07+00:00\" \/>\n<meta name=\"twitter:card\" content=\"summary_large_image\" \/>\n<meta name=\"twitter:label1\" content=\"Arvioitu lukuaika\" \/>\n\t<meta name=\"twitter:data1\" content=\"1 minuutti\" \/>\n<script type=\"application\/ld+json\" class=\"yoast-schema-graph\">{\"@context\":\"https:\/\/schema.org\",\"@graph\":[{\"@type\":\"WebPage\",\"@id\":\"https:\/\/blogs.uef.fi\/oppimisanalytiikanriskiarvio\/potentiaalisten-riskien-tunnistaminen\/v-kasittelyn-tarkoitukset\/paatosten-vaikutukset\/\",\"url\":\"https:\/\/blogs.uef.fi\/oppimisanalytiikanriskiarvio\/potentiaalisten-riskien-tunnistaminen\/v-kasittelyn-tarkoitukset\/paatosten-vaikutukset\/\",\"name\":\"P\u00e4\u00e4t\u00f6sten vaikutukset - Oppimisanalytiikan riskiarvioty\u00f6kalu\",\"isPartOf\":{\"@id\":\"https:\/\/blogs.uef.fi\/oppimisanalytiikanriskiarvio\/#website\"},\"datePublished\":\"2020-03-19T13:43:12+00:00\",\"dateModified\":\"2023-09-18T11:42:07+00:00\",\"breadcrumb\":{\"@id\":\"https:\/\/blogs.uef.fi\/oppimisanalytiikanriskiarvio\/potentiaalisten-riskien-tunnistaminen\/v-kasittelyn-tarkoitukset\/paatosten-vaikutukset\/#breadcrumb\"},\"inLanguage\":\"fi\",\"potentialAction\":[{\"@type\":\"ReadAction\",\"target\":[\"https:\/\/blogs.uef.fi\/oppimisanalytiikanriskiarvio\/potentiaalisten-riskien-tunnistaminen\/v-kasittelyn-tarkoitukset\/paatosten-vaikutukset\/\"]}]},{\"@type\":\"BreadcrumbList\",\"@id\":\"https:\/\/blogs.uef.fi\/oppimisanalytiikanriskiarvio\/potentiaalisten-riskien-tunnistaminen\/v-kasittelyn-tarkoitukset\/paatosten-vaikutukset\/#breadcrumb\",\"itemListElement\":[{\"@type\":\"ListItem\",\"position\":1,\"name\":\"Home\",\"item\":\"https:\/\/blogs.uef.fi\/oppimisanalytiikanriskiarvio\/\"},{\"@type\":\"ListItem\",\"position\":2,\"name\":\"2. Potentiaalisten riskien tunnistaminen\",\"item\":\"https:\/\/blogs.uef.fi\/oppimisanalytiikanriskiarvio\/potentiaalisten-riskien-tunnistaminen\/\"},{\"@type\":\"ListItem\",\"position\":3,\"name\":\"IV K\u00c4SITTELYN TARKOITUKSET\",\"item\":\"https:\/\/blogs.uef.fi\/oppimisanalytiikanriskiarvio\/potentiaalisten-riskien-tunnistaminen\/v-kasittelyn-tarkoitukset\/\"},{\"@type\":\"ListItem\",\"position\":4,\"name\":\"P\u00e4\u00e4t\u00f6sten vaikutukset\"}]},{\"@type\":\"WebSite\",\"@id\":\"https:\/\/blogs.uef.fi\/oppimisanalytiikanriskiarvio\/#website\",\"url\":\"https:\/\/blogs.uef.fi\/oppimisanalytiikanriskiarvio\/\",\"name\":\"Oppimisanalytiikan riskiarvioty\u00f6kalu\",\"description\":\"\",\"potentialAction\":[{\"@type\":\"SearchAction\",\"target\":{\"@type\":\"EntryPoint\",\"urlTemplate\":\"https:\/\/blogs.uef.fi\/oppimisanalytiikanriskiarvio\/?s={search_term_string}\"},\"query-input\":{\"@type\":\"PropertyValueSpecification\",\"valueRequired\":true,\"valueName\":\"search_term_string\"}}],\"inLanguage\":\"fi\"}]}<\/script>\n<!-- \/ Yoast SEO plugin. -->","yoast_head_json":{"title":"P\u00e4\u00e4t\u00f6sten vaikutukset - Oppimisanalytiikan riskiarvioty\u00f6kalu","robots":{"index":"index","follow":"follow","max-snippet":"max-snippet:-1","max-image-preview":"max-image-preview:large","max-video-preview":"max-video-preview:-1"},"canonical":"https:\/\/blogs.uef.fi\/oppimisanalytiikanriskiarvio\/potentiaalisten-riskien-tunnistaminen\/v-kasittelyn-tarkoitukset\/paatosten-vaikutukset\/","og_locale":"fi_FI","og_type":"article","og_title":"P\u00e4\u00e4t\u00f6sten vaikutukset - Oppimisanalytiikan riskiarvioty\u00f6kalu","og_description":"P\u00e4\u00e4t\u00f6ksenteolla tulee olla my\u00f6s rekister\u00f6ity\u00e4 koskevia oikeusvaikutuksia tai vastaavalla tavalla merkitt\u00e4vi\u00e4 vaikutuksia. Tietosuoja-asetuksen tarkoittama p\u00e4\u00e4t\u00f6ksen m\u00e4\u00e4ritelm\u00e4 on laaja. Kyseess\u00e4 ei siis ole aina hallintop\u00e4\u00e4t\u00f6s. My\u00f6s esim. automaattiseen k\u00e4sittelyyn perustuva opintojaksolle hyv\u00e4ksyminen voi olla automaattista p\u00e4\u00e4t\u00f6ksentekoa, jos t\u00e4llaisella p\u00e4\u00e4t\u00f6ksell\u00e4 on oikeusvaikutuksia tai vastaavalla tavalla merkitt\u00e4vi\u00e4 vaikutuksia opiskelijalle. Yliopistoymp\u00e4rist\u00f6ss\u00e4 oikeusvaikutuksia voi olla esim. opiskelijaksi ottamisella, tutkinnon my\u00f6nt\u00e4misell\u00e4, [&hellip;]","og_url":"https:\/\/blogs.uef.fi\/oppimisanalytiikanriskiarvio\/potentiaalisten-riskien-tunnistaminen\/v-kasittelyn-tarkoitukset\/paatosten-vaikutukset\/","og_site_name":"Oppimisanalytiikan riskiarvioty\u00f6kalu","article_modified_time":"2023-09-18T11:42:07+00:00","twitter_card":"summary_large_image","twitter_misc":{"Arvioitu lukuaika":"1 minuutti"},"schema":{"@context":"https:\/\/schema.org","@graph":[{"@type":"WebPage","@id":"https:\/\/blogs.uef.fi\/oppimisanalytiikanriskiarvio\/potentiaalisten-riskien-tunnistaminen\/v-kasittelyn-tarkoitukset\/paatosten-vaikutukset\/","url":"https:\/\/blogs.uef.fi\/oppimisanalytiikanriskiarvio\/potentiaalisten-riskien-tunnistaminen\/v-kasittelyn-tarkoitukset\/paatosten-vaikutukset\/","name":"P\u00e4\u00e4t\u00f6sten vaikutukset - Oppimisanalytiikan riskiarvioty\u00f6kalu","isPartOf":{"@id":"https:\/\/blogs.uef.fi\/oppimisanalytiikanriskiarvio\/#website"},"datePublished":"2020-03-19T13:43:12+00:00","dateModified":"2023-09-18T11:42:07+00:00","breadcrumb":{"@id":"https:\/\/blogs.uef.fi\/oppimisanalytiikanriskiarvio\/potentiaalisten-riskien-tunnistaminen\/v-kasittelyn-tarkoitukset\/paatosten-vaikutukset\/#breadcrumb"},"inLanguage":"fi","potentialAction":[{"@type":"ReadAction","target":["https:\/\/blogs.uef.fi\/oppimisanalytiikanriskiarvio\/potentiaalisten-riskien-tunnistaminen\/v-kasittelyn-tarkoitukset\/paatosten-vaikutukset\/"]}]},{"@type":"BreadcrumbList","@id":"https:\/\/blogs.uef.fi\/oppimisanalytiikanriskiarvio\/potentiaalisten-riskien-tunnistaminen\/v-kasittelyn-tarkoitukset\/paatosten-vaikutukset\/#breadcrumb","itemListElement":[{"@type":"ListItem","position":1,"name":"Home","item":"https:\/\/blogs.uef.fi\/oppimisanalytiikanriskiarvio\/"},{"@type":"ListItem","position":2,"name":"2. Potentiaalisten riskien tunnistaminen","item":"https:\/\/blogs.uef.fi\/oppimisanalytiikanriskiarvio\/potentiaalisten-riskien-tunnistaminen\/"},{"@type":"ListItem","position":3,"name":"IV K\u00c4SITTELYN TARKOITUKSET","item":"https:\/\/blogs.uef.fi\/oppimisanalytiikanriskiarvio\/potentiaalisten-riskien-tunnistaminen\/v-kasittelyn-tarkoitukset\/"},{"@type":"ListItem","position":4,"name":"P\u00e4\u00e4t\u00f6sten vaikutukset"}]},{"@type":"WebSite","@id":"https:\/\/blogs.uef.fi\/oppimisanalytiikanriskiarvio\/#website","url":"https:\/\/blogs.uef.fi\/oppimisanalytiikanriskiarvio\/","name":"Oppimisanalytiikan riskiarvioty\u00f6kalu","description":"","potentialAction":[{"@type":"SearchAction","target":{"@type":"EntryPoint","urlTemplate":"https:\/\/blogs.uef.fi\/oppimisanalytiikanriskiarvio\/?s={search_term_string}"},"query-input":{"@type":"PropertyValueSpecification","valueRequired":true,"valueName":"search_term_string"}}],"inLanguage":"fi"}]}},"_links":{"self":[{"href":"https:\/\/blogs.uef.fi\/oppimisanalytiikanriskiarvio\/wp-json\/wp\/v2\/pages\/466","targetHints":{"allow":["GET"]}}],"collection":[{"href":"https:\/\/blogs.uef.fi\/oppimisanalytiikanriskiarvio\/wp-json\/wp\/v2\/pages"}],"about":[{"href":"https:\/\/blogs.uef.fi\/oppimisanalytiikanriskiarvio\/wp-json\/wp\/v2\/types\/page"}],"author":[{"embeddable":true,"href":"https:\/\/blogs.uef.fi\/oppimisanalytiikanriskiarvio\/wp-json\/wp\/v2\/users\/343"}],"replies":[{"embeddable":true,"href":"https:\/\/blogs.uef.fi\/oppimisanalytiikanriskiarvio\/wp-json\/wp\/v2\/comments?post=466"}],"version-history":[{"count":2,"href":"https:\/\/blogs.uef.fi\/oppimisanalytiikanriskiarvio\/wp-json\/wp\/v2\/pages\/466\/revisions"}],"predecessor-version":[{"id":1200,"href":"https:\/\/blogs.uef.fi\/oppimisanalytiikanriskiarvio\/wp-json\/wp\/v2\/pages\/466\/revisions\/1200"}],"up":[{"embeddable":true,"href":"https:\/\/blogs.uef.fi\/oppimisanalytiikanriskiarvio\/wp-json\/wp\/v2\/pages\/146"}],"wp:attachment":[{"href":"https:\/\/blogs.uef.fi\/oppimisanalytiikanriskiarvio\/wp-json\/wp\/v2\/media?parent=466"}],"curies":[{"name":"wp","href":"https:\/\/api.w.org\/{rel}","templated":true}]}}